  rows: "\004\001\000\314\314\314\014\004\001\000\230\231\231\031\004\001\000dff&\004\001\0000333\004\001\000\374\377\377?\004\001\000\310\314\314L\004\001\000\224\231\231Y\004\001\000`fff\004\001\000,33s""\004\001\000\314\314\314\014\004\001\000\230\231\231\031\004\001\000dff&\004\001\0000333\004\001\000\374\377\377?\004\001\000\310\314\314L\004\001\000\224\231\231Y\004\001\000`fff\004\001\000,33s"
  indirect_data: """"
}
partition_schema {
  range_schema {
    columns {
      name: "key"
    }
  }
}
W20260710 11:04:06.748605  7789 catalog_manager.cc:7077] The number of live tablet servers is not enough to re-replicate a tablet replica of the newly created table test-workload in case of a server failure: 4 tablet servers would be needed, 3 are available. Consider bringing up more tablet servers.
I20260710 11:04:06.838685  7953 tablet_service.cc:1511] Processing CreateTablet for tablet 8e30238f81b04a0eb9525d679cafb9e1 (DEFAULT_TABLE table=test-workload [id=84d2bc5c015c48c190e34714cc8a04fd]), partition=RANGE (key) PARTITION 644245092 <= VALUES < 858993456
I20260710 11:04:06.839172  8029 tablet_service.cc:1511] Processing CreateTablet for tablet 75e65585678742b180a17045c6d9646c (DEFAULT_TABLE table=test-workload [id=84d2bc5c015c48c190e34714cc8a04fd]), partition=RANGE (key) PARTITION 214748364 <= VALUES < 429496728
I20260710 11:04:06.840337  7953 data_dirs.cc:400] Could only allocate 1 dirs of requested 3 for tablet 8e30238f81b04a0eb9525d679cafb9e1. 1 dirs total, 0 dirs full, 0 dirs failed
I20260710 11:04:06.842425  7951 tablet_service.cc:1511] Processing CreateTablet for tablet e8ccd9b0f8f84fb783b5d53fac12cf0b (DEFAULT_TABLE table=test-workload [id=84d2bc5c015c48c190e34714cc8a04fd]), partition=RANGE (key) PARTITION 1073741820 <= VALUES < 1288490184
I20260710 11:04:06.836196  8028 tablet_service.cc:1511] Processing CreateTablet for tablet 809696c5415c45e6a7da2f05fecf6186 (DEFAULT_TABLE table=test-workload [id=84d2bc5c015c48c190e34714cc8a04fd]), partition=RANGE (key) PARTITION 429496728 <= VALUES < 644245092
I20260710 11:04:06.842478  8030 tablet_service.cc:1511] Processing CreateTablet for tablet 57932a2cf19140d79bdef3fa63605177 (DEFAULT_TABLE table=test-workload [id=84d2bc5c015c48c190e34714cc8a04fd]), partition=RANGE (key) PARTITION VALUES < 214748364
I20260710 11:04:06.845780  8029 data_dirs.cc:400] Could only allocate 1 dirs of requested 3 for tablet 75e65585678742b180a17045c6d9646c. 1 dirs total, 0 dirs full, 0 dirs failed
I20260710 11:04:06.847522  8025 tablet_service.cc:1511] Processing CreateTablet for tablet e8ccd9b0f8f84fb783b5d53fac12cf0b (DEFAULT_TABLE table=test-workload [id=84d2bc5c015c48c190e34714cc8a04fd]), partition=RANGE (key) PARTITION 1073741820 <= VALUES < 1288490184
I20260710 11:04:06.848067  8024 tablet_service.cc:1511] Processing CreateTablet for tablet 0ce99f44f9204393876a6e9849152b91 (DEFAULT_TABLE table=test-workload [id=84d2bc5c015c48c190e34714cc8a04fd]), partition=RANGE (key) PARTITION 1288490184 <= VALUES < 1503238548
I20260710 11:04:06.845547  7950 tablet_service.cc:1511] Processing CreateTablet for tablet 0ce99f44f9204393876a6e9849152b91 (DEFAULT_TABLE table=test-workload [id=84d2bc5c015c48c190e34714cc8a04fd]), partition=RANGE (key) PARTITION 1288490184 <= VALUES < 1503238548
I20260710 11:04:06.849085  8025 data_dirs.cc:400] Could only allocate 1 dirs of requested 3 for tablet e8ccd9b0f8f84fb783b5d53fac12cf0b. 1 dirs total, 0 dirs full, 0 dirs failed
I20260710 11:04:06.850406  7952 tablet_service.cc:1511] Processing CreateTablet for tablet 791231ddc86d4b6cb398555345f38701 (DEFAULT_TABLE table=test-workload [id=84d2bc5c015c48c190e34714cc8a04fd]), partition=RANGE (key) PARTITION 858993456 <= VALUES < 1073741820
I20260710 11:04:06.863795  7948 tablet_service.cc:1511] Processing CreateTablet for tablet 4f5ba0a8ca734af0a2519d657513f220 (DEFAULT_TABLE table=test-workload [id=84d2bc5c015c48c190e34714cc8a04fd]), partition=RANGE (key) PARTITION 1717986912 <= VALUES < 1932735276
I20260710 11:04:06.851516  8026 tablet_service.cc:1511] Processing CreateTablet for tablet 791231ddc86d4b6cb398555345f38701 (DEFAULT_TABLE table=test-workload [id=84d2bc5c015c48c190e34714cc8a04fd]), partition=RANGE (key) PARTITION 858993456 <= VALUES < 1073741820
I20260710 11:04:06.866046  8022 tablet_service.cc:1511] Processing CreateTablet for tablet 4f5ba0a8ca734af0a2519d657513f220 (DEFAULT_TABLE table=test-workload [id=84d2bc5c015c48c190e34714cc8a04fd]), partition=RANGE (key) PARTITION 1717986912 <= VALUES < 1932735276
I20260710 11:04:06.866649  8026 data_dirs.cc:400] Could only allocate 1 dirs of requested 3 for tablet 791231ddc86d4b6cb398555345f38701. 1 dirs total, 0 dirs full, 0 dirs failed
I20260710 11:04:06.867362  8022 data_dirs.cc:400] Could only allocate 1 dirs of requested 3 for tablet 4f5ba0a8ca734af0a2519d657513f220. 1 dirs total, 0 dirs full, 0 dirs failed
I20260710 11:04:06.852620  7955 tablet_service.cc:1511] Processing CreateTablet for tablet 75e65585678742b180a17045c6d9646c (DEFAULT_TABLE table=test-workload [id=84d2bc5c015c48c190e34714cc8a04fd]), partition=RANGE (key) PARTITION 214748364 <= VALUES < 429496728
I20260710 11:04:06.856017  7949 tablet_service.cc:1511] Processing CreateTablet for tablet 0c8515ff4a1042d78b2b9fc2c366c552 (DEFAULT_TABLE table=test-workload [id=84d2bc5c015c48c190e34714cc8a04fd]), partition=RANGE (key) PARTITION 1503238548 <= VALUES < 1717986912
I20260710 11:04:06.854887  7954 tablet_service.cc:1511] Processing CreateTablet for tablet 809696c5415c45e6a7da2f05fecf6186 (DEFAULT_TABLE table=test-workload [id=84d2bc5c015c48c190e34714cc8a04fd]), partition=RANGE (key) PARTITION 429496728 <= VALUES < 644245092
I20260710 11:04:06.857193  7956 tablet_service.cc:1511] Processing CreateTablet for tablet 57932a2cf19140d79bdef3fa63605177 (DEFAULT_TABLE table=test-workload [id=84d2bc5c015c48c190e34714cc8a04fd]), partition=RANGE (key) PARTITION VALUES < 214748364
I20260710 11:04:06.858129  8023 tablet_service.cc:1511] Processing CreateTablet for tablet 0c8515ff4a1042d78b2b9fc2c366c552 (DEFAULT_TABLE table=test-workload [id=84d2bc5c015c48c190e34714cc8a04fd]), partition=RANGE (key) PARTITION 1503238548 <= VALUES < 1717986912
I20260710 11:04:06.873839  8023 data_dirs.cc:400] Could only allocate 1 dirs of requested 3 for tablet 0c8515ff4a1042d78b2b9fc2c366c552. 1 dirs total, 0 dirs full, 0 dirs failed
I20260710 11:04:06.853825  8027 tablet_service.cc:1511] Processing CreateTablet for tablet 8e30238f81b04a0eb9525d679cafb9e1 (DEFAULT_TABLE table=test-workload [id=84d2bc5c015c48c190e34714cc8a04fd]), partition=RANGE (key) PARTITION 644245092 <= VALUES < 858993456
I20260710 11:04:06.878415  8027 data_dirs.cc:400] Could only allocate 1 dirs of requested 3 for tablet 8e30238f81b04a0eb9525d679cafb9e1. 1 dirs total, 0 dirs full, 0 dirs failed
I20260710 11:04:06.885154  7947 tablet_service.cc:1511] Processing CreateTablet for tablet 98bce80399d04cad85205ad75c671ed0 (DEFAULT_TABLE table=test-workload [id=84d2bc5c015c48c190e34714cc8a04fd]), partition=RANGE (key) PARTITION 1932735276 <= VALUES
I20260710 11:04:06.886186  7881 tablet_service.cc:1511] Processing CreateTablet for tablet 57932a2cf19140d79bdef3fa63605177 (DEFAULT_TABLE table=test-workload [id=84d2bc5c015c48c190e34714cc8a04fd]), partition=RANGE (key) PARTITION VALUES < 214748364
I20260710 11:04:06.886369  7880 tablet_service.cc:1511] Processing CreateTablet for tablet 75e65585678742b180a17045c6d9646c (DEFAULT_TABLE table=test-workload [id=84d2bc5c015c48c190e34714cc8a04fd]), partition=RANGE (key) PARTITION 214748364 <= VALUES < 429496728
I20260710 11:04:06.888190  7876 tablet_service.cc:1511] Processing CreateTablet for tablet e8ccd9b0f8f84fb783b5d53fac12cf0b (DEFAULT_TABLE table=test-workload [id=84d2bc5c015c48c190e34714cc8a04fd]), partition=RANGE (key) PARTITION 1073741820 <= VALUES < 1288490184
I20260710 11:04:06.888684  7879 tablet_service.cc:1511] Processing CreateTablet for tablet 809696c5415c45e6a7da2f05fecf6186 (DEFAULT_TABLE table=test-workload [id=84d2bc5c015c48c190e34714cc8a04fd]), partition=RANGE (key) PARTITION 429496728 <= VALUES < 644245092
I20260710 11:04:06.889611  7874 tablet_service.cc:1511] Processing CreateTablet for tablet 0c8515ff4a1042d78b2b9fc2c366c552 (DEFAULT_TABLE table=test-workload [id=84d2bc5c015c48c190e34714cc8a04fd]), partition=RANGE (key) PARTITION 1503238548 <= VALUES < 1717986912
I20260710 11:04:06.890412  7873 tablet_service.cc:1511] Processing CreateTablet for tablet 4f5ba0a8ca734af0a2519d657513f220 (DEFAULT_TABLE table=test-workload [id=84d2bc5c015c48c190e34714cc8a04fd]), partition=RANGE (key) PARTITION 1717986912 <= VALUES < 1932735276
I20260710 11:04:06.890754  7878 tablet_service.cc:1511] Processing CreateTablet for tablet 8e30238f81b04a0eb9525d679cafb9e1 (DEFAULT_TABLE table=test-workload [id=84d2bc5c015c48c190e34714cc8a04fd]), partition=RANGE (key) PARTITION 644245092 <= VALUES < 858993456
I20260710 11:04:06.892653  7872 tablet_service.cc:1511] Processing CreateTablet for tablet 98bce80399d04cad85205ad75c671ed0 (DEFAULT_TABLE table=test-workload [id=84d2bc5c015c48c190e34714cc8a04fd]), partition=RANGE (key) PARTITION 1932735276 <= VALUES
I20260710 11:04:06.894114  8028 data_dirs.cc:400] Could only allocate 1 dirs of requested 3 for tablet 809696c5415c45e6a7da2f05fecf6186. 1 dirs total, 0 dirs full, 0 dirs failed
I20260710 11:04:06.894905  8024 data_dirs.cc:400] Could only allocate 1 dirs of requested 3 for tablet 0ce99f44f9204393876a6e9849152b91. 1 dirs total, 0 dirs full, 0 dirs failed
I20260710 11:04:06.894572  7875 tablet_service.cc:1511] Processing CreateTablet for tablet 0ce99f44f9204393876a6e9849152b91 (DEFAULT_TABLE table=test-workload [id=84d2bc5c015c48c190e34714cc8a04fd]), partition=RANGE (key) PARTITION 1288490184 <= VALUES < 1503238548
I20260710 11:04:06.896136  7881 data_dirs.cc:400] Could only allocate 1 dirs of requested 3 for tablet 57932a2cf19140d79bdef3fa63605177. 1 dirs total, 0 dirs full, 0 dirs failed
I20260710 11:04:06.844142  7951 data_dirs.cc:400] Could only allocate 1 dirs of requested 3 for tablet e8ccd9b0f8f84fb783b5d53fac12cf0b. 1 dirs total, 0 dirs full, 0 dirs failed
I20260710 11:04:06.892657  7877 tablet_service.cc:1511] Processing CreateTablet for tablet 791231ddc86d4b6cb398555345f38701 (DEFAULT_TABLE table=test-workload [id=84d2bc5c015c48c190e34714cc8a04fd]), partition=RANGE (key) PARTITION 858993456 <= VALUES < 1073741820
I20260710 11:04:06.907749  7955 data_dirs.cc:400] Could only allocate 1 dirs of requested 3 for tablet 75e65585678742b180a17045c6d9646c. 1 dirs total, 0 dirs full, 0 dirs failed
I20260710 11:04:06.909531  7949 data_dirs.cc:400] Could only allocate 1 dirs of requested 3 for tablet 0c8515ff4a1042d78b2b9fc2c366c552. 1 dirs total, 0 dirs full, 0 dirs failed
I20260710 11:04:06.913472  7948 data_dirs.cc:400] Could only allocate 1 dirs of requested 3 for tablet 4f5ba0a8ca734af0a2519d657513f220. 1 dirs total, 0 dirs full, 0 dirs failed
I20260710 11:04:06.917549  7947 data_dirs.cc:400] Could only allocate 1 dirs of requested 3 for tablet 98bce80399d04cad85205ad75c671ed0. 1 dirs total, 0 dirs full, 0 dirs failed
I20260710 11:04:06.913483  8030 data_dirs.cc:400] Could only allocate 1 dirs of requested 3 for tablet 57932a2cf19140d79bdef3fa63605177. 1 dirs total, 0 dirs full, 0 dirs failed
I20260710 11:04:06.925587  7952 data_dirs.cc:400] Could only allocate 1 dirs of requested 3 for tablet 791231ddc86d4b6cb398555345f38701. 1 dirs total, 0 dirs full, 0 dirs failed
I20260710 11:04:06.929929  7954 data_dirs.cc:400] Could only allocate 1 dirs of requested 3 for tablet 809696c5415c45e6a7da2f05fecf6186. 1 dirs total, 0 dirs full, 0 dirs failed
I20260710 11:04:06.931268  7950 data_dirs.cc:400] Could only allocate 1 dirs of requested 3 for tablet 0ce99f44f9204393876a6e9849152b91. 1 dirs total, 0 dirs full, 0 dirs failed
I20260710 11:04:06.932454  7956 data_dirs.cc:400] Could only allocate 1 dirs of requested 3 for tablet 57932a2cf19140d79bdef3fa63605177. 1 dirs total, 0 dirs full, 0 dirs failed
I20260710 11:04:06.945181  8028 tablet_service.cc:1511] Processing CreateTablet for tablet 98bce80399d04cad85205ad75c671ed0 (DEFAULT_TABLE table=test-workload [id=84d2bc5c015c48c190e34714cc8a04fd]), partition=RANGE (key) PARTITION 1932735276 <= VALUES
I20260710 11:04:06.946679  8028 data_dirs.cc:400] Could only allocate 1 dirs of requested 3 for tablet 98bce80399d04cad85205ad75c671ed0. 1 dirs total, 0 dirs full, 0 dirs failed
I20260710 11:04:06.955996  7878 data_dirs.cc:400] Could only allocate 1 dirs of requested 3 for tablet 8e30238f81b04a0eb9525d679cafb9e1. 1 dirs total, 0 dirs full, 0 dirs failed
I20260710 11:04:06.957804  7879 data_dirs.cc:400] Could only allocate 1 dirs of requested 3 for tablet 809696c5415c45e6a7da2f05fecf6186. 1 dirs total, 0 dirs full, 0 dirs failed
I20260710 11:04:06.961787  7880 data_dirs.cc:400] Could only allocate 1 dirs of requested 3 for tablet 75e65585678742b180a17045c6d9646c. 1 dirs total, 0 dirs full, 0 dirs failed
I20260710 11:04:06.966586  7874 data_dirs.cc:400] Could only allocate 1 dirs of requested 3 for tablet 0c8515ff4a1042d78b2b9fc2c366c552. 1 dirs total, 0 dirs full, 0 dirs failed
I20260710 11:04:06.969107  7873 data_dirs.cc:400] Could only allocate 1 dirs of requested 3 for tablet 4f5ba0a8ca734af0a2519d657513f220. 1 dirs total, 0 dirs full, 0 dirs failed
I20260710 11:04:06.975551  8080 tablet_bootstrap.cc:492] T 75e65585678742b180a17045c6d9646c P 357439368e1b4cec885e4a8d73b56c19: Bootstrap starting.
I20260710 11:04:06.981819  7875 data_dirs.cc:400] Could only allocate 1 dirs of requested 3 for tablet 0ce99f44f9204393876a6e9849152b91. 1 dirs total, 0 dirs full, 0 dirs failed
I20260710 11:04:06.985052  7876 data_dirs.cc:400] Could only allocate 1 dirs of requested 3 for tablet e8ccd9b0f8f84fb783b5d53fac12cf0b. 1 dirs total, 0 dirs full, 0 dirs failed
I20260710 11:04:06.988428  7877 data_dirs.cc:400] Could only allocate 1 dirs of requested 3 for tablet 791231ddc86d4b6cb398555345f38701. 1 dirs total, 0 dirs full, 0 dirs failed
I20260710 11:04:06.997520  7872 data_dirs.cc:400] Could only allocate 1 dirs of requested 3 for tablet 98bce80399d04cad85205ad75c671ed0. 1 dirs total, 0 dirs full, 0 dirs failed
I20260710 11:04:07.032182  8080 tablet_bootstrap.cc:654] T 75e65585678742b180a17045c6d9646c P 357439368e1b4cec885e4a8d73b56c19: Neither blocks nor log segments found. Creating new log.
I20260710 11:04:07.052279  8081 tablet_bootstrap.cc:492] T 0c8515ff4a1042d78b2b9fc2c366c552 P b7136315d3084a829a11805b515953d1: Bootstrap starting.
I20260710 11:04:07.080682  8082 tablet_bootstrap.cc:492] T 809696c5415c45e6a7da2f05fecf6186 P 908147b88fa348009b7376949aae92f7: Bootstrap starting.
I20260710 11:04:07.083762  8081 tablet_bootstrap.cc:654] T 0c8515ff4a1042d78b2b9fc2c366c552 P b7136315d3084a829a11805b515953d1: Neither blocks nor log segments found. Creating new log.
I20260710 11:04:07.085942  8080 tablet_bootstrap.cc:492] T 75e65585678742b180a17045c6d9646c P 357439368e1b4cec885e4a8d73b56c19: No bootstrap required, opened a new log
I20260710 11:04:07.097575  8080 ts_tablet_manager.cc:1403] T 75e65585678742b180a17045c6d9646c P 357439368e1b4cec885e4a8d73b56c19: Time spent bootstrapping tablet: real 0.122s	user 0.007s	sys 0.012s
I20260710 11:04:07.098269  8082 tablet_bootstrap.cc:654] T 809696c5415c45e6a7da2f05fecf6186 P 908147b88fa348009b7376949aae92f7: Neither blocks nor log segments found. Creating new log.
I20260710 11:04:07.098587  8081 tablet_bootstrap.cc:492] T 0c8515ff4a1042d78b2b9fc2c366c552 P b7136315d3084a829a11805b515953d1: No bootstrap required, opened a new log
I20260710 11:04:07.099099  8081 ts_tablet_manager.cc:1403] T 0c8515ff4a1042d78b2b9fc2c366c552 P b7136315d3084a829a11805b515953d1: Time spent bootstrapping tablet: real 0.047s	user 0.007s	sys 0.005s
I20260710 11:04:07.101742  8080 raft_consensus.cc:359] T 75e65585678742b180a17045c6d9646c P 357439368e1b4cec885e4a8d73b56c19 [term 0 FOLLOWER]: Replica starting. Triggering 0 pending ops. Active config: opid_index: -1 OBSOLETE_local: false peers { permanent_uuid: "908147b88fa348009b7376949aae92f7" member_type: VOTER last_known_addr { host: "127.7.24.193" port: 44551 } } peers { permanent_uuid: "b7136315d3084a829a11805b515953d1" member_type: VOTER last_known_addr { host: "127.7.24.194" port: 37897 } } peers { permanent_uuid: "357439368e1b4cec885e4a8d73b56c19" member_type: VOTER last_known_addr { host: "127.7.24.195" port: 38167 } }
I20260710 11:04:07.102067  8081 raft_consensus.cc:359] T 0c8515ff4a1042d78b2b9fc2c366c552 P b7136315d3084a829a11805b515953d1 [term 0 FOLLOWER]: Replica starting. Triggering 0 pending ops. Active config: opid_index: -1 OBSOLETE_local: false peers { permanent_uuid: "908147b88fa348009b7376949aae92f7" member_type: VOTER last_known_addr { host: "127.7.24.193" port: 44551 } } peers { permanent_uuid: "b7136315d3084a829a11805b515953d1" member_type: VOTER last_known_addr { host: "127.7.24.194" port: 37897 } } peers { permanent_uuid: "357439368e1b4cec885e4a8d73b56c19" member_type: VOTER last_known_addr { host: "127.7.24.195" port: 38167 } }
I20260710 11:04:07.102736  8080 raft_consensus.cc:385] T 75e65585678742b180a17045c6d9646c P 357439368e1b4cec885e4a8d73b56c19 [term 0 FOLLOWER]: Consensus starting up: Expiring failure detector timer to make a prompt election more likely
I20260710 11:04:07.102736  8081 raft_consensus.cc:385] T 0c8515ff4a1042d78b2b9fc2c366c552 P b7136315d3084a829a11805b515953d1 [term 0 FOLLOWER]: Consensus starting up: Expiring failure detector timer to make a prompt election more likely
I20260710 11:04:07.103359  8081 raft_consensus.cc:740] T 0c8515ff4a1042d78b2b9fc2c366c552 P b7136315d3084a829a11805b515953d1 [term 0 FOLLOWER]: Becoming Follower/Learner. State: Replica: b7136315d3084a829a11805b515953d1, State: Initialized, Role: FOLLOWER
I20260710 11:04:07.104319  8081 consensus_queue.cc:260] T 0c8515ff4a1042d78b2b9fc2c366c552 P b7136315d3084a829a11805b515953d1 [NON_LEADER]: Queue going to NON_LEADER mode. State: All replicated index: 0, Majority replicated index: 0, Committed index: 0, Last appended: 0.0, Last appended by leader: 0, Current term: 0, Majority size: -1, State: 0, Mode: NON_LEADER, active raft config: opid_index: -1 OBSOLETE_local: false peers { permanent_uuid: "908147b88fa348009b7376949aae92f7" member_type: VOTER last_known_addr { host: "127.7.24.193" port: 44551 } } peers { permanent_uuid: "b7136315d3084a829a11805b515953d1" member_type: VOTER last_known_addr { host: "127.7.24.194" port: 37897 } } peers { permanent_uuid: "357439368e1b4cec885e4a8d73b56c19" member_type: VOTER last_known_addr { host: "127.7.24.195" port: 38167 } }
I20260710 11:04:07.103320  8080 raft_consensus.cc:740] T 75e65585678742b180a17045c6d9646c P 357439368e1b4cec885e4a8d73b56c19 [term 0 FOLLOWER]: Becoming Follower/Learner. State: Replica: 357439368e1b4cec885e4a8d73b56c19, State: Initialized, Role: FOLLOWER
I20260710 11:04:07.106050  8080 consensus_queue.cc:260] T 75e65585678742b180a17045c6d9646c P 357439368e1b4cec885e4a8d73b56c19 [NON_LEADER]: Queue going to NON_LEADER mode. State: All replicated index: 0, Majority replicated index: 0, Committed index: 0, Last appended: 0.0, Last appended by leader: 0, Current term: 0, Majority size: -1, State: 0, Mode: NON_LEADER, active raft config: opid_index: -1 OBSOLETE_local: false peers { permanent_uuid: "908147b88fa348009b7376949aae92f7" member_type: VOTER last_known_addr { host: "127.7.24.193" port: 44551 } } peers { permanent_uuid: "b7136315d3084a829a11805b515953d1" member_type: VOTER last_known_addr { host: "127.7.24.194" port: 37897 } } peers { permanent_uuid: "357439368e1b4cec885e4a8d73b56c19" member_type: VOTER last_known_addr { host: "127.7.24.195" port: 38167 } }
I20260710 11:04:07.108949  8081 ts_tablet_manager.cc:1434] T 0c8515ff4a1042d78b2b9fc2c366c552 P b7136315d3084a829a11805b515953d1: Time spent starting tablet: real 0.010s	user 0.007s	sys 0.003s
I20260710 11:04:07.109177  8065 heartbeater.cc:499] Master 127.7.24.254:45639 was elected leader, sending a full tablet report...
I20260710 11:04:07.109650  8082 tablet_bootstrap.cc:492] T 809696c5415c45e6a7da2f05fecf6186 P 908147b88fa348009b7376949aae92f7: No bootstrap required, opened a new log
I20260710 11:04:07.109822  7991 heartbeater.cc:499] Master 127.7.24.254:45639 was elected leader, sending a full tablet report...
I20260710 11:04:07.110140  8081 tablet_bootstrap.cc:492] T 75e65585678742b180a17045c6d9646c P b7136315d3084a829a11805b515953d1: Bootstrap starting.
I20260710 11:04:07.110213  8082 ts_tablet_manager.cc:1403] T 809696c5415c45e6a7da2f05fecf6186 P 908147b88fa348009b7376949aae92f7: Time spent bootstrapping tablet: real 0.030s	user 0.018s	sys 0.000s
I20260710 11:04:07.113616  8082 raft_consensus.cc:359] T 809696c5415c45e6a7da2f05fecf6186 P 908147b88fa348009b7376949aae92f7 [term 0 FOLLOWER]: Replica starting. Triggering 0 pending ops. Active config: opid_index: -1 OBSOLETE_local: false peers { permanent_uuid: "908147b88fa348009b7376949aae92f7" member_type: VOTER last_known_addr { host: "127.7.24.193" port: 44551 } } peers { permanent_uuid: "b7136315d3084a829a11805b515953d1" member_type: VOTER last_known_addr { host: "127.7.24.194" port: 37897 } } peers { permanent_uuid: "357439368e1b4cec885e4a8d73b56c19" member_type: VOTER last_known_addr { host: "127.7.24.195" port: 38167 } }
I20260710 11:04:07.114449  8082 raft_consensus.cc:385] T 809696c5415c45e6a7da2f05fecf6186 P 908147b88fa348009b7376949aae92f7 [term 0 FOLLOWER]: Consensus starting up: Expiring failure detector timer to make a prompt election more likely
I20260710 11:04:07.114785  8082 raft_consensus.cc:740] T 809696c5415c45e6a7da2f05fecf6186 P 908147b88fa348009b7376949aae92f7 [term 0 FOLLOWER]: Becoming Follower/Learner. State: Replica: 908147b88fa348009b7376949aae92f7, State: Initialized, Role: FOLLOWER
I20260710 11:04:07.115527  8082 consensus_queue.cc:260] T 809696c5415c45e6a7da2f05fecf6186 P 908147b88fa348009b7376949aae92f7 [NON_LEADER]: Queue going to NON_LEADER mode. State: All replicated index: 0, Majority replicated index: 0, Committed index: 0, Last appended: 0.0, Last appended by leader: 0, Current term: 0, Majority size: -1, State: 0, Mode: NON_LEADER, active raft config: opid_index: -1 OBSOLETE_local: false peers { permanent_uuid: "908147b88fa348009b7376949aae92f7" member_type: VOTER last_known_addr { host: "127.7.24.193" port: 44551 } } peers { permanent_uuid: "b7136315d3084a829a11805b515953d1" member_type: VOTER last_known_addr { host: "127.7.24.194" port: 37897 } } peers { permanent_uuid: "357439368e1b4cec885e4a8d73b56c19" member_type: VOTER last_known_addr { host: "127.7.24.195" port: 38167 } }
I20260710 11:04:07.117340  8081 tablet_bootstrap.cc:654] T 75e65585678742b180a17045c6d9646c P b7136315d3084a829a11805b515953d1: Neither blocks nor log segments found. Creating new log.
I20260710 11:04:07.118443  8080 ts_tablet_manager.cc:1434] T 75e65585678742b180a17045c6d9646c P 357439368e1b4cec885e4a8d73b56c19: Time spent starting tablet: real 0.020s	user 0.003s	sys 0.006s
I20260710 11:04:07.119791  8080 tablet_bootstrap.cc:492] T 809696c5415c45e6a7da2f05fecf6186 P 357439368e1b4cec885e4a8d73b56c19: Bootstrap starting.
I20260710 11:04:07.122064  7916 heartbeater.cc:499] Master 127.7.24.254:45639 was elected leader, sending a full tablet report...
I20260710 11:04:07.122479  8082 ts_tablet_manager.cc:1434] T 809696c5415c45e6a7da2f05fecf6186 P 908147b88fa348009b7376949aae92f7: Time spent starting tablet: real 0.012s	user 0.005s	sys 0.004s
I20260710 11:04:07.123775  8082 tablet_bootstrap.cc:492] T 57932a2cf19140d79bdef3fa63605177 P 908147b88fa348009b7376949aae92f7: Bootstrap starting.
I20260710 11:04:07.125402  8081 tablet_bootstrap.cc:492] T 75e65585678742b180a17045c6d9646c P b7136315d3084a829a11805b515953d1: No bootstrap required, opened a new log
I20260710 11:04:07.125944  8081 ts_tablet_manager.cc:1403] T 75e65585678742b180a17045c6d9646c P b7136315d3084a829a11805b515953d1: Time spent bootstrapping tablet: real 0.016s	user 0.013s	sys 0.000s
I20260710 11:04:07.129155  8081 raft_consensus.cc:359] T 75e65585678742b180a17045c6d9646c P b7136315d3084a829a11805b515953d1 [term 0 FOLLOWER]: Replica starting. Triggering 0 pending ops. Active config: opid_index: -1 OBSOLETE_local: false peers { permanent_uuid: "908147b88fa348009b7376949aae92f7" member_type: VOTER last_known_addr { host: "127.7.24.193" port: 44551 } } peers { permanent_uuid: "b7136315d3084a829a11805b515953d1" member_type: VOTER last_known_addr { host: "127.7.24.194" port: 37897 } } peers { permanent_uuid: "357439368e1b4cec885e4a8d73b56c19" member_type: VOTER last_known_addr { host: "127.7.24.195" port: 38167 } }
I20260710 11:04:07.129959  8081 raft_consensus.cc:385] T 75e65585678742b180a17045c6d9646c P b7136315d3084a829a11805b515953d1 [term 0 FOLLOWER]: Consensus starting up: Expiring failure detector timer to make a prompt election more likely
I20260710 11:04:07.130280  8081 raft_consensus.cc:740] T 75e65585678742b180a17045c6d9646c P b7136315d3084a829a11805b515953d1 [term 0 FOLLOWER]: Becoming Follower/Learner. State: Replica: b7136315d3084a829a11805b515953d1, State: Initialized, Role: FOLLOWER
I20260710 11:04:07.130980  8082 tablet_bootstrap.cc:654] T 57932a2cf19140d79bdef3fa63605177 P 908147b88fa348009b7376949aae92f7: Neither blocks nor log segments found. Creating new log.
I20260710 11:04:07.131049  8081 consensus_queue.cc:260] T 75e65585678742b180a17045c6d9646c P b7136315d3084a829a11805b515953d1 [NON_LEADER]: Queue going to NON_LEADER mode. State: All replicated index: 0, Majority replicated index: 0, Committed index: 0, Last appended: 0.0, Last appended by leader: 0, Current term: 0, Majority size: -1, State: 0, Mode: NON_LEADER, active raft config: opid_index: -1 OBSOLETE_local: false peers { permanent_uuid: "908147b88fa348009b7376949aae92f7" member_type: VOTER last_known_addr { host: "127.7.24.193" port: 44551 } } peers { permanent_uuid: "b7136315d3084a829a11805b515953d1" member_type: VOTER last_known_addr { host: "127.7.24.194" port: 37897 } } peers { permanent_uuid: "357439368e1b4cec885e4a8d73b56c19" member_type: VOTER last_known_addr { host: "127.7.24.195" port: 38167 } }
I20260710 11:04:07.132975  8081 ts_tablet_manager.cc:1434] T 75e65585678742b180a17045c6d9646c P b7136315d3084a829a11805b515953d1: Time spent starting tablet: real 0.007s	user 0.004s	sys 0.000s
I20260710 11:04:07.134032  8081 tablet_bootstrap.cc:492] T 98bce80399d04cad85205ad75c671ed0 P b7136315d3084a829a11805b515953d1: Bootstrap starting.
I20260710 11:04:07.137907  8080 tablet_bootstrap.cc:654] T 809696c5415c45e6a7da2f05fecf6186 P 357439368e1b4cec885e4a8d73b56c19: Neither blocks nor log segments found. Creating new log.
I20260710 11:04:07.140983  8081 tablet_bootstrap.cc:654] T 98bce80399d04cad85205ad75c671ed0 P b7136315d3084a829a11805b515953d1: Neither blocks nor log segments found. Creating new log.
I20260710 11:04:07.151988  8080 tablet_bootstrap.cc:492] T 809696c5415c45e6a7da2f05fecf6186 P 357439368e1b4cec885e4a8d73b56c19: No bootstrap required, opened a new log
I20260710 11:04:07.152715  8080 ts_tablet_manager.cc:1403] T 809696c5415c45e6a7da2f05fecf6186 P 357439368e1b4cec885e4a8d73b56c19: Time spent bootstrapping tablet: real 0.033s	user 0.010s	sys 0.010s
I20260710 11:04:07.156934  8080 raft_consensus.cc:359] T 809696c5415c45e6a7da2f05fecf6186 P 357439368e1b4cec885e4a8d73b56c19 [term 0 FOLLOWER]: Replica starting. Triggering 0 pending ops. Active config: opid_index: -1 OBSOLETE_local: false peers { permanent_uuid: "908147b88fa348009b7376949aae92f7" member_type: VOTER last_known_addr { host: "127.7.24.193" port: 44551 } } peers { permanent_uuid: "b7136315d3084a829a11805b515953d1" member_type: VOTER last_known_addr { host: "127.7.24.194" port: 37897 } } peers { permanent_uuid: "357439368e1b4cec885e4a8d73b56c19" member_type: VOTER last_known_addr { host: "127.7.24.195" port: 38167 } }
I20260710 11:04:07.157996  8080 raft_consensus.cc:385] T 809696c5415c45e6a7da2f05fecf6186 P 357439368e1b4cec885e4a8d73b56c19 [term 0 FOLLOWER]: Consensus starting up: Expiring failure detector timer to make a prompt election more likely
I20260710 11:04:07.158425  8080 raft_consensus.cc:740] T 809696c5415c45e6a7da2f05fecf6186 P 357439368e1b4cec885e4a8d73b56c19 [term 0 FOLLOWER]: Becoming Follower/Learner. State: Replica: 357439368e1b4cec885e4a8d73b56c19, State: Initialized, Role: FOLLOWER
I20260710 11:04:07.159677  8080 consensus_queue.cc:260] T 809696c5415c45e6a7da2f05fecf6186 P 357439368e1b4cec885e4a8d73b56c19 [NON_LEADER]: Queue going to NON_LEADER mode. State: All replicated index: 0, Majority replicated index: 0, Committed index: 0, Last appended: 0.0, Last appended by leader: 0, Current term: 0, Majority size: -1, State: 0, Mode: NON_LEADER, active raft config: opid_index: -1 OBSOLETE_local: false peers { permanent_uuid: "908147b88fa348009b7376949aae92f7" member_type: VOTER last_known_addr { host: "127.7.24.193" port: 44551 } } peers { permanent_uuid: "b7136315d3084a829a11805b515953d1" member_type: VOTER last_known_addr { host: "127.7.24.194" port: 37897 } } peers { permanent_uuid: "357439368e1b4cec885e4a8d73b56c19" member_type: VOTER last_known_addr { host: "127.7.24.195" port: 38167 } }
I20260710 11:04:07.163183  8080 ts_tablet_manager.cc:1434] T 809696c5415c45e6a7da2f05fecf6186 P 357439368e1b4cec885e4a8d73b56c19: Time spent starting tablet: real 0.010s	user 0.008s	sys 0.000s
I20260710 11:04:07.164556  8080 tablet_bootstrap.cc:492] T e8ccd9b0f8f84fb783b5d53fac12cf0b P 357439368e1b4cec885e4a8d73b56c19: Bootstrap starting.
I20260710 11:04:07.174162  8080 tablet_bootstrap.cc:654] T e8ccd9b0f8f84fb783b5d53fac12cf0b P 357439368e1b4cec885e4a8d73b56c19: Neither blocks nor log segments found. Creating new log.
I20260710 11:04:07.193760  8087 raft_consensus.cc:493] T 809696c5415c45e6a7da2f05fecf6186 P 357439368e1b4cec885e4a8d73b56c19 [term 0 FOLLOWER]: Starting pre-election (no leader contacted us within the election timeout)
I20260710 11:04:07.193930  8088 raft_consensus.cc:493] T 809696c5415c45e6a7da2f05fecf6186 P 908147b88fa348009b7376949aae92f7 [term 0 FOLLOWER]: Starting pre-election (no leader contacted us within the election timeout)
I20260710 11:04:07.194510  8082 tablet_bootstrap.cc:492] T 57932a2cf19140d79bdef3fa63605177 P 908147b88fa348009b7376949aae92f7: No bootstrap required, opened a new log
I20260710 11:04:07.194394  8087 raft_consensus.cc:515] T 809696c5415c45e6a7da2f05fecf6186 P 357439368e1b4cec885e4a8d73b56c19 [term 0 FOLLOWER]: Starting pre-election with config: opid_index: -1 OBSOLETE_local: false peers { permanent_uuid: "908147b88fa348009b7376949aae92f7" member_type: VOTER last_known_addr { host: "127.7.24.193" port: 44551 } } peers { permanent_uuid: "b7136315d3084a829a11805b515953d1" member_type: VOTER last_known_addr { host: "127.7.24.194" port: 37897 } } peers { permanent_uuid: "357439368e1b4cec885e4a8d73b56c19" member_type: VOTER last_known_addr { host: "127.7.24.195" port: 38167 } }
I20260710 11:04:07.195168  8082 ts_tablet_manager.cc:1403] T 57932a2cf19140d79bdef3fa63605177 P 908147b88fa348009b7376949aae92f7: Time spent bootstrapping tablet: real 0.072s	user 0.045s	sys 0.014s
I20260710 11:04:07.194658  8088 raft_consensus.cc:515] T 809696c5415c45e6a7da2f05fecf6186 P 908147b88fa348009b7376949aae92f7 [term 0 FOLLOWER]: Starting pre-election with config: opid_index: -1 OBSOLETE_local: false peers { permanent_uuid: "908147b88fa348009b7376949aae92f7" member_type: VOTER last_known_addr { host: "127.7.24.193" port: 44551 } } peers { permanent_uuid: "b7136315d3084a829a11805b515953d1" member_type: VOTER last_known_addr { host: "127.7.24.194" port: 37897 } } peers { permanent_uuid: "357439368e1b4cec885e4a8d73b56c19" member_type: VOTER last_known_addr { host: "127.7.24.195" port: 38167 } }
I20260710 11:04:07.198872  8087 leader_election.cc:290] T 809696c5415c45e6a7da2f05fecf6186 P 357439368e1b4cec885e4a8d73b56c19 [CANDIDATE]: Term 1 pre-election: Requested pre-vote from peers 908147b88fa348009b7376949aae92f7 (127.7.24.193:44551), b7136315d3084a829a11805b515953d1 (127.7.24.194:37897)
I20260710 11:04:07.194344  8081 tablet_bootstrap.cc:492] T 98bce80399d04cad85205ad75c671ed0 P b7136315d3084a829a11805b515953d1: No bootstrap required, opened a new log
I20260710 11:04:07.198666  8082 raft_consensus.cc:359] T 57932a2cf19140d79bdef3fa63605177 P 908147b88fa348009b7376949aae92f7 [term 0 FOLLOWER]: Replica starting. Triggering 0 pending ops. Active config: opid_index: -1 OBSOLETE_local: false peers { permanent_uuid: "357439368e1b4cec885e4a8d73b56c19" member_type: VOTER last_known_addr { host: "127.7.24.195" port: 38167 } } peers { permanent_uuid: "b7136315d3084a829a11805b515953d1" member_type: VOTER last_known_addr { host: "127.7.24.194" port: 37897 } } peers { permanent_uuid: "908147b88fa348009b7376949aae92f7" member_type: VOTER last_known_addr { host: "127.7.24.193" port: 44551 } }
I20260710 11:04:07.205610  8088 leader_election.cc:290] T 809696c5415c45e6a7da2f05fecf6186 P 908147b88fa348009b7376949aae92f7 [CANDIDATE]: Term 1 pre-election: Requested pre-vote from peers b7136315d3084a829a11805b515953d1 (127.7.24.194:37897), 357439368e1b4cec885e4a8d73b56c19 (127.7.24.195:38167)
I20260710 11:04:07.220495  8081 ts_tablet_manager.cc:1403] T 98bce80399d04cad85205ad75c671ed0 P b7136315d3084a829a11805b515953d1: Time spent bootstrapping tablet: real 0.086s	user 0.030s	sys 0.029s
I20260710 11:04:07.218500  8082 raft_consensus.cc:385] T 57932a2cf19140d79bdef3fa63605177 P 908147b88fa348009b7376949aae92f7 [term 0 FOLLOWER]: Consensus starting up: Expiring failure detector timer to make a prompt election more likely
I20260710 11:04:07.232275  7891 tablet_service.cc:1917] Received RequestConsensusVote() RPC: tablet_id: "809696c5415c45e6a7da2f05fecf6186" candidate_uuid: "357439368e1b4cec885e4a8d73b56c19" candidate_term: 1 candidate_status { last_received { term: 0 index: 0 } } ignore_live_leader: false dest_uuid: "908147b88fa348009b7376949aae92f7" is_pre_election: true
I20260710 11:04:07.233147  7891 raft_consensus.cc:2468] T 809696c5415c45e6a7da2f05fecf6186 P 908147b88fa348009b7376949aae92f7 [term 0 FOLLOWER]: Leader pre-election vote request: Granting yes vote for candidate 357439368e1b4cec885e4a8d73b56c19 in term 0.
I20260710 11:04:07.235319  8005 leader_election.cc:304] T 809696c5415c45e6a7da2f05fecf6186 P 357439368e1b4cec885e4a8d73b56c19 [CANDIDATE]: Term 1 pre-election: Election decided. Result: candidate won. Election summary: received 2 responses out of 3 voters: 2 yes votes; 0 no votes. yes voters: 357439368e1b4cec885e4a8d73b56c19, 908147b88fa348009b7376949aae92f7; no voters: 
I20260710 11:04:07.225510  8082 raft_consensus.cc:740] T 57932a2cf19140d79bdef3fa63605177 P 908147b88fa348009b7376949aae92f7 [term 0 FOLLOWER]: Becoming Follower/Learner. State: Replica: 908147b88fa348009b7376949aae92f7, State: Initialized, Role: FOLLOWER
I20260710 11:04:07.236799  8087 raft_consensus.cc:2804] T 809696c5415c45e6a7da2f05fecf6186 P 357439368e1b4cec885e4a8d73b56c19 [term 0 FOLLOWER]: Leader pre-election won for term 1
I20260710 11:04:07.237504  8087 raft_consensus.cc:493] T 809696c5415c45e6a7da2f05fecf6186 P 357439368e1b4cec885e4a8d73b56c19 [term 0 FOLLOWER]: Starting leader election (no leader contacted us within the election timeout)
I20260710 11:04:07.237886  8087 raft_consensus.cc:3060] T 809696c5415c45e6a7da2f05fecf6186 P 357439368e1b4cec885e4a8d73b56c19 [term 0 FOLLOWER]: Advancing to term 1
I20260710 11:04:07.238027  8082 consensus_queue.cc:260] T 57932a2cf19140d79bdef3fa63605177 P 908147b88fa348009b7376949aae92f7 [NON_LEADER]: Queue going to NON_LEADER mode. State: All replicated index: 0, Majority replicated index: 0, Committed index: 0, Last appended: 0.0, Last appended by leader: 0, Current term: 0, Majority size: -1, State: 0, Mode: NON_LEADER, active raft config: opid_index: -1 OBSOLETE_local: false peers { permanent_uuid: "357439368e1b4cec885e4a8d73b56c19" member_type: VOTER last_known_addr { host: "127.7.24.195" port: 38167 } } peers { permanent_uuid: "b7136315d3084a829a11805b515953d1" member_type: VOTER last_known_addr { host: "127.7.24.194" port: 37897 } } peers { permanent_uuid: "908147b88fa348009b7376949aae92f7" member_type: VOTER last_known_addr { host: "127.7.24.193" port: 44551 } }
I20260710 11:04:07.240427  8082 ts_tablet_manager.cc:1434] T 57932a2cf19140d79bdef3fa63605177 P 908147b88fa348009b7376949aae92f7: Time spent starting tablet: real 0.045s	user 0.003s	sys 0.004s
I20260710 11:04:07.241515  8082 tablet_bootstrap.cc:492] T 8e30238f81b04a0eb9525d679cafb9e1 P 908147b88fa348009b7376949aae92f7: Bootstrap starting.
I20260710 11:04:07.242193  7966 tablet_service.cc:1917] Received RequestConsensusVote() RPC: tablet_id: "809696c5415c45e6a7da2f05fecf6186" candidate_uuid: "357439368e1b4cec885e4a8d73b56c19" candidate_term: 1 candidate_status { last_received { term: 0 index: 0 } } ignore_live_leader: false dest_uuid: "b7136315d3084a829a11805b515953d1" is_pre_election: true
W20260710 11:04:07.244714  8005 leader_election.cc:343] T 809696c5415c45e6a7da2f05fecf6186 P 357439368e1b4cec885e4a8d73b56c19 [CANDIDATE]: Term 1 pre-election: Tablet error from VoteRequest() call to peer b7136315d3084a829a11805b515953d1 (127.7.24.194:37897): Illegal state: must be running to vote when last-logged opid is not known
I20260710 11:04:07.244969  8087 raft_consensus.cc:515] T 809696c5415c45e6a7da2f05fecf6186 P 357439368e1b4cec885e4a8d73b56c19 [term 1 FOLLOWER]: Starting leader election with config: opid_index: -1 OBSOLETE_local: false peers { permanent_uuid: "908147b88fa348009b7376949aae92f7" member_type: VOTER last_known_addr { host: "127.7.24.193" port: 44551 } } peers { permanent_uuid: "b7136315d3084a829a11805b515953d1" member_type: VOTER last_known_addr { host: "127.7.24.194" port: 37897 } } peers { permanent_uuid: "357439368e1b4cec885e4a8d73b56c19" member_type: VOTER last_known_addr { host: "127.7.24.195" port: 38167 } }
I20260710 11:04:07.247465  8087 leader_election.cc:290] T 809696c5415c45e6a7da2f05fecf6186 P 357439368e1b4cec885e4a8d73b56c19 [CANDIDATE]: Term 1 election: Requested vote from peers 908147b88fa348009b7376949aae92f7 (127.7.24.193:44551), b7136315d3084a829a11805b515953d1 (127.7.24.194:37897)
I20260710 11:04:07.236970  8080 tablet_bootstrap.cc:492] T e8ccd9b0f8f84fb783b5d53fac12cf0b P 357439368e1b4cec885e4a8d73b56c19: No bootstrap required, opened a new log
I20260710 11:04:07.248644  8040 tablet_service.cc:1917] Received RequestConsensusVote() RPC: tablet_id: "809696c5415c45e6a7da2f05fecf6186" candidate_uuid: "908147b88fa348009b7376949aae92f7" candidate_term: 1 candidate_status { last_received { term: 0 index: 0 } } ignore_live_leader: false dest_uuid: "357439368e1b4cec885e4a8d73b56c19" is_pre_election: true
I20260710 11:04:07.248921  8080 ts_tablet_manager.cc:1403] T e8ccd9b0f8f84fb783b5d53fac12cf0b P 357439368e1b4cec885e4a8d73b56c19: Time spent bootstrapping tablet: real 0.085s	user 0.018s	sys 0.030s
I20260710 11:04:07.248867  8082 tablet_bootstrap.cc:654] T 8e30238f81b04a0eb9525d679cafb9e1 P 908147b88fa348009b7376949aae92f7: Neither blocks nor log segments found. Creating new log.
I20260710 11:04:07.249068  7891 tablet_service.cc:1917] Received RequestConsensusVote() RPC: tablet_id: "809696c5415c45e6a7da2f05fecf6186" candidate_uuid: "357439368e1b4cec885e4a8d73b56c19" candidate_term: 1 candidate_status { last_received { term: 0 index: 0 } } ignore_live_leader: false dest_uuid: "908147b88fa348009b7376949aae92f7"
I20260710 11:04:07.249871  7891 raft_consensus.cc:3060] T 809696c5415c45e6a7da2f05fecf6186 P 908147b88fa348009b7376949aae92f7 [term 0 FOLLOWER]: Advancing to term 1
I20260710 11:04:07.250334  7966 tablet_service.cc:1917] Received RequestConsensusVote() RPC: tablet_id: "809696c5415c45e6a7da2f05fecf6186" candidate_uuid: "357439368e1b4cec885e4a8d73b56c19" candidate_term: 1 candidate_status { last_received { term: 0 index: 0 } } ignore_live_leader: false dest_uuid: "b7136315d3084a829a11805b515953d1"
I20260710 11:04:07.249472  8040 raft_consensus.cc:2393] T 809696c5415c45e6a7da2f05fecf6186 P 357439368e1b4cec885e4a8d73b56c19 [term 1 FOLLOWER]: Leader pre-election vote request: Denying vote to candidate 908147b88fa348009b7376949aae92f7 in current term 1: Already voted for candidate 357439368e1b4cec885e4a8d73b56c19 in this term.
W20260710 11:04:07.258209  8005 leader_election.cc:343] T 809696c5415c45e6a7da2f05fecf6186 P 357439368e1b4cec885e4a8d73b56c19 [CANDIDATE]: Term 1 election: Tablet error from VoteRequest() call to peer b7136315d3084a829a11805b515953d1 (127.7.24.194:37897): Illegal state: must be running to vote when last-logged opid is not known
I20260710 11:04:07.259478  7966 tablet_service.cc:1917] Received RequestConsensusVote() RPC: tablet_id: "809696c5415c45e6a7da2f05fecf6186" candidate_uuid: "908147b88fa348009b7376949aae92f7" candidate_term: 1 candidate_status { last_received { term: 0 index: 0 } } ignore_live_leader: false dest_uuid: "b7136315d3084a829a11805b515953d1" is_pre_election: true
I20260710 11:04:07.260329  8081 raft_consensus.cc:359] T 98bce80399d04cad85205ad75c671ed0 P b7136315d3084a829a11805b515953d1 [term 0 FOLLOWER]: Replica starting. Triggering 0 pending ops. Active config: opid_index: -1 OBSOLETE_local: false peers { permanent_uuid: "908147b88fa348009b7376949aae92f7" member_type: VOTER last_known_addr { host: "127.7.24.193" port: 44551 } } peers { permanent_uuid: "b7136315d3084a829a11805b515953d1" member_type: VOTER last_known_addr { host: "127.7.24.194" port: 37897 } } peers { permanent_uuid: "357439368e1b4cec885e4a8d73b56c19" member_type: VOTER last_known_addr { host: "127.7.24.195" port: 38167 } }
W20260710 11:04:07.261016  7856 leader_election.cc:343] T 809696c5415c45e6a7da2f05fecf6186 P 908147b88fa348009b7376949aae92f7 [CANDIDATE]: Term 1 pre-election: Tablet error from VoteRequest() call to peer b7136315d3084a829a11805b515953d1 (127.7.24.194:37897): Illegal state: must be running to vote when last-logged opid is not known
I20260710 11:04:07.261497  7856 leader_election.cc:304] T 809696c5415c45e6a7da2f05fecf6186 P 908147b88fa348009b7376949aae92f7 [CANDIDATE]: Term 1 pre-election: Election decided. Result: candidate lost. Election summary: received 3 responses out of 3 voters: 1 yes votes; 2 no votes. yes voters: 908147b88fa348009b7376949aae92f7; no voters: 357439368e1b4cec885e4a8d73b56c19, b7136315d3084a829a11805b515953d1
I20260710 11:04:07.261797  7891 raft_consensus.cc:2468] T 809696c5415c45e6a7da2f05fecf6186 P 908147b88fa348009b7376949aae92f7 [term 1 FOLLOWER]: Leader election vote request: Granting yes vote for candidate 357439368e1b4cec885e4a8d73b56c19 in term 1.
I20260710 11:04:07.262189  8082 tablet_bootstrap.cc:492] T 8e30238f81b04a0eb9525d679cafb9e1 P 908147b88fa348009b7376949aae92f7: No bootstrap required, opened a new log
I20260710 11:04:07.262389  8088 raft_consensus.cc:2749] T 809696c5415c45e6a7da2f05fecf6186 P 908147b88fa348009b7376949aae92f7 [term 1 FOLLOWER]: Leader pre-election lost for term 1. Reason: could not achieve majority
I20260710 11:04:07.261049  8081 raft_consensus.cc:385] T 98bce80399d04cad85205ad75c671ed0 P b7136315d3084a829a11805b515953d1 [term 0 FOLLOWER]: Consensus starting up: Expiring failure detector timer to make a prompt election more likely
I20260710 11:04:07.262897  8081 raft_consensus.cc:740] T 98bce80399d04cad85205ad75c671ed0 P b7136315d3084a829a11805b515953d1 [term 0 FOLLOWER]: Becoming Follower/Learner. State: Replica: b7136315d3084a829a11805b515953d1, State: Initialized, Role: FOLLOWER
I20260710 11:04:07.262929  8082 ts_tablet_manager.cc:1403] T 8e30238f81b04a0eb9525d679cafb9e1 P 908147b88fa348009b7376949aae92f7: Time spent bootstrapping tablet: real 0.022s	user 0.013s	sys 0.006s
I20260710 11:04:07.262051  8080 raft_consensus.cc:359] T e8ccd9b0f8f84fb783b5d53fac12cf0b P 357439368e1b4cec885e4a8d73b56c19 [term 0 FOLLOWER]: Replica starting. Triggering 0 pending ops. Active config: opid_index: -1 OBSOLETE_local: false peers { permanent_uuid: "908147b88fa348009b7376949aae92f7" member_type: VOTER last_known_addr { host: "127.7.24.193" port: 44551 } } peers { permanent_uuid: "b7136315d3084a829a11805b515953d1" member_type: VOTER last_known_addr { host: "127.7.24.194" port: 37897 } } peers { permanent_uuid: "357439368e1b4cec885e4a8d73b56c19" member_type: VOTER last_known_addr { host: "127.7.24.195" port: 38167 } }
I20260710 11:04:07.263226  8005 leader_election.cc:304] T 809696c5415c45e6a7da2f05fecf6186 P 357439368e1b4cec885e4a8d73b56c19 [CANDIDATE]: Term 1 election: Election decided. Result: candidate won. Election summary: received 3 responses out of 3 voters: 2 yes votes; 1 no votes. yes voters: 357439368e1b4cec885e4a8d73b56c19, 908147b88fa348009b7376949aae92f7; no voters: b7136315d3084a829a11805b515953d1
I20260710 11:04:07.263898  8080 raft_consensus.cc:385] T e8ccd9b0f8f84fb783b5d53fac12cf0b P 357439368e1b4cec885e4a8d73b56c19 [term 0 FOLLOWER]: Consensus starting up: Expiring failure detector timer to make a prompt election more likely
I20260710 11:04:07.263818  8081 consensus_queue.cc:260] T 98bce80399d04cad85205ad75c671ed0 P b7136315d3084a829a11805b515953d1 [NON_LEADER]: Queue going to NON_LEADER mode. State: All replicated index: 0, Majority replicated index: 0, Committed index: 0, Last appended: 0.0, Last appended by leader: 0, Current term: 0, Majority size: -1, State: 0, Mode: NON_LEADER, active raft config: opid_index: -1 OBSOLETE_local: false peers { permanent_uuid: "908147b88fa348009b7376949aae92f7" member_type: VOTER last_known_addr { host: "127.7.24.193" port: 44551 } } peers { permanent_uuid: "b7136315d3084a829a11805b515953d1" member_type: VOTER last_known_addr { host: "127.7.24.194" port: 37897 } } peers { permanent_uuid: "357439368e1b4cec885e4a8d73b56c19" member_type: VOTER last_known_addr { host: "127.7.24.195" port: 38167 } }
I20260710 11:04:07.264345  8080 raft_consensus.cc:740] T e8ccd9b0f8f84fb783b5d53fac12cf0b P 357439368e1b4cec885e4a8d73b56c19 [term 0 FOLLOWER]: Becoming Follower/Learner. State: Replica: 357439368e1b4cec885e4a8d73b56c19, State: Initialized, Role: FOLLOWER
I20260710 11:04:07.264528  8087 raft_consensus.cc:2804] T 809696c5415c45e6a7da2f05fecf6186 P 357439368e1b4cec885e4a8d73b56c19 [term 1 FOLLOWER]: Leader election won for term 1
I20260710 11:04:07.265298  8080 consensus_queue.cc:260] T e8ccd9b0f8f84fb783b5d53fac12cf0b P 357439368e1b4cec885e4a8d73b56c19 [NON_LEADER]: Queue going to NON_LEADER mode. State: All replicated index: 0, Majority replicated index: 0, Committed index: 0, Last appended: 0.0, Last appended by leader: 0, Current term: 0, Majority size: -1, State: 0, Mode: NON_LEADER, active raft config: opid_index: -1 OBSOLETE_local: false peers { permanent_uuid: "908147b88fa348009b7376949aae92f7" member_type: VOTER last_known_addr { host: "127.7.24.193" port: 44551 } } peers { permanent_uuid: "b7136315d3084a829a11805b515953d1" member_type: VOTER last_known_addr { host: "127.7.24.194" port: 37897 } } peers { permanent_uuid: "357439368e1b4cec885e4a8d73b56c19" member_type: VOTER last_known_addr { host: "127.7.24.195" port: 38167 } }
I20260710 11:04:07.267470  8082 raft_consensus.cc:359] T 8e30238f81b04a0eb9525d679cafb9e1 P 908147b88fa348009b7376949aae92f7 [term 0 FOLLOWER]: Replica starting. Triggering 0 pending ops. Active config: opid_index: -1 OBSOLETE_local: false peers { permanent_uuid: "908147b88fa348009b7376949aae92f7" member_type: VOTER last_known_addr { host: "127.7.24.193" port: 44551 } } peers { permanent_uuid: "b7136315d3084a829a11805b515953d1" member_type: VOTER last_known_addr { host: "127.7.24.194" port: 37897 } } peers { permanent_uuid: "357439368e1b4cec885e4a8d73b56c19" member_type: VOTER last_known_addr { host: "127.7.24.195" port: 38167 } }
I20260710 11:04:07.268582  8082 raft_consensus.cc:385] T 8e30238f81b04a0eb9525d679cafb9e1 P 908147b88fa348009b7376949aae92f7 [term 0 FOLLOWER]: Consensus starting up: Expiring failure detector timer to make a prompt election more likely
I20260710 11:04:07.269052  8082 raft_consensus.cc:740] T 8e30238f81b04a0eb9525d679cafb9e1 P 908147b88fa348009b7376949aae92f7 [term 0 FOLLOWER]: Becoming Follower/Learner. State: Replica: 908147b88fa348009b7376949aae92f7, State: Initialized, Role: FOLLOWER
I20260710 11:04:07.270303  8082 consensus_queue.cc:260] T 8e30238f81b04a0eb9525d679cafb9e1 P 908147b88fa348009b7376949aae92f7 [NON_LEADER]: Queue going to NON_LEADER mode. State: All replicated index: 0, Majority replicated index: 0, Committed index: 0, Last appended: 0.0, Last appended by leader: 0, Current term: 0, Majority size: -1, State: 0, Mode: NON_LEADER, active raft config: opid_index: -1 OBSOLETE_local: false peers { permanent_uuid: "908147b88fa348009b7376949aae92f7" member_type: VOTER last_known_addr { host: "127.7.24.193" port: 44551 } } peers { permanent_uuid: "b7136315d3084a829a11805b515953d1" member_type: VOTER last_known_addr { host: "127.7.24.194" port: 37897 } } peers { permanent_uuid: "357439368e1b4cec885e4a8d73b56c19" member_type: VOTER last_known_addr { host: "127.7.24.195" port: 38167 } }
I20260710 11:04:07.274899  8081 ts_tablet_manager.cc:1434] T 98bce80399d04cad85205ad75c671ed0 P b7136315d3084a829a11805b515953d1: Time spent starting tablet: real 0.049s	user 0.006s	sys 0.000s
I20260710 11:04:07.277807  8082 ts_tablet_manager.cc:1434] T 8e30238f81b04a0eb9525d679cafb9e1 P 908147b88fa348009b7376949aae92f7: Time spent starting tablet: real 0.014s	user 0.009s	sys 0.000s
I20260710 11:04:07.278857  8087 raft_consensus.cc:697] T 809696c5415c45e6a7da2f05fecf6186 P 357439368e1b4cec885e4a8d73b56c19 [term 1 LEADER]: Becoming Leader. State: Replica: 357439368e1b4cec885e4a8d73b56c19, State: Running, Role: LEADER
I20260710 11:04:07.280496  8082 tablet_bootstrap.cc:492] T e8ccd9b0f8f84fb783b5d53fac12cf0b P 908147b88fa348009b7376949aae92f7: Bootstrap starting.
