I20260710 11:03:55.795756  5430 raft_consensus.cc:359] T a041f7c0302049359c4abd8576520cb4 P ddb15165d0e141f2954e6647f286f6be [term 0 FOLLOWER]: Replica starting. Triggering 0 pending ops. Active config: opid_index: -1 OBSOLETE_local: false peers { permanent_uuid: "db52ef9e661a46b78f7d4709b145b21c" member_type: VOTER last_known_addr { host: "127.4.251.66" port: 32969 } } peers { permanent_uuid: "ddb15165d0e141f2954e6647f286f6be" member_type: VOTER last_known_addr { host: "127.4.251.65" port: 43325 } } peers { permanent_uuid: "69600677266c4c82915118a8ae186e26" member_type: VOTER last_known_addr { host: "127.4.251.67" port: 42547 } }
I20260710 11:03:55.796626  5430 raft_consensus.cc:385] T a041f7c0302049359c4abd8576520cb4 P ddb15165d0e141f2954e6647f286f6be [term 0 FOLLOWER]: Consensus starting up: Expiring failure detector timer to make a prompt election more likely
I20260710 11:03:55.796993  5430 raft_consensus.cc:740] T a041f7c0302049359c4abd8576520cb4 P ddb15165d0e141f2954e6647f286f6be [term 0 FOLLOWER]: Becoming Follower/Learner. State: Replica: ddb15165d0e141f2954e6647f286f6be, State: Initialized, Role: FOLLOWER
I20260710 11:03:55.800882  5428 tablet_bootstrap.cc:654] T a041f7c0302049359c4abd8576520cb4 P 69600677266c4c82915118a8ae186e26: Neither blocks nor log segments found. Creating new log.
I20260710 11:03:55.802845  5431 tablet_bootstrap.cc:654] T 889ef428ecfd4d3dabb14b480e0c7a43 P db52ef9e661a46b78f7d4709b145b21c: Neither blocks nor log segments found. Creating new log.
I20260710 11:03:55.809757  5430 consensus_queue.cc:260] T a041f7c0302049359c4abd8576520cb4 P ddb15165d0e141f2954e6647f286f6be [NON_LEADER]: Queue going to NON_LEADER mode. State: All replicated index: 0, Majority replicated index: 0, Committed index: 0, Last appended: 0.0, Last appended by leader: 0, Current term: 0, Majority size: -1, State: 0, Mode: NON_LEADER, active raft config: opid_index: -1 OBSOLETE_local: false peers { permanent_uuid: "db52ef9e661a46b78f7d4709b145b21c" member_type: VOTER last_known_addr { host: "127.4.251.66" port: 32969 } } peers { permanent_uuid: "ddb15165d0e141f2954e6647f286f6be" member_type: VOTER last_known_addr { host: "127.4.251.65" port: 43325 } } peers { permanent_uuid: "69600677266c4c82915118a8ae186e26" member_type: VOTER last_known_addr { host: "127.4.251.67" port: 42547 } }
I20260710 11:03:55.819789  5428 tablet_bootstrap.cc:492] T a041f7c0302049359c4abd8576520cb4 P 69600677266c4c82915118a8ae186e26: No bootstrap required, opened a new log
I20260710 11:03:55.820410  5428 ts_tablet_manager.cc:1403] T a041f7c0302049359c4abd8576520cb4 P 69600677266c4c82915118a8ae186e26: Time spent bootstrapping tablet: real 0.033s	user 0.019s	sys 0.000s
I20260710 11:03:55.827454  5428 raft_consensus.cc:359] T a041f7c0302049359c4abd8576520cb4 P 69600677266c4c82915118a8ae186e26 [term 0 FOLLOWER]: Replica starting. Triggering 0 pending ops. Active config: opid_index: -1 OBSOLETE_local: false peers { permanent_uuid: "db52ef9e661a46b78f7d4709b145b21c" member_type: VOTER last_known_addr { host: "127.4.251.66" port: 32969 } } peers { permanent_uuid: "ddb15165d0e141f2954e6647f286f6be" member_type: VOTER last_known_addr { host: "127.4.251.65" port: 43325 } } peers { permanent_uuid: "69600677266c4c82915118a8ae186e26" member_type: VOTER last_known_addr { host: "127.4.251.67" port: 42547 } }
I20260710 11:03:55.828292  5428 raft_consensus.cc:385] T a041f7c0302049359c4abd8576520cb4 P 69600677266c4c82915118a8ae186e26 [term 0 FOLLOWER]: Consensus starting up: Expiring failure detector timer to make a prompt election more likely
I20260710 11:03:55.828603  5428 raft_consensus.cc:740] T a041f7c0302049359c4abd8576520cb4 P 69600677266c4c82915118a8ae186e26 [term 0 FOLLOWER]: Becoming Follower/Learner. State: Replica: 69600677266c4c82915118a8ae186e26, State: Initialized, Role: FOLLOWER
I20260710 11:03:55.829378  5428 consensus_queue.cc:260] T a041f7c0302049359c4abd8576520cb4 P 69600677266c4c82915118a8ae186e26 [NON_LEADER]: Queue going to NON_LEADER mode. State: All replicated index: 0, Majority replicated index: 0, Committed index: 0, Last appended: 0.0, Last appended by leader: 0, Current term: 0, Majority size: -1, State: 0, Mode: NON_LEADER, active raft config: opid_index: -1 OBSOLETE_local: false peers { permanent_uuid: "db52ef9e661a46b78f7d4709b145b21c" member_type: VOTER last_known_addr { host: "127.4.251.66" port: 32969 } } peers { permanent_uuid: "ddb15165d0e141f2954e6647f286f6be" member_type: VOTER last_known_addr { host: "127.4.251.65" port: 43325 } } peers { permanent_uuid: "69600677266c4c82915118a8ae186e26" member_type: VOTER last_known_addr { host: "127.4.251.67" port: 42547 } }
I20260710 11:03:55.831558  5431 tablet_bootstrap.cc:492] T 889ef428ecfd4d3dabb14b480e0c7a43 P db52ef9e661a46b78f7d4709b145b21c: No bootstrap required, opened a new log
I20260710 11:03:55.831938  5428 ts_tablet_manager.cc:1434] T a041f7c0302049359c4abd8576520cb4 P 69600677266c4c82915118a8ae186e26: Time spent starting tablet: real 0.011s	user 0.006s	sys 0.000s
I20260710 11:03:55.832146  5431 ts_tablet_manager.cc:1403] T 889ef428ecfd4d3dabb14b480e0c7a43 P db52ef9e661a46b78f7d4709b145b21c: Time spent bootstrapping tablet: real 0.037s	user 0.018s	sys 0.010s
I20260710 11:03:55.833178  5428 tablet_bootstrap.cc:492] T 6f297da7b9544a829ee79b5711287a50 P 69600677266c4c82915118a8ae186e26: Bootstrap starting.
I20260710 11:03:55.835660  5431 raft_consensus.cc:359] T 889ef428ecfd4d3dabb14b480e0c7a43 P db52ef9e661a46b78f7d4709b145b21c [term 0 FOLLOWER]: Replica starting. Triggering 0 pending ops. Active config: opid_index: -1 OBSOLETE_local: false peers { permanent_uuid: "ddb15165d0e141f2954e6647f286f6be" member_type: VOTER last_known_addr { host: "127.4.251.65" port: 43325 } } peers { permanent_uuid: "db52ef9e661a46b78f7d4709b145b21c" member_type: VOTER last_known_addr { host: "127.4.251.66" port: 32969 } } peers { permanent_uuid: "69600677266c4c82915118a8ae186e26" member_type: VOTER last_known_addr { host: "127.4.251.67" port: 42547 } }
I20260710 11:03:55.836447  5431 raft_consensus.cc:385] T 889ef428ecfd4d3dabb14b480e0c7a43 P db52ef9e661a46b78f7d4709b145b21c [term 0 FOLLOWER]: Consensus starting up: Expiring failure detector timer to make a prompt election more likely
I20260710 11:03:55.836755  5431 raft_consensus.cc:740] T 889ef428ecfd4d3dabb14b480e0c7a43 P db52ef9e661a46b78f7d4709b145b21c [term 0 FOLLOWER]: Becoming Follower/Learner. State: Replica: db52ef9e661a46b78f7d4709b145b21c, State: Initialized, Role: FOLLOWER
I20260710 11:03:55.837527  5431 consensus_queue.cc:260] T 889ef428ecfd4d3dabb14b480e0c7a43 P db52ef9e661a46b78f7d4709b145b21c [NON_LEADER]: Queue going to NON_LEADER mode. State: All replicated index: 0, Majority replicated index: 0, Committed index: 0, Last appended: 0.0, Last appended by leader: 0, Current term: 0, Majority size: -1, State: 0, Mode: NON_LEADER, active raft config: opid_index: -1 OBSOLETE_local: false peers { permanent_uuid: "ddb15165d0e141f2954e6647f286f6be" member_type: VOTER last_known_addr { host: "127.4.251.65" port: 43325 } } peers { permanent_uuid: "db52ef9e661a46b78f7d4709b145b21c" member_type: VOTER last_known_addr { host: "127.4.251.66" port: 32969 } } peers { permanent_uuid: "69600677266c4c82915118a8ae186e26" member_type: VOTER last_known_addr { host: "127.4.251.67" port: 42547 } }
I20260710 11:03:55.839692  5431 ts_tablet_manager.cc:1434] T 889ef428ecfd4d3dabb14b480e0c7a43 P db52ef9e661a46b78f7d4709b145b21c: Time spent starting tablet: real 0.007s	user 0.000s	sys 0.004s
I20260710 11:03:55.840596  5431 tablet_bootstrap.cc:492] T 6f297da7b9544a829ee79b5711287a50 P db52ef9e661a46b78f7d4709b145b21c: Bootstrap starting.
I20260710 11:03:55.841122  5428 tablet_bootstrap.cc:654] T 6f297da7b9544a829ee79b5711287a50 P 69600677266c4c82915118a8ae186e26: Neither blocks nor log segments found. Creating new log.
I20260710 11:03:55.847527  5431 tablet_bootstrap.cc:654] T 6f297da7b9544a829ee79b5711287a50 P db52ef9e661a46b78f7d4709b145b21c: Neither blocks nor log segments found. Creating new log.
I20260710 11:03:55.850323  5430 ts_tablet_manager.cc:1434] T a041f7c0302049359c4abd8576520cb4 P ddb15165d0e141f2954e6647f286f6be: Time spent starting tablet: real 0.058s	user 0.016s	sys 0.002s
I20260710 11:03:55.853242  5430 tablet_bootstrap.cc:492] T 6f297da7b9544a829ee79b5711287a50 P ddb15165d0e141f2954e6647f286f6be: Bootstrap starting.
I20260710 11:03:55.853778  5428 tablet_bootstrap.cc:492] T 6f297da7b9544a829ee79b5711287a50 P 69600677266c4c82915118a8ae186e26: No bootstrap required, opened a new log
I20260710 11:03:55.854388  5428 ts_tablet_manager.cc:1403] T 6f297da7b9544a829ee79b5711287a50 P 69600677266c4c82915118a8ae186e26: Time spent bootstrapping tablet: real 0.021s	user 0.019s	sys 0.000s
W20260710 11:03:55.858254  5411 tablet.cc:2406] T 9b94871c26b74efc8d4dbdab095ac518 P 69600677266c4c82915118a8ae186e26: Can't schedule compaction. Clean time has not been advanced past its initial value.
I20260710 11:03:55.860086  5431 tablet_bootstrap.cc:492] T 6f297da7b9544a829ee79b5711287a50 P db52ef9e661a46b78f7d4709b145b21c: No bootstrap required, opened a new log
I20260710 11:03:55.860625  5431 ts_tablet_manager.cc:1403] T 6f297da7b9544a829ee79b5711287a50 P db52ef9e661a46b78f7d4709b145b21c: Time spent bootstrapping tablet: real 0.020s	user 0.013s	sys 0.004s
I20260710 11:03:55.862329  5430 tablet_bootstrap.cc:654] T 6f297da7b9544a829ee79b5711287a50 P ddb15165d0e141f2954e6647f286f6be: Neither blocks nor log segments found. Creating new log.
I20260710 11:03:55.863775  5428 raft_consensus.cc:359] T 6f297da7b9544a829ee79b5711287a50 P 69600677266c4c82915118a8ae186e26 [term 0 FOLLOWER]: Replica starting. Triggering 0 pending ops. Active config: opid_index: -1 OBSOLETE_local: false peers { permanent_uuid: "ddb15165d0e141f2954e6647f286f6be" member_type: VOTER last_known_addr { host: "127.4.251.65" port: 43325 } } peers { permanent_uuid: "db52ef9e661a46b78f7d4709b145b21c" member_type: VOTER last_known_addr { host: "127.4.251.66" port: 32969 } } peers { permanent_uuid: "69600677266c4c82915118a8ae186e26" member_type: VOTER last_known_addr { host: "127.4.251.67" port: 42547 } }
I20260710 11:03:55.864071  5431 raft_consensus.cc:359] T 6f297da7b9544a829ee79b5711287a50 P db52ef9e661a46b78f7d4709b145b21c [term 0 FOLLOWER]: Replica starting. Triggering 0 pending ops. Active config: opid_index: -1 OBSOLETE_local: false peers { permanent_uuid: "ddb15165d0e141f2954e6647f286f6be" member_type: VOTER last_known_addr { host: "127.4.251.65" port: 43325 } } peers { permanent_uuid: "db52ef9e661a46b78f7d4709b145b21c" member_type: VOTER last_known_addr { host: "127.4.251.66" port: 32969 } } peers { permanent_uuid: "69600677266c4c82915118a8ae186e26" member_type: VOTER last_known_addr { host: "127.4.251.67" port: 42547 } }
I20260710 11:03:55.864620  5428 raft_consensus.cc:385] T 6f297da7b9544a829ee79b5711287a50 P 69600677266c4c82915118a8ae186e26 [term 0 FOLLOWER]: Consensus starting up: Expiring failure detector timer to make a prompt election more likely
I20260710 11:03:55.865098  5431 raft_consensus.cc:385] T 6f297da7b9544a829ee79b5711287a50 P db52ef9e661a46b78f7d4709b145b21c [term 0 FOLLOWER]: Consensus starting up: Expiring failure detector timer to make a prompt election more likely
I20260710 11:03:55.865238  5428 raft_consensus.cc:740] T 6f297da7b9544a829ee79b5711287a50 P 69600677266c4c82915118a8ae186e26 [term 0 FOLLOWER]: Becoming Follower/Learner. State: Replica: 69600677266c4c82915118a8ae186e26, State: Initialized, Role: FOLLOWER
I20260710 11:03:55.865933  5431 raft_consensus.cc:740] T 6f297da7b9544a829ee79b5711287a50 P db52ef9e661a46b78f7d4709b145b21c [term 0 FOLLOWER]: Becoming Follower/Learner. State: Replica: db52ef9e661a46b78f7d4709b145b21c, State: Initialized, Role: FOLLOWER
I20260710 11:03:55.866412  5428 consensus_queue.cc:260] T 6f297da7b9544a829ee79b5711287a50 P 69600677266c4c82915118a8ae186e26 [NON_LEADER]: Queue going to NON_LEADER mode. State: All replicated index: 0, Majority replicated index: 0, Committed index: 0, Last appended: 0.0, Last appended by leader: 0, Current term: 0, Majority size: -1, State: 0, Mode: NON_LEADER, active raft config: opid_index: -1 OBSOLETE_local: false peers { permanent_uuid: "ddb15165d0e141f2954e6647f286f6be" member_type: VOTER last_known_addr { host: "127.4.251.65" port: 43325 } } peers { permanent_uuid: "db52ef9e661a46b78f7d4709b145b21c" member_type: VOTER last_known_addr { host: "127.4.251.66" port: 32969 } } peers { permanent_uuid: "69600677266c4c82915118a8ae186e26" member_type: VOTER last_known_addr { host: "127.4.251.67" port: 42547 } }
I20260710 11:03:55.867799  5431 consensus_queue.cc:260] T 6f297da7b9544a829ee79b5711287a50 P db52ef9e661a46b78f7d4709b145b21c [NON_LEADER]: Queue going to NON_LEADER mode. State: All replicated index: 0, Majority replicated index: 0, Committed index: 0, Last appended: 0.0, Last appended by leader: 0, Current term: 0, Majority size: -1, State: 0, Mode: NON_LEADER, active raft config: opid_index: -1 OBSOLETE_local: false peers { permanent_uuid: "ddb15165d0e141f2954e6647f286f6be" member_type: VOTER last_known_addr { host: "127.4.251.65" port: 43325 } } peers { permanent_uuid: "db52ef9e661a46b78f7d4709b145b21c" member_type: VOTER last_known_addr { host: "127.4.251.66" port: 32969 } } peers { permanent_uuid: "69600677266c4c82915118a8ae186e26" member_type: VOTER last_known_addr { host: "127.4.251.67" port: 42547 } }
I20260710 11:03:55.868721  5428 ts_tablet_manager.cc:1434] T 6f297da7b9544a829ee79b5711287a50 P 69600677266c4c82915118a8ae186e26: Time spent starting tablet: real 0.014s	user 0.008s	sys 0.000s
I20260710 11:03:55.871958  5428 tablet_bootstrap.cc:492] T 1e68cd3217144bcd8dc758c86ecc0477 P 69600677266c4c82915118a8ae186e26: Bootstrap starting.
I20260710 11:03:55.877701  5431 ts_tablet_manager.cc:1434] T 6f297da7b9544a829ee79b5711287a50 P db52ef9e661a46b78f7d4709b145b21c: Time spent starting tablet: real 0.017s	user 0.004s	sys 0.006s
I20260710 11:03:55.878873  5428 tablet_bootstrap.cc:654] T 1e68cd3217144bcd8dc758c86ecc0477 P 69600677266c4c82915118a8ae186e26: Neither blocks nor log segments found. Creating new log.
I20260710 11:03:55.879335  5431 tablet_bootstrap.cc:492] T 974d615c4e3c4af18ed28b29a0945b38 P db52ef9e661a46b78f7d4709b145b21c: Bootstrap starting.
I20260710 11:03:55.882015  5430 tablet_bootstrap.cc:492] T 6f297da7b9544a829ee79b5711287a50 P ddb15165d0e141f2954e6647f286f6be: No bootstrap required, opened a new log
I20260710 11:03:55.882597  5430 ts_tablet_manager.cc:1403] T 6f297da7b9544a829ee79b5711287a50 P ddb15165d0e141f2954e6647f286f6be: Time spent bootstrapping tablet: real 0.030s	user 0.016s	sys 0.012s
I20260710 11:03:55.885582  5430 raft_consensus.cc:359] T 6f297da7b9544a829ee79b5711287a50 P ddb15165d0e141f2954e6647f286f6be [term 0 FOLLOWER]: Replica starting. Triggering 0 pending ops. Active config: opid_index: -1 OBSOLETE_local: false peers { permanent_uuid: "ddb15165d0e141f2954e6647f286f6be" member_type: VOTER last_known_addr { host: "127.4.251.65" port: 43325 } } peers { permanent_uuid: "db52ef9e661a46b78f7d4709b145b21c" member_type: VOTER last_known_addr { host: "127.4.251.66" port: 32969 } } peers { permanent_uuid: "69600677266c4c82915118a8ae186e26" member_type: VOTER last_known_addr { host: "127.4.251.67" port: 42547 } }
I20260710 11:03:55.886411  5430 raft_consensus.cc:385] T 6f297da7b9544a829ee79b5711287a50 P ddb15165d0e141f2954e6647f286f6be [term 0 FOLLOWER]: Consensus starting up: Expiring failure detector timer to make a prompt election more likely
I20260710 11:03:55.886788  5430 raft_consensus.cc:740] T 6f297da7b9544a829ee79b5711287a50 P ddb15165d0e141f2954e6647f286f6be [term 0 FOLLOWER]: Becoming Follower/Learner. State: Replica: ddb15165d0e141f2954e6647f286f6be, State: Initialized, Role: FOLLOWER
I20260710 11:03:55.887650  5430 consensus_queue.cc:260] T 6f297da7b9544a829ee79b5711287a50 P ddb15165d0e141f2954e6647f286f6be [NON_LEADER]: Queue going to NON_LEADER mode. State: All replicated index: 0, Majority replicated index: 0, Committed index: 0, Last appended: 0.0, Last appended by leader: 0, Current term: 0, Majority size: -1, State: 0, Mode: NON_LEADER, active raft config: opid_index: -1 OBSOLETE_local: false peers { permanent_uuid: "ddb15165d0e141f2954e6647f286f6be" member_type: VOTER last_known_addr { host: "127.4.251.65" port: 43325 } } peers { permanent_uuid: "db52ef9e661a46b78f7d4709b145b21c" member_type: VOTER last_known_addr { host: "127.4.251.66" port: 32969 } } peers { permanent_uuid: "69600677266c4c82915118a8ae186e26" member_type: VOTER last_known_addr { host: "127.4.251.67" port: 42547 } }
I20260710 11:03:55.890311  5430 ts_tablet_manager.cc:1434] T 6f297da7b9544a829ee79b5711287a50 P ddb15165d0e141f2954e6647f286f6be: Time spent starting tablet: real 0.007s	user 0.002s	sys 0.004s
I20260710 11:03:55.891407  5430 tablet_bootstrap.cc:492] T 4a0d1358fc8040ba8eb75e836bf6714b P ddb15165d0e141f2954e6647f286f6be: Bootstrap starting.
I20260710 11:03:55.894925  5431 tablet_bootstrap.cc:654] T 974d615c4e3c4af18ed28b29a0945b38 P db52ef9e661a46b78f7d4709b145b21c: Neither blocks nor log segments found. Creating new log.
I20260710 11:03:55.898262  5430 tablet_bootstrap.cc:654] T 4a0d1358fc8040ba8eb75e836bf6714b P ddb15165d0e141f2954e6647f286f6be: Neither blocks nor log segments found. Creating new log.
I20260710 11:03:55.901645  5428 tablet_bootstrap.cc:492] T 1e68cd3217144bcd8dc758c86ecc0477 P 69600677266c4c82915118a8ae186e26: No bootstrap required, opened a new log
I20260710 11:03:55.902212  5428 ts_tablet_manager.cc:1403] T 1e68cd3217144bcd8dc758c86ecc0477 P 69600677266c4c82915118a8ae186e26: Time spent bootstrapping tablet: real 0.030s	user 0.009s	sys 0.009s
I20260710 11:03:55.906854  5428 raft_consensus.cc:359] T 1e68cd3217144bcd8dc758c86ecc0477 P 69600677266c4c82915118a8ae186e26 [term 0 FOLLOWER]: Replica starting. Triggering 0 pending ops. Active config: opid_index: -1 OBSOLETE_local: false peers { permanent_uuid: "ddb15165d0e141f2954e6647f286f6be" member_type: VOTER last_known_addr { host: "127.4.251.65" port: 43325 } } peers { permanent_uuid: "db52ef9e661a46b78f7d4709b145b21c" member_type: VOTER last_known_addr { host: "127.4.251.66" port: 32969 } } peers { permanent_uuid: "69600677266c4c82915118a8ae186e26" member_type: VOTER last_known_addr { host: "127.4.251.67" port: 42547 } }
I20260710 11:03:55.907681  5428 raft_consensus.cc:385] T 1e68cd3217144bcd8dc758c86ecc0477 P 69600677266c4c82915118a8ae186e26 [term 0 FOLLOWER]: Consensus starting up: Expiring failure detector timer to make a prompt election more likely
I20260710 11:03:55.908049  5428 raft_consensus.cc:740] T 1e68cd3217144bcd8dc758c86ecc0477 P 69600677266c4c82915118a8ae186e26 [term 0 FOLLOWER]: Becoming Follower/Learner. State: Replica: 69600677266c4c82915118a8ae186e26, State: Initialized, Role: FOLLOWER
I20260710 11:03:55.908454  5431 tablet_bootstrap.cc:492] T 974d615c4e3c4af18ed28b29a0945b38 P db52ef9e661a46b78f7d4709b145b21c: No bootstrap required, opened a new log
I20260710 11:03:55.908885  5430 tablet_bootstrap.cc:492] T 4a0d1358fc8040ba8eb75e836bf6714b P ddb15165d0e141f2954e6647f286f6be: No bootstrap required, opened a new log
I20260710 11:03:55.909039  5431 ts_tablet_manager.cc:1403] T 974d615c4e3c4af18ed28b29a0945b38 P db52ef9e661a46b78f7d4709b145b21c: Time spent bootstrapping tablet: real 0.030s	user 0.013s	sys 0.007s
I20260710 11:03:55.909756  5430 ts_tablet_manager.cc:1403] T 4a0d1358fc8040ba8eb75e836bf6714b P ddb15165d0e141f2954e6647f286f6be: Time spent bootstrapping tablet: real 0.019s	user 0.010s	sys 0.004s
I20260710 11:03:55.908911  5428 consensus_queue.cc:260] T 1e68cd3217144bcd8dc758c86ecc0477 P 69600677266c4c82915118a8ae186e26 [NON_LEADER]: Queue going to NON_LEADER mode. State: All replicated index: 0, Majority replicated index: 0, Committed index: 0, Last appended: 0.0, Last appended by leader: 0, Current term: 0, Majority size: -1, State: 0, Mode: NON_LEADER, active raft config: opid_index: -1 OBSOLETE_local: false peers { permanent_uuid: "ddb15165d0e141f2954e6647f286f6be" member_type: VOTER last_known_addr { host: "127.4.251.65" port: 43325 } } peers { permanent_uuid: "db52ef9e661a46b78f7d4709b145b21c" member_type: VOTER last_known_addr { host: "127.4.251.66" port: 32969 } } peers { permanent_uuid: "69600677266c4c82915118a8ae186e26" member_type: VOTER last_known_addr { host: "127.4.251.67" port: 42547 } }
I20260710 11:03:55.912051  5428 ts_tablet_manager.cc:1434] T 1e68cd3217144bcd8dc758c86ecc0477 P 69600677266c4c82915118a8ae186e26: Time spent starting tablet: real 0.010s	user 0.005s	sys 0.003s
I20260710 11:03:55.913092  5428 tablet_bootstrap.cc:492] T 4a0d1358fc8040ba8eb75e836bf6714b P 69600677266c4c82915118a8ae186e26: Bootstrap starting.
I20260710 11:03:55.912930  5430 raft_consensus.cc:359] T 4a0d1358fc8040ba8eb75e836bf6714b P ddb15165d0e141f2954e6647f286f6be [term 0 FOLLOWER]: Replica starting. Triggering 0 pending ops. Active config: opid_index: -1 OBSOLETE_local: false peers { permanent_uuid: "ddb15165d0e141f2954e6647f286f6be" member_type: VOTER last_known_addr { host: "127.4.251.65" port: 43325 } } peers { permanent_uuid: "db52ef9e661a46b78f7d4709b145b21c" member_type: VOTER last_known_addr { host: "127.4.251.66" port: 32969 } } peers { permanent_uuid: "69600677266c4c82915118a8ae186e26" member_type: VOTER last_known_addr { host: "127.4.251.67" port: 42547 } }
I20260710 11:03:55.913750  5430 raft_consensus.cc:385] T 4a0d1358fc8040ba8eb75e836bf6714b P ddb15165d0e141f2954e6647f286f6be [term 0 FOLLOWER]: Consensus starting up: Expiring failure detector timer to make a prompt election more likely
I20260710 11:03:55.914062  5430 raft_consensus.cc:740] T 4a0d1358fc8040ba8eb75e836bf6714b P ddb15165d0e141f2954e6647f286f6be [term 0 FOLLOWER]: Becoming Follower/Learner. State: Replica: ddb15165d0e141f2954e6647f286f6be, State: Initialized, Role: FOLLOWER
I20260710 11:03:55.914929  5430 consensus_queue.cc:260] T 4a0d1358fc8040ba8eb75e836bf6714b P ddb15165d0e141f2954e6647f286f6be [NON_LEADER]: Queue going to NON_LEADER mode. State: All replicated index: 0, Majority replicated index: 0, Committed index: 0, Last appended: 0.0, Last appended by leader: 0, Current term: 0, Majority size: -1, State: 0, Mode: NON_LEADER, active raft config: opid_index: -1 OBSOLETE_local: false peers { permanent_uuid: "ddb15165d0e141f2954e6647f286f6be" member_type: VOTER last_known_addr { host: "127.4.251.65" port: 43325 } } peers { permanent_uuid: "db52ef9e661a46b78f7d4709b145b21c" member_type: VOTER last_known_addr { host: "127.4.251.66" port: 32969 } } peers { permanent_uuid: "69600677266c4c82915118a8ae186e26" member_type: VOTER last_known_addr { host: "127.4.251.67" port: 42547 } }
I20260710 11:03:55.915002  5431 raft_consensus.cc:359] T 974d615c4e3c4af18ed28b29a0945b38 P db52ef9e661a46b78f7d4709b145b21c [term 0 FOLLOWER]: Replica starting. Triggering 0 pending ops. Active config: opid_index: -1 OBSOLETE_local: false peers { permanent_uuid: "ddb15165d0e141f2954e6647f286f6be" member_type: VOTER last_known_addr { host: "127.4.251.65" port: 43325 } } peers { permanent_uuid: "db52ef9e661a46b78f7d4709b145b21c" member_type: VOTER last_known_addr { host: "127.4.251.66" port: 32969 } } peers { permanent_uuid: "69600677266c4c82915118a8ae186e26" member_type: VOTER last_known_addr { host: "127.4.251.67" port: 42547 } }
I20260710 11:03:55.915961  5431 raft_consensus.cc:385] T 974d615c4e3c4af18ed28b29a0945b38 P db52ef9e661a46b78f7d4709b145b21c [term 0 FOLLOWER]: Consensus starting up: Expiring failure detector timer to make a prompt election more likely
I20260710 11:03:55.916271  5431 raft_consensus.cc:740] T 974d615c4e3c4af18ed28b29a0945b38 P db52ef9e661a46b78f7d4709b145b21c [term 0 FOLLOWER]: Becoming Follower/Learner. State: Replica: db52ef9e661a46b78f7d4709b145b21c, State: Initialized, Role: FOLLOWER
I20260710 11:03:55.917400  5430 ts_tablet_manager.cc:1434] T 4a0d1358fc8040ba8eb75e836bf6714b P ddb15165d0e141f2954e6647f286f6be: Time spent starting tablet: real 0.007s	user 0.004s	sys 0.004s
I20260710 11:03:55.916996  5431 consensus_queue.cc:260] T 974d615c4e3c4af18ed28b29a0945b38 P db52ef9e661a46b78f7d4709b145b21c [NON_LEADER]: Queue going to NON_LEADER mode. State: All replicated index: 0, Majority replicated index: 0, Committed index: 0, Last appended: 0.0, Last appended by leader: 0, Current term: 0, Majority size: -1, State: 0, Mode: NON_LEADER, active raft config: opid_index: -1 OBSOLETE_local: false peers { permanent_uuid: "ddb15165d0e141f2954e6647f286f6be" member_type: VOTER last_known_addr { host: "127.4.251.65" port: 43325 } } peers { permanent_uuid: "db52ef9e661a46b78f7d4709b145b21c" member_type: VOTER last_known_addr { host: "127.4.251.66" port: 32969 } } peers { permanent_uuid: "69600677266c4c82915118a8ae186e26" member_type: VOTER last_known_addr { host: "127.4.251.67" port: 42547 } }
I20260710 11:03:55.918450  5430 tablet_bootstrap.cc:492] T 43a8bc85745f4b8b8e8a64a50c8cf702 P ddb15165d0e141f2954e6647f286f6be: Bootstrap starting.
I20260710 11:03:55.921185  5428 tablet_bootstrap.cc:654] T 4a0d1358fc8040ba8eb75e836bf6714b P 69600677266c4c82915118a8ae186e26: Neither blocks nor log segments found. Creating new log.
I20260710 11:03:55.926381  5430 tablet_bootstrap.cc:654] T 43a8bc85745f4b8b8e8a64a50c8cf702 P ddb15165d0e141f2954e6647f286f6be: Neither blocks nor log segments found. Creating new log.
I20260710 11:03:55.927054  5431 ts_tablet_manager.cc:1434] T 974d615c4e3c4af18ed28b29a0945b38 P db52ef9e661a46b78f7d4709b145b21c: Time spent starting tablet: real 0.017s	user 0.006s	sys 0.000s
I20260710 11:03:55.934221  5428 tablet_bootstrap.cc:492] T 4a0d1358fc8040ba8eb75e836bf6714b P 69600677266c4c82915118a8ae186e26: No bootstrap required, opened a new log
I20260710 11:03:55.934787  5428 ts_tablet_manager.cc:1403] T 4a0d1358fc8040ba8eb75e836bf6714b P 69600677266c4c82915118a8ae186e26: Time spent bootstrapping tablet: real 0.022s	user 0.007s	sys 0.011s
I20260710 11:03:55.939041  5431 tablet_bootstrap.cc:492] T a041f7c0302049359c4abd8576520cb4 P db52ef9e661a46b78f7d4709b145b21c: Bootstrap starting.
I20260710 11:03:55.939855  5428 raft_consensus.cc:359] T 4a0d1358fc8040ba8eb75e836bf6714b P 69600677266c4c82915118a8ae186e26 [term 0 FOLLOWER]: Replica starting. Triggering 0 pending ops. Active config: opid_index: -1 OBSOLETE_local: false peers { permanent_uuid: "ddb15165d0e141f2954e6647f286f6be" member_type: VOTER last_known_addr { host: "127.4.251.65" port: 43325 } } peers { permanent_uuid: "db52ef9e661a46b78f7d4709b145b21c" member_type: VOTER last_known_addr { host: "127.4.251.66" port: 32969 } } peers { permanent_uuid: "69600677266c4c82915118a8ae186e26" member_type: VOTER last_known_addr { host: "127.4.251.67" port: 42547 } }
I20260710 11:03:55.940629  5428 raft_consensus.cc:385] T 4a0d1358fc8040ba8eb75e836bf6714b P 69600677266c4c82915118a8ae186e26 [term 0 FOLLOWER]: Consensus starting up: Expiring failure detector timer to make a prompt election more likely
I20260710 11:03:55.940976  5428 raft_consensus.cc:740] T 4a0d1358fc8040ba8eb75e836bf6714b P 69600677266c4c82915118a8ae186e26 [term 0 FOLLOWER]: Becoming Follower/Learner. State: Replica: 69600677266c4c82915118a8ae186e26, State: Initialized, Role: FOLLOWER
I20260710 11:03:55.942152  5428 consensus_queue.cc:260] T 4a0d1358fc8040ba8eb75e836bf6714b P 69600677266c4c82915118a8ae186e26 [NON_LEADER]: Queue going to NON_LEADER mode. State: All replicated index: 0, Majority replicated index: 0, Committed index: 0, Last appended: 0.0, Last appended by leader: 0, Current term: 0, Majority size: -1, State: 0, Mode: NON_LEADER, active raft config: opid_index: -1 OBSOLETE_local: false peers { permanent_uuid: "ddb15165d0e141f2954e6647f286f6be" member_type: VOTER last_known_addr { host: "127.4.251.65" port: 43325 } } peers { permanent_uuid: "db52ef9e661a46b78f7d4709b145b21c" member_type: VOTER last_known_addr { host: "127.4.251.66" port: 32969 } } peers { permanent_uuid: "69600677266c4c82915118a8ae186e26" member_type: VOTER last_known_addr { host: "127.4.251.67" port: 42547 } }
I20260710 11:03:55.947165  5428 ts_tablet_manager.cc:1434] T 4a0d1358fc8040ba8eb75e836bf6714b P 69600677266c4c82915118a8ae186e26: Time spent starting tablet: real 0.012s	user 0.007s	sys 0.000s
I20260710 11:03:55.947690  5431 tablet_bootstrap.cc:654] T a041f7c0302049359c4abd8576520cb4 P db52ef9e661a46b78f7d4709b145b21c: Neither blocks nor log segments found. Creating new log.
I20260710 11:03:55.948329  5428 tablet_bootstrap.cc:492] T bc6275dc680c4c00a1ff218bd59e4811 P 69600677266c4c82915118a8ae186e26: Bootstrap starting.
I20260710 11:03:55.949365  5430 tablet_bootstrap.cc:492] T 43a8bc85745f4b8b8e8a64a50c8cf702 P ddb15165d0e141f2954e6647f286f6be: No bootstrap required, opened a new log
I20260710 11:03:55.949913  5430 ts_tablet_manager.cc:1403] T 43a8bc85745f4b8b8e8a64a50c8cf702 P ddb15165d0e141f2954e6647f286f6be: Time spent bootstrapping tablet: real 0.032s	user 0.010s	sys 0.016s
I20260710 11:03:55.956302  5430 raft_consensus.cc:359] T 43a8bc85745f4b8b8e8a64a50c8cf702 P ddb15165d0e141f2954e6647f286f6be [term 0 FOLLOWER]: Replica starting. Triggering 0 pending ops. Active config: opid_index: -1 OBSOLETE_local: false peers { permanent_uuid: "ddb15165d0e141f2954e6647f286f6be" member_type: VOTER last_known_addr { host: "127.4.251.65" port: 43325 } } peers { permanent_uuid: "db52ef9e661a46b78f7d4709b145b21c" member_type: VOTER last_known_addr { host: "127.4.251.66" port: 32969 } } peers { permanent_uuid: "69600677266c4c82915118a8ae186e26" member_type: VOTER last_known_addr { host: "127.4.251.67" port: 42547 } }
I20260710 11:03:55.957120  5430 raft_consensus.cc:385] T 43a8bc85745f4b8b8e8a64a50c8cf702 P ddb15165d0e141f2954e6647f286f6be [term 0 FOLLOWER]: Consensus starting up: Expiring failure detector timer to make a prompt election more likely
I20260710 11:03:55.957495  5430 raft_consensus.cc:740] T 43a8bc85745f4b8b8e8a64a50c8cf702 P ddb15165d0e141f2954e6647f286f6be [term 0 FOLLOWER]: Becoming Follower/Learner. State: Replica: ddb15165d0e141f2954e6647f286f6be, State: Initialized, Role: FOLLOWER
I20260710 11:03:55.958259  5430 consensus_queue.cc:260] T 43a8bc85745f4b8b8e8a64a50c8cf702 P ddb15165d0e141f2954e6647f286f6be [NON_LEADER]: Queue going to NON_LEADER mode. State: All replicated index: 0, Majority replicated index: 0, Committed index: 0, Last appended: 0.0, Last appended by leader: 0, Current term: 0, Majority size: -1, State: 0, Mode: NON_LEADER, active raft config: opid_index: -1 OBSOLETE_local: false peers { permanent_uuid: "ddb15165d0e141f2954e6647f286f6be" member_type: VOTER last_known_addr { host: "127.4.251.65" port: 43325 } } peers { permanent_uuid: "db52ef9e661a46b78f7d4709b145b21c" member_type: VOTER last_known_addr { host: "127.4.251.66" port: 32969 } } peers { permanent_uuid: "69600677266c4c82915118a8ae186e26" member_type: VOTER last_known_addr { host: "127.4.251.67" port: 42547 } }
I20260710 11:03:55.959388  5428 tablet_bootstrap.cc:654] T bc6275dc680c4c00a1ff218bd59e4811 P 69600677266c4c82915118a8ae186e26: Neither blocks nor log segments found. Creating new log.
I20260710 11:03:55.960547  5431 tablet_bootstrap.cc:492] T a041f7c0302049359c4abd8576520cb4 P db52ef9e661a46b78f7d4709b145b21c: No bootstrap required, opened a new log
I20260710 11:03:55.961042  5431 ts_tablet_manager.cc:1403] T a041f7c0302049359c4abd8576520cb4 P db52ef9e661a46b78f7d4709b145b21c: Time spent bootstrapping tablet: real 0.022s	user 0.018s	sys 0.000s
I20260710 11:03:55.961870  5430 ts_tablet_manager.cc:1434] T 43a8bc85745f4b8b8e8a64a50c8cf702 P ddb15165d0e141f2954e6647f286f6be: Time spent starting tablet: real 0.012s	user 0.006s	sys 0.001s
I20260710 11:03:55.963438  5430 tablet_bootstrap.cc:492] T bc6275dc680c4c00a1ff218bd59e4811 P ddb15165d0e141f2954e6647f286f6be: Bootstrap starting.
I20260710 11:03:55.966487  5431 raft_consensus.cc:359] T a041f7c0302049359c4abd8576520cb4 P db52ef9e661a46b78f7d4709b145b21c [term 0 FOLLOWER]: Replica starting. Triggering 0 pending ops. Active config: opid_index: -1 OBSOLETE_local: false peers { permanent_uuid: "db52ef9e661a46b78f7d4709b145b21c" member_type: VOTER last_known_addr { host: "127.4.251.66" port: 32969 } } peers { permanent_uuid: "ddb15165d0e141f2954e6647f286f6be" member_type: VOTER last_known_addr { host: "127.4.251.65" port: 43325 } } peers { permanent_uuid: "69600677266c4c82915118a8ae186e26" member_type: VOTER last_known_addr { host: "127.4.251.67" port: 42547 } }
I20260710 11:03:55.967337  5431 raft_consensus.cc:385] T a041f7c0302049359c4abd8576520cb4 P db52ef9e661a46b78f7d4709b145b21c [term 0 FOLLOWER]: Consensus starting up: Expiring failure detector timer to make a prompt election more likely
I20260710 11:03:55.967636  5431 raft_consensus.cc:740] T a041f7c0302049359c4abd8576520cb4 P db52ef9e661a46b78f7d4709b145b21c [term 0 FOLLOWER]: Becoming Follower/Learner. State: Replica: db52ef9e661a46b78f7d4709b145b21c, State: Initialized, Role: FOLLOWER
I20260710 11:03:55.968380  5431 consensus_queue.cc:260] T a041f7c0302049359c4abd8576520cb4 P db52ef9e661a46b78f7d4709b145b21c [NON_LEADER]: Queue going to NON_LEADER mode. State: All replicated index: 0, Majority replicated index: 0, Committed index: 0, Last appended: 0.0, Last appended by leader: 0, Current term: 0, Majority size: -1, State: 0, Mode: NON_LEADER, active raft config: opid_index: -1 OBSOLETE_local: false peers { permanent_uuid: "db52ef9e661a46b78f7d4709b145b21c" member_type: VOTER last_known_addr { host: "127.4.251.66" port: 32969 } } peers { permanent_uuid: "ddb15165d0e141f2954e6647f286f6be" member_type: VOTER last_known_addr { host: "127.4.251.65" port: 43325 } } peers { permanent_uuid: "69600677266c4c82915118a8ae186e26" member_type: VOTER last_known_addr { host: "127.4.251.67" port: 42547 } }
I20260710 11:03:55.970471  5430 tablet_bootstrap.cc:654] T bc6275dc680c4c00a1ff218bd59e4811 P ddb15165d0e141f2954e6647f286f6be: Neither blocks nor log segments found. Creating new log.
I20260710 11:03:55.970677  5431 ts_tablet_manager.cc:1434] T a041f7c0302049359c4abd8576520cb4 P db52ef9e661a46b78f7d4709b145b21c: Time spent starting tablet: real 0.009s	user 0.006s	sys 0.000s
I20260710 11:03:55.971742  5431 tablet_bootstrap.cc:492] T 1e68cd3217144bcd8dc758c86ecc0477 P db52ef9e661a46b78f7d4709b145b21c: Bootstrap starting.
I20260710 11:03:55.984655  5431 tablet_bootstrap.cc:654] T 1e68cd3217144bcd8dc758c86ecc0477 P db52ef9e661a46b78f7d4709b145b21c: Neither blocks nor log segments found. Creating new log.
I20260710 11:03:55.986271  5428 tablet_bootstrap.cc:492] T bc6275dc680c4c00a1ff218bd59e4811 P 69600677266c4c82915118a8ae186e26: No bootstrap required, opened a new log
I20260710 11:03:55.986832  5428 ts_tablet_manager.cc:1403] T bc6275dc680c4c00a1ff218bd59e4811 P 69600677266c4c82915118a8ae186e26: Time spent bootstrapping tablet: real 0.039s	user 0.009s	sys 0.011s
I20260710 11:03:55.988204  5430 tablet_bootstrap.cc:492] T bc6275dc680c4c00a1ff218bd59e4811 P ddb15165d0e141f2954e6647f286f6be: No bootstrap required, opened a new log
I20260710 11:03:55.988667  5430 ts_tablet_manager.cc:1403] T bc6275dc680c4c00a1ff218bd59e4811 P ddb15165d0e141f2954e6647f286f6be: Time spent bootstrapping tablet: real 0.025s	user 0.011s	sys 0.011s
I20260710 11:03:55.990077  5428 raft_consensus.cc:359] T bc6275dc680c4c00a1ff218bd59e4811 P 69600677266c4c82915118a8ae186e26 [term 0 FOLLOWER]: Replica starting. Triggering 0 pending ops. Active config: opid_index: -1 OBSOLETE_local: false peers { permanent_uuid: "ddb15165d0e141f2954e6647f286f6be" member_type: VOTER last_known_addr { host: "127.4.251.65" port: 43325 } } peers { permanent_uuid: "db52ef9e661a46b78f7d4709b145b21c" member_type: VOTER last_known_addr { host: "127.4.251.66" port: 32969 } } peers { permanent_uuid: "69600677266c4c82915118a8ae186e26" member_type: VOTER last_known_addr { host: "127.4.251.67" port: 42547 } }
I20260710 11:03:55.990885  5428 raft_consensus.cc:385] T bc6275dc680c4c00a1ff218bd59e4811 P 69600677266c4c82915118a8ae186e26 [term 0 FOLLOWER]: Consensus starting up: Expiring failure detector timer to make a prompt election more likely
I20260710 11:03:55.991199  5428 raft_consensus.cc:740] T bc6275dc680c4c00a1ff218bd59e4811 P 69600677266c4c82915118a8ae186e26 [term 0 FOLLOWER]: Becoming Follower/Learner. State: Replica: 69600677266c4c82915118a8ae186e26, State: Initialized, Role: FOLLOWER
I20260710 11:03:55.992040  5428 consensus_queue.cc:260] T bc6275dc680c4c00a1ff218bd59e4811 P 69600677266c4c82915118a8ae186e26 [NON_LEADER]: Queue going to NON_LEADER mode. State: All replicated index: 0, Majority replicated index: 0, Committed index: 0, Last appended: 0.0, Last appended by leader: 0, Current term: 0, Majority size: -1, State: 0, Mode: NON_LEADER, active raft config: opid_index: -1 OBSOLETE_local: false peers { permanent_uuid: "ddb15165d0e141f2954e6647f286f6be" member_type: VOTER last_known_addr { host: "127.4.251.65" port: 43325 } } peers { permanent_uuid: "db52ef9e661a46b78f7d4709b145b21c" member_type: VOTER last_known_addr { host: "127.4.251.66" port: 32969 } } peers { permanent_uuid: "69600677266c4c82915118a8ae186e26" member_type: VOTER last_known_addr { host: "127.4.251.67" port: 42547 } }
I20260710 11:03:55.992061  5430 raft_consensus.cc:359] T bc6275dc680c4c00a1ff218bd59e4811 P ddb15165d0e141f2954e6647f286f6be [term 0 FOLLOWER]: Replica starting. Triggering 0 pending ops. Active config: opid_index: -1 OBSOLETE_local: false peers { permanent_uuid: "ddb15165d0e141f2954e6647f286f6be" member_type: VOTER last_known_addr { host: "127.4.251.65" port: 43325 } } peers { permanent_uuid: "db52ef9e661a46b78f7d4709b145b21c" member_type: VOTER last_known_addr { host: "127.4.251.66" port: 32969 } } peers { permanent_uuid: "69600677266c4c82915118a8ae186e26" member_type: VOTER last_known_addr { host: "127.4.251.67" port: 42547 } }
I20260710 11:03:55.993391  5430 raft_consensus.cc:385] T bc6275dc680c4c00a1ff218bd59e4811 P ddb15165d0e141f2954e6647f286f6be [term 0 FOLLOWER]: Consensus starting up: Expiring failure detector timer to make a prompt election more likely
I20260710 11:03:55.993867  5430 raft_consensus.cc:740] T bc6275dc680c4c00a1ff218bd59e4811 P ddb15165d0e141f2954e6647f286f6be [term 0 FOLLOWER]: Becoming Follower/Learner. State: Replica: ddb15165d0e141f2954e6647f286f6be, State: Initialized, Role: FOLLOWER
I20260710 11:03:55.994551  5428 ts_tablet_manager.cc:1434] T bc6275dc680c4c00a1ff218bd59e4811 P 69600677266c4c82915118a8ae186e26: Time spent starting tablet: real 0.007s	user 0.004s	sys 0.004s
I20260710 11:03:55.995640  5428 tablet_bootstrap.cc:492] T 974d615c4e3c4af18ed28b29a0945b38 P 69600677266c4c82915118a8ae186e26: Bootstrap starting.
I20260710 11:03:55.995198  5430 consensus_queue.cc:260] T bc6275dc680c4c00a1ff218bd59e4811 P ddb15165d0e141f2954e6647f286f6be [NON_LEADER]: Queue going to NON_LEADER mode. State: All replicated index: 0, Majority replicated index: 0, Committed index: 0, Last appended: 0.0, Last appended by leader: 0, Current term: 0, Majority size: -1, State: 0, Mode: NON_LEADER, active raft config: opid_index: -1 OBSOLETE_local: false peers { permanent_uuid: "ddb15165d0e141f2954e6647f286f6be" member_type: VOTER last_known_addr { host: "127.4.251.65" port: 43325 } } peers { permanent_uuid: "db52ef9e661a46b78f7d4709b145b21c" member_type: VOTER last_known_addr { host: "127.4.251.66" port: 32969 } } peers { permanent_uuid: "69600677266c4c82915118a8ae186e26" member_type: VOTER last_known_addr { host: "127.4.251.67" port: 42547 } }
I20260710 11:03:56.001480  5438 raft_consensus.cc:493] T 6f297da7b9544a829ee79b5711287a50 P ddb15165d0e141f2954e6647f286f6be [term 0 FOLLOWER]: Starting pre-election (no leader contacted us within the election timeout)
I20260710 11:03:56.001812  5430 ts_tablet_manager.cc:1434] T bc6275dc680c4c00a1ff218bd59e4811 P ddb15165d0e141f2954e6647f286f6be: Time spent starting tablet: real 0.013s	user 0.008s	sys 0.002s
I20260710 11:03:56.002018  5438 raft_consensus.cc:515] T 6f297da7b9544a829ee79b5711287a50 P ddb15165d0e141f2954e6647f286f6be [term 0 FOLLOWER]: Starting pre-election with config: opid_index: -1 OBSOLETE_local: false peers { permanent_uuid: "ddb15165d0e141f2954e6647f286f6be" member_type: VOTER last_known_addr { host: "127.4.251.65" port: 43325 } } peers { permanent_uuid: "db52ef9e661a46b78f7d4709b145b21c" member_type: VOTER last_known_addr { host: "127.4.251.66" port: 32969 } } peers { permanent_uuid: "69600677266c4c82915118a8ae186e26" member_type: VOTER last_known_addr { host: "127.4.251.67" port: 42547 } }
I20260710 11:03:56.003032  5430 tablet_bootstrap.cc:492] T 1e68cd3217144bcd8dc758c86ecc0477 P ddb15165d0e141f2954e6647f286f6be: Bootstrap starting.
I20260710 11:03:56.003872  5428 tablet_bootstrap.cc:654] T 974d615c4e3c4af18ed28b29a0945b38 P 69600677266c4c82915118a8ae186e26: Neither blocks nor log segments found. Creating new log.
I20260710 11:03:56.005223  5438 leader_election.cc:290] T 6f297da7b9544a829ee79b5711287a50 P ddb15165d0e141f2954e6647f286f6be [CANDIDATE]: Term 1 pre-election: Requested pre-vote from peers db52ef9e661a46b78f7d4709b145b21c (127.4.251.66:32969), 69600677266c4c82915118a8ae186e26 (127.4.251.67:42547)
I20260710 11:03:56.016187  5430 tablet_bootstrap.cc:654] T 1e68cd3217144bcd8dc758c86ecc0477 P ddb15165d0e141f2954e6647f286f6be: Neither blocks nor log segments found. Creating new log.
I20260710 11:03:56.030121  5430 tablet_bootstrap.cc:492] T 1e68cd3217144bcd8dc758c86ecc0477 P ddb15165d0e141f2954e6647f286f6be: No bootstrap required, opened a new log
I20260710 11:03:56.030910  5430 ts_tablet_manager.cc:1403] T 1e68cd3217144bcd8dc758c86ecc0477 P ddb15165d0e141f2954e6647f286f6be: Time spent bootstrapping tablet: real 0.028s	user 0.016s	sys 0.008s
I20260710 11:03:56.034946  5430 raft_consensus.cc:359] T 1e68cd3217144bcd8dc758c86ecc0477 P ddb15165d0e141f2954e6647f286f6be [term 0 FOLLOWER]: Replica starting. Triggering 0 pending ops. Active config: opid_index: -1 OBSOLETE_local: false peers { permanent_uuid: "ddb15165d0e141f2954e6647f286f6be" member_type: VOTER last_known_addr { host: "127.4.251.65" port: 43325 } } peers { permanent_uuid: "db52ef9e661a46b78f7d4709b145b21c" member_type: VOTER last_known_addr { host: "127.4.251.66" port: 32969 } } peers { permanent_uuid: "69600677266c4c82915118a8ae186e26" member_type: VOTER last_known_addr { host: "127.4.251.67" port: 42547 } }
I20260710 11:03:56.036026  5430 raft_consensus.cc:385] T 1e68cd3217144bcd8dc758c86ecc0477 P ddb15165d0e141f2954e6647f286f6be [term 0 FOLLOWER]: Consensus starting up: Expiring failure detector timer to make a prompt election more likely
I20260710 11:03:56.036481  5430 raft_consensus.cc:740] T 1e68cd3217144bcd8dc758c86ecc0477 P ddb15165d0e141f2954e6647f286f6be [term 0 FOLLOWER]: Becoming Follower/Learner. State: Replica: ddb15165d0e141f2954e6647f286f6be, State: Initialized, Role: FOLLOWER
I20260710 11:03:56.037519  5430 consensus_queue.cc:260] T 1e68cd3217144bcd8dc758c86ecc0477 P ddb15165d0e141f2954e6647f286f6be [NON_LEADER]: Queue going to NON_LEADER mode. State: All replicated index: 0, Majority replicated index: 0, Committed index: 0, Last appended: 0.0, Last appended by leader: 0, Current term: 0, Majority size: -1, State: 0, Mode: NON_LEADER, active raft config: opid_index: -1 OBSOLETE_local: false peers { permanent_uuid: "ddb15165d0e141f2954e6647f286f6be" member_type: VOTER last_known_addr { host: "127.4.251.65" port: 43325 } } peers { permanent_uuid: "db52ef9e661a46b78f7d4709b145b21c" member_type: VOTER last_known_addr { host: "127.4.251.66" port: 32969 } } peers { permanent_uuid: "69600677266c4c82915118a8ae186e26" member_type: VOTER last_known_addr { host: "127.4.251.67" port: 42547 } }
I20260710 11:03:56.039824  5430 ts_tablet_manager.cc:1434] T 1e68cd3217144bcd8dc758c86ecc0477 P ddb15165d0e141f2954e6647f286f6be: Time spent starting tablet: real 0.008s	user 0.000s	sys 0.007s
I20260710 11:03:56.040900  5430 tablet_bootstrap.cc:492] T 889ef428ecfd4d3dabb14b480e0c7a43 P ddb15165d0e141f2954e6647f286f6be: Bootstrap starting.
I20260710 11:03:56.046732  5438 raft_consensus.cc:493] T 1e68cd3217144bcd8dc758c86ecc0477 P ddb15165d0e141f2954e6647f286f6be [term 0 FOLLOWER]: Starting pre-election (no leader contacted us within the election timeout)
I20260710 11:03:56.047248  5438 raft_consensus.cc:515] T 1e68cd3217144bcd8dc758c86ecc0477 P ddb15165d0e141f2954e6647f286f6be [term 0 FOLLOWER]: Starting pre-election with config: opid_index: -1 OBSOLETE_local: false peers { permanent_uuid: "ddb15165d0e141f2954e6647f286f6be" member_type: VOTER last_known_addr { host: "127.4.251.65" port: 43325 } } peers { permanent_uuid: "db52ef9e661a46b78f7d4709b145b21c" member_type: VOTER last_known_addr { host: "127.4.251.66" port: 32969 } } peers { permanent_uuid: "69600677266c4c82915118a8ae186e26" member_type: VOTER last_known_addr { host: "127.4.251.67" port: 42547 } }
I20260710 11:03:56.053400  5438 leader_election.cc:290] T 1e68cd3217144bcd8dc758c86ecc0477 P ddb15165d0e141f2954e6647f286f6be [CANDIDATE]: Term 1 pre-election: Requested pre-vote from peers db52ef9e661a46b78f7d4709b145b21c (127.4.251.66:32969), 69600677266c4c82915118a8ae186e26 (127.4.251.67:42547)
I20260710 11:03:56.053989  5438 raft_consensus.cc:493] T 43a8bc85745f4b8b8e8a64a50c8cf702 P ddb15165d0e141f2954e6647f286f6be [term 0 FOLLOWER]: Starting pre-election (no leader contacted us within the election timeout)
I20260710 11:03:56.054682  5438 raft_consensus.cc:515] T 43a8bc85745f4b8b8e8a64a50c8cf702 P ddb15165d0e141f2954e6647f286f6be [term 0 FOLLOWER]: Starting pre-election with config: opid_index: -1 OBSOLETE_local: false peers { permanent_uuid: "ddb15165d0e141f2954e6647f286f6be" member_type: VOTER last_known_addr { host: "127.4.251.65" port: 43325 } } peers { permanent_uuid: "db52ef9e661a46b78f7d4709b145b21c" member_type: VOTER last_known_addr { host: "127.4.251.66" port: 32969 } } peers { permanent_uuid: "69600677266c4c82915118a8ae186e26" member_type: VOTER last_known_addr { host: "127.4.251.67" port: 42547 } }
I20260710 11:03:56.055604  5431 tablet_bootstrap.cc:492] T 1e68cd3217144bcd8dc758c86ecc0477 P db52ef9e661a46b78f7d4709b145b21c: No bootstrap required, opened a new log
I20260710 11:03:56.058667  5438 leader_election.cc:290] T 43a8bc85745f4b8b8e8a64a50c8cf702 P ddb15165d0e141f2954e6647f286f6be [CANDIDATE]: Term 1 pre-election: Requested pre-vote from peers db52ef9e661a46b78f7d4709b145b21c (127.4.251.66:32969), 69600677266c4c82915118a8ae186e26 (127.4.251.67:42547)
I20260710 11:03:56.059535  5431 ts_tablet_manager.cc:1403] T 1e68cd3217144bcd8dc758c86ecc0477 P db52ef9e661a46b78f7d4709b145b21c: Time spent bootstrapping tablet: real 0.088s	user 0.025s	sys 0.027s
I20260710 11:03:56.068573  5428 tablet_bootstrap.cc:492] T 974d615c4e3c4af18ed28b29a0945b38 P 69600677266c4c82915118a8ae186e26: No bootstrap required, opened a new log
I20260710 11:03:56.069326  5428 ts_tablet_manager.cc:1403] T 974d615c4e3c4af18ed28b29a0945b38 P 69600677266c4c82915118a8ae186e26: Time spent bootstrapping tablet: real 0.074s	user 0.014s	sys 0.014s
I20260710 11:03:56.068862  5385 tablet_service.cc:1917] Received RequestConsensusVote() RPC: tablet_id: "6f297da7b9544a829ee79b5711287a50" candidate_uuid: "ddb15165d0e141f2954e6647f286f6be" candidate_term: 1 candidate_status { last_received { term: 0 index: 0 } } ignore_live_leader: false dest_uuid: "69600677266c4c82915118a8ae186e26" is_pre_election: true
I20260710 11:03:56.069443  5430 tablet_bootstrap.cc:654] T 889ef428ecfd4d3dabb14b480e0c7a43 P ddb15165d0e141f2954e6647f286f6be: Neither blocks nor log segments found. Creating new log.
I20260710 11:03:56.069805  5384 tablet_service.cc:1917] Received RequestConsensusVote() RPC: tablet_id: "1e68cd3217144bcd8dc758c86ecc0477" candidate_uuid: "ddb15165d0e141f2954e6647f286f6be" candidate_term: 1 candidate_status { last_received { term: 0 index: 0 } } ignore_live_leader: false dest_uuid: "69600677266c4c82915118a8ae186e26" is_pre_election: true
I20260710 11:03:56.071343  5433 raft_consensus.cc:493] T 9b94871c26b74efc8d4dbdab095ac518 P 69600677266c4c82915118a8ae186e26 [term 0 FOLLOWER]: Starting pre-election (no leader contacted us within the election timeout)
I20260710 11:03:56.071280  5383 tablet_service.cc:1917] Received RequestConsensusVote() RPC: tablet_id: "43a8bc85745f4b8b8e8a64a50c8cf702" candidate_uuid: "ddb15165d0e141f2954e6647f286f6be" candidate_term: 1 candidate_status { last_received { term: 0 index: 0 } } ignore_live_leader: false dest_uuid: "69600677266c4c82915118a8ae186e26" is_pre_election: true
I20260710 11:03:56.072283  5433 raft_consensus.cc:515] T 9b94871c26b74efc8d4dbdab095ac518 P 69600677266c4c82915118a8ae186e26 [term 0 FOLLOWER]: Starting pre-election with config: opid_index: -1 OBSOLETE_local: false peers { permanent_uuid: "ddb15165d0e141f2954e6647f286f6be" member_type: VOTER last_known_addr { host: "127.4.251.65" port: 43325 } } peers { permanent_uuid: "db52ef9e661a46b78f7d4709b145b21c" member_type: VOTER last_known_addr { host: "127.4.251.66" port: 32969 } } peers { permanent_uuid: "69600677266c4c82915118a8ae186e26" member_type: VOTER last_known_addr { host: "127.4.251.67" port: 42547 } }
I20260710 11:03:56.071899  5385 raft_consensus.cc:2468] T 6f297da7b9544a829ee79b5711287a50 P 69600677266c4c82915118a8ae186e26 [term 0 FOLLOWER]: Leader pre-election vote request: Granting yes vote for candidate ddb15165d0e141f2954e6647f286f6be in term 0.
I20260710 11:03:56.071647  5384 raft_consensus.cc:2468] T 1e68cd3217144bcd8dc758c86ecc0477 P 69600677266c4c82915118a8ae186e26 [term 0 FOLLOWER]: Leader pre-election vote request: Granting yes vote for candidate ddb15165d0e141f2954e6647f286f6be in term 0.
