I20260710 11:04:32.841800  2880 catalog_manager.cc:5697] T 69cf1e21aa4646ec98d3fb2db2682d2c P 34a140493d4c4decb9910eb7e569db88 reported cstate change: config changed from index 3 to 4, VOTER 08620f79d13745069c265ed2833abeb9 (127.1.207.195) evicted. New cstate: current_term: 1 leader_uuid: "9059403f67794da48c6f93d0eac1adc4" committed_config { opid_index: 4 OBSOLETE_local: false peers { permanent_uuid: "99a99a6fb34d4dc6a3bb9804357cd831" member_type: VOTER last_known_addr { host: "127.1.207.193" port: 43345 } } peers { permanent_uuid: "9059403f67794da48c6f93d0eac1adc4" member_type: VOTER last_known_addr { host: "127.1.207.194" port: 44227 } } peers { permanent_uuid: "34a140493d4c4decb9910eb7e569db88" member_type: VOTER last_known_addr { host: "127.1.207.196" port: 40695 } attrs { promote: false } } }
I20260710 11:04:32.847540  3694 ts_tablet_manager.cc:1929] T b704ca769b3542c1b255976aa5eb5dd7 P 9059403f67794da48c6f93d0eac1adc4: tablet deleted with delete type TABLET_DATA_TOMBSTONED: last-logged OpId 1.3
I20260710 11:04:32.848057  3694 log.cc:1199] T b704ca769b3542c1b255976aa5eb5dd7 P 9059403f67794da48c6f93d0eac1adc4: Deleting WAL directory at /tmp/dist-test-task9vxGtP/test-tmp/auto_leader_rebalancer-test.0.LeaderRebalancerTest.AddTserver.1783681432194782-1855-0/minicluster-data/ts-1-root/wals/b704ca769b3542c1b255976aa5eb5dd7
I20260710 11:04:32.850193  2866 catalog_manager.cc:5028] TS 9059403f67794da48c6f93d0eac1adc4 (127.1.207.194:44227): tablet b704ca769b3542c1b255976aa5eb5dd7 (table test-workload [id=21199990578541e1b03a226f21ed233b]) successfully deleted
I20260710 11:04:32.859187  3118 tablet_service.cc:1558] Processing DeleteTablet for tablet 69cf1e21aa4646ec98d3fb2db2682d2c with delete_type TABLET_DATA_TOMBSTONED (TS 08620f79d13745069c265ed2833abeb9 not found in new config with opid_index 4) from {username='slave'} at 127.0.0.1:37738
I20260710 11:04:32.869397  3695 tablet_replica.cc:333] T 69cf1e21aa4646ec98d3fb2db2682d2c P 08620f79d13745069c265ed2833abeb9: stopping tablet replica
I20260710 11:04:32.870630  3695 raft_consensus.cc:2243] T 69cf1e21aa4646ec98d3fb2db2682d2c P 08620f79d13745069c265ed2833abeb9 [term 1 FOLLOWER]: Raft consensus shutting down.
I20260710 11:04:32.871447  3695 raft_consensus.cc:2272] T 69cf1e21aa4646ec98d3fb2db2682d2c P 08620f79d13745069c265ed2833abeb9 [term 1 FOLLOWER]: Raft consensus is shut down!
I20260710 11:04:32.873875  3695 ts_tablet_manager.cc:1916] T 69cf1e21aa4646ec98d3fb2db2682d2c P 08620f79d13745069c265ed2833abeb9: Deleting tablet data with delete state TABLET_DATA_TOMBSTONED
I20260710 11:04:32.884503  3695 ts_tablet_manager.cc:1929] T 69cf1e21aa4646ec98d3fb2db2682d2c P 08620f79d13745069c265ed2833abeb9: tablet deleted with delete type TABLET_DATA_TOMBSTONED: last-logged OpId 1.3
I20260710 11:04:32.884908  3695 log.cc:1199] T 69cf1e21aa4646ec98d3fb2db2682d2c P 08620f79d13745069c265ed2833abeb9: Deleting WAL directory at /tmp/dist-test-task9vxGtP/test-tmp/auto_leader_rebalancer-test.0.LeaderRebalancerTest.AddTserver.1783681432194782-1855-0/minicluster-data/ts-2-root/wals/69cf1e21aa4646ec98d3fb2db2682d2c
I20260710 11:04:32.886552  2866 catalog_manager.cc:5028] TS 08620f79d13745069c265ed2833abeb9 (127.1.207.195:42665): tablet 69cf1e21aa4646ec98d3fb2db2682d2c (table test-workload [id=21199990578541e1b03a226f21ed233b]) successfully deleted
I20260710 11:04:33.899116  3057 consensus_queue.cc:237] T ccf7c4bbcb4148d6a075adc868e16dc9 P 9059403f67794da48c6f93d0eac1adc4 [LEADER]: Queue going to LEADER mode. State: All replicated index: 0, Majority replicated index: 1, Committed index: 1, Last appended: 1.1, Last appended by leader: 0, Current term: 1, Majority size: 2, State: 0, Mode: LEADER, active raft config: opid_index: 2 OBSOLETE_local: false peers { permanent_uuid: "99a99a6fb34d4dc6a3bb9804357cd831" member_type: VOTER last_known_addr { host: "127.1.207.193" port: 43345 } } peers { permanent_uuid: "9059403f67794da48c6f93d0eac1adc4" member_type: VOTER last_known_addr { host: "127.1.207.194" port: 44227 } } peers { permanent_uuid: "08620f79d13745069c265ed2833abeb9" member_type: VOTER last_known_addr { host: "127.1.207.195" port: 42665 } attrs { replace: true } } peers { permanent_uuid: "34a140493d4c4decb9910eb7e569db88" member_type: NON_VOTER last_known_addr { host: "127.1.207.196" port: 40695 } attrs { promote: true } }
W20260710 11:04:33.908602  3021 consensus_peers.cc:597] T ccf7c4bbcb4148d6a075adc868e16dc9 P 9059403f67794da48c6f93d0eac1adc4 -> Peer 34a140493d4c4decb9910eb7e569db88 (127.1.207.196:40695): Couldn't send request to peer 34a140493d4c4decb9910eb7e569db88. Error code: TABLET_NOT_FOUND (6). Status: Not found: Tablet not found: ccf7c4bbcb4148d6a075adc868e16dc9. This is attempt 1: this message will repeat every 5th retry.
I20260710 11:04:33.913592  2982 raft_consensus.cc:1275] T ccf7c4bbcb4148d6a075adc868e16dc9 P 99a99a6fb34d4dc6a3bb9804357cd831 [term 1 FOLLOWER]: Refusing update from remote peer 9059403f67794da48c6f93d0eac1adc4: Log matching property violated. Preceding OpId in replica: term: 1 index: 1. Preceding OpId from leader: term: 1 index: 2. (index mismatch)
I20260710 11:04:33.914834  3646 consensus_queue.cc:1048] T ccf7c4bbcb4148d6a075adc868e16dc9 P 9059403f67794da48c6f93d0eac1adc4 [LEADER]: Connected to new peer: Peer: permanent_uuid: "99a99a6fb34d4dc6a3bb9804357cd831" member_type: VOTER last_known_addr { host: "127.1.207.193" port: 43345 }, Status: LMP_MISMATCH, Last received: 0.0, Next index: 2, Last known committed idx: 1, Time since last communication: 0.000s
I20260710 11:04:33.915226  3131 raft_consensus.cc:1275] T ccf7c4bbcb4148d6a075adc868e16dc9 P 08620f79d13745069c265ed2833abeb9 [term 1 FOLLOWER]: Refusing update from remote peer 9059403f67794da48c6f93d0eac1adc4: Log matching property violated. Preceding OpId in replica: term: 1 index: 1. Preceding OpId from leader: term: 1 index: 2. (index mismatch)
I20260710 11:04:33.916584  3635 consensus_queue.cc:1048] T ccf7c4bbcb4148d6a075adc868e16dc9 P 9059403f67794da48c6f93d0eac1adc4 [LEADER]: Connected to new peer: Peer: permanent_uuid: "08620f79d13745069c265ed2833abeb9" member_type: VOTER last_known_addr { host: "127.1.207.195" port: 42665 } attrs { replace: true }, Status: LMP_MISMATCH, Last received: 0.0, Next index: 2, Last known committed idx: 1, Time since last communication: 0.000s
I20260710 11:04:33.923293  3646 raft_consensus.cc:2955] T ccf7c4bbcb4148d6a075adc868e16dc9 P 9059403f67794da48c6f93d0eac1adc4 [term 1 LEADER]: Committing config change with OpId 1.2: config changed from index -1 to 2, NON_VOTER 34a140493d4c4decb9910eb7e569db88 (127.1.207.196) added. New config: { opid_index: 2 OBSOLETE_local: false peers { permanent_uuid: "99a99a6fb34d4dc6a3bb9804357cd831" member_type: VOTER last_known_addr { host: "127.1.207.193" port: 43345 } } peers { permanent_uuid: "9059403f67794da48c6f93d0eac1adc4" member_type: VOTER last_known_addr { host: "127.1.207.194" port: 44227 } } peers { permanent_uuid: "08620f79d13745069c265ed2833abeb9" member_type: VOTER last_known_addr { host: "127.1.207.195" port: 42665 } attrs { replace: true } } peers { permanent_uuid: "34a140493d4c4decb9910eb7e569db88" member_type: NON_VOTER last_known_addr { host: "127.1.207.196" port: 40695 } attrs { promote: true } } }
I20260710 11:04:33.926035  2982 raft_consensus.cc:2955] T ccf7c4bbcb4148d6a075adc868e16dc9 P 99a99a6fb34d4dc6a3bb9804357cd831 [term 1 FOLLOWER]: Committing config change with OpId 1.2: config changed from index -1 to 2, NON_VOTER 34a140493d4c4decb9910eb7e569db88 (127.1.207.196) added. New config: { opid_index: 2 OBSOLETE_local: false peers { permanent_uuid: "99a99a6fb34d4dc6a3bb9804357cd831" member_type: VOTER last_known_addr { host: "127.1.207.193" port: 43345 } } peers { permanent_uuid: "9059403f67794da48c6f93d0eac1adc4" member_type: VOTER last_known_addr { host: "127.1.207.194" port: 44227 } } peers { permanent_uuid: "08620f79d13745069c265ed2833abeb9" member_type: VOTER last_known_addr { host: "127.1.207.195" port: 42665 } attrs { replace: true } } peers { permanent_uuid: "34a140493d4c4decb9910eb7e569db88" member_type: NON_VOTER last_known_addr { host: "127.1.207.196" port: 40695 } attrs { promote: true } } }
I20260710 11:04:33.928242  3131 raft_consensus.cc:2955] T ccf7c4bbcb4148d6a075adc868e16dc9 P 08620f79d13745069c265ed2833abeb9 [term 1 FOLLOWER]: Committing config change with OpId 1.2: config changed from index -1 to 2, NON_VOTER 34a140493d4c4decb9910eb7e569db88 (127.1.207.196) added. New config: { opid_index: 2 OBSOLETE_local: false peers { permanent_uuid: "99a99a6fb34d4dc6a3bb9804357cd831" member_type: VOTER last_known_addr { host: "127.1.207.193" port: 43345 } } peers { permanent_uuid: "9059403f67794da48c6f93d0eac1adc4" member_type: VOTER last_known_addr { host: "127.1.207.194" port: 44227 } } peers { permanent_uuid: "08620f79d13745069c265ed2833abeb9" member_type: VOTER last_known_addr { host: "127.1.207.195" port: 42665 } attrs { replace: true } } peers { permanent_uuid: "34a140493d4c4decb9910eb7e569db88" member_type: NON_VOTER last_known_addr { host: "127.1.207.196" port: 40695 } attrs { promote: true } } }
I20260710 11:04:33.940137  3132 consensus_queue.cc:237] T e54e53440a8443d1a02f9ea38edb693d P 08620f79d13745069c265ed2833abeb9 [LEADER]: Queue going to LEADER mode. State: All replicated index: 0, Majority replicated index: 1, Committed index: 1, Last appended: 1.1, Last appended by leader: 0, Current term: 1, Majority size: 2, State: 0, Mode: LEADER, active raft config: opid_index: 2 OBSOLETE_local: false peers { permanent_uuid: "99a99a6fb34d4dc6a3bb9804357cd831" member_type: VOTER last_known_addr { host: "127.1.207.193" port: 43345 } } peers { permanent_uuid: "9059403f67794da48c6f93d0eac1adc4" member_type: VOTER last_known_addr { host: "127.1.207.194" port: 44227 } attrs { replace: true } } peers { permanent_uuid: "08620f79d13745069c265ed2833abeb9" member_type: VOTER last_known_addr { host: "127.1.207.195" port: 42665 } } peers { permanent_uuid: "34a140493d4c4decb9910eb7e569db88" member_type: NON_VOTER last_known_addr { host: "127.1.207.196" port: 40695 } attrs { promote: true } }
I20260710 11:04:33.940431  2879 catalog_manager.cc:5697] T ccf7c4bbcb4148d6a075adc868e16dc9 P 99a99a6fb34d4dc6a3bb9804357cd831 reported cstate change: config changed from index -1 to 2, NON_VOTER 34a140493d4c4decb9910eb7e569db88 (127.1.207.196) added. New cstate: current_term: 1 leader_uuid: "9059403f67794da48c6f93d0eac1adc4" committed_config { opid_index: 2 OBSOLETE_local: false peers { permanent_uuid: "99a99a6fb34d4dc6a3bb9804357cd831" member_type: VOTER last_known_addr { host: "127.1.207.193" port: 43345 } } peers { permanent_uuid: "9059403f67794da48c6f93d0eac1adc4" member_type: VOTER last_known_addr { host: "127.1.207.194" port: 44227 } } peers { permanent_uuid: "08620f79d13745069c265ed2833abeb9" member_type: VOTER last_known_addr { host: "127.1.207.195" port: 42665 } attrs { replace: true } } peers { permanent_uuid: "34a140493d4c4decb9910eb7e569db88" member_type: NON_VOTER last_known_addr { host: "127.1.207.196" port: 40695 } attrs { promote: true } } }
I20260710 11:04:33.953924  3057 raft_consensus.cc:1275] T e54e53440a8443d1a02f9ea38edb693d P 9059403f67794da48c6f93d0eac1adc4 [term 1 FOLLOWER]: Refusing update from remote peer 08620f79d13745069c265ed2833abeb9: Log matching property violated. Preceding OpId in replica: term: 1 index: 1. Preceding OpId from leader: term: 1 index: 2. (index mismatch)
W20260710 11:04:33.954351  3095 consensus_peers.cc:597] T e54e53440a8443d1a02f9ea38edb693d P 08620f79d13745069c265ed2833abeb9 -> Peer 34a140493d4c4decb9910eb7e569db88 (127.1.207.196:40695): Couldn't send request to peer 34a140493d4c4decb9910eb7e569db88. Error code: TABLET_NOT_FOUND (6). Status: Not found: Tablet not found: e54e53440a8443d1a02f9ea38edb693d. This is attempt 1: this message will repeat every 5th retry.
I20260710 11:04:33.955978  3668 consensus_queue.cc:1048] T e54e53440a8443d1a02f9ea38edb693d P 08620f79d13745069c265ed2833abeb9 [LEADER]: Connected to new peer: Peer: permanent_uuid: "9059403f67794da48c6f93d0eac1adc4" member_type: VOTER last_known_addr { host: "127.1.207.194" port: 44227 } attrs { replace: true }, Status: LMP_MISMATCH, Last received: 0.0, Next index: 2, Last known committed idx: 1, Time since last communication: 0.001s
I20260710 11:04:33.956952  2980 raft_consensus.cc:1275] T e54e53440a8443d1a02f9ea38edb693d P 99a99a6fb34d4dc6a3bb9804357cd831 [term 1 FOLLOWER]: Refusing update from remote peer 08620f79d13745069c265ed2833abeb9: Log matching property violated. Preceding OpId in replica: term: 1 index: 1. Preceding OpId from leader: term: 1 index: 2. (index mismatch)
I20260710 11:04:33.958480  3668 consensus_queue.cc:1048] T e54e53440a8443d1a02f9ea38edb693d P 08620f79d13745069c265ed2833abeb9 [LEADER]: Connected to new peer: Peer: permanent_uuid: "99a99a6fb34d4dc6a3bb9804357cd831" member_type: VOTER last_known_addr { host: "127.1.207.193" port: 43345 }, Status: LMP_MISMATCH, Last received: 0.0, Next index: 2, Last known committed idx: 1, Time since last communication: 0.000s
I20260710 11:04:33.965580  3667 raft_consensus.cc:2955] T e54e53440a8443d1a02f9ea38edb693d P 08620f79d13745069c265ed2833abeb9 [term 1 LEADER]: Committing config change with OpId 1.2: config changed from index -1 to 2, NON_VOTER 34a140493d4c4decb9910eb7e569db88 (127.1.207.196) added. New config: { opid_index: 2 OBSOLETE_local: false peers { permanent_uuid: "99a99a6fb34d4dc6a3bb9804357cd831" member_type: VOTER last_known_addr { host: "127.1.207.193" port: 43345 } } peers { permanent_uuid: "9059403f67794da48c6f93d0eac1adc4" member_type: VOTER last_known_addr { host: "127.1.207.194" port: 44227 } attrs { replace: true } } peers { permanent_uuid: "08620f79d13745069c265ed2833abeb9" member_type: VOTER last_known_addr { host: "127.1.207.195" port: 42665 } } peers { permanent_uuid: "34a140493d4c4decb9910eb7e569db88" member_type: NON_VOTER last_known_addr { host: "127.1.207.196" port: 40695 } attrs { promote: true } } }
I20260710 11:04:33.967551  3057 raft_consensus.cc:2955] T e54e53440a8443d1a02f9ea38edb693d P 9059403f67794da48c6f93d0eac1adc4 [term 1 FOLLOWER]: Committing config change with OpId 1.2: config changed from index -1 to 2, NON_VOTER 34a140493d4c4decb9910eb7e569db88 (127.1.207.196) added. New config: { opid_index: 2 OBSOLETE_local: false peers { permanent_uuid: "99a99a6fb34d4dc6a3bb9804357cd831" member_type: VOTER last_known_addr { host: "127.1.207.193" port: 43345 } } peers { permanent_uuid: "9059403f67794da48c6f93d0eac1adc4" member_type: VOTER last_known_addr { host: "127.1.207.194" port: 44227 } attrs { replace: true } } peers { permanent_uuid: "08620f79d13745069c265ed2833abeb9" member_type: VOTER last_known_addr { host: "127.1.207.195" port: 42665 } } peers { permanent_uuid: "34a140493d4c4decb9910eb7e569db88" member_type: NON_VOTER last_known_addr { host: "127.1.207.196" port: 40695 } attrs { promote: true } } }
I20260710 11:04:33.973769  2980 raft_consensus.cc:2955] T e54e53440a8443d1a02f9ea38edb693d P 99a99a6fb34d4dc6a3bb9804357cd831 [term 1 FOLLOWER]: Committing config change with OpId 1.2: config changed from index -1 to 2, NON_VOTER 34a140493d4c4decb9910eb7e569db88 (127.1.207.196) added. New config: { opid_index: 2 OBSOLETE_local: false peers { permanent_uuid: "99a99a6fb34d4dc6a3bb9804357cd831" member_type: VOTER last_known_addr { host: "127.1.207.193" port: 43345 } } peers { permanent_uuid: "9059403f67794da48c6f93d0eac1adc4" member_type: VOTER last_known_addr { host: "127.1.207.194" port: 44227 } attrs { replace: true } } peers { permanent_uuid: "08620f79d13745069c265ed2833abeb9" member_type: VOTER last_known_addr { host: "127.1.207.195" port: 42665 } } peers { permanent_uuid: "34a140493d4c4decb9910eb7e569db88" member_type: NON_VOTER last_known_addr { host: "127.1.207.196" port: 40695 } attrs { promote: true } } }
I20260710 11:04:33.982788  2878 catalog_manager.cc:5697] T e54e53440a8443d1a02f9ea38edb693d P 08620f79d13745069c265ed2833abeb9 reported cstate change: config changed from index -1 to 2, NON_VOTER 34a140493d4c4decb9910eb7e569db88 (127.1.207.196) added. New cstate: current_term: 1 leader_uuid: "08620f79d13745069c265ed2833abeb9" committed_config { opid_index: 2 OBSOLETE_local: false peers { permanent_uuid: "99a99a6fb34d4dc6a3bb9804357cd831" member_type: VOTER last_known_addr { host: "127.1.207.193" port: 43345 } health_report { overall_health: HEALTHY } } peers { permanent_uuid: "9059403f67794da48c6f93d0eac1adc4" member_type: VOTER last_known_addr { host: "127.1.207.194" port: 44227 } attrs { replace: true } health_report { overall_health: HEALTHY } } peers { permanent_uuid: "08620f79d13745069c265ed2833abeb9" member_type: VOTER last_known_addr { host: "127.1.207.195" port: 42665 } health_report { overall_health: HEALTHY } } peers { permanent_uuid: "34a140493d4c4decb9910eb7e569db88" member_type: NON_VOTER last_known_addr { host: "127.1.207.196" port: 40695 } attrs { promote: true } health_report { overall_health: UNKNOWN } } }
I20260710 11:04:34.286381  3708 ts_tablet_manager.cc:933] T ccf7c4bbcb4148d6a075adc868e16dc9 P 34a140493d4c4decb9910eb7e569db88: Initiating tablet copy from peer 9059403f67794da48c6f93d0eac1adc4 (127.1.207.194:44227)
I20260710 11:04:34.288554  3708 tablet_copy_client.cc:323] T ccf7c4bbcb4148d6a075adc868e16dc9 P 34a140493d4c4decb9910eb7e569db88: tablet copy: Beginning tablet copy session from remote peer at address 127.1.207.194:44227
I20260710 11:04:34.290853  3068 tablet_copy_service.cc:140] P 9059403f67794da48c6f93d0eac1adc4: Received BeginTabletCopySession request for tablet ccf7c4bbcb4148d6a075adc868e16dc9 from peer 34a140493d4c4decb9910eb7e569db88 ({username='slave'} at 127.0.0.1:44066)
I20260710 11:04:34.291378  3068 tablet_copy_service.cc:161] P 9059403f67794da48c6f93d0eac1adc4: Beginning new tablet copy session on tablet ccf7c4bbcb4148d6a075adc868e16dc9 from peer 34a140493d4c4decb9910eb7e569db88 at {username='slave'} at 127.0.0.1:44066: session id = 34a140493d4c4decb9910eb7e569db88-ccf7c4bbcb4148d6a075adc868e16dc9
I20260710 11:04:34.297525  3068 tablet_copy_source_session.cc:215] T ccf7c4bbcb4148d6a075adc868e16dc9 P 9059403f67794da48c6f93d0eac1adc4: Tablet Copy: opened 0 blocks and 1 log segments
I20260710 11:04:34.301577  3708 data_dirs.cc:400] Could only allocate 1 dirs of requested 3 for tablet ccf7c4bbcb4148d6a075adc868e16dc9. 1 dirs total, 0 dirs full, 0 dirs failed
I20260710 11:04:34.314736  3708 tablet_copy_client.cc:806] T ccf7c4bbcb4148d6a075adc868e16dc9 P 34a140493d4c4decb9910eb7e569db88: tablet copy: Starting download of 0 data blocks...
I20260710 11:04:34.315498  3708 tablet_copy_client.cc:670] T ccf7c4bbcb4148d6a075adc868e16dc9 P 34a140493d4c4decb9910eb7e569db88: tablet copy: Starting download of 1 WAL segments...
I20260710 11:04:34.319893  3708 tablet_copy_client.cc:538] T ccf7c4bbcb4148d6a075adc868e16dc9 P 34a140493d4c4decb9910eb7e569db88: tablet copy: Tablet Copy complete. Replacing tablet superblock.
I20260710 11:04:34.327389  3708 tablet_bootstrap.cc:492] T ccf7c4bbcb4148d6a075adc868e16dc9 P 34a140493d4c4decb9910eb7e569db88: Bootstrap starting.
I20260710 11:04:34.350180  3708 tablet_bootstrap.cc:492] T ccf7c4bbcb4148d6a075adc868e16dc9 P 34a140493d4c4decb9910eb7e569db88: Bootstrap replayed 1/1 log segments. Stats: ops{read=2 overwritten=0 applied=2 ignored=0} inserts{seen=0 ignored=0} mutations{seen=0 ignored=0} orphaned_commits=0. Pending: 0 replicates
I20260710 11:04:34.350962  3708 tablet_bootstrap.cc:492] T ccf7c4bbcb4148d6a075adc868e16dc9 P 34a140493d4c4decb9910eb7e569db88: Bootstrap complete.
I20260710 11:04:34.351583  3708 ts_tablet_manager.cc:1403] T ccf7c4bbcb4148d6a075adc868e16dc9 P 34a140493d4c4decb9910eb7e569db88: Time spent bootstrapping tablet: real 0.024s	user 0.013s	sys 0.008s
I20260710 11:04:34.354089  3708 raft_consensus.cc:359] T ccf7c4bbcb4148d6a075adc868e16dc9 P 34a140493d4c4decb9910eb7e569db88 [term 1 LEARNER]: Replica starting. Triggering 0 pending ops. Active config: opid_index: 2 OBSOLETE_local: false peers { permanent_uuid: "99a99a6fb34d4dc6a3bb9804357cd831" member_type: VOTER last_known_addr { host: "127.1.207.193" port: 43345 } } peers { permanent_uuid: "9059403f67794da48c6f93d0eac1adc4" member_type: VOTER last_known_addr { host: "127.1.207.194" port: 44227 } } peers { permanent_uuid: "08620f79d13745069c265ed2833abeb9" member_type: VOTER last_known_addr { host: "127.1.207.195" port: 42665 } attrs { replace: true } } peers { permanent_uuid: "34a140493d4c4decb9910eb7e569db88" member_type: NON_VOTER last_known_addr { host: "127.1.207.196" port: 40695 } attrs { promote: true } }
I20260710 11:04:34.354770  3708 raft_consensus.cc:740] T ccf7c4bbcb4148d6a075adc868e16dc9 P 34a140493d4c4decb9910eb7e569db88 [term 1 LEARNER]: Becoming Follower/Learner. State: Replica: 34a140493d4c4decb9910eb7e569db88, State: Initialized, Role: LEARNER
I20260710 11:04:34.355315  3708 consensus_queue.cc:260] T ccf7c4bbcb4148d6a075adc868e16dc9 P 34a140493d4c4decb9910eb7e569db88 [NON_LEADER]: Queue going to NON_LEADER mode. State: All replicated index: 0, Majority replicated index: 0, Committed index: 2, Last appended: 1.2, Last appended by leader: 2, Current term: 0, Majority size: -1, State: 0, Mode: NON_LEADER, active raft config: opid_index: 2 OBSOLETE_local: false peers { permanent_uuid: "99a99a6fb34d4dc6a3bb9804357cd831" member_type: VOTER last_known_addr { host: "127.1.207.193" port: 43345 } } peers { permanent_uuid: "9059403f67794da48c6f93d0eac1adc4" member_type: VOTER last_known_addr { host: "127.1.207.194" port: 44227 } } peers { permanent_uuid: "08620f79d13745069c265ed2833abeb9" member_type: VOTER last_known_addr { host: "127.1.207.195" port: 42665 } attrs { replace: true } } peers { permanent_uuid: "34a140493d4c4decb9910eb7e569db88" member_type: NON_VOTER last_known_addr { host: "127.1.207.196" port: 40695 } attrs { promote: true } }
I20260710 11:04:34.359517  3708 ts_tablet_manager.cc:1434] T ccf7c4bbcb4148d6a075adc868e16dc9 P 34a140493d4c4decb9910eb7e569db88: Time spent starting tablet: real 0.008s	user 0.009s	sys 0.001s
I20260710 11:04:34.361502  3068 tablet_copy_service.cc:342] P 9059403f67794da48c6f93d0eac1adc4: Request end of tablet copy session 34a140493d4c4decb9910eb7e569db88-ccf7c4bbcb4148d6a075adc868e16dc9 received from {username='slave'} at 127.0.0.1:44066
I20260710 11:04:34.362061  3068 tablet_copy_service.cc:434] P 9059403f67794da48c6f93d0eac1adc4: ending tablet copy session 34a140493d4c4decb9910eb7e569db88-ccf7c4bbcb4148d6a075adc868e16dc9 on tablet ccf7c4bbcb4148d6a075adc868e16dc9 with peer 34a140493d4c4decb9910eb7e569db88
I20260710 11:04:34.511334  3708 ts_tablet_manager.cc:933] T e54e53440a8443d1a02f9ea38edb693d P 34a140493d4c4decb9910eb7e569db88: Initiating tablet copy from peer 08620f79d13745069c265ed2833abeb9 (127.1.207.195:42665)
I20260710 11:04:34.513093  3708 tablet_copy_client.cc:323] T e54e53440a8443d1a02f9ea38edb693d P 34a140493d4c4decb9910eb7e569db88: tablet copy: Beginning tablet copy session from remote peer at address 127.1.207.195:42665
I20260710 11:04:34.515204  3141 tablet_copy_service.cc:140] P 08620f79d13745069c265ed2833abeb9: Received BeginTabletCopySession request for tablet e54e53440a8443d1a02f9ea38edb693d from peer 34a140493d4c4decb9910eb7e569db88 ({username='slave'} at 127.0.0.1:37772)
I20260710 11:04:34.515761  3141 tablet_copy_service.cc:161] P 08620f79d13745069c265ed2833abeb9: Beginning new tablet copy session on tablet e54e53440a8443d1a02f9ea38edb693d from peer 34a140493d4c4decb9910eb7e569db88 at {username='slave'} at 127.0.0.1:37772: session id = 34a140493d4c4decb9910eb7e569db88-e54e53440a8443d1a02f9ea38edb693d
I20260710 11:04:34.522397  3141 tablet_copy_source_session.cc:215] T e54e53440a8443d1a02f9ea38edb693d P 08620f79d13745069c265ed2833abeb9: Tablet Copy: opened 0 blocks and 1 log segments
I20260710 11:04:34.525882  3708 data_dirs.cc:400] Could only allocate 1 dirs of requested 3 for tablet e54e53440a8443d1a02f9ea38edb693d. 1 dirs total, 0 dirs full, 0 dirs failed
I20260710 11:04:34.544075  3708 tablet_copy_client.cc:806] T e54e53440a8443d1a02f9ea38edb693d P 34a140493d4c4decb9910eb7e569db88: tablet copy: Starting download of 0 data blocks...
I20260710 11:04:34.544675  3708 tablet_copy_client.cc:670] T e54e53440a8443d1a02f9ea38edb693d P 34a140493d4c4decb9910eb7e569db88: tablet copy: Starting download of 1 WAL segments...
I20260710 11:04:34.548810  3708 tablet_copy_client.cc:538] T e54e53440a8443d1a02f9ea38edb693d P 34a140493d4c4decb9910eb7e569db88: tablet copy: Tablet Copy complete. Replacing tablet superblock.
I20260710 11:04:34.556988  3708 tablet_bootstrap.cc:492] T e54e53440a8443d1a02f9ea38edb693d P 34a140493d4c4decb9910eb7e569db88: Bootstrap starting.
I20260710 11:04:34.578558  3708 tablet_bootstrap.cc:492] T e54e53440a8443d1a02f9ea38edb693d P 34a140493d4c4decb9910eb7e569db88: Bootstrap replayed 1/1 log segments. Stats: ops{read=2 overwritten=0 applied=2 ignored=0} inserts{seen=0 ignored=0} mutations{seen=0 ignored=0} orphaned_commits=0. Pending: 0 replicates
I20260710 11:04:34.579646  3708 tablet_bootstrap.cc:492] T e54e53440a8443d1a02f9ea38edb693d P 34a140493d4c4decb9910eb7e569db88: Bootstrap complete.
I20260710 11:04:34.580471  3708 ts_tablet_manager.cc:1403] T e54e53440a8443d1a02f9ea38edb693d P 34a140493d4c4decb9910eb7e569db88: Time spent bootstrapping tablet: real 0.024s	user 0.019s	sys 0.005s
I20260710 11:04:34.583904  3708 raft_consensus.cc:359] T e54e53440a8443d1a02f9ea38edb693d P 34a140493d4c4decb9910eb7e569db88 [term 1 LEARNER]: Replica starting. Triggering 0 pending ops. Active config: opid_index: 2 OBSOLETE_local: false peers { permanent_uuid: "99a99a6fb34d4dc6a3bb9804357cd831" member_type: VOTER last_known_addr { host: "127.1.207.193" port: 43345 } } peers { permanent_uuid: "9059403f67794da48c6f93d0eac1adc4" member_type: VOTER last_known_addr { host: "127.1.207.194" port: 44227 } attrs { replace: true } } peers { permanent_uuid: "08620f79d13745069c265ed2833abeb9" member_type: VOTER last_known_addr { host: "127.1.207.195" port: 42665 } } peers { permanent_uuid: "34a140493d4c4decb9910eb7e569db88" member_type: NON_VOTER last_known_addr { host: "127.1.207.196" port: 40695 } attrs { promote: true } }
I20260710 11:04:34.584865  3708 raft_consensus.cc:740] T e54e53440a8443d1a02f9ea38edb693d P 34a140493d4c4decb9910eb7e569db88 [term 1 LEARNER]: Becoming Follower/Learner. State: Replica: 34a140493d4c4decb9910eb7e569db88, State: Initialized, Role: LEARNER
I20260710 11:04:34.585628  3708 consensus_queue.cc:260] T e54e53440a8443d1a02f9ea38edb693d P 34a140493d4c4decb9910eb7e569db88 [NON_LEADER]: Queue going to NON_LEADER mode. State: All replicated index: 0, Majority replicated index: 0, Committed index: 2, Last appended: 1.2, Last appended by leader: 2, Current term: 0, Majority size: -1, State: 0, Mode: NON_LEADER, active raft config: opid_index: 2 OBSOLETE_local: false peers { permanent_uuid: "99a99a6fb34d4dc6a3bb9804357cd831" member_type: VOTER last_known_addr { host: "127.1.207.193" port: 43345 } } peers { permanent_uuid: "9059403f67794da48c6f93d0eac1adc4" member_type: VOTER last_known_addr { host: "127.1.207.194" port: 44227 } attrs { replace: true } } peers { permanent_uuid: "08620f79d13745069c265ed2833abeb9" member_type: VOTER last_known_addr { host: "127.1.207.195" port: 42665 } } peers { permanent_uuid: "34a140493d4c4decb9910eb7e569db88" member_type: NON_VOTER last_known_addr { host: "127.1.207.196" port: 40695 } attrs { promote: true } }
I20260710 11:04:34.588454  3708 ts_tablet_manager.cc:1434] T e54e53440a8443d1a02f9ea38edb693d P 34a140493d4c4decb9910eb7e569db88: Time spent starting tablet: real 0.008s	user 0.008s	sys 0.000s
I20260710 11:04:34.590365  3141 tablet_copy_service.cc:342] P 08620f79d13745069c265ed2833abeb9: Request end of tablet copy session 34a140493d4c4decb9910eb7e569db88-e54e53440a8443d1a02f9ea38edb693d received from {username='slave'} at 127.0.0.1:37772
I20260710 11:04:34.590809  3141 tablet_copy_service.cc:434] P 08620f79d13745069c265ed2833abeb9: ending tablet copy session 34a140493d4c4decb9910eb7e569db88-e54e53440a8443d1a02f9ea38edb693d on tablet e54e53440a8443d1a02f9ea38edb693d with peer 34a140493d4c4decb9910eb7e569db88
I20260710 11:04:34.800032  3402 raft_consensus.cc:1217] T ccf7c4bbcb4148d6a075adc868e16dc9 P 34a140493d4c4decb9910eb7e569db88 [term 1 LEARNER]: Deduplicated request from leader. Original: 1.1->[1.2-1.2]   Dedup: 1.2->[]
I20260710 11:04:35.015816  3404 raft_consensus.cc:1217] T e54e53440a8443d1a02f9ea38edb693d P 34a140493d4c4decb9910eb7e569db88 [term 1 LEARNER]: Deduplicated request from leader. Original: 1.1->[1.2-1.2]   Dedup: 1.2->[]
I20260710 11:04:35.266573  3697 raft_consensus.cc:1064] T ccf7c4bbcb4148d6a075adc868e16dc9 P 9059403f67794da48c6f93d0eac1adc4: attempting to promote NON_VOTER 34a140493d4c4decb9910eb7e569db88 to VOTER
I20260710 11:04:35.269879  3697 consensus_queue.cc:237] T ccf7c4bbcb4148d6a075adc868e16dc9 P 9059403f67794da48c6f93d0eac1adc4 [LEADER]: Queue going to LEADER mode. State: All replicated index: 0, Majority replicated index: 2, Committed index: 2, Last appended: 1.2, Last appended by leader: 0, Current term: 1, Majority size: 3, State: 0, Mode: LEADER, active raft config: opid_index: 3 OBSOLETE_local: false peers { permanent_uuid: "99a99a6fb34d4dc6a3bb9804357cd831" member_type: VOTER last_known_addr { host: "127.1.207.193" port: 43345 } } peers { permanent_uuid: "9059403f67794da48c6f93d0eac1adc4" member_type: VOTER last_known_addr { host: "127.1.207.194" port: 44227 } } peers { permanent_uuid: "08620f79d13745069c265ed2833abeb9" member_type: VOTER last_known_addr { host: "127.1.207.195" port: 42665 } attrs { replace: true } } peers { permanent_uuid: "34a140493d4c4decb9910eb7e569db88" member_type: VOTER last_known_addr { host: "127.1.207.196" port: 40695 } attrs { promote: false } }
I20260710 11:04:35.277261  3404 raft_consensus.cc:1275] T ccf7c4bbcb4148d6a075adc868e16dc9 P 34a140493d4c4decb9910eb7e569db88 [term 1 LEARNER]: Refusing update from remote peer 9059403f67794da48c6f93d0eac1adc4: Log matching property violated. Preceding OpId in replica: term: 1 index: 2. Preceding OpId from leader: term: 1 index: 3. (index mismatch)
I20260710 11:04:35.277798  3132 raft_consensus.cc:1275] T ccf7c4bbcb4148d6a075adc868e16dc9 P 08620f79d13745069c265ed2833abeb9 [term 1 FOLLOWER]: Refusing update from remote peer 9059403f67794da48c6f93d0eac1adc4: Log matching property violated. Preceding OpId in replica: term: 1 index: 2. Preceding OpId from leader: term: 1 index: 3. (index mismatch)
I20260710 11:04:35.277910  2982 raft_consensus.cc:1275] T ccf7c4bbcb4148d6a075adc868e16dc9 P 99a99a6fb34d4dc6a3bb9804357cd831 [term 1 FOLLOWER]: Refusing update from remote peer 9059403f67794da48c6f93d0eac1adc4: Log matching property violated. Preceding OpId in replica: term: 1 index: 2. Preceding OpId from leader: term: 1 index: 3. (index mismatch)
I20260710 11:04:35.279245  3697 consensus_queue.cc:1048] T ccf7c4bbcb4148d6a075adc868e16dc9 P 9059403f67794da48c6f93d0eac1adc4 [LEADER]: Connected to new peer: Peer: permanent_uuid: "34a140493d4c4decb9910eb7e569db88" member_type: VOTER last_known_addr { host: "127.1.207.196" port: 40695 } attrs { promote: false }, Status: LMP_MISMATCH, Last received: 0.0, Next index: 3, Last known committed idx: 2, Time since last communication: 0.001s
I20260710 11:04:35.280658  3715 consensus_queue.cc:1048] T ccf7c4bbcb4148d6a075adc868e16dc9 P 9059403f67794da48c6f93d0eac1adc4 [LEADER]: Connected to new peer: Peer: permanent_uuid: "08620f79d13745069c265ed2833abeb9" member_type: VOTER last_known_addr { host: "127.1.207.195" port: 42665 } attrs { replace: true }, Status: LMP_MISMATCH, Last received: 0.0, Next index: 3, Last known committed idx: 2, Time since last communication: 0.000s
I20260710 11:04:35.281527  3646 consensus_queue.cc:1048] T ccf7c4bbcb4148d6a075adc868e16dc9 P 9059403f67794da48c6f93d0eac1adc4 [LEADER]: Connected to new peer: Peer: permanent_uuid: "99a99a6fb34d4dc6a3bb9804357cd831" member_type: VOTER last_known_addr { host: "127.1.207.193" port: 43345 }, Status: LMP_MISMATCH, Last received: 0.0, Next index: 3, Last known committed idx: 2, Time since last communication: 0.000s
I20260710 11:04:35.303278  3646 raft_consensus.cc:2955] T ccf7c4bbcb4148d6a075adc868e16dc9 P 9059403f67794da48c6f93d0eac1adc4 [term 1 LEADER]: Committing config change with OpId 1.3: config changed from index 2 to 3, 34a140493d4c4decb9910eb7e569db88 (127.1.207.196) changed from NON_VOTER to VOTER. New config: { opid_index: 3 OBSOLETE_local: false peers { permanent_uuid: "99a99a6fb34d4dc6a3bb9804357cd831" member_type: VOTER last_known_addr { host: "127.1.207.193" port: 43345 } } peers { permanent_uuid: "9059403f67794da48c6f93d0eac1adc4" member_type: VOTER last_known_addr { host: "127.1.207.194" port: 44227 } } peers { permanent_uuid: "08620f79d13745069c265ed2833abeb9" member_type: VOTER last_known_addr { host: "127.1.207.195" port: 42665 } attrs { replace: true } } peers { permanent_uuid: "34a140493d4c4decb9910eb7e569db88" member_type: VOTER last_known_addr { host: "127.1.207.196" port: 40695 } attrs { promote: false } } }
I20260710 11:04:35.305073  2982 raft_consensus.cc:2955] T ccf7c4bbcb4148d6a075adc868e16dc9 P 99a99a6fb34d4dc6a3bb9804357cd831 [term 1 FOLLOWER]: Committing config change with OpId 1.3: config changed from index 2 to 3, 34a140493d4c4decb9910eb7e569db88 (127.1.207.196) changed from NON_VOTER to VOTER. New config: { opid_index: 3 OBSOLETE_local: false peers { permanent_uuid: "99a99a6fb34d4dc6a3bb9804357cd831" member_type: VOTER last_known_addr { host: "127.1.207.193" port: 43345 } } peers { permanent_uuid: "9059403f67794da48c6f93d0eac1adc4" member_type: VOTER last_known_addr { host: "127.1.207.194" port: 44227 } } peers { permanent_uuid: "08620f79d13745069c265ed2833abeb9" member_type: VOTER last_known_addr { host: "127.1.207.195" port: 42665 } attrs { replace: true } } peers { permanent_uuid: "34a140493d4c4decb9910eb7e569db88" member_type: VOTER last_known_addr { host: "127.1.207.196" port: 40695 } attrs { promote: false } } }
I20260710 11:04:35.314632  3402 raft_consensus.cc:2955] T ccf7c4bbcb4148d6a075adc868e16dc9 P 34a140493d4c4decb9910eb7e569db88 [term 1 FOLLOWER]: Committing config change with OpId 1.3: config changed from index 2 to 3, 34a140493d4c4decb9910eb7e569db88 (127.1.207.196) changed from NON_VOTER to VOTER. New config: { opid_index: 3 OBSOLETE_local: false peers { permanent_uuid: "99a99a6fb34d4dc6a3bb9804357cd831" member_type: VOTER last_known_addr { host: "127.1.207.193" port: 43345 } } peers { permanent_uuid: "9059403f67794da48c6f93d0eac1adc4" member_type: VOTER last_known_addr { host: "127.1.207.194" port: 44227 } } peers { permanent_uuid: "08620f79d13745069c265ed2833abeb9" member_type: VOTER last_known_addr { host: "127.1.207.195" port: 42665 } attrs { replace: true } } peers { permanent_uuid: "34a140493d4c4decb9910eb7e569db88" member_type: VOTER last_known_addr { host: "127.1.207.196" port: 40695 } attrs { promote: false } } }
I20260710 11:04:35.319995  2881 catalog_manager.cc:5697] T ccf7c4bbcb4148d6a075adc868e16dc9 P 99a99a6fb34d4dc6a3bb9804357cd831 reported cstate change: config changed from index 2 to 3, 34a140493d4c4decb9910eb7e569db88 (127.1.207.196) changed from NON_VOTER to VOTER. New cstate: current_term: 1 leader_uuid: "9059403f67794da48c6f93d0eac1adc4" committed_config { opid_index: 3 OBSOLETE_local: false peers { permanent_uuid: "99a99a6fb34d4dc6a3bb9804357cd831" member_type: VOTER last_known_addr { host: "127.1.207.193" port: 43345 } } peers { permanent_uuid: "9059403f67794da48c6f93d0eac1adc4" member_type: VOTER last_known_addr { host: "127.1.207.194" port: 44227 } } peers { permanent_uuid: "08620f79d13745069c265ed2833abeb9" member_type: VOTER last_known_addr { host: "127.1.207.195" port: 42665 } attrs { replace: true } } peers { permanent_uuid: "34a140493d4c4decb9910eb7e569db88" member_type: VOTER last_known_addr { host: "127.1.207.196" port: 40695 } attrs { promote: false } } }
I20260710 11:04:35.331081  3132 raft_consensus.cc:2955] T ccf7c4bbcb4148d6a075adc868e16dc9 P 08620f79d13745069c265ed2833abeb9 [term 1 FOLLOWER]: Committing config change with OpId 1.3: config changed from index 2 to 3, 34a140493d4c4decb9910eb7e569db88 (127.1.207.196) changed from NON_VOTER to VOTER. New config: { opid_index: 3 OBSOLETE_local: false peers { permanent_uuid: "99a99a6fb34d4dc6a3bb9804357cd831" member_type: VOTER last_known_addr { host: "127.1.207.193" port: 43345 } } peers { permanent_uuid: "9059403f67794da48c6f93d0eac1adc4" member_type: VOTER last_known_addr { host: "127.1.207.194" port: 44227 } } peers { permanent_uuid: "08620f79d13745069c265ed2833abeb9" member_type: VOTER last_known_addr { host: "127.1.207.195" port: 42665 } attrs { replace: true } } peers { permanent_uuid: "34a140493d4c4decb9910eb7e569db88" member_type: VOTER last_known_addr { host: "127.1.207.196" port: 40695 } attrs { promote: false } } }
I20260710 11:04:35.352854  3057 consensus_queue.cc:237] T ccf7c4bbcb4148d6a075adc868e16dc9 P 9059403f67794da48c6f93d0eac1adc4 [LEADER]: Queue going to LEADER mode. State: All replicated index: 0, Majority replicated index: 3, Committed index: 3, Last appended: 1.3, Last appended by leader: 0, Current term: 1, Majority size: 2, State: 0, Mode: LEADER, active raft config: opid_index: 4 OBSOLETE_local: false peers { permanent_uuid: "99a99a6fb34d4dc6a3bb9804357cd831" member_type: VOTER last_known_addr { host: "127.1.207.193" port: 43345 } } peers { permanent_uuid: "9059403f67794da48c6f93d0eac1adc4" member_type: VOTER last_known_addr { host: "127.1.207.194" port: 44227 } } peers { permanent_uuid: "34a140493d4c4decb9910eb7e569db88" member_type: VOTER last_known_addr { host: "127.1.207.196" port: 40695 } attrs { promote: false } }
I20260710 11:04:35.357980  3402 raft_consensus.cc:1275] T ccf7c4bbcb4148d6a075adc868e16dc9 P 34a140493d4c4decb9910eb7e569db88 [term 1 FOLLOWER]: Refusing update from remote peer 9059403f67794da48c6f93d0eac1adc4: Log matching property violated. Preceding OpId in replica: term: 1 index: 3. Preceding OpId from leader: term: 1 index: 4. (index mismatch)
I20260710 11:04:35.359400  2982 raft_consensus.cc:1275] T ccf7c4bbcb4148d6a075adc868e16dc9 P 99a99a6fb34d4dc6a3bb9804357cd831 [term 1 FOLLOWER]: Refusing update from remote peer 9059403f67794da48c6f93d0eac1adc4: Log matching property violated. Preceding OpId in replica: term: 1 index: 3. Preceding OpId from leader: term: 1 index: 4. (index mismatch)
I20260710 11:04:35.360286  3646 consensus_queue.cc:1048] T ccf7c4bbcb4148d6a075adc868e16dc9 P 9059403f67794da48c6f93d0eac1adc4 [LEADER]: Connected to new peer: Peer: permanent_uuid: "34a140493d4c4decb9910eb7e569db88" member_type: VOTER last_known_addr { host: "127.1.207.196" port: 40695 } attrs { promote: false }, Status: LMP_MISMATCH, Last received: 0.0, Next index: 4, Last known committed idx: 3, Time since last communication: 0.000s
I20260710 11:04:35.361153  3715 consensus_queue.cc:1048] T ccf7c4bbcb4148d6a075adc868e16dc9 P 9059403f67794da48c6f93d0eac1adc4 [LEADER]: Connected to new peer: Peer: permanent_uuid: "99a99a6fb34d4dc6a3bb9804357cd831" member_type: VOTER last_known_addr { host: "127.1.207.193" port: 43345 }, Status: LMP_MISMATCH, Last received: 0.0, Next index: 4, Last known committed idx: 3, Time since last communication: 0.000s
I20260710 11:04:35.368279  3715 raft_consensus.cc:2955] T ccf7c4bbcb4148d6a075adc868e16dc9 P 9059403f67794da48c6f93d0eac1adc4 [term 1 LEADER]: Committing config change with OpId 1.4: config changed from index 3 to 4, VOTER 08620f79d13745069c265ed2833abeb9 (127.1.207.195) evicted. New config: { opid_index: 4 OBSOLETE_local: false peers { permanent_uuid: "99a99a6fb34d4dc6a3bb9804357cd831" member_type: VOTER last_known_addr { host: "127.1.207.193" port: 43345 } } peers { permanent_uuid: "9059403f67794da48c6f93d0eac1adc4" member_type: VOTER last_known_addr { host: "127.1.207.194" port: 44227 } } peers { permanent_uuid: "34a140493d4c4decb9910eb7e569db88" member_type: VOTER last_known_addr { host: "127.1.207.196" port: 40695 } attrs { promote: false } } }
I20260710 11:04:35.371698  2982 raft_consensus.cc:2955] T ccf7c4bbcb4148d6a075adc868e16dc9 P 99a99a6fb34d4dc6a3bb9804357cd831 [term 1 FOLLOWER]: Committing config change with OpId 1.4: config changed from index 3 to 4, VOTER 08620f79d13745069c265ed2833abeb9 (127.1.207.195) evicted. New config: { opid_index: 4 OBSOLETE_local: false peers { permanent_uuid: "99a99a6fb34d4dc6a3bb9804357cd831" member_type: VOTER last_known_addr { host: "127.1.207.193" port: 43345 } } peers { permanent_uuid: "9059403f67794da48c6f93d0eac1adc4" member_type: VOTER last_known_addr { host: "127.1.207.194" port: 44227 } } peers { permanent_uuid: "34a140493d4c4decb9910eb7e569db88" member_type: VOTER last_known_addr { host: "127.1.207.196" port: 40695 } attrs { promote: false } } }
I20260710 11:04:35.373849  3402 raft_consensus.cc:2955] T ccf7c4bbcb4148d6a075adc868e16dc9 P 34a140493d4c4decb9910eb7e569db88 [term 1 FOLLOWER]: Committing config change with OpId 1.4: config changed from index 3 to 4, VOTER 08620f79d13745069c265ed2833abeb9 (127.1.207.195) evicted. New config: { opid_index: 4 OBSOLETE_local: false peers { permanent_uuid: "99a99a6fb34d4dc6a3bb9804357cd831" member_type: VOTER last_known_addr { host: "127.1.207.193" port: 43345 } } peers { permanent_uuid: "9059403f67794da48c6f93d0eac1adc4" member_type: VOTER last_known_addr { host: "127.1.207.194" port: 44227 } } peers { permanent_uuid: "34a140493d4c4decb9910eb7e569db88" member_type: VOTER last_known_addr { host: "127.1.207.196" port: 40695 } attrs { promote: false } } }
I20260710 11:04:35.380330  2866 catalog_manager.cc:5210] ChangeConfig:REMOVE_PEER RPC for tablet ccf7c4bbcb4148d6a075adc868e16dc9 with cas_config_opid_index 3: ChangeConfig:REMOVE_PEER succeeded (attempt 1)
I20260710 11:04:35.394930  2880 catalog_manager.cc:5697] T ccf7c4bbcb4148d6a075adc868e16dc9 P 34a140493d4c4decb9910eb7e569db88 reported cstate change: config changed from index 3 to 4, VOTER 08620f79d13745069c265ed2833abeb9 (127.1.207.195) evicted. New cstate: current_term: 1 leader_uuid: "9059403f67794da48c6f93d0eac1adc4" committed_config { opid_index: 4 OBSOLETE_local: false peers { permanent_uuid: "99a99a6fb34d4dc6a3bb9804357cd831" member_type: VOTER last_known_addr { host: "127.1.207.193" port: 43345 } } peers { permanent_uuid: "9059403f67794da48c6f93d0eac1adc4" member_type: VOTER last_known_addr { host: "127.1.207.194" port: 44227 } } peers { permanent_uuid: "34a140493d4c4decb9910eb7e569db88" member_type: VOTER last_known_addr { host: "127.1.207.196" port: 40695 } attrs { promote: false } } }
I20260710 11:04:35.413941  3118 tablet_service.cc:1558] Processing DeleteTablet for tablet ccf7c4bbcb4148d6a075adc868e16dc9 with delete_type TABLET_DATA_TOMBSTONED (TS 08620f79d13745069c265ed2833abeb9 not found in new config with opid_index 4) from {username='slave'} at 127.0.0.1:37738
I20260710 11:04:35.415922  3726 tablet_replica.cc:333] T ccf7c4bbcb4148d6a075adc868e16dc9 P 08620f79d13745069c265ed2833abeb9: stopping tablet replica
I20260710 11:04:35.417229  3726 raft_consensus.cc:2243] T ccf7c4bbcb4148d6a075adc868e16dc9 P 08620f79d13745069c265ed2833abeb9 [term 1 FOLLOWER]: Raft consensus shutting down.
I20260710 11:04:35.418016  3726 raft_consensus.cc:2272] T ccf7c4bbcb4148d6a075adc868e16dc9 P 08620f79d13745069c265ed2833abeb9 [term 1 FOLLOWER]: Raft consensus is shut down!
I20260710 11:04:35.422179  3726 ts_tablet_manager.cc:1916] T ccf7c4bbcb4148d6a075adc868e16dc9 P 08620f79d13745069c265ed2833abeb9: Deleting tablet data with delete state TABLET_DATA_TOMBSTONED
I20260710 11:04:35.438215  3726 ts_tablet_manager.cc:1929] T ccf7c4bbcb4148d6a075adc868e16dc9 P 08620f79d13745069c265ed2833abeb9: tablet deleted with delete type TABLET_DATA_TOMBSTONED: last-logged OpId 1.3
I20260710 11:04:35.438586  3726 log.cc:1199] T ccf7c4bbcb4148d6a075adc868e16dc9 P 08620f79d13745069c265ed2833abeb9: Deleting WAL directory at /tmp/dist-test-task9vxGtP/test-tmp/auto_leader_rebalancer-test.0.LeaderRebalancerTest.AddTserver.1783681432194782-1855-0/minicluster-data/ts-2-root/wals/ccf7c4bbcb4148d6a075adc868e16dc9
I20260710 11:04:35.440109  2866 catalog_manager.cc:5028] TS 08620f79d13745069c265ed2833abeb9 (127.1.207.195:42665): tablet ccf7c4bbcb4148d6a075adc868e16dc9 (table test-workload [id=21199990578541e1b03a226f21ed233b]) successfully deleted
I20260710 11:04:35.579413  3716 raft_consensus.cc:1064] T e54e53440a8443d1a02f9ea38edb693d P 08620f79d13745069c265ed2833abeb9: attempting to promote NON_VOTER 34a140493d4c4decb9910eb7e569db88 to VOTER
I20260710 11:04:35.582135  3716 consensus_queue.cc:237] T e54e53440a8443d1a02f9ea38edb693d P 08620f79d13745069c265ed2833abeb9 [LEADER]: Queue going to LEADER mode. State: All replicated index: 0, Majority replicated index: 2, Committed index: 2, Last appended: 1.2, Last appended by leader: 0, Current term: 1, Majority size: 3, State: 0, Mode: LEADER, active raft config: opid_index: 3 OBSOLETE_local: false peers { permanent_uuid: "99a99a6fb34d4dc6a3bb9804357cd831" member_type: VOTER last_known_addr { host: "127.1.207.193" port: 43345 } } peers { permanent_uuid: "9059403f67794da48c6f93d0eac1adc4" member_type: VOTER last_known_addr { host: "127.1.207.194" port: 44227 } attrs { replace: true } } peers { permanent_uuid: "08620f79d13745069c265ed2833abeb9" member_type: VOTER last_known_addr { host: "127.1.207.195" port: 42665 } } peers { permanent_uuid: "34a140493d4c4decb9910eb7e569db88" member_type: VOTER last_known_addr { host: "127.1.207.196" port: 40695 } attrs { promote: false } }
I20260710 11:04:35.589473  3404 raft_consensus.cc:1275] T e54e53440a8443d1a02f9ea38edb693d P 34a140493d4c4decb9910eb7e569db88 [term 1 LEARNER]: Refusing update from remote peer 08620f79d13745069c265ed2833abeb9: Log matching property violated. Preceding OpId in replica: term: 1 index: 2. Preceding OpId from leader: term: 1 index: 3. (index mismatch)
I20260710 11:04:35.591665  3057 raft_consensus.cc:1275] T e54e53440a8443d1a02f9ea38edb693d P 9059403f67794da48c6f93d0eac1adc4 [term 1 FOLLOWER]: Refusing update from remote peer 08620f79d13745069c265ed2833abeb9: Log matching property violated. Preceding OpId in replica: term: 1 index: 2. Preceding OpId from leader: term: 1 index: 3. (index mismatch)
I20260710 11:04:35.592424  3707 consensus_queue.cc:1048] T e54e53440a8443d1a02f9ea38edb693d P 08620f79d13745069c265ed2833abeb9 [LEADER]: Connected to new peer: Peer: permanent_uuid: "34a140493d4c4decb9910eb7e569db88" member_type: VOTER last_known_addr { host: "127.1.207.196" port: 40695 } attrs { promote: false }, Status: LMP_MISMATCH, Last received: 0.0, Next index: 3, Last known committed idx: 2, Time since last communication: 0.000s
I20260710 11:04:35.592867  2982 raft_consensus.cc:1275] T e54e53440a8443d1a02f9ea38edb693d P 99a99a6fb34d4dc6a3bb9804357cd831 [term 1 FOLLOWER]: Refusing update from remote peer 08620f79d13745069c265ed2833abeb9: Log matching property violated. Preceding OpId in replica: term: 1 index: 2. Preceding OpId from leader: term: 1 index: 3. (index mismatch)
I20260710 11:04:35.594403  3707 consensus_queue.cc:1048] T e54e53440a8443d1a02f9ea38edb693d P 08620f79d13745069c265ed2833abeb9 [LEADER]: Connected to new peer: Peer: permanent_uuid: "9059403f67794da48c6f93d0eac1adc4" member_type: VOTER last_known_addr { host: "127.1.207.194" port: 44227 } attrs { replace: true }, Status: LMP_MISMATCH, Last received: 0.0, Next index: 3, Last known committed idx: 2, Time since last communication: 0.001s
I20260710 11:04:35.596333  3729 consensus_queue.cc:1048] T e54e53440a8443d1a02f9ea38edb693d P 08620f79d13745069c265ed2833abeb9 [LEADER]: Connected to new peer: Peer: permanent_uuid: "99a99a6fb34d4dc6a3bb9804357cd831" member_type: VOTER last_known_addr { host: "127.1.207.193" port: 43345 }, Status: LMP_MISMATCH, Last received: 0.0, Next index: 3, Last known committed idx: 2, Time since last communication: 0.007s
I20260710 11:04:35.617117  3716 raft_consensus.cc:2955] T e54e53440a8443d1a02f9ea38edb693d P 08620f79d13745069c265ed2833abeb9 [term 1 LEADER]: Committing config change with OpId 1.3: config changed from index 2 to 3, 34a140493d4c4decb9910eb7e569db88 (127.1.207.196) changed from NON_VOTER to VOTER. New config: { opid_index: 3 OBSOLETE_local: false peers { permanent_uuid: "99a99a6fb34d4dc6a3bb9804357cd831" member_type: VOTER last_known_addr { host: "127.1.207.193" port: 43345 } } peers { permanent_uuid: "9059403f67794da48c6f93d0eac1adc4" member_type: VOTER last_known_addr { host: "127.1.207.194" port: 44227 } attrs { replace: true } } peers { permanent_uuid: "08620f79d13745069c265ed2833abeb9" member_type: VOTER last_known_addr { host: "127.1.207.195" port: 42665 } } peers { permanent_uuid: "34a140493d4c4decb9910eb7e569db88" member_type: VOTER last_known_addr { host: "127.1.207.196" port: 40695 } attrs { promote: false } } }
I20260710 11:04:35.618835  2982 raft_consensus.cc:2955] T e54e53440a8443d1a02f9ea38edb693d P 99a99a6fb34d4dc6a3bb9804357cd831 [term 1 FOLLOWER]: Committing config change with OpId 1.3: config changed from index 2 to 3, 34a140493d4c4decb9910eb7e569db88 (127.1.207.196) changed from NON_VOTER to VOTER. New config: { opid_index: 3 OBSOLETE_local: false peers { permanent_uuid: "99a99a6fb34d4dc6a3bb9804357cd831" member_type: VOTER last_known_addr { host: "127.1.207.193" port: 43345 } } peers { permanent_uuid: "9059403f67794da48c6f93d0eac1adc4" member_type: VOTER last_known_addr { host: "127.1.207.194" port: 44227 } attrs { replace: true } } peers { permanent_uuid: "08620f79d13745069c265ed2833abeb9" member_type: VOTER last_known_addr { host: "127.1.207.195" port: 42665 } } peers { permanent_uuid: "34a140493d4c4decb9910eb7e569db88" member_type: VOTER last_known_addr { host: "127.1.207.196" port: 40695 } attrs { promote: false } } }
