I20260710 11:03:58.605860 20453 consensus_queue.cc:237] T e30380ef99da409f8ec2c48711324ee9 P c4e577219b0e4abb94a633dd20080487 [LEADER]: Queue going to LEADER mode. State: All replicated index: 0, Majority replicated index: 2, Committed index: 2, Last appended: 2.2, Last appended by leader: 2, Current term: 3, Majority size: 2, State: 0, Mode: LEADER, active raft config: opid_index: -1 OBSOLETE_local: false peers { permanent_uuid: "c4e577219b0e4abb94a633dd20080487" member_type: VOTER last_known_addr { host: "127.19.130.129" port: 34375 } } peers { permanent_uuid: "5b10f74591dd423a8c1479ab277f2d58" member_type: VOTER last_known_addr { host: "127.19.130.130" port: 37421 } } peers { permanent_uuid: "80ae5e93f23c44adbabdd6cad077ee4b" member_type: VOTER last_known_addr { host: "127.19.130.131" port: 40945 } }
I20260710 11:03:58.612123 20010 catalog_manager.cc:5697] T e30380ef99da409f8ec2c48711324ee9 P c4e577219b0e4abb94a633dd20080487 reported cstate change: term changed from 2 to 3, leader changed from 5b10f74591dd423a8c1479ab277f2d58 (127.19.130.130) to c4e577219b0e4abb94a633dd20080487 (127.19.130.129). New cstate: current_term: 3 leader_uuid: "c4e577219b0e4abb94a633dd20080487" committed_config { opid_index: -1 OBSOLETE_local: false peers { permanent_uuid: "c4e577219b0e4abb94a633dd20080487" member_type: VOTER last_known_addr { host: "127.19.130.129" port: 34375 } health_report { overall_health: HEALTHY } } peers { permanent_uuid: "5b10f74591dd423a8c1479ab277f2d58" member_type: VOTER last_known_addr { host: "127.19.130.130" port: 37421 } health_report { overall_health: UNKNOWN } } peers { permanent_uuid: "80ae5e93f23c44adbabdd6cad077ee4b" member_type: VOTER last_known_addr { host: "127.19.130.131" port: 40945 } health_report { overall_health: UNKNOWN } } }
I20260710 11:03:58.723438 20452 raft_consensus.cc:993] T a0359e8929ff42eaaaf8a1a167500724 P 5b10f74591dd423a8c1479ab277f2d58: : Instructing follower c4e577219b0e4abb94a633dd20080487 to start an election
I20260710 11:03:58.723861 20430 raft_consensus.cc:1081] T a0359e8929ff42eaaaf8a1a167500724 P 5b10f74591dd423a8c1479ab277f2d58 [term 3 LEADER]: Signalling peer c4e577219b0e4abb94a633dd20080487 to start an election
I20260710 11:03:58.725200 20114 tablet_service.cc:2044] Received Run Leader Election RPC: tablet_id: "a0359e8929ff42eaaaf8a1a167500724"
dest_uuid: "c4e577219b0e4abb94a633dd20080487"
 from {username='slave'} at 127.0.0.1:53046
I20260710 11:03:58.725575 20114 raft_consensus.cc:493] T a0359e8929ff42eaaaf8a1a167500724 P c4e577219b0e4abb94a633dd20080487 [term 3 FOLLOWER]: Starting forced leader election (received explicit request)
I20260710 11:03:58.725862 20114 raft_consensus.cc:3060] T a0359e8929ff42eaaaf8a1a167500724 P c4e577219b0e4abb94a633dd20080487 [term 3 FOLLOWER]: Advancing to term 4
I20260710 11:03:58.729503 20114 raft_consensus.cc:515] T a0359e8929ff42eaaaf8a1a167500724 P c4e577219b0e4abb94a633dd20080487 [term 4 FOLLOWER]: Starting forced leader election with config: opid_index: -1 OBSOLETE_local: false peers { permanent_uuid: "5b10f74591dd423a8c1479ab277f2d58" member_type: VOTER last_known_addr { host: "127.19.130.130" port: 37421 } } peers { permanent_uuid: "c4e577219b0e4abb94a633dd20080487" member_type: VOTER last_known_addr { host: "127.19.130.129" port: 34375 } } peers { permanent_uuid: "80ae5e93f23c44adbabdd6cad077ee4b" member_type: VOTER last_known_addr { host: "127.19.130.131" port: 40945 } }
I20260710 11:03:58.730932 20114 leader_election.cc:290] T a0359e8929ff42eaaaf8a1a167500724 P c4e577219b0e4abb94a633dd20080487 [CANDIDATE]: Term 4 election: Requested vote from peers 5b10f74591dd423a8c1479ab277f2d58 (127.19.130.130:37421), 80ae5e93f23c44adbabdd6cad077ee4b (127.19.130.131:40945)
I20260710 11:03:58.731546 20188 tablet_service.cc:1917] Received RequestConsensusVote() RPC: tablet_id: "a0359e8929ff42eaaaf8a1a167500724" candidate_uuid: "c4e577219b0e4abb94a633dd20080487" candidate_term: 4 candidate_status { last_received { term: 3 index: 3 } } ignore_live_leader: true dest_uuid: "5b10f74591dd423a8c1479ab277f2d58"
I20260710 11:03:58.731978 20261 tablet_service.cc:1917] Received RequestConsensusVote() RPC: tablet_id: "a0359e8929ff42eaaaf8a1a167500724" candidate_uuid: "c4e577219b0e4abb94a633dd20080487" candidate_term: 4 candidate_status { last_received { term: 3 index: 3 } } ignore_live_leader: true dest_uuid: "80ae5e93f23c44adbabdd6cad077ee4b"
I20260710 11:03:58.732060 20188 raft_consensus.cc:3055] T a0359e8929ff42eaaaf8a1a167500724 P 5b10f74591dd423a8c1479ab277f2d58 [term 3 LEADER]: Stepping down as leader of term 3
I20260710 11:03:58.732439 20188 raft_consensus.cc:740] T a0359e8929ff42eaaaf8a1a167500724 P 5b10f74591dd423a8c1479ab277f2d58 [term 3 LEADER]: Becoming Follower/Learner. State: Replica: 5b10f74591dd423a8c1479ab277f2d58, State: Running, Role: LEADER
I20260710 11:03:58.732452 20261 raft_consensus.cc:3060] T a0359e8929ff42eaaaf8a1a167500724 P 80ae5e93f23c44adbabdd6cad077ee4b [term 3 FOLLOWER]: Advancing to term 4
I20260710 11:03:58.733213 20188 consensus_queue.cc:260] T a0359e8929ff42eaaaf8a1a167500724 P 5b10f74591dd423a8c1479ab277f2d58 [NON_LEADER]: Queue going to NON_LEADER mode. State: All replicated index: 0, Majority replicated index: 3, Committed index: 3, Last appended: 3.3, Last appended by leader: 3, Current term: 3, Majority size: -1, State: 0, Mode: NON_LEADER, active raft config: opid_index: -1 OBSOLETE_local: false peers { permanent_uuid: "5b10f74591dd423a8c1479ab277f2d58" member_type: VOTER last_known_addr { host: "127.19.130.130" port: 37421 } } peers { permanent_uuid: "c4e577219b0e4abb94a633dd20080487" member_type: VOTER last_known_addr { host: "127.19.130.129" port: 34375 } } peers { permanent_uuid: "80ae5e93f23c44adbabdd6cad077ee4b" member_type: VOTER last_known_addr { host: "127.19.130.131" port: 40945 } }
I20260710 11:03:58.734258 20188 raft_consensus.cc:3060] T a0359e8929ff42eaaaf8a1a167500724 P 5b10f74591dd423a8c1479ab277f2d58 [term 3 FOLLOWER]: Advancing to term 4
I20260710 11:03:58.737052 20261 raft_consensus.cc:2468] T a0359e8929ff42eaaaf8a1a167500724 P 80ae5e93f23c44adbabdd6cad077ee4b [term 4 FOLLOWER]: Leader election vote request: Granting yes vote for candidate c4e577219b0e4abb94a633dd20080487 in term 4.
I20260710 11:03:58.737934 20077 leader_election.cc:304] T a0359e8929ff42eaaaf8a1a167500724 P c4e577219b0e4abb94a633dd20080487 [CANDIDATE]: Term 4 election: Election decided. Result: candidate won. Election summary: received 2 responses out of 3 voters: 2 yes votes; 0 no votes. yes voters: 80ae5e93f23c44adbabdd6cad077ee4b, c4e577219b0e4abb94a633dd20080487; no voters: 
I20260710 11:03:58.738520 20453 raft_consensus.cc:2804] T a0359e8929ff42eaaaf8a1a167500724 P c4e577219b0e4abb94a633dd20080487 [term 4 FOLLOWER]: Leader election won for term 4
I20260710 11:03:58.739004 20453 raft_consensus.cc:697] T a0359e8929ff42eaaaf8a1a167500724 P c4e577219b0e4abb94a633dd20080487 [term 4 LEADER]: Becoming Leader. State: Replica: c4e577219b0e4abb94a633dd20080487, State: Running, Role: LEADER
I20260710 11:03:58.739814 20453 consensus_queue.cc:237] T a0359e8929ff42eaaaf8a1a167500724 P c4e577219b0e4abb94a633dd20080487 [LEADER]: Queue going to LEADER mode. State: All replicated index: 0, Majority replicated index: 3, Committed index: 3, Last appended: 3.3, Last appended by leader: 3, Current term: 4, Majority size: 2, State: 0, Mode: LEADER, active raft config: opid_index: -1 OBSOLETE_local: false peers { permanent_uuid: "5b10f74591dd423a8c1479ab277f2d58" member_type: VOTER last_known_addr { host: "127.19.130.130" port: 37421 } } peers { permanent_uuid: "c4e577219b0e4abb94a633dd20080487" member_type: VOTER last_known_addr { host: "127.19.130.129" port: 34375 } } peers { permanent_uuid: "80ae5e93f23c44adbabdd6cad077ee4b" member_type: VOTER last_known_addr { host: "127.19.130.131" port: 40945 } }
I20260710 11:03:58.740453 20188 raft_consensus.cc:2468] T a0359e8929ff42eaaaf8a1a167500724 P 5b10f74591dd423a8c1479ab277f2d58 [term 4 FOLLOWER]: Leader election vote request: Granting yes vote for candidate c4e577219b0e4abb94a633dd20080487 in term 4.
I20260710 11:03:58.746472 20010 catalog_manager.cc:5697] T a0359e8929ff42eaaaf8a1a167500724 P c4e577219b0e4abb94a633dd20080487 reported cstate change: term changed from 3 to 4, leader changed from 5b10f74591dd423a8c1479ab277f2d58 (127.19.130.130) to c4e577219b0e4abb94a633dd20080487 (127.19.130.129). New cstate: current_term: 4 leader_uuid: "c4e577219b0e4abb94a633dd20080487" committed_config { opid_index: -1 OBSOLETE_local: false peers { permanent_uuid: "5b10f74591dd423a8c1479ab277f2d58" member_type: VOTER last_known_addr { host: "127.19.130.130" port: 37421 } health_report { overall_health: UNKNOWN } } peers { permanent_uuid: "c4e577219b0e4abb94a633dd20080487" member_type: VOTER last_known_addr { host: "127.19.130.129" port: 34375 } health_report { overall_health: HEALTHY } } peers { permanent_uuid: "80ae5e93f23c44adbabdd6cad077ee4b" member_type: VOTER last_known_addr { host: "127.19.130.131" port: 40945 } health_report { overall_health: UNKNOWN } } }
I20260710 11:03:58.923938 20114 raft_consensus.cc:1275] T d3558d065a4144c28ec149a7608214a6 P c4e577219b0e4abb94a633dd20080487 [term 5 FOLLOWER]: Refusing update from remote peer 80ae5e93f23c44adbabdd6cad077ee4b: Log matching property violated. Preceding OpId in replica: term: 4 index: 4. Preceding OpId from leader: term: 5 index: 5. (index mismatch)
I20260710 11:03:58.925081 20443 consensus_queue.cc:1048] T d3558d065a4144c28ec149a7608214a6 P 80ae5e93f23c44adbabdd6cad077ee4b [LEADER]: Connected to new peer: Peer: permanent_uuid: "c4e577219b0e4abb94a633dd20080487" member_type: VOTER last_known_addr { host: "127.19.130.129" port: 34375 }, Status: LMP_MISMATCH, Last received: 0.0, Next index: 5, Last known committed idx: 4, Time since last communication: 0.000s
I20260710 11:03:58.933609 20114 raft_consensus.cc:1275] T eebbe07b9c4c46cf98fc72db89c3317a P c4e577219b0e4abb94a633dd20080487 [term 4 FOLLOWER]: Refusing update from remote peer 80ae5e93f23c44adbabdd6cad077ee4b: Log matching property violated. Preceding OpId in replica: term: 3 index: 3. Preceding OpId from leader: term: 4 index: 4. (index mismatch)
I20260710 11:03:58.934792 20443 consensus_queue.cc:1048] T eebbe07b9c4c46cf98fc72db89c3317a P 80ae5e93f23c44adbabdd6cad077ee4b [LEADER]: Connected to new peer: Peer: permanent_uuid: "c4e577219b0e4abb94a633dd20080487" member_type: VOTER last_known_addr { host: "127.19.130.129" port: 34375 }, Status: LMP_MISMATCH, Last received: 0.0, Next index: 4, Last known committed idx: 3, Time since last communication: 0.000s
I20260710 11:03:58.937059 20188 raft_consensus.cc:1275] T d3558d065a4144c28ec149a7608214a6 P 5b10f74591dd423a8c1479ab277f2d58 [term 5 FOLLOWER]: Refusing update from remote peer 80ae5e93f23c44adbabdd6cad077ee4b: Log matching property violated. Preceding OpId in replica: term: 4 index: 4. Preceding OpId from leader: term: 5 index: 5. (index mismatch)
I20260710 11:03:58.939077 20459 consensus_queue.cc:1048] T d3558d065a4144c28ec149a7608214a6 P 80ae5e93f23c44adbabdd6cad077ee4b [LEADER]: Connected to new peer: Peer: permanent_uuid: "5b10f74591dd423a8c1479ab277f2d58" member_type: VOTER last_known_addr { host: "127.19.130.130" port: 37421 }, Status: LMP_MISMATCH, Last received: 0.0, Next index: 5, Last known committed idx: 4, Time since last communication: 0.001s
I20260710 11:03:58.949272 20189 raft_consensus.cc:1275] T eebbe07b9c4c46cf98fc72db89c3317a P 5b10f74591dd423a8c1479ab277f2d58 [term 4 FOLLOWER]: Refusing update from remote peer 80ae5e93f23c44adbabdd6cad077ee4b: Log matching property violated. Preceding OpId in replica: term: 3 index: 3. Preceding OpId from leader: term: 4 index: 4. (index mismatch)
I20260710 11:03:58.950727 20459 consensus_queue.cc:1048] T eebbe07b9c4c46cf98fc72db89c3317a P 80ae5e93f23c44adbabdd6cad077ee4b [LEADER]: Connected to new peer: Peer: permanent_uuid: "5b10f74591dd423a8c1479ab277f2d58" member_type: VOTER last_known_addr { host: "127.19.130.130" port: 37421 }, Status: LMP_MISMATCH, Last received: 0.0, Next index: 4, Last known committed idx: 3, Time since last communication: 0.000s
I20260710 11:03:58.969023 20189 raft_consensus.cc:1275] T 94ad9538b163410ba2115dcc0d701dde P 5b10f74591dd423a8c1479ab277f2d58 [term 3 FOLLOWER]: Refusing update from remote peer c4e577219b0e4abb94a633dd20080487: Log matching property violated. Preceding OpId in replica: term: 2 index: 2. Preceding OpId from leader: term: 3 index: 3. (index mismatch)
I20260710 11:03:58.970073 20453 consensus_queue.cc:1048] T 94ad9538b163410ba2115dcc0d701dde P c4e577219b0e4abb94a633dd20080487 [LEADER]: Connected to new peer: Peer: permanent_uuid: "5b10f74591dd423a8c1479ab277f2d58" member_type: VOTER last_known_addr { host: "127.19.130.130" port: 37421 }, Status: LMP_MISMATCH, Last received: 0.0, Next index: 3, Last known committed idx: 2, Time since last communication: 0.000s
I20260710 11:03:58.978331 20261 raft_consensus.cc:1275] T 94ad9538b163410ba2115dcc0d701dde P 80ae5e93f23c44adbabdd6cad077ee4b [term 3 FOLLOWER]: Refusing update from remote peer c4e577219b0e4abb94a633dd20080487: Log matching property violated. Preceding OpId in replica: term: 2 index: 2. Preceding OpId from leader: term: 3 index: 3. (index mismatch)
I20260710 11:03:58.980157 20453 consensus_queue.cc:1048] T 94ad9538b163410ba2115dcc0d701dde P c4e577219b0e4abb94a633dd20080487 [LEADER]: Connected to new peer: Peer: permanent_uuid: "80ae5e93f23c44adbabdd6cad077ee4b" member_type: VOTER last_known_addr { host: "127.19.130.131" port: 40945 }, Status: LMP_MISMATCH, Last received: 0.0, Next index: 3, Last known committed idx: 2, Time since last communication: 0.000s
I20260710 11:03:59.011600 20189 raft_consensus.cc:1275] T e30380ef99da409f8ec2c48711324ee9 P 5b10f74591dd423a8c1479ab277f2d58 [term 3 FOLLOWER]: Refusing update from remote peer c4e577219b0e4abb94a633dd20080487: Log matching property violated. Preceding OpId in replica: term: 2 index: 2. Preceding OpId from leader: term: 3 index: 3. (index mismatch)
I20260710 11:03:59.012825 20468 consensus_queue.cc:1048] T e30380ef99da409f8ec2c48711324ee9 P c4e577219b0e4abb94a633dd20080487 [LEADER]: Connected to new peer: Peer: permanent_uuid: "5b10f74591dd423a8c1479ab277f2d58" member_type: VOTER last_known_addr { host: "127.19.130.130" port: 37421 }, Status: LMP_MISMATCH, Last received: 0.0, Next index: 3, Last known committed idx: 2, Time since last communication: 0.000s
I20260710 11:03:59.021201 20261 raft_consensus.cc:1275] T e30380ef99da409f8ec2c48711324ee9 P 80ae5e93f23c44adbabdd6cad077ee4b [term 3 FOLLOWER]: Refusing update from remote peer c4e577219b0e4abb94a633dd20080487: Log matching property violated. Preceding OpId in replica: term: 2 index: 2. Preceding OpId from leader: term: 3 index: 3. (index mismatch)
I20260710 11:03:59.022881 20468 consensus_queue.cc:1048] T e30380ef99da409f8ec2c48711324ee9 P c4e577219b0e4abb94a633dd20080487 [LEADER]: Connected to new peer: Peer: permanent_uuid: "80ae5e93f23c44adbabdd6cad077ee4b" member_type: VOTER last_known_addr { host: "127.19.130.131" port: 40945 }, Status: LMP_MISMATCH, Last received: 0.0, Next index: 3, Last known committed idx: 2, Time since last communication: 0.000s
I20260710 11:03:59.147667 19978 auto_leader_rebalancer.cc:141] leader rebalance for table test-workload
I20260710 11:03:59.149564 20261 raft_consensus.cc:1275] T a0359e8929ff42eaaaf8a1a167500724 P 80ae5e93f23c44adbabdd6cad077ee4b [term 4 FOLLOWER]: Refusing update from remote peer c4e577219b0e4abb94a633dd20080487: Log matching property violated. Preceding OpId in replica: term: 3 index: 3. Preceding OpId from leader: term: 4 index: 4. (index mismatch)
I20260710 11:03:59.150758 20468 consensus_queue.cc:1048] T a0359e8929ff42eaaaf8a1a167500724 P c4e577219b0e4abb94a633dd20080487 [LEADER]: Connected to new peer: Peer: permanent_uuid: "80ae5e93f23c44adbabdd6cad077ee4b" member_type: VOTER last_known_addr { host: "127.19.130.131" port: 40945 }, Status: LMP_MISMATCH, Last received: 0.0, Next index: 4, Last known committed idx: 3, Time since last communication: 0.000s
I20260710 11:03:59.153694 19978 tablet_server.cc:179] TabletServer@127.19.130.129:0 shutting down...
I20260710 11:03:59.161376 20189 raft_consensus.cc:1275] T a0359e8929ff42eaaaf8a1a167500724 P 5b10f74591dd423a8c1479ab277f2d58 [term 4 FOLLOWER]: Refusing update from remote peer c4e577219b0e4abb94a633dd20080487: Log matching property violated. Preceding OpId in replica: term: 3 index: 3. Preceding OpId from leader: term: 4 index: 4. (index mismatch)
I20260710 11:03:59.163080 20467 consensus_queue.cc:1048] T a0359e8929ff42eaaaf8a1a167500724 P c4e577219b0e4abb94a633dd20080487 [LEADER]: Connected to new peer: Peer: permanent_uuid: "5b10f74591dd423a8c1479ab277f2d58" member_type: VOTER last_known_addr { host: "127.19.130.130" port: 37421 }, Status: LMP_MISMATCH, Last received: 0.0, Next index: 4, Last known committed idx: 3, Time since last communication: 0.000s
W20260710 11:03:59.177419 20155 proxy.cc:239] Call had error, refreshing address and retrying: Remote error: Service unavailable: service kudu.consensus.ConsensusService not registered on TabletServer
W20260710 11:03:59.191282 20155 consensus_peers.cc:597] T ddc64c19abd34af09cf0c7ca2191a791 P 5b10f74591dd423a8c1479ab277f2d58 -> Peer c4e577219b0e4abb94a633dd20080487 (127.19.130.129:34375): Couldn't send request to peer c4e577219b0e4abb94a633dd20080487. Status: Remote error: Service unavailable: service kudu.consensus.ConsensusService not registered on TabletServer. This is attempt 1: this message will repeat every 5th retry.
I20260710 11:03:59.197940 19978 ts_tablet_manager.cc:1507] Shutting down tablet manager...
I20260710 11:03:59.198632 19978 tablet_replica.cc:333] T e30380ef99da409f8ec2c48711324ee9 P c4e577219b0e4abb94a633dd20080487: stopping tablet replica
I20260710 11:03:59.199162 19978 raft_consensus.cc:2243] T e30380ef99da409f8ec2c48711324ee9 P c4e577219b0e4abb94a633dd20080487 [term 3 LEADER]: Raft consensus shutting down.
I20260710 11:03:59.199834 19978 raft_consensus.cc:2272] T e30380ef99da409f8ec2c48711324ee9 P c4e577219b0e4abb94a633dd20080487 [term 3 FOLLOWER]: Raft consensus is shut down!
I20260710 11:03:59.203001 19978 tablet_replica.cc:333] T d3558d065a4144c28ec149a7608214a6 P c4e577219b0e4abb94a633dd20080487: stopping tablet replica
I20260710 11:03:59.203450 19978 raft_consensus.cc:2243] T d3558d065a4144c28ec149a7608214a6 P c4e577219b0e4abb94a633dd20080487 [term 5 FOLLOWER]: Raft consensus shutting down.
I20260710 11:03:59.203794 19978 raft_consensus.cc:2272] T d3558d065a4144c28ec149a7608214a6 P c4e577219b0e4abb94a633dd20080487 [term 5 FOLLOWER]: Raft consensus is shut down!
I20260710 11:03:59.205494 19978 tablet_replica.cc:333] T 94ad9538b163410ba2115dcc0d701dde P c4e577219b0e4abb94a633dd20080487: stopping tablet replica
I20260710 11:03:59.206029 19978 raft_consensus.cc:2243] T 94ad9538b163410ba2115dcc0d701dde P c4e577219b0e4abb94a633dd20080487 [term 3 LEADER]: Raft consensus shutting down.
I20260710 11:03:59.206627 19978 raft_consensus.cc:2272] T 94ad9538b163410ba2115dcc0d701dde P c4e577219b0e4abb94a633dd20080487 [term 3 FOLLOWER]: Raft consensus is shut down!
I20260710 11:03:59.208338 19978 tablet_replica.cc:333] T 54b7b2fd6e70420fa1c4ae162d9a3146 P c4e577219b0e4abb94a633dd20080487: stopping tablet replica
I20260710 11:03:59.208752 19978 raft_consensus.cc:2243] T 54b7b2fd6e70420fa1c4ae162d9a3146 P c4e577219b0e4abb94a633dd20080487 [term 2 FOLLOWER]: Raft consensus shutting down.
I20260710 11:03:59.209097 19978 raft_consensus.cc:2272] T 54b7b2fd6e70420fa1c4ae162d9a3146 P c4e577219b0e4abb94a633dd20080487 [term 2 FOLLOWER]: Raft consensus is shut down!
I20260710 11:03:59.210518 19978 tablet_replica.cc:333] T eebbe07b9c4c46cf98fc72db89c3317a P c4e577219b0e4abb94a633dd20080487: stopping tablet replica
I20260710 11:03:59.210915 19978 raft_consensus.cc:2243] T eebbe07b9c4c46cf98fc72db89c3317a P c4e577219b0e4abb94a633dd20080487 [term 4 FOLLOWER]: Raft consensus shutting down.
I20260710 11:03:59.211256 19978 raft_consensus.cc:2272] T eebbe07b9c4c46cf98fc72db89c3317a P c4e577219b0e4abb94a633dd20080487 [term 4 FOLLOWER]: Raft consensus is shut down!
I20260710 11:03:59.213114 19978 tablet_replica.cc:333] T 2aa99c30380f4d1989fab8a55217ac94 P c4e577219b0e4abb94a633dd20080487: stopping tablet replica
I20260710 11:03:59.213526 19978 raft_consensus.cc:2243] T 2aa99c30380f4d1989fab8a55217ac94 P c4e577219b0e4abb94a633dd20080487 [term 2 FOLLOWER]: Raft consensus shutting down.
I20260710 11:03:59.213894 19978 raft_consensus.cc:2272] T 2aa99c30380f4d1989fab8a55217ac94 P c4e577219b0e4abb94a633dd20080487 [term 2 FOLLOWER]: Raft consensus is shut down!
I20260710 11:03:59.215324 19978 tablet_replica.cc:333] T a0359e8929ff42eaaaf8a1a167500724 P c4e577219b0e4abb94a633dd20080487: stopping tablet replica
I20260710 11:03:59.215703 19978 raft_consensus.cc:2243] T a0359e8929ff42eaaaf8a1a167500724 P c4e577219b0e4abb94a633dd20080487 [term 4 LEADER]: Raft consensus shutting down.
I20260710 11:03:59.216295 19978 raft_consensus.cc:2272] T a0359e8929ff42eaaaf8a1a167500724 P c4e577219b0e4abb94a633dd20080487 [term 4 FOLLOWER]: Raft consensus is shut down!
I20260710 11:03:59.217963 19978 tablet_replica.cc:333] T 32725239ae0e42e7be41570b258a7c75 P c4e577219b0e4abb94a633dd20080487: stopping tablet replica
I20260710 11:03:59.218354 19978 raft_consensus.cc:2243] T 32725239ae0e42e7be41570b258a7c75 P c4e577219b0e4abb94a633dd20080487 [term 3 FOLLOWER]: Raft consensus shutting down.
I20260710 11:03:59.218675 19978 raft_consensus.cc:2272] T 32725239ae0e42e7be41570b258a7c75 P c4e577219b0e4abb94a633dd20080487 [term 3 FOLLOWER]: Raft consensus is shut down!
I20260710 11:03:59.219993 19978 tablet_replica.cc:333] T ddc64c19abd34af09cf0c7ca2191a791 P c4e577219b0e4abb94a633dd20080487: stopping tablet replica
I20260710 11:03:59.220362 19978 raft_consensus.cc:2243] T ddc64c19abd34af09cf0c7ca2191a791 P c4e577219b0e4abb94a633dd20080487 [term 3 FOLLOWER]: Raft consensus shutting down.
I20260710 11:03:59.220678 19978 raft_consensus.cc:2272] T ddc64c19abd34af09cf0c7ca2191a791 P c4e577219b0e4abb94a633dd20080487 [term 3 FOLLOWER]: Raft consensus is shut down!
I20260710 11:03:59.310830 19978 tablet_server.cc:196] TabletServer@127.19.130.129:0 shutdown complete.
I20260710 11:03:59.328802 19978 tablet_server.cc:179] TabletServer@127.19.130.130:0 shutting down...
W20260710 11:03:59.337862 20229 consensus_peers.cc:597] T 54b7b2fd6e70420fa1c4ae162d9a3146 P 80ae5e93f23c44adbabdd6cad077ee4b -> Peer 5b10f74591dd423a8c1479ab277f2d58 (127.19.130.130:37421): Couldn't send request to peer 5b10f74591dd423a8c1479ab277f2d58. Status: Remote error: Service unavailable: service kudu.consensus.ConsensusService not registered on TabletServer. This is attempt 1: this message will repeat every 5th retry.
I20260710 11:03:59.350030 19978 ts_tablet_manager.cc:1507] Shutting down tablet manager...
I20260710 11:03:59.350651 19978 tablet_replica.cc:333] T ddc64c19abd34af09cf0c7ca2191a791 P 5b10f74591dd423a8c1479ab277f2d58: stopping tablet replica
I20260710 11:03:59.351203 19978 raft_consensus.cc:2243] T ddc64c19abd34af09cf0c7ca2191a791 P 5b10f74591dd423a8c1479ab277f2d58 [term 3 LEADER]: Raft consensus shutting down.
I20260710 11:03:59.351930 19978 raft_consensus.cc:2272] T ddc64c19abd34af09cf0c7ca2191a791 P 5b10f74591dd423a8c1479ab277f2d58 [term 3 FOLLOWER]: Raft consensus is shut down!
I20260710 11:03:59.353569 19978 tablet_replica.cc:333] T 94ad9538b163410ba2115dcc0d701dde P 5b10f74591dd423a8c1479ab277f2d58: stopping tablet replica
I20260710 11:03:59.354095 19978 raft_consensus.cc:2243] T 94ad9538b163410ba2115dcc0d701dde P 5b10f74591dd423a8c1479ab277f2d58 [term 3 FOLLOWER]: Raft consensus shutting down.
I20260710 11:03:59.354475 19978 raft_consensus.cc:2272] T 94ad9538b163410ba2115dcc0d701dde P 5b10f74591dd423a8c1479ab277f2d58 [term 3 FOLLOWER]: Raft consensus is shut down!
I20260710 11:03:59.356819 19978 tablet_replica.cc:333] T 54b7b2fd6e70420fa1c4ae162d9a3146 P 5b10f74591dd423a8c1479ab277f2d58: stopping tablet replica
I20260710 11:03:59.357292 19978 raft_consensus.cc:2243] T 54b7b2fd6e70420fa1c4ae162d9a3146 P 5b10f74591dd423a8c1479ab277f2d58 [term 2 FOLLOWER]: Raft consensus shutting down.
I20260710 11:03:59.357672 19978 raft_consensus.cc:2272] T 54b7b2fd6e70420fa1c4ae162d9a3146 P 5b10f74591dd423a8c1479ab277f2d58 [term 2 FOLLOWER]: Raft consensus is shut down!
I20260710 11:03:59.359167 19978 tablet_replica.cc:333] T 2aa99c30380f4d1989fab8a55217ac94 P 5b10f74591dd423a8c1479ab277f2d58: stopping tablet replica
I20260710 11:03:59.359622 19978 raft_consensus.cc:2243] T 2aa99c30380f4d1989fab8a55217ac94 P 5b10f74591dd423a8c1479ab277f2d58 [term 2 LEADER]: Raft consensus shutting down.
I20260710 11:03:59.360280 19978 raft_consensus.cc:2272] T 2aa99c30380f4d1989fab8a55217ac94 P 5b10f74591dd423a8c1479ab277f2d58 [term 2 FOLLOWER]: Raft consensus is shut down!
I20260710 11:03:59.361887 19978 tablet_replica.cc:333] T a0359e8929ff42eaaaf8a1a167500724 P 5b10f74591dd423a8c1479ab277f2d58: stopping tablet replica
I20260710 11:03:59.362347 19978 raft_consensus.cc:2243] T a0359e8929ff42eaaaf8a1a167500724 P 5b10f74591dd423a8c1479ab277f2d58 [term 4 FOLLOWER]: Raft consensus shutting down.
I20260710 11:03:59.362756 19978 raft_consensus.cc:2272] T a0359e8929ff42eaaaf8a1a167500724 P 5b10f74591dd423a8c1479ab277f2d58 [term 4 FOLLOWER]: Raft consensus is shut down!
I20260710 11:03:59.365278 19978 tablet_replica.cc:333] T eebbe07b9c4c46cf98fc72db89c3317a P 5b10f74591dd423a8c1479ab277f2d58: stopping tablet replica
I20260710 11:03:59.365739 19978 raft_consensus.cc:2243] T eebbe07b9c4c46cf98fc72db89c3317a P 5b10f74591dd423a8c1479ab277f2d58 [term 4 FOLLOWER]: Raft consensus shutting down.
I20260710 11:03:59.366163 19978 raft_consensus.cc:2272] T eebbe07b9c4c46cf98fc72db89c3317a P 5b10f74591dd423a8c1479ab277f2d58 [term 4 FOLLOWER]: Raft consensus is shut down!
I20260710 11:03:59.368065 19978 tablet_replica.cc:333] T e30380ef99da409f8ec2c48711324ee9 P 5b10f74591dd423a8c1479ab277f2d58: stopping tablet replica
I20260710 11:03:59.368518 19978 raft_consensus.cc:2243] T e30380ef99da409f8ec2c48711324ee9 P 5b10f74591dd423a8c1479ab277f2d58 [term 3 FOLLOWER]: Raft consensus shutting down.
I20260710 11:03:59.368884 19978 raft_consensus.cc:2272] T e30380ef99da409f8ec2c48711324ee9 P 5b10f74591dd423a8c1479ab277f2d58 [term 3 FOLLOWER]: Raft consensus is shut down!
I20260710 11:03:59.370522 19978 tablet_replica.cc:333] T d3558d065a4144c28ec149a7608214a6 P 5b10f74591dd423a8c1479ab277f2d58: stopping tablet replica
I20260710 11:03:59.370951 19978 raft_consensus.cc:2243] T d3558d065a4144c28ec149a7608214a6 P 5b10f74591dd423a8c1479ab277f2d58 [term 5 FOLLOWER]: Raft consensus shutting down.
I20260710 11:03:59.371311 19978 raft_consensus.cc:2272] T d3558d065a4144c28ec149a7608214a6 P 5b10f74591dd423a8c1479ab277f2d58 [term 5 FOLLOWER]: Raft consensus is shut down!
I20260710 11:03:59.373011 19978 tablet_replica.cc:333] T 32725239ae0e42e7be41570b258a7c75 P 5b10f74591dd423a8c1479ab277f2d58: stopping tablet replica
I20260710 11:03:59.373428 19978 raft_consensus.cc:2243] T 32725239ae0e42e7be41570b258a7c75 P 5b10f74591dd423a8c1479ab277f2d58 [term 3 LEADER]: Raft consensus shutting down.
I20260710 11:03:59.374127 19978 raft_consensus.cc:2272] T 32725239ae0e42e7be41570b258a7c75 P 5b10f74591dd423a8c1479ab277f2d58 [term 3 FOLLOWER]: Raft consensus is shut down!
W20260710 11:03:59.396476 20229 consensus_peers.cc:597] T d3558d065a4144c28ec149a7608214a6 P 80ae5e93f23c44adbabdd6cad077ee4b -> Peer c4e577219b0e4abb94a633dd20080487 (127.19.130.129:34375): Couldn't send request to peer c4e577219b0e4abb94a633dd20080487. Status: Network error: Client connection negotiation failed: client connection to 127.19.130.129:34375: connect: Connection refused (error 111). This is attempt 1: this message will repeat every 5th retry.
I20260710 11:03:59.399711 19978 tablet_server.cc:196] TabletServer@127.19.130.130:0 shutdown complete.
I20260710 11:03:59.414647 19978 tablet_server.cc:179] TabletServer@127.19.130.131:0 shutting down...
W20260710 11:03:59.420403 20229 consensus_peers.cc:597] T 54b7b2fd6e70420fa1c4ae162d9a3146 P 80ae5e93f23c44adbabdd6cad077ee4b -> Peer c4e577219b0e4abb94a633dd20080487 (127.19.130.129:34375): Couldn't send request to peer c4e577219b0e4abb94a633dd20080487. Status: Network error: Client connection negotiation failed: client connection to 127.19.130.129:34375: connect: Connection refused (error 111). This is attempt 1: this message will repeat every 5th retry.
W20260710 11:03:59.430287 20229 consensus_peers.cc:597] T eebbe07b9c4c46cf98fc72db89c3317a P 80ae5e93f23c44adbabdd6cad077ee4b -> Peer 5b10f74591dd423a8c1479ab277f2d58 (127.19.130.130:37421): Couldn't send request to peer 5b10f74591dd423a8c1479ab277f2d58. Status: Network error: Client connection negotiation failed: client connection to 127.19.130.130:37421: connect: Connection refused (error 111). This is attempt 1: this message will repeat every 5th retry.
I20260710 11:03:59.443056 19978 ts_tablet_manager.cc:1507] Shutting down tablet manager...
I20260710 11:03:59.443704 19978 tablet_replica.cc:333] T 94ad9538b163410ba2115dcc0d701dde P 80ae5e93f23c44adbabdd6cad077ee4b: stopping tablet replica
I20260710 11:03:59.444311 19978 raft_consensus.cc:2243] T 94ad9538b163410ba2115dcc0d701dde P 80ae5e93f23c44adbabdd6cad077ee4b [term 3 FOLLOWER]: Raft consensus shutting down.
I20260710 11:03:59.444756 19978 raft_consensus.cc:2272] T 94ad9538b163410ba2115dcc0d701dde P 80ae5e93f23c44adbabdd6cad077ee4b [term 3 FOLLOWER]: Raft consensus is shut down!
I20260710 11:03:59.446738 19978 tablet_replica.cc:333] T 32725239ae0e42e7be41570b258a7c75 P 80ae5e93f23c44adbabdd6cad077ee4b: stopping tablet replica
I20260710 11:03:59.447219 19978 raft_consensus.cc:2243] T 32725239ae0e42e7be41570b258a7c75 P 80ae5e93f23c44adbabdd6cad077ee4b [term 3 FOLLOWER]: Raft consensus shutting down.
I20260710 11:03:59.447611 19978 raft_consensus.cc:2272] T 32725239ae0e42e7be41570b258a7c75 P 80ae5e93f23c44adbabdd6cad077ee4b [term 3 FOLLOWER]: Raft consensus is shut down!
I20260710 11:03:59.449180 19978 tablet_replica.cc:333] T a0359e8929ff42eaaaf8a1a167500724 P 80ae5e93f23c44adbabdd6cad077ee4b: stopping tablet replica
I20260710 11:03:59.449811 19978 raft_consensus.cc:2243] T a0359e8929ff42eaaaf8a1a167500724 P 80ae5e93f23c44adbabdd6cad077ee4b [term 4 FOLLOWER]: Raft consensus shutting down.
I20260710 11:03:59.450197 19978 raft_consensus.cc:2272] T a0359e8929ff42eaaaf8a1a167500724 P 80ae5e93f23c44adbabdd6cad077ee4b [term 4 FOLLOWER]: Raft consensus is shut down!
I20260710 11:03:59.452180 19978 tablet_replica.cc:333] T eebbe07b9c4c46cf98fc72db89c3317a P 80ae5e93f23c44adbabdd6cad077ee4b: stopping tablet replica
I20260710 11:03:59.452663 19978 raft_consensus.cc:2243] T eebbe07b9c4c46cf98fc72db89c3317a P 80ae5e93f23c44adbabdd6cad077ee4b [term 4 LEADER]: Raft consensus shutting down.
I20260710 11:03:59.453323 19978 raft_consensus.cc:2272] T eebbe07b9c4c46cf98fc72db89c3317a P 80ae5e93f23c44adbabdd6cad077ee4b [term 4 FOLLOWER]: Raft consensus is shut down!
I20260710 11:03:59.455019 19978 tablet_replica.cc:333] T 54b7b2fd6e70420fa1c4ae162d9a3146 P 80ae5e93f23c44adbabdd6cad077ee4b: stopping tablet replica
I20260710 11:03:59.455471 19978 raft_consensus.cc:2243] T 54b7b2fd6e70420fa1c4ae162d9a3146 P 80ae5e93f23c44adbabdd6cad077ee4b [term 2 LEADER]: Raft consensus shutting down.
I20260710 11:03:59.456101 19978 raft_consensus.cc:2272] T 54b7b2fd6e70420fa1c4ae162d9a3146 P 80ae5e93f23c44adbabdd6cad077ee4b [term 2 FOLLOWER]: Raft consensus is shut down!
I20260710 11:03:59.457535 19978 tablet_replica.cc:333] T 2aa99c30380f4d1989fab8a55217ac94 P 80ae5e93f23c44adbabdd6cad077ee4b: stopping tablet replica
I20260710 11:03:59.458024 19978 raft_consensus.cc:2243] T 2aa99c30380f4d1989fab8a55217ac94 P 80ae5e93f23c44adbabdd6cad077ee4b [term 2 FOLLOWER]: Raft consensus shutting down.
I20260710 11:03:59.458405 19978 raft_consensus.cc:2272] T 2aa99c30380f4d1989fab8a55217ac94 P 80ae5e93f23c44adbabdd6cad077ee4b [term 2 FOLLOWER]: Raft consensus is shut down!
I20260710 11:03:59.459772 19978 tablet_replica.cc:333] T d3558d065a4144c28ec149a7608214a6 P 80ae5e93f23c44adbabdd6cad077ee4b: stopping tablet replica
I20260710 11:03:59.460197 19978 raft_consensus.cc:2243] T d3558d065a4144c28ec149a7608214a6 P 80ae5e93f23c44adbabdd6cad077ee4b [term 5 LEADER]: Raft consensus shutting down.
I20260710 11:03:59.460862 19978 raft_consensus.cc:2272] T d3558d065a4144c28ec149a7608214a6 P 80ae5e93f23c44adbabdd6cad077ee4b [term 5 FOLLOWER]: Raft consensus is shut down!
I20260710 11:03:59.462543 19978 tablet_replica.cc:333] T e30380ef99da409f8ec2c48711324ee9 P 80ae5e93f23c44adbabdd6cad077ee4b: stopping tablet replica
I20260710 11:03:59.462966 19978 raft_consensus.cc:2243] T e30380ef99da409f8ec2c48711324ee9 P 80ae5e93f23c44adbabdd6cad077ee4b [term 3 FOLLOWER]: Raft consensus shutting down.
I20260710 11:03:59.463393 19978 raft_consensus.cc:2272] T e30380ef99da409f8ec2c48711324ee9 P 80ae5e93f23c44adbabdd6cad077ee4b [term 3 FOLLOWER]: Raft consensus is shut down!
I20260710 11:03:59.465380 19978 tablet_replica.cc:333] T ddc64c19abd34af09cf0c7ca2191a791 P 80ae5e93f23c44adbabdd6cad077ee4b: stopping tablet replica
I20260710 11:03:59.465852 19978 raft_consensus.cc:2243] T ddc64c19abd34af09cf0c7ca2191a791 P 80ae5e93f23c44adbabdd6cad077ee4b [term 3 FOLLOWER]: Raft consensus shutting down.
I20260710 11:03:59.466261 19978 raft_consensus.cc:2272] T ddc64c19abd34af09cf0c7ca2191a791 P 80ae5e93f23c44adbabdd6cad077ee4b [term 3 FOLLOWER]: Raft consensus is shut down!
I20260710 11:03:59.491221 19978 tablet_server.cc:196] TabletServer@127.19.130.131:0 shutdown complete.
I20260710 11:03:59.506065 19978 master.cc:562] Master@127.19.130.190:39129 shutting down...
I20260710 11:03:59.639232 19978 raft_consensus.cc:2243] T 00000000000000000000000000000000 P ccaa9344bb754e07b4da9b3912925b3c [term 2 LEADER]: Raft consensus shutting down.
I20260710 11:03:59.639786 19978 raft_consensus.cc:2272] T 00000000000000000000000000000000 P ccaa9344bb754e07b4da9b3912925b3c [term 2 FOLLOWER]: Raft consensus is shut down!
I20260710 11:03:59.640121 19978 tablet_replica.cc:333] T 00000000000000000000000000000000 P ccaa9344bb754e07b4da9b3912925b3c: stopping tablet replica
I20260710 11:03:59.658923 19978 master.cc:584] Master@127.19.130.190:39129 shutdown complete.
5b10f74591dd423a8c1479ab277f2d58  4
80ae5e93f23c44adbabdd6cad077ee4b  1
c4e577219b0e4abb94a633dd20080487  4
[       OK ] LeaderRebalancerTest.FunctionalTestForDivided (12408 ms)
[ RUN      ] LeaderRebalancerTest.FunctionalTestForNotDivided
I20260710 11:03:59.701565 19978 internal_mini_cluster.cc:156] Creating distributed mini masters. Addrs: 127.19.130.190:41847
I20260710 11:03:59.702646 19978 file_cache.cc:504] Constructed file cache file cache with capacity 419430
W20260710 11:03:59.707852 20477 instance_detector.cc:116] could not retrieve AWS instance metadata: Network error: curl error: HTTP response code said error: The requested URL returned error: 404
W20260710 11:03:59.708207 20478 instance_detector.cc:116] could not retrieve Azure instance metadata: Network error: curl error: HTTP response code said error: The requested URL returned error: 404
W20260710 11:03:59.709056 20480 instance_detector.cc:116] could not retrieve OpenStack instance metadata: Network error: curl error: HTTP response code said error: The requested URL returned error: 404
I20260710 11:03:59.709475 19978 server_base.cc:1061] running on GCE node
I20260710 11:03:59.710335 19978 hybrid_clock.cc:584] initializing the hybrid clock with 'system_unsync' time source
W20260710 11:03:59.710527 19978 system_unsync_time.cc:38] NTP support is disabled. Clock error bounds will not be accurate. This configuration is not suitable for distributed clusters.
I20260710 11:03:59.710703 19978 hybrid_clock.cc:648] HybridClock initialized: now 1783681439710670 us; error 0 us; skew 500 ppm
I20260710 11:03:59.711210 19978 server_base.cc:861] Flag tcmalloc_max_total_thread_cache_bytes is not working since tcmalloc is not enabled.
I20260710 11:03:59.713366 19978 webserver.cc:533] Webserver started at http://127.19.130.190:42645/ using document root <none> and password file <none>
I20260710 11:03:59.713944 19978 fs_manager.cc:362] Metadata directory not provided
I20260710 11:03:59.714166 19978 fs_manager.cc:368] Using write-ahead log directory (fs_wal_dir) as metadata directory
I20260710 11:03:59.714469 19978 server_base.cc:909] This appears to be a new deployment of Kudu; creating new FS layout
I20260710 11:03:59.715504 19978 fs_manager.cc:1068] Generated new instance metadata in path /tmp/dist-test-task1ilc6A/test-tmp/auto_leader_rebalancer-test.0.LeaderRebalancerTest.FunctionalTestForNotDivided.1783681427134694-19978-0/minicluster-data/master-0-root/instance:
uuid: "218ae061ba6749e98a5f24657b3e4e10"
format_stamp: "Formatted at 2026-07-10 11:03:59 on dist-test-slave-xq0h"
I20260710 11:03:59.719607 19978 fs_manager.cc:696] Time spent creating directory manager: real 0.004s	user 0.005s	sys 0.000s
I20260710 11:03:59.722707 20485 log_block_manager.cc:4127] Time spent loading block containers with low live blocks: real 0.000s	user 0.000s	sys 0.000s
I20260710 11:03:59.723357 19978 fs_manager.cc:730] Time spent opening block manager: real 0.002s	user 0.003s	sys 0.000s
I20260710 11:03:59.723641 19978 fs_manager.cc:647] Opened local filesystem: /tmp/dist-test-task1ilc6A/test-tmp/auto_leader_rebalancer-test.0.LeaderRebalancerTest.FunctionalTestForNotDivided.1783681427134694-19978-0/minicluster-data/master-0-root
uuid: "218ae061ba6749e98a5f24657b3e4e10"
format_stamp: "Formatted at 2026-07-10 11:03:59 on dist-test-slave-xq0h"
I20260710 11:03:59.723948 19978 fs_report.cc:389] FS layout report
--------------------
wal directory: /tmp/dist-test-task1ilc6A/test-tmp/auto_leader_rebalancer-test.0.LeaderRebalancerTest.FunctionalTestForNotDivided.1783681427134694-19978-0/minicluster-data/master-0-root
metadata directory: /tmp/dist-test-task1ilc6A/test-tmp/auto_leader_rebalancer-test.0.LeaderRebalancerTest.FunctionalTestForNotDivided.1783681427134694-19978-0/minicluster-data/master-0-root
1 data directories: /tmp/dist-test-task1ilc6A/test-tmp/auto_leader_rebalancer-test.0.LeaderRebalancerTest.FunctionalTestForNotDivided.1783681427134694-19978-0/minicluster-data/master-0-root/data
Total live blocks: 0
Total live bytes: 0
Total live bytes (after alignment): 0
Total number of LBM containers: 0 (0 full)
Did not check for missing blocks
Did not check for orphaned blocks
Total full LBM containers with extra space: 0 (0 repaired)
Total full LBM container extra space in bytes: 0 (0 repaired)
Total incomplete LBM containers: 0 (0 repaired)
Total LBM partial records: 0 (0 repaired)
Total corrupted LBM metadata records in RocksDB: 0 (0 repaired)
I20260710 11:03:59.749662 19978 rpc_server.cc:225] running with OpenSSL 1.1.1  11 Sep 2018
I20260710 11:03:59.750804 19978 kserver.cc:163] Server-wide thread pool size limit: 3276
I20260710 11:03:59.786526 19978 rpc_server.cc:307] RPC server started. Bound to: 127.19.130.190:41847
I20260710 11:03:59.786612 20536 acceptor_pool.cc:272] collecting diagnostics on the listening RPC socket 127.19.130.190:41847 every 8 connection(s)
I20260710 11:03:59.790328 20537 data_dirs.cc:400] Could only allocate 1 dirs of requested 3 for tablet 00000000000000000000000000000000. 1 dirs total, 0 dirs full, 0 dirs failed
I20260710 11:03:59.798828 20537 tablet_bootstrap.cc:492] T 00000000000000000000000000000000 P 218ae061ba6749e98a5f24657b3e4e10: Bootstrap starting.
I20260710 11:03:59.803035 20537 tablet_bootstrap.cc:654] T 00000000000000000000000000000000 P 218ae061ba6749e98a5f24657b3e4e10: Neither blocks nor log segments found. Creating new log.
I20260710 11:03:59.806659 20537 tablet_bootstrap.cc:492] T 00000000000000000000000000000000 P 218ae061ba6749e98a5f24657b3e4e10: No bootstrap required, opened a new log
I20260710 11:03:59.808475 20537 raft_consensus.cc:359] T 00000000000000000000000000000000 P 218ae061ba6749e98a5f24657b3e4e10 [term 0 FOLLOWER]: Replica starting. Triggering 0 pending ops. Active config: opid_index: -1 OBSOLETE_local: true peers { permanent_uuid: "218ae061ba6749e98a5f24657b3e4e10" member_type: VOTER }
I20260710 11:03:59.808815 20537 raft_consensus.cc:385] T 00000000000000000000000000000000 P 218ae061ba6749e98a5f24657b3e4e10 [term 0 FOLLOWER]: Consensus starting up: Expiring failure detector timer to make a prompt election more likely
I20260710 11:03:59.808990 20537 raft_consensus.cc:740] T 00000000000000000000000000000000 P 218ae061ba6749e98a5f24657b3e4e10 [term 0 FOLLOWER]: Becoming Follower/Learner. State: Replica: 218ae061ba6749e98a5f24657b3e4e10, State: Initialized, Role: FOLLOWER
I20260710 11:03:59.809530 20537 consensus_queue.cc:260] T 00000000000000000000000000000000 P 218ae061ba6749e98a5f24657b3e4e10 [NON_LEADER]: Queue going to NON_LEADER mode. State: All replicated index: 0, Majority replicated index: 0, Committed index: 0, Last appended: 0.0, Last appended by leader: 0, Current term: 0, Majority size: -1, State: 0, Mode: NON_LEADER, active raft config: opid_index: -1 OBSOLETE_local: true peers { permanent_uuid: "218ae061ba6749e98a5f24657b3e4e10" member_type: VOTER }
I20260710 11:03:59.809942 20537 raft_consensus.cc:399] T 00000000000000000000000000000000 P 218ae061ba6749e98a5f24657b3e4e10 [term 0 FOLLOWER]: Only one voter in the Raft config. Triggering election immediately
I20260710 11:03:59.810128 20537 raft_consensus.cc:493] T 00000000000000000000000000000000 P 218ae061ba6749e98a5f24657b3e4e10 [term 0 FOLLOWER]: Starting leader election (initial election of a single-replica configuration)
I20260710 11:03:59.810325 20537 raft_consensus.cc:3060] T 00000000000000000000000000000000 P 218ae061ba6749e98a5f24657b3e4e10 [term 0 FOLLOWER]: Advancing to term 1
I20260710 11:03:59.813696 20537 raft_consensus.cc:515] T 00000000000000000000000000000000 P 218ae061ba6749e98a5f24657b3e4e10 [term 1 FOLLOWER]: Starting leader election with config: opid_index: -1 OBSOLETE_local: true peers { permanent_uuid: "218ae061ba6749e98a5f24657b3e4e10" member_type: VOTER }
I20260710 11:03:59.814189 20537 leader_election.cc:304] T 00000000000000000000000000000000 P 218ae061ba6749e98a5f24657b3e4e10 [CANDIDATE]: Term 1 election: Election decided. Result: candidate won. Election summary: received 1 responses out of 1 voters: 1 yes votes; 0 no votes. yes voters: 218ae061ba6749e98a5f24657b3e4e10; no voters: 
I20260710 11:03:59.815131 20537 leader_election.cc:290] T 00000000000000000000000000000000 P 218ae061ba6749e98a5f24657b3e4e10 [CANDIDATE]: Term 1 election: Requested vote from peers 
I20260710 11:03:59.815429 20540 raft_consensus.cc:2804] T 00000000000000000000000000000000 P 218ae061ba6749e98a5f24657b3e4e10 [term 1 FOLLOWER]: Leader election won for term 1
I20260710 11:03:59.816623 20540 raft_consensus.cc:697] T 00000000000000000000000000000000 P 218ae061ba6749e98a5f24657b3e4e10 [term 1 LEADER]: Becoming Leader. State: Replica: 218ae061ba6749e98a5f24657b3e4e10, State: Running, Role: LEADER
I20260710 11:03:59.817255 20540 consensus_queue.cc:237] T 00000000000000000000000000000000 P 218ae061ba6749e98a5f24657b3e4e10 [LEADER]: Queue going to LEADER mode. State: All replicated index: 0, Majority replicated index: 0, Committed index: 0, Last appended: 0.0, Last appended by leader: 0, Current term: 1, Majority size: 1, State: 0, Mode: LEADER, active raft config: opid_index: -1 OBSOLETE_local: true peers { permanent_uuid: "218ae061ba6749e98a5f24657b3e4e10" member_type: VOTER }
I20260710 11:03:59.817912 20537 sys_catalog.cc:565] T 00000000000000000000000000000000 P 218ae061ba6749e98a5f24657b3e4e10 [sys.catalog]: configured and running, proceeding with master startup.
I20260710 11:03:59.821557 20541 sys_catalog.cc:455] T 00000000000000000000000000000000 P 218ae061ba6749e98a5f24657b3e4e10 [sys.catalog]: SysCatalogTable state changed. Reason: RaftConsensus started. Latest consensus state: current_term: 1 leader_uuid: "218ae061ba6749e98a5f24657b3e4e10" committed_config { opid_index: -1 OBSOLETE_local: true peers { permanent_uuid: "218ae061ba6749e98a5f24657b3e4e10" member_type: VOTER } }
I20260710 11:03:59.821682 20542 sys_catalog.cc:455] T 00000000000000000000000000000000 P 218ae061ba6749e98a5f24657b3e4e10 [sys.catalog]: SysCatalogTable state changed. Reason: New leader 218ae061ba6749e98a5f24657b3e4e10. Latest consensus state: current_term: 1 leader_uuid: "218ae061ba6749e98a5f24657b3e4e10" committed_config { opid_index: -1 OBSOLETE_local: true peers { permanent_uuid: "218ae061ba6749e98a5f24657b3e4e10" member_type: VOTER } }
I20260710 11:03:59.822438 20542 sys_catalog.cc:458] T 00000000000000000000000000000000 P 218ae061ba6749e98a5f24657b3e4e10 [sys.catalog]: This master's current role is: LEADER
I20260710 11:03:59.823107 20541 sys_catalog.cc:458] T 00000000000000000000000000000000 P 218ae061ba6749e98a5f24657b3e4e10 [sys.catalog]: This master's current role is: LEADER
I20260710 11:03:59.826752 20547 catalog_manager.cc:1511] Loading table and tablet metadata into memory...
I20260710 11:03:59.834236 20547 catalog_manager.cc:1520] Initializing Kudu cluster ID...
I20260710 11:03:59.835114 19978 internal_mini_cluster.cc:184] Waiting to initialize catalog manager on master 0
I20260710 11:03:59.841862 20547 catalog_manager.cc:1383] Generated new cluster ID: 9a111f9a9553460fb54c624cb0642a85
I20260710 11:03:59.842121 20547 catalog_manager.cc:1531] Initializing Kudu internal certificate authority...
I20260710 11:03:59.868018 20547 catalog_manager.cc:1406] Generated new certificate authority record
I20260710 11:03:59.869108 20547 catalog_manager.cc:1540] Loading token signing keys...
I20260710 11:03:59.879148 20547 catalog_manager.cc:6070] T 00000000000000000000000000000000 P 218ae061ba6749e98a5f24657b3e4e10: Generated new TSK 0
I20260710 11:03:59.879613 20547 catalog_manager.cc:1550] Initializing in-progress tserver states...
I20260710 11:03:59.901011 19978 file_cache.cc:504] Constructed file cache file cache with capacity 419430
W20260710 11:03:59.906319 20558 instance_detector.cc:116] could not retrieve AWS instance metadata: Network error: curl error: HTTP response code said error: The requested URL returned error: 404
W20260710 11:03:59.907426 20559 instance_detector.cc:116] could not retrieve Azure instance metadata: Network error: curl error: HTTP response code said error: The requested URL returned error: 404
W20260710 11:03:59.908905 20561 instance_detector.cc:116] could not retrieve OpenStack instance metadata: Network error: curl error: HTTP response code said error: The requested URL returned error: 404
I20260710 11:03:59.909287 19978 server_base.cc:1061] running on GCE node
I20260710 11:03:59.910013 19978 hybrid_clock.cc:584] initializing the hybrid clock with 'system_unsync' time source
W20260710 11:03:59.910183 19978 system_unsync_time.cc:38] NTP support is disabled. Clock error bounds will not be accurate. This configuration is not suitable for distributed clusters.
I20260710 11:03:59.910310 19978 hybrid_clock.cc:648] HybridClock initialized: now 1783681439910297 us; error 0 us; skew 500 ppm
I20260710 11:03:59.910720 19978 server_base.cc:861] Flag tcmalloc_max_total_thread_cache_bytes is not working since tcmalloc is not enabled.
I20260710 11:03:59.912741 19978 webserver.cc:533] Webserver started at http://127.19.130.129:38799/ using document root <none> and password file <none>
I20260710 11:03:59.913149 19978 fs_manager.cc:362] Metadata directory not provided
I20260710 11:03:59.913308 19978 fs_manager.cc:368] Using write-ahead log directory (fs_wal_dir) as metadata directory
I20260710 11:03:59.913506 19978 server_base.cc:909] This appears to be a new deployment of Kudu; creating new FS layout
I20260710 11:03:59.914489 19978 fs_manager.cc:1068] Generated new instance metadata in path /tmp/dist-test-task1ilc6A/test-tmp/auto_leader_rebalancer-test.0.LeaderRebalancerTest.FunctionalTestForNotDivided.1783681427134694-19978-0/minicluster-data/ts-0-root/instance:
uuid: "3735f01ec30640259ea83f6ff7fd531b"
format_stamp: "Formatted at 2026-07-10 11:03:59 on dist-test-slave-xq0h"
I20260710 11:03:59.918473 19978 fs_manager.cc:696] Time spent creating directory manager: real 0.004s	user 0.004s	sys 0.000s
I20260710 11:03:59.921290 20566 log_block_manager.cc:4127] Time spent loading block containers with low live blocks: real 0.000s	user 0.000s	sys 0.000s
I20260710 11:03:59.922022 19978 fs_manager.cc:730] Time spent opening block manager: real 0.002s	user 0.002s	sys 0.000s
I20260710 11:03:59.922300 19978 fs_manager.cc:647] Opened local filesystem: /tmp/dist-test-task1ilc6A/test-tmp/auto_leader_rebalancer-test.0.LeaderRebalancerTest.FunctionalTestForNotDivided.1783681427134694-19978-0/minicluster-data/ts-0-root
uuid: "3735f01ec30640259ea83f6ff7fd531b"
format_stamp: "Formatted at 2026-07-10 11:03:59 on dist-test-slave-xq0h"
I20260710 11:03:59.922574 19978 fs_report.cc:389] FS layout report
--------------------
wal directory: /tmp/dist-test-task1ilc6A/test-tmp/auto_leader_rebalancer-test.0.LeaderRebalancerTest.FunctionalTestForNotDivided.1783681427134694-19978-0/minicluster-data/ts-0-root
metadata directory: /tmp/dist-test-task1ilc6A/test-tmp/auto_leader_rebalancer-test.0.LeaderRebalancerTest.FunctionalTestForNotDivided.1783681427134694-19978-0/minicluster-data/ts-0-root
1 data directories: /tmp/dist-test-task1ilc6A/test-tmp/auto_leader_rebalancer-test.0.LeaderRebalancerTest.FunctionalTestForNotDivided.1783681427134694-19978-0/minicluster-data/ts-0-root/data
Total live blocks: 0
Total live bytes: 0
Total live bytes (after alignment): 0
Total number of LBM containers: 0 (0 full)
Did not check for missing blocks
Did not check for orphaned blocks
Total full LBM containers with extra space: 0 (0 repaired)
Total full LBM container extra space in bytes: 0 (0 repaired)
Total incomplete LBM containers: 0 (0 repaired)
Total LBM partial records: 0 (0 repaired)
Total corrupted LBM metadata records in RocksDB: 0 (0 repaired)
