I20260710 11:04:14.107311 22740 leader_election.cc:290] T 926ba3befd31472ca778ddb5d0546215 P 6e25cda78dde4d9db37419636a320a6d [CANDIDATE]: Term 1 election: Requested vote from peers 4e386528e0ac49598ddf79b83626d01e (127.20.220.1:37707), c4ce80deb2164701b593a0d5cfaf024a (127.20.220.3:34111)
I20260710 11:04:14.110535 22741 consensus_queue.cc:237] T 926ba3befd31472ca778ddb5d0546215 P 6e25cda78dde4d9db37419636a320a6d [LEADER]: Queue going to LEADER mode. State: All replicated index: 0, Majority replicated index: 0, Committed index: 0, Last appended: 0.0, Last appended by leader: 0, Current term: 1, Majority size: 2, State: 0, Mode: LEADER, active raft config: opid_index: -1 OBSOLETE_local: false peers { permanent_uuid: "4e386528e0ac49598ddf79b83626d01e" member_type: VOTER last_known_addr { host: "127.20.220.1" port: 37707 } } peers { permanent_uuid: "6e25cda78dde4d9db37419636a320a6d" member_type: VOTER last_known_addr { host: "127.20.220.2" port: 41829 } } peers { permanent_uuid: "c4ce80deb2164701b593a0d5cfaf024a" member_type: VOTER last_known_addr { host: "127.20.220.3" port: 34111 } }
I20260710 11:04:14.113561 22366 catalog_manager.cc:5697] T bf33a9c4a0dd42c0999cd5a4fbf1ed4a P 6e25cda78dde4d9db37419636a320a6d reported cstate change: term changed from 0 to 1, leader changed from <none> to 6e25cda78dde4d9db37419636a320a6d (127.20.220.2). New cstate: current_term: 1 leader_uuid: "6e25cda78dde4d9db37419636a320a6d" committed_config { opid_index: -1 OBSOLETE_local: false peers { permanent_uuid: "4e386528e0ac49598ddf79b83626d01e" member_type: VOTER last_known_addr { host: "127.20.220.1" port: 37707 } health_report { overall_health: UNKNOWN } } peers { permanent_uuid: "6e25cda78dde4d9db37419636a320a6d" member_type: VOTER last_known_addr { host: "127.20.220.2" port: 41829 } health_report { overall_health: HEALTHY } } peers { permanent_uuid: "c4ce80deb2164701b593a0d5cfaf024a" member_type: VOTER last_known_addr { host: "127.20.220.3" port: 34111 } health_report { overall_health: UNKNOWN } } }
I20260710 11:04:14.117141 22660 tablet_bootstrap.cc:492] T 9c677b38fcac41958555205491c06830 P c4ce80deb2164701b593a0d5cfaf024a: No bootstrap required, opened a new log
I20260710 11:04:14.117606 22660 ts_tablet_manager.cc:1403] T 9c677b38fcac41958555205491c06830 P c4ce80deb2164701b593a0d5cfaf024a: Time spent bootstrapping tablet: real 0.138s	user 0.022s	sys 0.008s
I20260710 11:04:14.118290 22664 tablet_bootstrap.cc:492] T 51165d4dbd2e4b949c4a7be56618c0e5 P 4e386528e0ac49598ddf79b83626d01e: No bootstrap required, opened a new log
I20260710 11:04:14.118723 22664 ts_tablet_manager.cc:1403] T 51165d4dbd2e4b949c4a7be56618c0e5 P 4e386528e0ac49598ddf79b83626d01e: Time spent bootstrapping tablet: real 0.200s	user 0.016s	sys 0.001s
I20260710 11:04:14.120209 22660 raft_consensus.cc:359] T 9c677b38fcac41958555205491c06830 P c4ce80deb2164701b593a0d5cfaf024a [term 0 FOLLOWER]: Replica starting. Triggering 0 pending ops. Active config: opid_index: -1 OBSOLETE_local: false peers { permanent_uuid: "4e386528e0ac49598ddf79b83626d01e" member_type: VOTER last_known_addr { host: "127.20.220.1" port: 37707 } } peers { permanent_uuid: "6e25cda78dde4d9db37419636a320a6d" member_type: VOTER last_known_addr { host: "127.20.220.2" port: 41829 } } peers { permanent_uuid: "c4ce80deb2164701b593a0d5cfaf024a" member_type: VOTER last_known_addr { host: "127.20.220.3" port: 34111 } }
I20260710 11:04:14.120877 22660 raft_consensus.cc:385] T 9c677b38fcac41958555205491c06830 P c4ce80deb2164701b593a0d5cfaf024a [term 0 FOLLOWER]: Consensus starting up: Expiring failure detector timer to make a prompt election more likely
I20260710 11:04:14.121127 22660 raft_consensus.cc:740] T 9c677b38fcac41958555205491c06830 P c4ce80deb2164701b593a0d5cfaf024a [term 0 FOLLOWER]: Becoming Follower/Learner. State: Replica: c4ce80deb2164701b593a0d5cfaf024a, State: Initialized, Role: FOLLOWER
I20260710 11:04:14.121066 22664 raft_consensus.cc:359] T 51165d4dbd2e4b949c4a7be56618c0e5 P 4e386528e0ac49598ddf79b83626d01e [term 0 FOLLOWER]: Replica starting. Triggering 0 pending ops. Active config: opid_index: -1 OBSOLETE_local: false peers { permanent_uuid: "4e386528e0ac49598ddf79b83626d01e" member_type: VOTER last_known_addr { host: "127.20.220.1" port: 37707 } } peers { permanent_uuid: "6e25cda78dde4d9db37419636a320a6d" member_type: VOTER last_known_addr { host: "127.20.220.2" port: 41829 } } peers { permanent_uuid: "c4ce80deb2164701b593a0d5cfaf024a" member_type: VOTER last_known_addr { host: "127.20.220.3" port: 34111 } }
I20260710 11:04:14.121794 22664 raft_consensus.cc:385] T 51165d4dbd2e4b949c4a7be56618c0e5 P 4e386528e0ac49598ddf79b83626d01e [term 0 FOLLOWER]: Consensus starting up: Expiring failure detector timer to make a prompt election more likely
I20260710 11:04:14.122095 22664 raft_consensus.cc:740] T 51165d4dbd2e4b949c4a7be56618c0e5 P 4e386528e0ac49598ddf79b83626d01e [term 0 FOLLOWER]: Becoming Follower/Learner. State: Replica: 4e386528e0ac49598ddf79b83626d01e, State: Initialized, Role: FOLLOWER
I20260710 11:04:14.121927 22660 consensus_queue.cc:260] T 9c677b38fcac41958555205491c06830 P c4ce80deb2164701b593a0d5cfaf024a [NON_LEADER]: Queue going to NON_LEADER mode. State: All replicated index: 0, Majority replicated index: 0, Committed index: 0, Last appended: 0.0, Last appended by leader: 0, Current term: 0, Majority size: -1, State: 0, Mode: NON_LEADER, active raft config: opid_index: -1 OBSOLETE_local: false peers { permanent_uuid: "4e386528e0ac49598ddf79b83626d01e" member_type: VOTER last_known_addr { host: "127.20.220.1" port: 37707 } } peers { permanent_uuid: "6e25cda78dde4d9db37419636a320a6d" member_type: VOTER last_known_addr { host: "127.20.220.2" port: 41829 } } peers { permanent_uuid: "c4ce80deb2164701b593a0d5cfaf024a" member_type: VOTER last_known_addr { host: "127.20.220.3" port: 34111 } }
I20260710 11:04:14.122687 22664 consensus_queue.cc:260] T 51165d4dbd2e4b949c4a7be56618c0e5 P 4e386528e0ac49598ddf79b83626d01e [NON_LEADER]: Queue going to NON_LEADER mode. State: All replicated index: 0, Majority replicated index: 0, Committed index: 0, Last appended: 0.0, Last appended by leader: 0, Current term: 0, Majority size: -1, State: 0, Mode: NON_LEADER, active raft config: opid_index: -1 OBSOLETE_local: false peers { permanent_uuid: "4e386528e0ac49598ddf79b83626d01e" member_type: VOTER last_known_addr { host: "127.20.220.1" port: 37707 } } peers { permanent_uuid: "6e25cda78dde4d9db37419636a320a6d" member_type: VOTER last_known_addr { host: "127.20.220.2" port: 41829 } } peers { permanent_uuid: "c4ce80deb2164701b593a0d5cfaf024a" member_type: VOTER last_known_addr { host: "127.20.220.3" port: 34111 } }
I20260710 11:04:14.124732 22664 ts_tablet_manager.cc:1434] T 51165d4dbd2e4b949c4a7be56618c0e5 P 4e386528e0ac49598ddf79b83626d01e: Time spent starting tablet: real 0.006s	user 0.007s	sys 0.000s
I20260710 11:04:14.126315 22662 tablet_bootstrap.cc:492] T 5b4822851f844667a8bb0048212f76e8 P 6e25cda78dde4d9db37419636a320a6d: No bootstrap required, opened a new log
I20260710 11:04:14.126787 22662 ts_tablet_manager.cc:1403] T 5b4822851f844667a8bb0048212f76e8 P 6e25cda78dde4d9db37419636a320a6d: Time spent bootstrapping tablet: real 0.148s	user 0.008s	sys 0.012s
I20260710 11:04:14.129563 22741 raft_consensus.cc:493] T 3aa1c040a360474ab95d653b8db0257f P 6e25cda78dde4d9db37419636a320a6d [term 0 FOLLOWER]: Starting pre-election (no leader contacted us within the election timeout)
I20260710 11:04:14.129390 22662 raft_consensus.cc:359] T 5b4822851f844667a8bb0048212f76e8 P 6e25cda78dde4d9db37419636a320a6d [term 0 FOLLOWER]: Replica starting. Triggering 0 pending ops. Active config: opid_index: -1 OBSOLETE_local: false peers { permanent_uuid: "4e386528e0ac49598ddf79b83626d01e" member_type: VOTER last_known_addr { host: "127.20.220.1" port: 37707 } } peers { permanent_uuid: "6e25cda78dde4d9db37419636a320a6d" member_type: VOTER last_known_addr { host: "127.20.220.2" port: 41829 } } peers { permanent_uuid: "c4ce80deb2164701b593a0d5cfaf024a" member_type: VOTER last_known_addr { host: "127.20.220.3" port: 34111 } }
I20260710 11:04:14.130100 22662 raft_consensus.cc:385] T 5b4822851f844667a8bb0048212f76e8 P 6e25cda78dde4d9db37419636a320a6d [term 0 FOLLOWER]: Consensus starting up: Expiring failure detector timer to make a prompt election more likely
I20260710 11:04:14.130481 22662 raft_consensus.cc:740] T 5b4822851f844667a8bb0048212f76e8 P 6e25cda78dde4d9db37419636a320a6d [term 0 FOLLOWER]: Becoming Follower/Learner. State: Replica: 6e25cda78dde4d9db37419636a320a6d, State: Initialized, Role: FOLLOWER
I20260710 11:04:14.130131 22741 raft_consensus.cc:515] T 3aa1c040a360474ab95d653b8db0257f P 6e25cda78dde4d9db37419636a320a6d [term 0 FOLLOWER]: Starting pre-election with config: opid_index: -1 OBSOLETE_local: false peers { permanent_uuid: "4e386528e0ac49598ddf79b83626d01e" member_type: VOTER last_known_addr { host: "127.20.220.1" port: 37707 } } peers { permanent_uuid: "6e25cda78dde4d9db37419636a320a6d" member_type: VOTER last_known_addr { host: "127.20.220.2" port: 41829 } } peers { permanent_uuid: "c4ce80deb2164701b593a0d5cfaf024a" member_type: VOTER last_known_addr { host: "127.20.220.3" port: 34111 } }
I20260710 11:04:14.131125 22662 consensus_queue.cc:260] T 5b4822851f844667a8bb0048212f76e8 P 6e25cda78dde4d9db37419636a320a6d [NON_LEADER]: Queue going to NON_LEADER mode. State: All replicated index: 0, Majority replicated index: 0, Committed index: 0, Last appended: 0.0, Last appended by leader: 0, Current term: 0, Majority size: -1, State: 0, Mode: NON_LEADER, active raft config: opid_index: -1 OBSOLETE_local: false peers { permanent_uuid: "4e386528e0ac49598ddf79b83626d01e" member_type: VOTER last_known_addr { host: "127.20.220.1" port: 37707 } } peers { permanent_uuid: "6e25cda78dde4d9db37419636a320a6d" member_type: VOTER last_known_addr { host: "127.20.220.2" port: 41829 } } peers { permanent_uuid: "c4ce80deb2164701b593a0d5cfaf024a" member_type: VOTER last_known_addr { host: "127.20.220.3" port: 34111 } }
I20260710 11:04:14.132980 22741 leader_election.cc:290] T 3aa1c040a360474ab95d653b8db0257f P 6e25cda78dde4d9db37419636a320a6d [CANDIDATE]: Term 1 pre-election: Requested pre-vote from peers 4e386528e0ac49598ddf79b83626d01e (127.20.220.1:37707), c4ce80deb2164701b593a0d5cfaf024a (127.20.220.3:34111)
I20260710 11:04:14.133831 22470 raft_consensus.cc:3060] T 1d8a885d454b4ce2bf55d045170a3c0f P 4e386528e0ac49598ddf79b83626d01e [term 0 FOLLOWER]: Advancing to term 1
I20260710 11:04:14.136920 22469 tablet_service.cc:1917] Received RequestConsensusVote() RPC: tablet_id: "3aa1c040a360474ab95d653b8db0257f" candidate_uuid: "6e25cda78dde4d9db37419636a320a6d" candidate_term: 1 candidate_status { last_received { term: 0 index: 0 } } ignore_live_leader: false dest_uuid: "4e386528e0ac49598ddf79b83626d01e" is_pre_election: true
I20260710 11:04:14.137421 22660 ts_tablet_manager.cc:1434] T 9c677b38fcac41958555205491c06830 P c4ce80deb2164701b593a0d5cfaf024a: Time spent starting tablet: real 0.020s	user 0.006s	sys 0.000s
I20260710 11:04:14.138355 22716 raft_consensus.cc:493] T 3aa1c040a360474ab95d653b8db0257f P c4ce80deb2164701b593a0d5cfaf024a [term 0 FOLLOWER]: Starting pre-election (no leader contacted us within the election timeout)
W20260710 11:04:14.138478 22509 leader_election.cc:343] T 3aa1c040a360474ab95d653b8db0257f P 6e25cda78dde4d9db37419636a320a6d [CANDIDATE]: Term 1 pre-election: Tablet error from VoteRequest() call to peer 4e386528e0ac49598ddf79b83626d01e (127.20.220.1:37707): Illegal state: must be running to vote when last-logged opid is not known
I20260710 11:04:14.139117 22660 tablet_bootstrap.cc:492] T 5b4822851f844667a8bb0048212f76e8 P c4ce80deb2164701b593a0d5cfaf024a: Bootstrap starting.
I20260710 11:04:14.138832 22716 raft_consensus.cc:515] T 3aa1c040a360474ab95d653b8db0257f P c4ce80deb2164701b593a0d5cfaf024a [term 0 FOLLOWER]: Starting pre-election with config: opid_index: -1 OBSOLETE_local: false peers { permanent_uuid: "4e386528e0ac49598ddf79b83626d01e" member_type: VOTER last_known_addr { host: "127.20.220.1" port: 37707 } } peers { permanent_uuid: "6e25cda78dde4d9db37419636a320a6d" member_type: VOTER last_known_addr { host: "127.20.220.2" port: 41829 } } peers { permanent_uuid: "c4ce80deb2164701b593a0d5cfaf024a" member_type: VOTER last_known_addr { host: "127.20.220.3" port: 34111 } }
I20260710 11:04:14.138021 22618 tablet_service.cc:1917] Received RequestConsensusVote() RPC: tablet_id: "3aa1c040a360474ab95d653b8db0257f" candidate_uuid: "6e25cda78dde4d9db37419636a320a6d" candidate_term: 1 candidate_status { last_received { term: 0 index: 0 } } ignore_live_leader: false dest_uuid: "c4ce80deb2164701b593a0d5cfaf024a" is_pre_election: true
I20260710 11:04:14.140486 22662 ts_tablet_manager.cc:1434] T 5b4822851f844667a8bb0048212f76e8 P 6e25cda78dde4d9db37419636a320a6d: Time spent starting tablet: real 0.013s	user 0.006s	sys 0.001s
I20260710 11:04:14.141546 22469 tablet_service.cc:1917] Received RequestConsensusVote() RPC: tablet_id: "3aa1c040a360474ab95d653b8db0257f" candidate_uuid: "c4ce80deb2164701b593a0d5cfaf024a" candidate_term: 1 candidate_status { last_received { term: 0 index: 0 } } ignore_live_leader: false dest_uuid: "4e386528e0ac49598ddf79b83626d01e" is_pre_election: true
W20260710 11:04:14.142882 22583 leader_election.cc:343] T 3aa1c040a360474ab95d653b8db0257f P c4ce80deb2164701b593a0d5cfaf024a [CANDIDATE]: Term 1 pre-election: Tablet error from VoteRequest() call to peer 4e386528e0ac49598ddf79b83626d01e (127.20.220.1:37707): Illegal state: must be running to vote when last-logged opid is not known
I20260710 11:04:14.143954 22716 leader_election.cc:290] T 3aa1c040a360474ab95d653b8db0257f P c4ce80deb2164701b593a0d5cfaf024a [CANDIDATE]: Term 1 pre-election: Requested pre-vote from peers 4e386528e0ac49598ddf79b83626d01e (127.20.220.1:37707), 6e25cda78dde4d9db37419636a320a6d (127.20.220.2:41829)
I20260710 11:04:14.135429 22367 catalog_manager.cc:5697] T 926ba3befd31472ca778ddb5d0546215 P 6e25cda78dde4d9db37419636a320a6d reported cstate change: term changed from 0 to 1, leader changed from <none> to 6e25cda78dde4d9db37419636a320a6d (127.20.220.2). New cstate: current_term: 1 leader_uuid: "6e25cda78dde4d9db37419636a320a6d" committed_config { opid_index: -1 OBSOLETE_local: false peers { permanent_uuid: "4e386528e0ac49598ddf79b83626d01e" member_type: VOTER last_known_addr { host: "127.20.220.1" port: 37707 } health_report { overall_health: UNKNOWN } } peers { permanent_uuid: "6e25cda78dde4d9db37419636a320a6d" member_type: VOTER last_known_addr { host: "127.20.220.2" port: 41829 } health_report { overall_health: HEALTHY } } peers { permanent_uuid: "c4ce80deb2164701b593a0d5cfaf024a" member_type: VOTER last_known_addr { host: "127.20.220.3" port: 34111 } health_report { overall_health: UNKNOWN } } }
I20260710 11:04:14.144995 22542 tablet_service.cc:1917] Received RequestConsensusVote() RPC: tablet_id: "3aa1c040a360474ab95d653b8db0257f" candidate_uuid: "c4ce80deb2164701b593a0d5cfaf024a" candidate_term: 1 candidate_status { last_received { term: 0 index: 0 } } ignore_live_leader: false dest_uuid: "6e25cda78dde4d9db37419636a320a6d" is_pre_election: true
I20260710 11:04:14.141149 22664 tablet_bootstrap.cc:492] T 3aa1c040a360474ab95d653b8db0257f P 4e386528e0ac49598ddf79b83626d01e: Bootstrap starting.
I20260710 11:04:14.140444 22618 raft_consensus.cc:2468] T 3aa1c040a360474ab95d653b8db0257f P c4ce80deb2164701b593a0d5cfaf024a [term 0 FOLLOWER]: Leader pre-election vote request: Granting yes vote for candidate 6e25cda78dde4d9db37419636a320a6d in term 0.
I20260710 11:04:14.147698 22768 raft_consensus.cc:493] T 51165d4dbd2e4b949c4a7be56618c0e5 P 4e386528e0ac49598ddf79b83626d01e [term 0 FOLLOWER]: Starting pre-election (no leader contacted us within the election timeout)
I20260710 11:04:14.148151 22768 raft_consensus.cc:515] T 51165d4dbd2e4b949c4a7be56618c0e5 P 4e386528e0ac49598ddf79b83626d01e [term 0 FOLLOWER]: Starting pre-election with config: opid_index: -1 OBSOLETE_local: false peers { permanent_uuid: "4e386528e0ac49598ddf79b83626d01e" member_type: VOTER last_known_addr { host: "127.20.220.1" port: 37707 } } peers { permanent_uuid: "6e25cda78dde4d9db37419636a320a6d" member_type: VOTER last_known_addr { host: "127.20.220.2" port: 41829 } } peers { permanent_uuid: "c4ce80deb2164701b593a0d5cfaf024a" member_type: VOTER last_known_addr { host: "127.20.220.3" port: 34111 } }
I20260710 11:04:14.148448 22512 leader_election.cc:304] T 3aa1c040a360474ab95d653b8db0257f P 6e25cda78dde4d9db37419636a320a6d [CANDIDATE]: Term 1 pre-election: Election decided. Result: candidate won. Election summary: received 3 responses out of 3 voters: 2 yes votes; 1 no votes. yes voters: 6e25cda78dde4d9db37419636a320a6d, c4ce80deb2164701b593a0d5cfaf024a; no voters: 4e386528e0ac49598ddf79b83626d01e
I20260710 11:04:14.145615 22542 raft_consensus.cc:2468] T 3aa1c040a360474ab95d653b8db0257f P 6e25cda78dde4d9db37419636a320a6d [term 0 FOLLOWER]: Leader pre-election vote request: Granting yes vote for candidate c4ce80deb2164701b593a0d5cfaf024a in term 0.
I20260710 11:04:14.149940 22741 raft_consensus.cc:2804] T 3aa1c040a360474ab95d653b8db0257f P 6e25cda78dde4d9db37419636a320a6d [term 0 FOLLOWER]: Leader pre-election won for term 1
I20260710 11:04:14.150213 22768 leader_election.cc:290] T 51165d4dbd2e4b949c4a7be56618c0e5 P 4e386528e0ac49598ddf79b83626d01e [CANDIDATE]: Term 1 pre-election: Requested pre-vote from peers 6e25cda78dde4d9db37419636a320a6d (127.20.220.2:41829), c4ce80deb2164701b593a0d5cfaf024a (127.20.220.3:34111)
I20260710 11:04:14.150329 22741 raft_consensus.cc:493] T 3aa1c040a360474ab95d653b8db0257f P 6e25cda78dde4d9db37419636a320a6d [term 0 FOLLOWER]: Starting leader election (no leader contacted us within the election timeout)
I20260710 11:04:14.150715 22741 raft_consensus.cc:3060] T 3aa1c040a360474ab95d653b8db0257f P 6e25cda78dde4d9db37419636a320a6d [term 0 FOLLOWER]: Advancing to term 1
I20260710 11:04:14.152486 22620 tablet_service.cc:1917] Received RequestConsensusVote() RPC: tablet_id: "51165d4dbd2e4b949c4a7be56618c0e5" candidate_uuid: "4e386528e0ac49598ddf79b83626d01e" candidate_term: 1 candidate_status { last_received { term: 0 index: 0 } } ignore_live_leader: false dest_uuid: "c4ce80deb2164701b593a0d5cfaf024a" is_pre_election: true
I20260710 11:04:14.154650 22585 leader_election.cc:304] T 3aa1c040a360474ab95d653b8db0257f P c4ce80deb2164701b593a0d5cfaf024a [CANDIDATE]: Term 1 pre-election: Election decided. Result: candidate won. Election summary: received 3 responses out of 3 voters: 2 yes votes; 1 no votes. yes voters: 6e25cda78dde4d9db37419636a320a6d, c4ce80deb2164701b593a0d5cfaf024a; no voters: 4e386528e0ac49598ddf79b83626d01e
I20260710 11:04:14.155910 22542 tablet_service.cc:1917] Received RequestConsensusVote() RPC: tablet_id: "51165d4dbd2e4b949c4a7be56618c0e5" candidate_uuid: "4e386528e0ac49598ddf79b83626d01e" candidate_term: 1 candidate_status { last_received { term: 0 index: 0 } } ignore_live_leader: false dest_uuid: "6e25cda78dde4d9db37419636a320a6d" is_pre_election: true
I20260710 11:04:14.156925 22664 tablet_bootstrap.cc:654] T 3aa1c040a360474ab95d653b8db0257f P 4e386528e0ac49598ddf79b83626d01e: Neither blocks nor log segments found. Creating new log.
I20260710 11:04:14.157429 22436 leader_election.cc:304] T 51165d4dbd2e4b949c4a7be56618c0e5 P 4e386528e0ac49598ddf79b83626d01e [CANDIDATE]: Term 1 pre-election: Election decided. Result: candidate lost. Election summary: received 3 responses out of 3 voters: 1 yes votes; 2 no votes. yes voters: 4e386528e0ac49598ddf79b83626d01e; no voters: 6e25cda78dde4d9db37419636a320a6d, c4ce80deb2164701b593a0d5cfaf024a
I20260710 11:04:14.157346 22741 raft_consensus.cc:515] T 3aa1c040a360474ab95d653b8db0257f P 6e25cda78dde4d9db37419636a320a6d [term 1 FOLLOWER]: Starting leader election with config: opid_index: -1 OBSOLETE_local: false peers { permanent_uuid: "4e386528e0ac49598ddf79b83626d01e" member_type: VOTER last_known_addr { host: "127.20.220.1" port: 37707 } } peers { permanent_uuid: "6e25cda78dde4d9db37419636a320a6d" member_type: VOTER last_known_addr { host: "127.20.220.2" port: 41829 } } peers { permanent_uuid: "c4ce80deb2164701b593a0d5cfaf024a" member_type: VOTER last_known_addr { host: "127.20.220.3" port: 34111 } }
I20260710 11:04:14.158517 22768 raft_consensus.cc:2749] T 51165d4dbd2e4b949c4a7be56618c0e5 P 4e386528e0ac49598ddf79b83626d01e [term 0 FOLLOWER]: Leader pre-election lost for term 1. Reason: could not achieve majority
I20260710 11:04:14.160676 22716 raft_consensus.cc:2804] T 3aa1c040a360474ab95d653b8db0257f P c4ce80deb2164701b593a0d5cfaf024a [term 0 FOLLOWER]: Leader pre-election won for term 1
I20260710 11:04:14.161048 22716 raft_consensus.cc:493] T 3aa1c040a360474ab95d653b8db0257f P c4ce80deb2164701b593a0d5cfaf024a [term 0 FOLLOWER]: Starting leader election (no leader contacted us within the election timeout)
I20260710 11:04:14.161134 22620 tablet_service.cc:1917] Received RequestConsensusVote() RPC: tablet_id: "3aa1c040a360474ab95d653b8db0257f" candidate_uuid: "6e25cda78dde4d9db37419636a320a6d" candidate_term: 1 candidate_status { last_received { term: 0 index: 0 } } ignore_live_leader: false dest_uuid: "c4ce80deb2164701b593a0d5cfaf024a"
I20260710 11:04:14.161427 22716 raft_consensus.cc:3060] T 3aa1c040a360474ab95d653b8db0257f P c4ce80deb2164701b593a0d5cfaf024a [term 0 FOLLOWER]: Advancing to term 1
I20260710 11:04:14.162918 22470 tablet_service.cc:1917] Received RequestConsensusVote() RPC: tablet_id: "3aa1c040a360474ab95d653b8db0257f" candidate_uuid: "6e25cda78dde4d9db37419636a320a6d" candidate_term: 1 candidate_status { last_received { term: 0 index: 0 } } ignore_live_leader: false dest_uuid: "4e386528e0ac49598ddf79b83626d01e"
I20260710 11:04:14.164860 22741 leader_election.cc:290] T 3aa1c040a360474ab95d653b8db0257f P 6e25cda78dde4d9db37419636a320a6d [CANDIDATE]: Term 1 election: Requested vote from peers 4e386528e0ac49598ddf79b83626d01e (127.20.220.1:37707), c4ce80deb2164701b593a0d5cfaf024a (127.20.220.3:34111)
W20260710 11:04:14.165302 22509 leader_election.cc:343] T 3aa1c040a360474ab95d653b8db0257f P 6e25cda78dde4d9db37419636a320a6d [CANDIDATE]: Term 1 election: Tablet error from VoteRequest() call to peer 4e386528e0ac49598ddf79b83626d01e (127.20.220.1:37707): Illegal state: must be running to vote when last-logged opid is not known
I20260710 11:04:14.167600 22664 tablet_bootstrap.cc:492] T 3aa1c040a360474ab95d653b8db0257f P 4e386528e0ac49598ddf79b83626d01e: No bootstrap required, opened a new log
I20260710 11:04:14.168040 22664 ts_tablet_manager.cc:1403] T 3aa1c040a360474ab95d653b8db0257f P 4e386528e0ac49598ddf79b83626d01e: Time spent bootstrapping tablet: real 0.027s	user 0.007s	sys 0.009s
I20260710 11:04:14.170492 22664 raft_consensus.cc:359] T 3aa1c040a360474ab95d653b8db0257f P 4e386528e0ac49598ddf79b83626d01e [term 0 FOLLOWER]: Replica starting. Triggering 0 pending ops. Active config: opid_index: -1 OBSOLETE_local: false peers { permanent_uuid: "4e386528e0ac49598ddf79b83626d01e" member_type: VOTER last_known_addr { host: "127.20.220.1" port: 37707 } } peers { permanent_uuid: "6e25cda78dde4d9db37419636a320a6d" member_type: VOTER last_known_addr { host: "127.20.220.2" port: 41829 } } peers { permanent_uuid: "c4ce80deb2164701b593a0d5cfaf024a" member_type: VOTER last_known_addr { host: "127.20.220.3" port: 34111 } }
I20260710 11:04:14.171106 22664 raft_consensus.cc:385] T 3aa1c040a360474ab95d653b8db0257f P 4e386528e0ac49598ddf79b83626d01e [term 0 FOLLOWER]: Consensus starting up: Expiring failure detector timer to make a prompt election more likely
I20260710 11:04:14.171379 22664 raft_consensus.cc:740] T 3aa1c040a360474ab95d653b8db0257f P 4e386528e0ac49598ddf79b83626d01e [term 0 FOLLOWER]: Becoming Follower/Learner. State: Replica: 4e386528e0ac49598ddf79b83626d01e, State: Initialized, Role: FOLLOWER
I20260710 11:04:14.171970 22664 consensus_queue.cc:260] T 3aa1c040a360474ab95d653b8db0257f P 4e386528e0ac49598ddf79b83626d01e [NON_LEADER]: Queue going to NON_LEADER mode. State: All replicated index: 0, Majority replicated index: 0, Committed index: 0, Last appended: 0.0, Last appended by leader: 0, Current term: 0, Majority size: -1, State: 0, Mode: NON_LEADER, active raft config: opid_index: -1 OBSOLETE_local: false peers { permanent_uuid: "4e386528e0ac49598ddf79b83626d01e" member_type: VOTER last_known_addr { host: "127.20.220.1" port: 37707 } } peers { permanent_uuid: "6e25cda78dde4d9db37419636a320a6d" member_type: VOTER last_known_addr { host: "127.20.220.2" port: 41829 } } peers { permanent_uuid: "c4ce80deb2164701b593a0d5cfaf024a" member_type: VOTER last_known_addr { host: "127.20.220.3" port: 34111 } }
I20260710 11:04:14.173942 22664 ts_tablet_manager.cc:1434] T 3aa1c040a360474ab95d653b8db0257f P 4e386528e0ac49598ddf79b83626d01e: Time spent starting tablet: real 0.006s	user 0.004s	sys 0.000s
I20260710 11:04:14.174791 22664 tablet_bootstrap.cc:492] T bf33a9c4a0dd42c0999cd5a4fbf1ed4a P 4e386528e0ac49598ddf79b83626d01e: Bootstrap starting.
I20260710 11:04:14.177474 22716 raft_consensus.cc:515] T 3aa1c040a360474ab95d653b8db0257f P c4ce80deb2164701b593a0d5cfaf024a [term 1 FOLLOWER]: Starting leader election with config: opid_index: -1 OBSOLETE_local: false peers { permanent_uuid: "4e386528e0ac49598ddf79b83626d01e" member_type: VOTER last_known_addr { host: "127.20.220.1" port: 37707 } } peers { permanent_uuid: "6e25cda78dde4d9db37419636a320a6d" member_type: VOTER last_known_addr { host: "127.20.220.2" port: 41829 } } peers { permanent_uuid: "c4ce80deb2164701b593a0d5cfaf024a" member_type: VOTER last_known_addr { host: "127.20.220.3" port: 34111 } }
I20260710 11:04:14.178530 22620 raft_consensus.cc:2393] T 3aa1c040a360474ab95d653b8db0257f P c4ce80deb2164701b593a0d5cfaf024a [term 1 FOLLOWER]: Leader election vote request: Denying vote to candidate 6e25cda78dde4d9db37419636a320a6d in current term 1: Already voted for candidate c4ce80deb2164701b593a0d5cfaf024a in this term.
I20260710 11:04:14.181457 22512 leader_election.cc:304] T 3aa1c040a360474ab95d653b8db0257f P 6e25cda78dde4d9db37419636a320a6d [CANDIDATE]: Term 1 election: Election decided. Result: candidate lost. Election summary: received 3 responses out of 3 voters: 1 yes votes; 2 no votes. yes voters: 6e25cda78dde4d9db37419636a320a6d; no voters: 4e386528e0ac49598ddf79b83626d01e, c4ce80deb2164701b593a0d5cfaf024a
I20260710 11:04:14.182740 22741 raft_consensus.cc:2749] T 3aa1c040a360474ab95d653b8db0257f P 6e25cda78dde4d9db37419636a320a6d [term 1 FOLLOWER]: Leader election lost for term 1. Reason: could not achieve majority
I20260710 11:04:14.146908 22660 tablet_bootstrap.cc:654] T 5b4822851f844667a8bb0048212f76e8 P c4ce80deb2164701b593a0d5cfaf024a: Neither blocks nor log segments found. Creating new log.
I20260710 11:04:14.184448 22664 tablet_bootstrap.cc:654] T bf33a9c4a0dd42c0999cd5a4fbf1ed4a P 4e386528e0ac49598ddf79b83626d01e: Neither blocks nor log segments found. Creating new log.
I20260710 11:04:14.187553 22716 leader_election.cc:290] T 3aa1c040a360474ab95d653b8db0257f P c4ce80deb2164701b593a0d5cfaf024a [CANDIDATE]: Term 1 election: Requested vote from peers 4e386528e0ac49598ddf79b83626d01e (127.20.220.1:37707), 6e25cda78dde4d9db37419636a320a6d (127.20.220.2:41829)
I20260710 11:04:14.188050 22470 tablet_service.cc:1917] Received RequestConsensusVote() RPC: tablet_id: "3aa1c040a360474ab95d653b8db0257f" candidate_uuid: "c4ce80deb2164701b593a0d5cfaf024a" candidate_term: 1 candidate_status { last_received { term: 0 index: 0 } } ignore_live_leader: false dest_uuid: "4e386528e0ac49598ddf79b83626d01e"
I20260710 11:04:14.188634 22470 raft_consensus.cc:3060] T 3aa1c040a360474ab95d653b8db0257f P 4e386528e0ac49598ddf79b83626d01e [term 0 FOLLOWER]: Advancing to term 1
I20260710 11:04:14.195384 22470 raft_consensus.cc:2468] T 3aa1c040a360474ab95d653b8db0257f P 4e386528e0ac49598ddf79b83626d01e [term 1 FOLLOWER]: Leader election vote request: Granting yes vote for candidate c4ce80deb2164701b593a0d5cfaf024a in term 1.
I20260710 11:04:14.196484 22583 leader_election.cc:304] T 3aa1c040a360474ab95d653b8db0257f P c4ce80deb2164701b593a0d5cfaf024a [CANDIDATE]: Term 1 election: Election decided. Result: candidate won. Election summary: received 2 responses out of 3 voters: 2 yes votes; 0 no votes. yes voters: 4e386528e0ac49598ddf79b83626d01e, c4ce80deb2164701b593a0d5cfaf024a; no voters: 
I20260710 11:04:14.197367 22716 raft_consensus.cc:2804] T 3aa1c040a360474ab95d653b8db0257f P c4ce80deb2164701b593a0d5cfaf024a [term 1 FOLLOWER]: Leader election won for term 1
I20260710 11:04:14.198366 22542 tablet_service.cc:1917] Received RequestConsensusVote() RPC: tablet_id: "3aa1c040a360474ab95d653b8db0257f" candidate_uuid: "c4ce80deb2164701b593a0d5cfaf024a" candidate_term: 1 candidate_status { last_received { term: 0 index: 0 } } ignore_live_leader: false dest_uuid: "6e25cda78dde4d9db37419636a320a6d"
I20260710 11:04:14.198542 22716 raft_consensus.cc:697] T 3aa1c040a360474ab95d653b8db0257f P c4ce80deb2164701b593a0d5cfaf024a [term 1 LEADER]: Becoming Leader. State: Replica: c4ce80deb2164701b593a0d5cfaf024a, State: Running, Role: LEADER
I20260710 11:04:14.198961 22660 tablet_bootstrap.cc:492] T 5b4822851f844667a8bb0048212f76e8 P c4ce80deb2164701b593a0d5cfaf024a: No bootstrap required, opened a new log
I20260710 11:04:14.199077 22542 raft_consensus.cc:2393] T 3aa1c040a360474ab95d653b8db0257f P 6e25cda78dde4d9db37419636a320a6d [term 1 FOLLOWER]: Leader election vote request: Denying vote to candidate c4ce80deb2164701b593a0d5cfaf024a in current term 1: Already voted for candidate 6e25cda78dde4d9db37419636a320a6d in this term.
I20260710 11:04:14.199383 22660 ts_tablet_manager.cc:1403] T 5b4822851f844667a8bb0048212f76e8 P c4ce80deb2164701b593a0d5cfaf024a: Time spent bootstrapping tablet: real 0.060s	user 0.009s	sys 0.009s
I20260710 11:04:14.199412 22716 consensus_queue.cc:237] T 3aa1c040a360474ab95d653b8db0257f P c4ce80deb2164701b593a0d5cfaf024a [LEADER]: Queue going to LEADER mode. State: All replicated index: 0, Majority replicated index: 0, Committed index: 0, Last appended: 0.0, Last appended by leader: 0, Current term: 1, Majority size: 2, State: 0, Mode: LEADER, active raft config: opid_index: -1 OBSOLETE_local: false peers { permanent_uuid: "4e386528e0ac49598ddf79b83626d01e" member_type: VOTER last_known_addr { host: "127.20.220.1" port: 37707 } } peers { permanent_uuid: "6e25cda78dde4d9db37419636a320a6d" member_type: VOTER last_known_addr { host: "127.20.220.2" port: 41829 } } peers { permanent_uuid: "c4ce80deb2164701b593a0d5cfaf024a" member_type: VOTER last_known_addr { host: "127.20.220.3" port: 34111 } }
I20260710 11:04:14.201252 22768 raft_consensus.cc:493] T bbd80a9b9ac54ac5a58a354da0fba30d P 4e386528e0ac49598ddf79b83626d01e [term 0 FOLLOWER]: Starting pre-election (no leader contacted us within the election timeout)
I20260710 11:04:14.201678 22768 raft_consensus.cc:515] T bbd80a9b9ac54ac5a58a354da0fba30d P 4e386528e0ac49598ddf79b83626d01e [term 0 FOLLOWER]: Starting pre-election with config: opid_index: -1 OBSOLETE_local: false peers { permanent_uuid: "4e386528e0ac49598ddf79b83626d01e" member_type: VOTER last_known_addr { host: "127.20.220.1" port: 37707 } } peers { permanent_uuid: "6e25cda78dde4d9db37419636a320a6d" member_type: VOTER last_known_addr { host: "127.20.220.2" port: 41829 } } peers { permanent_uuid: "c4ce80deb2164701b593a0d5cfaf024a" member_type: VOTER last_known_addr { host: "127.20.220.3" port: 34111 } }
I20260710 11:04:14.202495 22664 tablet_bootstrap.cc:492] T bf33a9c4a0dd42c0999cd5a4fbf1ed4a P 4e386528e0ac49598ddf79b83626d01e: No bootstrap required, opened a new log
I20260710 11:04:14.203004 22664 ts_tablet_manager.cc:1403] T bf33a9c4a0dd42c0999cd5a4fbf1ed4a P 4e386528e0ac49598ddf79b83626d01e: Time spent bootstrapping tablet: real 0.028s	user 0.013s	sys 0.006s
I20260710 11:04:14.204993 22620 tablet_service.cc:1917] Received RequestConsensusVote() RPC: tablet_id: "bbd80a9b9ac54ac5a58a354da0fba30d" candidate_uuid: "4e386528e0ac49598ddf79b83626d01e" candidate_term: 1 candidate_status { last_received { term: 0 index: 0 } } ignore_live_leader: false dest_uuid: "c4ce80deb2164701b593a0d5cfaf024a" is_pre_election: true
I20260710 11:04:14.205181 22542 tablet_service.cc:1917] Received RequestConsensusVote() RPC: tablet_id: "bbd80a9b9ac54ac5a58a354da0fba30d" candidate_uuid: "4e386528e0ac49598ddf79b83626d01e" candidate_term: 1 candidate_status { last_received { term: 0 index: 0 } } ignore_live_leader: false dest_uuid: "6e25cda78dde4d9db37419636a320a6d" is_pre_election: true
I20260710 11:04:14.205422 22664 raft_consensus.cc:359] T bf33a9c4a0dd42c0999cd5a4fbf1ed4a P 4e386528e0ac49598ddf79b83626d01e [term 0 FOLLOWER]: Replica starting. Triggering 0 pending ops. Active config: opid_index: -1 OBSOLETE_local: false peers { permanent_uuid: "4e386528e0ac49598ddf79b83626d01e" member_type: VOTER last_known_addr { host: "127.20.220.1" port: 37707 } } peers { permanent_uuid: "6e25cda78dde4d9db37419636a320a6d" member_type: VOTER last_known_addr { host: "127.20.220.2" port: 41829 } } peers { permanent_uuid: "c4ce80deb2164701b593a0d5cfaf024a" member_type: VOTER last_known_addr { host: "127.20.220.3" port: 34111 } }
I20260710 11:04:14.205921 22542 raft_consensus.cc:2393] T bbd80a9b9ac54ac5a58a354da0fba30d P 6e25cda78dde4d9db37419636a320a6d [term 1 FOLLOWER]: Leader pre-election vote request: Denying vote to candidate 4e386528e0ac49598ddf79b83626d01e in current term 1: Already voted for candidate c4ce80deb2164701b593a0d5cfaf024a in this term.
I20260710 11:04:14.206061 22664 raft_consensus.cc:385] T bf33a9c4a0dd42c0999cd5a4fbf1ed4a P 4e386528e0ac49598ddf79b83626d01e [term 0 FOLLOWER]: Consensus starting up: Expiring failure detector timer to make a prompt election more likely
I20260710 11:04:14.206318 22664 raft_consensus.cc:740] T bf33a9c4a0dd42c0999cd5a4fbf1ed4a P 4e386528e0ac49598ddf79b83626d01e [term 0 FOLLOWER]: Becoming Follower/Learner. State: Replica: 4e386528e0ac49598ddf79b83626d01e, State: Initialized, Role: FOLLOWER
I20260710 11:04:14.207145 22436 leader_election.cc:304] T bbd80a9b9ac54ac5a58a354da0fba30d P 4e386528e0ac49598ddf79b83626d01e [CANDIDATE]: Term 1 pre-election: Election decided. Result: candidate lost. Election summary: received 3 responses out of 3 voters: 1 yes votes; 2 no votes. yes voters: 4e386528e0ac49598ddf79b83626d01e; no voters: 6e25cda78dde4d9db37419636a320a6d, c4ce80deb2164701b593a0d5cfaf024a
I20260710 11:04:14.207944 22755 raft_consensus.cc:3060] T bbd80a9b9ac54ac5a58a354da0fba30d P 4e386528e0ac49598ddf79b83626d01e [term 0 FOLLOWER]: Advancing to term 1
I20260710 11:04:14.208748 22660 raft_consensus.cc:359] T 5b4822851f844667a8bb0048212f76e8 P c4ce80deb2164701b593a0d5cfaf024a [term 0 FOLLOWER]: Replica starting. Triggering 0 pending ops. Active config: opid_index: -1 OBSOLETE_local: false peers { permanent_uuid: "4e386528e0ac49598ddf79b83626d01e" member_type: VOTER last_known_addr { host: "127.20.220.1" port: 37707 } } peers { permanent_uuid: "6e25cda78dde4d9db37419636a320a6d" member_type: VOTER last_known_addr { host: "127.20.220.2" port: 41829 } } peers { permanent_uuid: "c4ce80deb2164701b593a0d5cfaf024a" member_type: VOTER last_known_addr { host: "127.20.220.3" port: 34111 } }
I20260710 11:04:14.209385 22660 raft_consensus.cc:385] T 5b4822851f844667a8bb0048212f76e8 P c4ce80deb2164701b593a0d5cfaf024a [term 0 FOLLOWER]: Consensus starting up: Expiring failure detector timer to make a prompt election more likely
I20260710 11:04:14.209746 22660 raft_consensus.cc:740] T 5b4822851f844667a8bb0048212f76e8 P c4ce80deb2164701b593a0d5cfaf024a [term 0 FOLLOWER]: Becoming Follower/Learner. State: Replica: c4ce80deb2164701b593a0d5cfaf024a, State: Initialized, Role: FOLLOWER
I20260710 11:04:14.209307 22366 catalog_manager.cc:5697] T 3aa1c040a360474ab95d653b8db0257f P c4ce80deb2164701b593a0d5cfaf024a reported cstate change: term changed from 0 to 1, leader changed from <none> to c4ce80deb2164701b593a0d5cfaf024a (127.20.220.3). New cstate: current_term: 1 leader_uuid: "c4ce80deb2164701b593a0d5cfaf024a" committed_config { opid_index: -1 OBSOLETE_local: false peers { permanent_uuid: "4e386528e0ac49598ddf79b83626d01e" member_type: VOTER last_known_addr { host: "127.20.220.1" port: 37707 } health_report { overall_health: UNKNOWN } } peers { permanent_uuid: "6e25cda78dde4d9db37419636a320a6d" member_type: VOTER last_known_addr { host: "127.20.220.2" port: 41829 } health_report { overall_health: UNKNOWN } } peers { permanent_uuid: "c4ce80deb2164701b593a0d5cfaf024a" member_type: VOTER last_known_addr { host: "127.20.220.3" port: 34111 } health_report { overall_health: HEALTHY } } }
I20260710 11:04:14.210248 22660 consensus_queue.cc:260] T 5b4822851f844667a8bb0048212f76e8 P c4ce80deb2164701b593a0d5cfaf024a [NON_LEADER]: Queue going to NON_LEADER mode. State: All replicated index: 0, Majority replicated index: 0, Committed index: 0, Last appended: 0.0, Last appended by leader: 0, Current term: 0, Majority size: -1, State: 0, Mode: NON_LEADER, active raft config: opid_index: -1 OBSOLETE_local: false peers { permanent_uuid: "4e386528e0ac49598ddf79b83626d01e" member_type: VOTER last_known_addr { host: "127.20.220.1" port: 37707 } } peers { permanent_uuid: "6e25cda78dde4d9db37419636a320a6d" member_type: VOTER last_known_addr { host: "127.20.220.2" port: 41829 } } peers { permanent_uuid: "c4ce80deb2164701b593a0d5cfaf024a" member_type: VOTER last_known_addr { host: "127.20.220.3" port: 34111 } }
I20260710 11:04:14.206959 22664 consensus_queue.cc:260] T bf33a9c4a0dd42c0999cd5a4fbf1ed4a P 4e386528e0ac49598ddf79b83626d01e [NON_LEADER]: Queue going to NON_LEADER mode. State: All replicated index: 0, Majority replicated index: 0, Committed index: 0, Last appended: 0.0, Last appended by leader: 0, Current term: 0, Majority size: -1, State: 0, Mode: NON_LEADER, active raft config: opid_index: -1 OBSOLETE_local: false peers { permanent_uuid: "4e386528e0ac49598ddf79b83626d01e" member_type: VOTER last_known_addr { host: "127.20.220.1" port: 37707 } } peers { permanent_uuid: "6e25cda78dde4d9db37419636a320a6d" member_type: VOTER last_known_addr { host: "127.20.220.2" port: 41829 } } peers { permanent_uuid: "c4ce80deb2164701b593a0d5cfaf024a" member_type: VOTER last_known_addr { host: "127.20.220.3" port: 34111 } }
I20260710 11:04:14.212299 22768 leader_election.cc:290] T bbd80a9b9ac54ac5a58a354da0fba30d P 4e386528e0ac49598ddf79b83626d01e [CANDIDATE]: Term 1 pre-election: Requested pre-vote from peers 6e25cda78dde4d9db37419636a320a6d (127.20.220.2:41829), c4ce80deb2164701b593a0d5cfaf024a (127.20.220.3:34111)
I20260710 11:04:14.213291 22664 ts_tablet_manager.cc:1434] T bf33a9c4a0dd42c0999cd5a4fbf1ed4a P 4e386528e0ac49598ddf79b83626d01e: Time spent starting tablet: real 0.010s	user 0.005s	sys 0.001s
I20260710 11:04:14.214362 22664 tablet_bootstrap.cc:492] T 8da1ff32819d452b92a83441b42feba3 P 4e386528e0ac49598ddf79b83626d01e: Bootstrap starting.
I20260710 11:04:14.214648 22755 raft_consensus.cc:2749] T bbd80a9b9ac54ac5a58a354da0fba30d P 4e386528e0ac49598ddf79b83626d01e [term 1 FOLLOWER]: Leader pre-election lost for term 1. Reason: could not achieve majority
I20260710 11:04:14.211966 22660 ts_tablet_manager.cc:1434] T 5b4822851f844667a8bb0048212f76e8 P c4ce80deb2164701b593a0d5cfaf024a: Time spent starting tablet: real 0.012s	user 0.007s	sys 0.000s
I20260710 11:04:14.221130 22664 tablet_bootstrap.cc:654] T 8da1ff32819d452b92a83441b42feba3 P 4e386528e0ac49598ddf79b83626d01e: Neither blocks nor log segments found. Creating new log.
I20260710 11:04:14.227169 22664 tablet_bootstrap.cc:492] T 8da1ff32819d452b92a83441b42feba3 P 4e386528e0ac49598ddf79b83626d01e: No bootstrap required, opened a new log
I20260710 11:04:14.226877 22716 consensus_queue.cc:1048] T bbd80a9b9ac54ac5a58a354da0fba30d P c4ce80deb2164701b593a0d5cfaf024a [LEADER]: Connected to new peer: Peer: permanent_uuid: "4e386528e0ac49598ddf79b83626d01e" member_type: VOTER last_known_addr { host: "127.20.220.1" port: 37707 }, Status: LMP_MISMATCH, Last received: 0.0, Next index: 1, Last known committed idx: 0, Time since last communication: 0.000s
I20260710 11:04:14.227615 22664 ts_tablet_manager.cc:1403] T 8da1ff32819d452b92a83441b42feba3 P 4e386528e0ac49598ddf79b83626d01e: Time spent bootstrapping tablet: real 0.013s	user 0.009s	sys 0.000s
I20260710 11:04:14.230136 22664 raft_consensus.cc:359] T 8da1ff32819d452b92a83441b42feba3 P 4e386528e0ac49598ddf79b83626d01e [term 0 FOLLOWER]: Replica starting. Triggering 0 pending ops. Active config: opid_index: -1 OBSOLETE_local: false peers { permanent_uuid: "4e386528e0ac49598ddf79b83626d01e" member_type: VOTER last_known_addr { host: "127.20.220.1" port: 37707 } } peers { permanent_uuid: "6e25cda78dde4d9db37419636a320a6d" member_type: VOTER last_known_addr { host: "127.20.220.2" port: 41829 } } peers { permanent_uuid: "c4ce80deb2164701b593a0d5cfaf024a" member_type: VOTER last_known_addr { host: "127.20.220.3" port: 34111 } }
I20260710 11:04:14.230862 22664 raft_consensus.cc:385] T 8da1ff32819d452b92a83441b42feba3 P 4e386528e0ac49598ddf79b83626d01e [term 0 FOLLOWER]: Consensus starting up: Expiring failure detector timer to make a prompt election more likely
I20260710 11:04:14.231092 22664 raft_consensus.cc:740] T 8da1ff32819d452b92a83441b42feba3 P 4e386528e0ac49598ddf79b83626d01e [term 0 FOLLOWER]: Becoming Follower/Learner. State: Replica: 4e386528e0ac49598ddf79b83626d01e, State: Initialized, Role: FOLLOWER
I20260710 11:04:14.231668 22664 consensus_queue.cc:260] T 8da1ff32819d452b92a83441b42feba3 P 4e386528e0ac49598ddf79b83626d01e [NON_LEADER]: Queue going to NON_LEADER mode. State: All replicated index: 0, Majority replicated index: 0, Committed index: 0, Last appended: 0.0, Last appended by leader: 0, Current term: 0, Majority size: -1, State: 0, Mode: NON_LEADER, active raft config: opid_index: -1 OBSOLETE_local: false peers { permanent_uuid: "4e386528e0ac49598ddf79b83626d01e" member_type: VOTER last_known_addr { host: "127.20.220.1" port: 37707 } } peers { permanent_uuid: "6e25cda78dde4d9db37419636a320a6d" member_type: VOTER last_known_addr { host: "127.20.220.2" port: 41829 } } peers { permanent_uuid: "c4ce80deb2164701b593a0d5cfaf024a" member_type: VOTER last_known_addr { host: "127.20.220.3" port: 34111 } }
I20260710 11:04:14.233525 22664 ts_tablet_manager.cc:1434] T 8da1ff32819d452b92a83441b42feba3 P 4e386528e0ac49598ddf79b83626d01e: Time spent starting tablet: real 0.006s	user 0.006s	sys 0.000s
I20260710 11:04:14.234360 22664 tablet_bootstrap.cc:492] T 704992feca9b4398813b7cee5d48c9ea P 4e386528e0ac49598ddf79b83626d01e: Bootstrap starting.
I20260710 11:04:14.239116 22664 tablet_bootstrap.cc:654] T 704992feca9b4398813b7cee5d48c9ea P 4e386528e0ac49598ddf79b83626d01e: Neither blocks nor log segments found. Creating new log.
I20260710 11:04:14.240105 22772 raft_consensus.cc:493] T 704992feca9b4398813b7cee5d48c9ea P c4ce80deb2164701b593a0d5cfaf024a [term 0 FOLLOWER]: Starting pre-election (no leader contacted us within the election timeout)
I20260710 11:04:14.240608 22772 raft_consensus.cc:515] T 704992feca9b4398813b7cee5d48c9ea P c4ce80deb2164701b593a0d5cfaf024a [term 0 FOLLOWER]: Starting pre-election with config: opid_index: -1 OBSOLETE_local: false peers { permanent_uuid: "4e386528e0ac49598ddf79b83626d01e" member_type: VOTER last_known_addr { host: "127.20.220.1" port: 37707 } } peers { permanent_uuid: "6e25cda78dde4d9db37419636a320a6d" member_type: VOTER last_known_addr { host: "127.20.220.2" port: 41829 } } peers { permanent_uuid: "c4ce80deb2164701b593a0d5cfaf024a" member_type: VOTER last_known_addr { host: "127.20.220.3" port: 34111 } }
I20260710 11:04:14.242810 22772 leader_election.cc:290] T 704992feca9b4398813b7cee5d48c9ea P c4ce80deb2164701b593a0d5cfaf024a [CANDIDATE]: Term 1 pre-election: Requested pre-vote from peers 4e386528e0ac49598ddf79b83626d01e (127.20.220.1:37707), 6e25cda78dde4d9db37419636a320a6d (127.20.220.2:41829)
I20260710 11:04:14.249254 22469 tablet_service.cc:1917] Received RequestConsensusVote() RPC: tablet_id: "704992feca9b4398813b7cee5d48c9ea" candidate_uuid: "c4ce80deb2164701b593a0d5cfaf024a" candidate_term: 1 candidate_status { last_received { term: 0 index: 0 } } ignore_live_leader: false dest_uuid: "4e386528e0ac49598ddf79b83626d01e" is_pre_election: true
W20260710 11:04:14.250854 22583 leader_election.cc:343] T 704992feca9b4398813b7cee5d48c9ea P c4ce80deb2164701b593a0d5cfaf024a [CANDIDATE]: Term 1 pre-election: Tablet error from VoteRequest() call to peer 4e386528e0ac49598ddf79b83626d01e (127.20.220.1:37707): Illegal state: must be running to vote when last-logged opid is not known
I20260710 11:04:14.252621 22664 tablet_bootstrap.cc:492] T 704992feca9b4398813b7cee5d48c9ea P 4e386528e0ac49598ddf79b83626d01e: No bootstrap required, opened a new log
I20260710 11:04:14.253101 22664 ts_tablet_manager.cc:1403] T 704992feca9b4398813b7cee5d48c9ea P 4e386528e0ac49598ddf79b83626d01e: Time spent bootstrapping tablet: real 0.019s	user 0.009s	sys 0.005s
I20260710 11:04:14.254083 22542 tablet_service.cc:1917] Received RequestConsensusVote() RPC: tablet_id: "704992feca9b4398813b7cee5d48c9ea" candidate_uuid: "c4ce80deb2164701b593a0d5cfaf024a" candidate_term: 1 candidate_status { last_received { term: 0 index: 0 } } ignore_live_leader: false dest_uuid: "6e25cda78dde4d9db37419636a320a6d" is_pre_election: true
I20260710 11:04:14.254729 22542 raft_consensus.cc:2468] T 704992feca9b4398813b7cee5d48c9ea P 6e25cda78dde4d9db37419636a320a6d [term 0 FOLLOWER]: Leader pre-election vote request: Granting yes vote for candidate c4ce80deb2164701b593a0d5cfaf024a in term 0.
I20260710 11:04:14.255595 22664 raft_consensus.cc:359] T 704992feca9b4398813b7cee5d48c9ea P 4e386528e0ac49598ddf79b83626d01e [term 0 FOLLOWER]: Replica starting. Triggering 0 pending ops. Active config: opid_index: -1 OBSOLETE_local: false peers { permanent_uuid: "4e386528e0ac49598ddf79b83626d01e" member_type: VOTER last_known_addr { host: "127.20.220.1" port: 37707 } } peers { permanent_uuid: "6e25cda78dde4d9db37419636a320a6d" member_type: VOTER last_known_addr { host: "127.20.220.2" port: 41829 } } peers { permanent_uuid: "c4ce80deb2164701b593a0d5cfaf024a" member_type: VOTER last_known_addr { host: "127.20.220.3" port: 34111 } }
I20260710 11:04:14.256316 22664 raft_consensus.cc:385] T 704992feca9b4398813b7cee5d48c9ea P 4e386528e0ac49598ddf79b83626d01e [term 0 FOLLOWER]: Consensus starting up: Expiring failure detector timer to make a prompt election more likely
I20260710 11:04:14.256346 22585 leader_election.cc:304] T 704992feca9b4398813b7cee5d48c9ea P c4ce80deb2164701b593a0d5cfaf024a [CANDIDATE]: Term 1 pre-election: Election decided. Result: candidate won. Election summary: received 3 responses out of 3 voters: 2 yes votes; 1 no votes. yes voters: 6e25cda78dde4d9db37419636a320a6d, c4ce80deb2164701b593a0d5cfaf024a; no voters: 4e386528e0ac49598ddf79b83626d01e
I20260710 11:04:14.256662 22664 raft_consensus.cc:740] T 704992feca9b4398813b7cee5d48c9ea P 4e386528e0ac49598ddf79b83626d01e [term 0 FOLLOWER]: Becoming Follower/Learner. State: Replica: 4e386528e0ac49598ddf79b83626d01e, State: Initialized, Role: FOLLOWER
I20260710 11:04:14.257455 22664 consensus_queue.cc:260] T 704992feca9b4398813b7cee5d48c9ea P 4e386528e0ac49598ddf79b83626d01e [NON_LEADER]: Queue going to NON_LEADER mode. State: All replicated index: 0, Majority replicated index: 0, Committed index: 0, Last appended: 0.0, Last appended by leader: 0, Current term: 0, Majority size: -1, State: 0, Mode: NON_LEADER, active raft config: opid_index: -1 OBSOLETE_local: false peers { permanent_uuid: "4e386528e0ac49598ddf79b83626d01e" member_type: VOTER last_known_addr { host: "127.20.220.1" port: 37707 } } peers { permanent_uuid: "6e25cda78dde4d9db37419636a320a6d" member_type: VOTER last_known_addr { host: "127.20.220.2" port: 41829 } } peers { permanent_uuid: "c4ce80deb2164701b593a0d5cfaf024a" member_type: VOTER last_known_addr { host: "127.20.220.3" port: 34111 } }
I20260710 11:04:14.259467 22664 ts_tablet_manager.cc:1434] T 704992feca9b4398813b7cee5d48c9ea P 4e386528e0ac49598ddf79b83626d01e: Time spent starting tablet: real 0.006s	user 0.007s	sys 0.000s
I20260710 11:04:14.259990 22823 raft_consensus.cc:2804] T 704992feca9b4398813b7cee5d48c9ea P c4ce80deb2164701b593a0d5cfaf024a [term 0 FOLLOWER]: Leader pre-election won for term 1
I20260710 11:04:14.260386 22664 tablet_bootstrap.cc:492] T 9c677b38fcac41958555205491c06830 P 4e386528e0ac49598ddf79b83626d01e: Bootstrap starting.
I20260710 11:04:14.260450 22823 raft_consensus.cc:493] T 704992feca9b4398813b7cee5d48c9ea P c4ce80deb2164701b593a0d5cfaf024a [term 0 FOLLOWER]: Starting leader election (no leader contacted us within the election timeout)
I20260710 11:04:14.261179 22823 raft_consensus.cc:3060] T 704992feca9b4398813b7cee5d48c9ea P c4ce80deb2164701b593a0d5cfaf024a [term 0 FOLLOWER]: Advancing to term 1
I20260710 11:04:14.243425 22772 consensus_queue.cc:1048] T bbd80a9b9ac54ac5a58a354da0fba30d P c4ce80deb2164701b593a0d5cfaf024a [LEADER]: Connected to new peer: Peer: permanent_uuid: "6e25cda78dde4d9db37419636a320a6d" member_type: VOTER last_known_addr { host: "127.20.220.2" port: 41829 }, Status: LMP_MISMATCH, Last received: 0.0, Next index: 1, Last known committed idx: 0, Time since last communication: 0.019s
I20260710 11:04:14.268874 22664 tablet_bootstrap.cc:654] T 9c677b38fcac41958555205491c06830 P 4e386528e0ac49598ddf79b83626d01e: Neither blocks nor log segments found. Creating new log.
I20260710 11:04:14.273571 22664 tablet_bootstrap.cc:492] T 9c677b38fcac41958555205491c06830 P 4e386528e0ac49598ddf79b83626d01e: No bootstrap required, opened a new log
I20260710 11:04:14.273998 22664 ts_tablet_manager.cc:1403] T 9c677b38fcac41958555205491c06830 P 4e386528e0ac49598ddf79b83626d01e: Time spent bootstrapping tablet: real 0.014s	user 0.008s	sys 0.000s
