I20260710 11:04:32.131409  5127 tablet_copy_service.cc:342] P 31d7fc9e24744dafbe86149580adaa2f: Request end of tablet copy session 31b7256d1f194791bc09c906cc773534-e57581274f264a7b91348e57fee84fd7 received from {username='slave'} at 127.0.0.1:38856
I20260710 11:04:32.131851  5127 tablet_copy_service.cc:434] P 31d7fc9e24744dafbe86149580adaa2f: ending tablet copy session 31b7256d1f194791bc09c906cc773534-e57581274f264a7b91348e57fee84fd7 on tablet e57581274f264a7b91348e57fee84fd7 with peer 31b7256d1f194791bc09c906cc773534
I20260710 11:04:32.302460  5717 ts_tablet_manager.cc:933] T 8419bfc7ef494406b1196546019ef634 P 31b7256d1f194791bc09c906cc773534: Initiating tablet copy from peer db21f715d9fb4b678c8231d76b1e2c9e (127.3.189.2:40961)
I20260710 11:04:32.306049  5717 tablet_copy_client.cc:323] T 8419bfc7ef494406b1196546019ef634 P 31b7256d1f194791bc09c906cc773534: tablet copy: Beginning tablet copy session from remote peer at address 127.3.189.2:40961
I20260710 11:04:32.307984  5053 tablet_copy_service.cc:140] P db21f715d9fb4b678c8231d76b1e2c9e: Received BeginTabletCopySession request for tablet 8419bfc7ef494406b1196546019ef634 from peer 31b7256d1f194791bc09c906cc773534 ({username='slave'} at 127.0.0.1:51048)
I20260710 11:04:32.308606  5053 tablet_copy_service.cc:161] P db21f715d9fb4b678c8231d76b1e2c9e: Beginning new tablet copy session on tablet 8419bfc7ef494406b1196546019ef634 from peer 31b7256d1f194791bc09c906cc773534 at {username='slave'} at 127.0.0.1:51048: session id = 31b7256d1f194791bc09c906cc773534-8419bfc7ef494406b1196546019ef634
I20260710 11:04:32.316056  5053 tablet_copy_source_session.cc:215] T 8419bfc7ef494406b1196546019ef634 P db21f715d9fb4b678c8231d76b1e2c9e: Tablet Copy: opened 0 blocks and 1 log segments
I20260710 11:04:32.318872  5717 data_dirs.cc:400] Could only allocate 1 dirs of requested 3 for tablet 8419bfc7ef494406b1196546019ef634. 1 dirs total, 0 dirs full, 0 dirs failed
I20260710 11:04:32.330904  5717 tablet_copy_client.cc:806] T 8419bfc7ef494406b1196546019ef634 P 31b7256d1f194791bc09c906cc773534: tablet copy: Starting download of 0 data blocks...
I20260710 11:04:32.331416  5717 tablet_copy_client.cc:670] T 8419bfc7ef494406b1196546019ef634 P 31b7256d1f194791bc09c906cc773534: tablet copy: Starting download of 1 WAL segments...
I20260710 11:04:32.334794  5717 tablet_copy_client.cc:538] T 8419bfc7ef494406b1196546019ef634 P 31b7256d1f194791bc09c906cc773534: tablet copy: Tablet Copy complete. Replacing tablet superblock.
I20260710 11:04:32.342036  5717 tablet_bootstrap.cc:492] T 8419bfc7ef494406b1196546019ef634 P 31b7256d1f194791bc09c906cc773534: Bootstrap starting.
I20260710 11:04:32.356845  5717 tablet_bootstrap.cc:492] T 8419bfc7ef494406b1196546019ef634 P 31b7256d1f194791bc09c906cc773534: Bootstrap replayed 1/1 log segments. Stats: ops{read=2 overwritten=0 applied=2 ignored=0} inserts{seen=0 ignored=0} mutations{seen=0 ignored=0} orphaned_commits=0. Pending: 0 replicates
I20260710 11:04:32.357612  5717 tablet_bootstrap.cc:492] T 8419bfc7ef494406b1196546019ef634 P 31b7256d1f194791bc09c906cc773534: Bootstrap complete.
I20260710 11:04:32.358219  5717 ts_tablet_manager.cc:1403] T 8419bfc7ef494406b1196546019ef634 P 31b7256d1f194791bc09c906cc773534: Time spent bootstrapping tablet: real 0.016s	user 0.015s	sys 0.001s
I20260710 11:04:32.360870  5717 raft_consensus.cc:359] T 8419bfc7ef494406b1196546019ef634 P 31b7256d1f194791bc09c906cc773534 [term 1 LEARNER]: Replica starting. Triggering 0 pending ops. Active config: opid_index: 2 OBSOLETE_local: false peers { permanent_uuid: "fcf255d6982a48868d3418f60caa8d38" member_type: VOTER last_known_addr { host: "127.3.189.1" port: 33383 } attrs { replace: true } } peers { permanent_uuid: "db21f715d9fb4b678c8231d76b1e2c9e" member_type: VOTER last_known_addr { host: "127.3.189.2" port: 40961 } } peers { permanent_uuid: "31d7fc9e24744dafbe86149580adaa2f" member_type: VOTER last_known_addr { host: "127.3.189.3" port: 43593 } } peers { permanent_uuid: "31b7256d1f194791bc09c906cc773534" member_type: NON_VOTER last_known_addr { host: "127.3.189.4" port: 44255 } attrs { promote: true } }
I20260710 11:04:32.361591  5717 raft_consensus.cc:740] T 8419bfc7ef494406b1196546019ef634 P 31b7256d1f194791bc09c906cc773534 [term 1 LEARNER]: Becoming Follower/Learner. State: Replica: 31b7256d1f194791bc09c906cc773534, State: Initialized, Role: LEARNER
I20260710 11:04:32.362071  5717 consensus_queue.cc:260] T 8419bfc7ef494406b1196546019ef634 P 31b7256d1f194791bc09c906cc773534 [NON_LEADER]: Queue going to NON_LEADER mode. State: All replicated index: 0, Majority replicated index: 0, Committed index: 2, Last appended: 1.2, Last appended by leader: 2, Current term: 0, Majority size: -1, State: 0, Mode: NON_LEADER, active raft config: opid_index: 2 OBSOLETE_local: false peers { permanent_uuid: "fcf255d6982a48868d3418f60caa8d38" member_type: VOTER last_known_addr { host: "127.3.189.1" port: 33383 } attrs { replace: true } } peers { permanent_uuid: "db21f715d9fb4b678c8231d76b1e2c9e" member_type: VOTER last_known_addr { host: "127.3.189.2" port: 40961 } } peers { permanent_uuid: "31d7fc9e24744dafbe86149580adaa2f" member_type: VOTER last_known_addr { host: "127.3.189.3" port: 43593 } } peers { permanent_uuid: "31b7256d1f194791bc09c906cc773534" member_type: NON_VOTER last_known_addr { host: "127.3.189.4" port: 44255 } attrs { promote: true } }
I20260710 11:04:32.363880  5717 ts_tablet_manager.cc:1434] T 8419bfc7ef494406b1196546019ef634 P 31b7256d1f194791bc09c906cc773534: Time spent starting tablet: real 0.005s	user 0.004s	sys 0.000s
I20260710 11:04:32.365734  5053 tablet_copy_service.cc:342] P db21f715d9fb4b678c8231d76b1e2c9e: Request end of tablet copy session 31b7256d1f194791bc09c906cc773534-8419bfc7ef494406b1196546019ef634 received from {username='slave'} at 127.0.0.1:51048
I20260710 11:04:32.366135  5053 tablet_copy_service.cc:434] P db21f715d9fb4b678c8231d76b1e2c9e: ending tablet copy session 31b7256d1f194791bc09c906cc773534-8419bfc7ef494406b1196546019ef634 on tablet 8419bfc7ef494406b1196546019ef634 with peer 31b7256d1f194791bc09c906cc773534
I20260710 11:04:32.626690  5388 raft_consensus.cc:1217] T e57581274f264a7b91348e57fee84fd7 P 31b7256d1f194791bc09c906cc773534 [term 1 LEARNER]: Deduplicated request from leader. Original: 1.1->[1.2-1.2]   Dedup: 1.2->[]
I20260710 11:04:32.740490  5388 raft_consensus.cc:1217] T 8419bfc7ef494406b1196546019ef634 P 31b7256d1f194791bc09c906cc773534 [term 1 LEARNER]: Deduplicated request from leader. Original: 1.1->[1.2-1.2]   Dedup: 1.2->[]
I20260710 11:04:33.099198  5704 raft_consensus.cc:1064] T e57581274f264a7b91348e57fee84fd7 P 31d7fc9e24744dafbe86149580adaa2f: attempting to promote NON_VOTER 31b7256d1f194791bc09c906cc773534 to VOTER
I20260710 11:04:33.101557  5704 consensus_queue.cc:237] T e57581274f264a7b91348e57fee84fd7 P 31d7fc9e24744dafbe86149580adaa2f [LEADER]: Queue going to LEADER mode. State: All replicated index: 0, Majority replicated index: 2, Committed index: 2, Last appended: 1.2, Last appended by leader: 0, Current term: 1, Majority size: 3, State: 0, Mode: LEADER, active raft config: opid_index: 3 OBSOLETE_local: false peers { permanent_uuid: "fcf255d6982a48868d3418f60caa8d38" member_type: VOTER last_known_addr { host: "127.3.189.1" port: 33383 } } peers { permanent_uuid: "db21f715d9fb4b678c8231d76b1e2c9e" member_type: VOTER last_known_addr { host: "127.3.189.2" port: 40961 } attrs { replace: true } } peers { permanent_uuid: "31d7fc9e24744dafbe86149580adaa2f" member_type: VOTER last_known_addr { host: "127.3.189.3" port: 43593 } } peers { permanent_uuid: "31b7256d1f194791bc09c906cc773534" member_type: VOTER last_known_addr { host: "127.3.189.4" port: 44255 } attrs { promote: false } }
I20260710 11:04:33.108280  5044 raft_consensus.cc:1275] T e57581274f264a7b91348e57fee84fd7 P db21f715d9fb4b678c8231d76b1e2c9e [term 1 FOLLOWER]: Refusing update from remote peer 31d7fc9e24744dafbe86149580adaa2f: Log matching property violated. Preceding OpId in replica: term: 1 index: 2. Preceding OpId from leader: term: 1 index: 3. (index mismatch)
I20260710 11:04:33.110374  4965 raft_consensus.cc:1275] T e57581274f264a7b91348e57fee84fd7 P fcf255d6982a48868d3418f60caa8d38 [term 1 FOLLOWER]: Refusing update from remote peer 31d7fc9e24744dafbe86149580adaa2f: Log matching property violated. Preceding OpId in replica: term: 1 index: 2. Preceding OpId from leader: term: 1 index: 3. (index mismatch)
I20260710 11:04:33.110773  5388 raft_consensus.cc:1275] T e57581274f264a7b91348e57fee84fd7 P 31b7256d1f194791bc09c906cc773534 [term 1 LEARNER]: Refusing update from remote peer 31d7fc9e24744dafbe86149580adaa2f: Log matching property violated. Preceding OpId in replica: term: 1 index: 2. Preceding OpId from leader: term: 1 index: 3. (index mismatch)
I20260710 11:04:33.111527  5723 consensus_queue.cc:1048] T e57581274f264a7b91348e57fee84fd7 P 31d7fc9e24744dafbe86149580adaa2f [LEADER]: Connected to new peer: Peer: permanent_uuid: "db21f715d9fb4b678c8231d76b1e2c9e" member_type: VOTER last_known_addr { host: "127.3.189.2" port: 40961 } attrs { replace: true }, Status: LMP_MISMATCH, Last received: 0.0, Next index: 3, Last known committed idx: 2, Time since last communication: 0.000s
I20260710 11:04:33.112744  5704 consensus_queue.cc:1048] T e57581274f264a7b91348e57fee84fd7 P 31d7fc9e24744dafbe86149580adaa2f [LEADER]: Connected to new peer: Peer: permanent_uuid: "fcf255d6982a48868d3418f60caa8d38" member_type: VOTER last_known_addr { host: "127.3.189.1" port: 33383 }, Status: LMP_MISMATCH, Last received: 0.0, Next index: 3, Last known committed idx: 2, Time since last communication: 0.000s
I20260710 11:04:33.113929  5724 consensus_queue.cc:1048] T e57581274f264a7b91348e57fee84fd7 P 31d7fc9e24744dafbe86149580adaa2f [LEADER]: Connected to new peer: Peer: permanent_uuid: "31b7256d1f194791bc09c906cc773534" member_type: VOTER last_known_addr { host: "127.3.189.4" port: 44255 } attrs { promote: false }, Status: LMP_MISMATCH, Last received: 0.0, Next index: 3, Last known committed idx: 2, Time since last communication: 0.000s
I20260710 11:04:33.130388  5723 raft_consensus.cc:2955] T e57581274f264a7b91348e57fee84fd7 P 31d7fc9e24744dafbe86149580adaa2f [term 1 LEADER]: Committing config change with OpId 1.3: config changed from index 2 to 3, 31b7256d1f194791bc09c906cc773534 (127.3.189.4) changed from NON_VOTER to VOTER. New config: { opid_index: 3 OBSOLETE_local: false peers { permanent_uuid: "fcf255d6982a48868d3418f60caa8d38" member_type: VOTER last_known_addr { host: "127.3.189.1" port: 33383 } } peers { permanent_uuid: "db21f715d9fb4b678c8231d76b1e2c9e" member_type: VOTER last_known_addr { host: "127.3.189.2" port: 40961 } attrs { replace: true } } peers { permanent_uuid: "31d7fc9e24744dafbe86149580adaa2f" member_type: VOTER last_known_addr { host: "127.3.189.3" port: 43593 } } peers { permanent_uuid: "31b7256d1f194791bc09c906cc773534" member_type: VOTER last_known_addr { host: "127.3.189.4" port: 44255 } attrs { promote: false } } }
I20260710 11:04:33.131832  5044 raft_consensus.cc:2955] T e57581274f264a7b91348e57fee84fd7 P db21f715d9fb4b678c8231d76b1e2c9e [term 1 FOLLOWER]: Committing config change with OpId 1.3: config changed from index 2 to 3, 31b7256d1f194791bc09c906cc773534 (127.3.189.4) changed from NON_VOTER to VOTER. New config: { opid_index: 3 OBSOLETE_local: false peers { permanent_uuid: "fcf255d6982a48868d3418f60caa8d38" member_type: VOTER last_known_addr { host: "127.3.189.1" port: 33383 } } peers { permanent_uuid: "db21f715d9fb4b678c8231d76b1e2c9e" member_type: VOTER last_known_addr { host: "127.3.189.2" port: 40961 } attrs { replace: true } } peers { permanent_uuid: "31d7fc9e24744dafbe86149580adaa2f" member_type: VOTER last_known_addr { host: "127.3.189.3" port: 43593 } } peers { permanent_uuid: "31b7256d1f194791bc09c906cc773534" member_type: VOTER last_known_addr { host: "127.3.189.4" port: 44255 } attrs { promote: false } } }
I20260710 11:04:33.143528  4965 raft_consensus.cc:2955] T e57581274f264a7b91348e57fee84fd7 P fcf255d6982a48868d3418f60caa8d38 [term 1 FOLLOWER]: Committing config change with OpId 1.3: config changed from index 2 to 3, 31b7256d1f194791bc09c906cc773534 (127.3.189.4) changed from NON_VOTER to VOTER. New config: { opid_index: 3 OBSOLETE_local: false peers { permanent_uuid: "fcf255d6982a48868d3418f60caa8d38" member_type: VOTER last_known_addr { host: "127.3.189.1" port: 33383 } } peers { permanent_uuid: "db21f715d9fb4b678c8231d76b1e2c9e" member_type: VOTER last_known_addr { host: "127.3.189.2" port: 40961 } attrs { replace: true } } peers { permanent_uuid: "31d7fc9e24744dafbe86149580adaa2f" member_type: VOTER last_known_addr { host: "127.3.189.3" port: 43593 } } peers { permanent_uuid: "31b7256d1f194791bc09c906cc773534" member_type: VOTER last_known_addr { host: "127.3.189.4" port: 44255 } attrs { promote: false } } }
I20260710 11:04:33.147056  4863 catalog_manager.cc:5697] T e57581274f264a7b91348e57fee84fd7 P db21f715d9fb4b678c8231d76b1e2c9e reported cstate change: config changed from index 2 to 3, 31b7256d1f194791bc09c906cc773534 (127.3.189.4) changed from NON_VOTER to VOTER. New cstate: current_term: 1 leader_uuid: "31d7fc9e24744dafbe86149580adaa2f" committed_config { opid_index: 3 OBSOLETE_local: false peers { permanent_uuid: "fcf255d6982a48868d3418f60caa8d38" member_type: VOTER last_known_addr { host: "127.3.189.1" port: 33383 } } peers { permanent_uuid: "db21f715d9fb4b678c8231d76b1e2c9e" member_type: VOTER last_known_addr { host: "127.3.189.2" port: 40961 } attrs { replace: true } } peers { permanent_uuid: "31d7fc9e24744dafbe86149580adaa2f" member_type: VOTER last_known_addr { host: "127.3.189.3" port: 43593 } } peers { permanent_uuid: "31b7256d1f194791bc09c906cc773534" member_type: VOTER last_known_addr { host: "127.3.189.4" port: 44255 } attrs { promote: false } } }
I20260710 11:04:33.153438  5388 raft_consensus.cc:2955] T e57581274f264a7b91348e57fee84fd7 P 31b7256d1f194791bc09c906cc773534 [term 1 FOLLOWER]: Committing config change with OpId 1.3: config changed from index 2 to 3, 31b7256d1f194791bc09c906cc773534 (127.3.189.4) changed from NON_VOTER to VOTER. New config: { opid_index: 3 OBSOLETE_local: false peers { permanent_uuid: "fcf255d6982a48868d3418f60caa8d38" member_type: VOTER last_known_addr { host: "127.3.189.1" port: 33383 } } peers { permanent_uuid: "db21f715d9fb4b678c8231d76b1e2c9e" member_type: VOTER last_known_addr { host: "127.3.189.2" port: 40961 } attrs { replace: true } } peers { permanent_uuid: "31d7fc9e24744dafbe86149580adaa2f" member_type: VOTER last_known_addr { host: "127.3.189.3" port: 43593 } } peers { permanent_uuid: "31b7256d1f194791bc09c906cc773534" member_type: VOTER last_known_addr { host: "127.3.189.4" port: 44255 } attrs { promote: false } } }
I20260710 11:04:33.185738  5114 consensus_queue.cc:237] T e57581274f264a7b91348e57fee84fd7 P 31d7fc9e24744dafbe86149580adaa2f [LEADER]: Queue going to LEADER mode. State: All replicated index: 0, Majority replicated index: 3, Committed index: 3, Last appended: 1.3, Last appended by leader: 0, Current term: 1, Majority size: 2, State: 0, Mode: LEADER, active raft config: opid_index: 4 OBSOLETE_local: false peers { permanent_uuid: "fcf255d6982a48868d3418f60caa8d38" member_type: VOTER last_known_addr { host: "127.3.189.1" port: 33383 } } peers { permanent_uuid: "31d7fc9e24744dafbe86149580adaa2f" member_type: VOTER last_known_addr { host: "127.3.189.3" port: 43593 } } peers { permanent_uuid: "31b7256d1f194791bc09c906cc773534" member_type: VOTER last_known_addr { host: "127.3.189.4" port: 44255 } attrs { promote: false } }
I20260710 11:04:33.189721  5716 raft_consensus.cc:1064] T 8419bfc7ef494406b1196546019ef634 P db21f715d9fb4b678c8231d76b1e2c9e: attempting to promote NON_VOTER 31b7256d1f194791bc09c906cc773534 to VOTER
I20260710 11:04:33.192497  5388 raft_consensus.cc:1275] T e57581274f264a7b91348e57fee84fd7 P 31b7256d1f194791bc09c906cc773534 [term 1 FOLLOWER]: Refusing update from remote peer 31d7fc9e24744dafbe86149580adaa2f: Log matching property violated. Preceding OpId in replica: term: 1 index: 3. Preceding OpId from leader: term: 1 index: 4. (index mismatch)
I20260710 11:04:33.192296  5716 consensus_queue.cc:237] T 8419bfc7ef494406b1196546019ef634 P db21f715d9fb4b678c8231d76b1e2c9e [LEADER]: Queue going to LEADER mode. State: All replicated index: 0, Majority replicated index: 2, Committed index: 2, Last appended: 1.2, Last appended by leader: 0, Current term: 1, Majority size: 3, State: 0, Mode: LEADER, active raft config: opid_index: 3 OBSOLETE_local: false peers { permanent_uuid: "fcf255d6982a48868d3418f60caa8d38" member_type: VOTER last_known_addr { host: "127.3.189.1" port: 33383 } attrs { replace: true } } peers { permanent_uuid: "db21f715d9fb4b678c8231d76b1e2c9e" member_type: VOTER last_known_addr { host: "127.3.189.2" port: 40961 } } peers { permanent_uuid: "31d7fc9e24744dafbe86149580adaa2f" member_type: VOTER last_known_addr { host: "127.3.189.3" port: 43593 } } peers { permanent_uuid: "31b7256d1f194791bc09c906cc773534" member_type: VOTER last_known_addr { host: "127.3.189.4" port: 44255 } attrs { promote: false } }
I20260710 11:04:33.194334  5723 consensus_queue.cc:1048] T e57581274f264a7b91348e57fee84fd7 P 31d7fc9e24744dafbe86149580adaa2f [LEADER]: Connected to new peer: Peer: permanent_uuid: "31b7256d1f194791bc09c906cc773534" member_type: VOTER last_known_addr { host: "127.3.189.4" port: 44255 } attrs { promote: false }, Status: LMP_MISMATCH, Last received: 0.0, Next index: 4, Last known committed idx: 3, Time since last communication: 0.000s
I20260710 11:04:33.198365  4967 raft_consensus.cc:1275] T e57581274f264a7b91348e57fee84fd7 P fcf255d6982a48868d3418f60caa8d38 [term 1 FOLLOWER]: Refusing update from remote peer 31d7fc9e24744dafbe86149580adaa2f: Log matching property violated. Preceding OpId in replica: term: 1 index: 3. Preceding OpId from leader: term: 1 index: 4. (index mismatch)
I20260710 11:04:33.199752  5723 consensus_queue.cc:1048] T e57581274f264a7b91348e57fee84fd7 P 31d7fc9e24744dafbe86149580adaa2f [LEADER]: Connected to new peer: Peer: permanent_uuid: "fcf255d6982a48868d3418f60caa8d38" member_type: VOTER last_known_addr { host: "127.3.189.1" port: 33383 }, Status: LMP_MISMATCH, Last received: 0.0, Next index: 4, Last known committed idx: 3, Time since last communication: 0.000s
I20260710 11:04:33.204547  5724 raft_consensus.cc:2955] T e57581274f264a7b91348e57fee84fd7 P 31d7fc9e24744dafbe86149580adaa2f [term 1 LEADER]: Committing config change with OpId 1.4: config changed from index 3 to 4, VOTER db21f715d9fb4b678c8231d76b1e2c9e (127.3.189.2) evicted. New config: { opid_index: 4 OBSOLETE_local: false peers { permanent_uuid: "fcf255d6982a48868d3418f60caa8d38" member_type: VOTER last_known_addr { host: "127.3.189.1" port: 33383 } } peers { permanent_uuid: "31d7fc9e24744dafbe86149580adaa2f" member_type: VOTER last_known_addr { host: "127.3.189.3" port: 43593 } } peers { permanent_uuid: "31b7256d1f194791bc09c906cc773534" member_type: VOTER last_known_addr { host: "127.3.189.4" port: 44255 } attrs { promote: false } } }
I20260710 11:04:33.213742  5388 raft_consensus.cc:2955] T e57581274f264a7b91348e57fee84fd7 P 31b7256d1f194791bc09c906cc773534 [term 1 FOLLOWER]: Committing config change with OpId 1.4: config changed from index 3 to 4, VOTER db21f715d9fb4b678c8231d76b1e2c9e (127.3.189.2) evicted. New config: { opid_index: 4 OBSOLETE_local: false peers { permanent_uuid: "fcf255d6982a48868d3418f60caa8d38" member_type: VOTER last_known_addr { host: "127.3.189.1" port: 33383 } } peers { permanent_uuid: "31d7fc9e24744dafbe86149580adaa2f" member_type: VOTER last_known_addr { host: "127.3.189.3" port: 43593 } } peers { permanent_uuid: "31b7256d1f194791bc09c906cc773534" member_type: VOTER last_known_addr { host: "127.3.189.4" port: 44255 } attrs { promote: false } } }
I20260710 11:04:33.215696  4967 raft_consensus.cc:2955] T e57581274f264a7b91348e57fee84fd7 P fcf255d6982a48868d3418f60caa8d38 [term 1 FOLLOWER]: Committing config change with OpId 1.4: config changed from index 3 to 4, VOTER db21f715d9fb4b678c8231d76b1e2c9e (127.3.189.2) evicted. New config: { opid_index: 4 OBSOLETE_local: false peers { permanent_uuid: "fcf255d6982a48868d3418f60caa8d38" member_type: VOTER last_known_addr { host: "127.3.189.1" port: 33383 } } peers { permanent_uuid: "31d7fc9e24744dafbe86149580adaa2f" member_type: VOTER last_known_addr { host: "127.3.189.3" port: 43593 } } peers { permanent_uuid: "31b7256d1f194791bc09c906cc773534" member_type: VOTER last_known_addr { host: "127.3.189.4" port: 44255 } attrs { promote: false } } }
I20260710 11:04:33.227824  4852 catalog_manager.cc:5210] ChangeConfig:REMOVE_PEER RPC for tablet e57581274f264a7b91348e57fee84fd7 with cas_config_opid_index 3: ChangeConfig:REMOVE_PEER succeeded (attempt 1)
I20260710 11:04:33.229856  4866 catalog_manager.cc:5697] T e57581274f264a7b91348e57fee84fd7 P fcf255d6982a48868d3418f60caa8d38 reported cstate change: config changed from index 3 to 4, VOTER db21f715d9fb4b678c8231d76b1e2c9e (127.3.189.2) evicted. New cstate: current_term: 1 leader_uuid: "31d7fc9e24744dafbe86149580adaa2f" committed_config { opid_index: 4 OBSOLETE_local: false peers { permanent_uuid: "fcf255d6982a48868d3418f60caa8d38" member_type: VOTER last_known_addr { host: "127.3.189.1" port: 33383 } } peers { permanent_uuid: "31d7fc9e24744dafbe86149580adaa2f" member_type: VOTER last_known_addr { host: "127.3.189.3" port: 43593 } } peers { permanent_uuid: "31b7256d1f194791bc09c906cc773534" member_type: VOTER last_known_addr { host: "127.3.189.4" port: 44255 } attrs { promote: false } } }
I20260710 11:04:33.237411  5388 raft_consensus.cc:1275] T 8419bfc7ef494406b1196546019ef634 P 31b7256d1f194791bc09c906cc773534 [term 1 LEARNER]: Refusing update from remote peer db21f715d9fb4b678c8231d76b1e2c9e: Log matching property violated. Preceding OpId in replica: term: 1 index: 2. Preceding OpId from leader: term: 1 index: 3. (index mismatch)
I20260710 11:04:33.239233  4967 raft_consensus.cc:1275] T 8419bfc7ef494406b1196546019ef634 P fcf255d6982a48868d3418f60caa8d38 [term 1 FOLLOWER]: Refusing update from remote peer db21f715d9fb4b678c8231d76b1e2c9e: Log matching property violated. Preceding OpId in replica: term: 1 index: 2. Preceding OpId from leader: term: 1 index: 3. (index mismatch)
I20260710 11:04:33.240582  5698 consensus_queue.cc:1048] T 8419bfc7ef494406b1196546019ef634 P db21f715d9fb4b678c8231d76b1e2c9e [LEADER]: Connected to new peer: Peer: permanent_uuid: "31b7256d1f194791bc09c906cc773534" member_type: VOTER last_known_addr { host: "127.3.189.4" port: 44255 } attrs { promote: false }, Status: LMP_MISMATCH, Last received: 0.0, Next index: 3, Last known committed idx: 2, Time since last communication: 0.000s
I20260710 11:04:33.241514  5734 consensus_queue.cc:1048] T 8419bfc7ef494406b1196546019ef634 P db21f715d9fb4b678c8231d76b1e2c9e [LEADER]: Connected to new peer: Peer: permanent_uuid: "fcf255d6982a48868d3418f60caa8d38" member_type: VOTER last_known_addr { host: "127.3.189.1" port: 33383 } attrs { replace: true }, Status: LMP_MISMATCH, Last received: 0.0, Next index: 3, Last known committed idx: 2, Time since last communication: 0.000s
I20260710 11:04:33.243285  5114 raft_consensus.cc:1275] T 8419bfc7ef494406b1196546019ef634 P 31d7fc9e24744dafbe86149580adaa2f [term 1 FOLLOWER]: Refusing update from remote peer db21f715d9fb4b678c8231d76b1e2c9e: Log matching property violated. Preceding OpId in replica: term: 1 index: 2. Preceding OpId from leader: term: 1 index: 3. (index mismatch)
I20260710 11:04:33.245432  5734 consensus_queue.cc:1048] T 8419bfc7ef494406b1196546019ef634 P db21f715d9fb4b678c8231d76b1e2c9e [LEADER]: Connected to new peer: Peer: permanent_uuid: "31d7fc9e24744dafbe86149580adaa2f" member_type: VOTER last_known_addr { host: "127.3.189.3" port: 43593 }, Status: LMP_MISMATCH, Last received: 0.0, Next index: 3, Last known committed idx: 2, Time since last communication: 0.000s
I20260710 11:04:33.259903  5029 tablet_service.cc:1558] Processing DeleteTablet for tablet e57581274f264a7b91348e57fee84fd7 with delete_type TABLET_DATA_TOMBSTONED (TS db21f715d9fb4b678c8231d76b1e2c9e not found in new config with opid_index 4) from {username='slave'} at 127.0.0.1:51022
I20260710 11:04:33.263899  5740 tablet_replica.cc:333] T e57581274f264a7b91348e57fee84fd7 P db21f715d9fb4b678c8231d76b1e2c9e: stopping tablet replica
I20260710 11:04:33.265275  5740 raft_consensus.cc:2243] T e57581274f264a7b91348e57fee84fd7 P db21f715d9fb4b678c8231d76b1e2c9e [term 1 FOLLOWER]: Raft consensus shutting down.
I20260710 11:04:33.266358  5740 raft_consensus.cc:2272] T e57581274f264a7b91348e57fee84fd7 P db21f715d9fb4b678c8231d76b1e2c9e [term 1 FOLLOWER]: Raft consensus is shut down!
I20260710 11:04:33.270592  5734 raft_consensus.cc:2955] T 8419bfc7ef494406b1196546019ef634 P db21f715d9fb4b678c8231d76b1e2c9e [term 1 LEADER]: Committing config change with OpId 1.3: config changed from index 2 to 3, 31b7256d1f194791bc09c906cc773534 (127.3.189.4) changed from NON_VOTER to VOTER. New config: { opid_index: 3 OBSOLETE_local: false peers { permanent_uuid: "fcf255d6982a48868d3418f60caa8d38" member_type: VOTER last_known_addr { host: "127.3.189.1" port: 33383 } attrs { replace: true } } peers { permanent_uuid: "db21f715d9fb4b678c8231d76b1e2c9e" member_type: VOTER last_known_addr { host: "127.3.189.2" port: 40961 } } peers { permanent_uuid: "31d7fc9e24744dafbe86149580adaa2f" member_type: VOTER last_known_addr { host: "127.3.189.3" port: 43593 } } peers { permanent_uuid: "31b7256d1f194791bc09c906cc773534" member_type: VOTER last_known_addr { host: "127.3.189.4" port: 44255 } attrs { promote: false } } }
I20260710 11:04:33.272559  5114 raft_consensus.cc:2955] T 8419bfc7ef494406b1196546019ef634 P 31d7fc9e24744dafbe86149580adaa2f [term 1 FOLLOWER]: Committing config change with OpId 1.3: config changed from index 2 to 3, 31b7256d1f194791bc09c906cc773534 (127.3.189.4) changed from NON_VOTER to VOTER. New config: { opid_index: 3 OBSOLETE_local: false peers { permanent_uuid: "fcf255d6982a48868d3418f60caa8d38" member_type: VOTER last_known_addr { host: "127.3.189.1" port: 33383 } attrs { replace: true } } peers { permanent_uuid: "db21f715d9fb4b678c8231d76b1e2c9e" member_type: VOTER last_known_addr { host: "127.3.189.2" port: 40961 } } peers { permanent_uuid: "31d7fc9e24744dafbe86149580adaa2f" member_type: VOTER last_known_addr { host: "127.3.189.3" port: 43593 } } peers { permanent_uuid: "31b7256d1f194791bc09c906cc773534" member_type: VOTER last_known_addr { host: "127.3.189.4" port: 44255 } attrs { promote: false } } }
I20260710 11:04:33.282876  5740 ts_tablet_manager.cc:1916] T e57581274f264a7b91348e57fee84fd7 P db21f715d9fb4b678c8231d76b1e2c9e: Deleting tablet data with delete state TABLET_DATA_TOMBSTONED
I20260710 11:04:33.285377  5388 raft_consensus.cc:2955] T 8419bfc7ef494406b1196546019ef634 P 31b7256d1f194791bc09c906cc773534 [term 1 FOLLOWER]: Committing config change with OpId 1.3: config changed from index 2 to 3, 31b7256d1f194791bc09c906cc773534 (127.3.189.4) changed from NON_VOTER to VOTER. New config: { opid_index: 3 OBSOLETE_local: false peers { permanent_uuid: "fcf255d6982a48868d3418f60caa8d38" member_type: VOTER last_known_addr { host: "127.3.189.1" port: 33383 } attrs { replace: true } } peers { permanent_uuid: "db21f715d9fb4b678c8231d76b1e2c9e" member_type: VOTER last_known_addr { host: "127.3.189.2" port: 40961 } } peers { permanent_uuid: "31d7fc9e24744dafbe86149580adaa2f" member_type: VOTER last_known_addr { host: "127.3.189.3" port: 43593 } } peers { permanent_uuid: "31b7256d1f194791bc09c906cc773534" member_type: VOTER last_known_addr { host: "127.3.189.4" port: 44255 } attrs { promote: false } } }
I20260710 11:04:33.291469  4866 catalog_manager.cc:5697] T 8419bfc7ef494406b1196546019ef634 P db21f715d9fb4b678c8231d76b1e2c9e reported cstate change: config changed from index 2 to 3, 31b7256d1f194791bc09c906cc773534 (127.3.189.4) changed from NON_VOTER to VOTER. New cstate: current_term: 1 leader_uuid: "db21f715d9fb4b678c8231d76b1e2c9e" committed_config { opid_index: 3 OBSOLETE_local: false peers { permanent_uuid: "fcf255d6982a48868d3418f60caa8d38" member_type: VOTER last_known_addr { host: "127.3.189.1" port: 33383 } attrs { replace: true } health_report { overall_health: UNKNOWN } } peers { permanent_uuid: "db21f715d9fb4b678c8231d76b1e2c9e" member_type: VOTER last_known_addr { host: "127.3.189.2" port: 40961 } health_report { overall_health: HEALTHY } } peers { permanent_uuid: "31d7fc9e24744dafbe86149580adaa2f" member_type: VOTER last_known_addr { host: "127.3.189.3" port: 43593 } health_report { overall_health: HEALTHY } } peers { permanent_uuid: "31b7256d1f194791bc09c906cc773534" member_type: VOTER last_known_addr { host: "127.3.189.4" port: 44255 } attrs { promote: false } health_report { overall_health: HEALTHY } } }
I20260710 11:04:33.305087  5044 consensus_queue.cc:237] T 8419bfc7ef494406b1196546019ef634 P db21f715d9fb4b678c8231d76b1e2c9e [LEADER]: Queue going to LEADER mode. State: All replicated index: 0, Majority replicated index: 3, Committed index: 3, Last appended: 1.3, Last appended by leader: 0, Current term: 1, Majority size: 2, State: 0, Mode: LEADER, active raft config: opid_index: 4 OBSOLETE_local: false peers { permanent_uuid: "db21f715d9fb4b678c8231d76b1e2c9e" member_type: VOTER last_known_addr { host: "127.3.189.2" port: 40961 } } peers { permanent_uuid: "31d7fc9e24744dafbe86149580adaa2f" member_type: VOTER last_known_addr { host: "127.3.189.3" port: 43593 } } peers { permanent_uuid: "31b7256d1f194791bc09c906cc773534" member_type: VOTER last_known_addr { host: "127.3.189.4" port: 44255 } attrs { promote: false } }
I20260710 11:04:33.311664  5114 raft_consensus.cc:1275] T 8419bfc7ef494406b1196546019ef634 P 31d7fc9e24744dafbe86149580adaa2f [term 1 FOLLOWER]: Refusing update from remote peer db21f715d9fb4b678c8231d76b1e2c9e: Log matching property violated. Preceding OpId in replica: term: 1 index: 3. Preceding OpId from leader: term: 1 index: 4. (index mismatch)
I20260710 11:04:33.312734  5388 raft_consensus.cc:1275] T 8419bfc7ef494406b1196546019ef634 P 31b7256d1f194791bc09c906cc773534 [term 1 FOLLOWER]: Refusing update from remote peer db21f715d9fb4b678c8231d76b1e2c9e: Log matching property violated. Preceding OpId in replica: term: 1 index: 3. Preceding OpId from leader: term: 1 index: 4. (index mismatch)
I20260710 11:04:33.315284  5734 consensus_queue.cc:1048] T 8419bfc7ef494406b1196546019ef634 P db21f715d9fb4b678c8231d76b1e2c9e [LEADER]: Connected to new peer: Peer: permanent_uuid: "31d7fc9e24744dafbe86149580adaa2f" member_type: VOTER last_known_addr { host: "127.3.189.3" port: 43593 }, Status: LMP_MISMATCH, Last received: 0.0, Next index: 4, Last known committed idx: 3, Time since last communication: 0.000s
I20260710 11:04:33.316814  5698 consensus_queue.cc:1048] T 8419bfc7ef494406b1196546019ef634 P db21f715d9fb4b678c8231d76b1e2c9e [LEADER]: Connected to new peer: Peer: permanent_uuid: "31b7256d1f194791bc09c906cc773534" member_type: VOTER last_known_addr { host: "127.3.189.4" port: 44255 } attrs { promote: false }, Status: LMP_MISMATCH, Last received: 0.0, Next index: 4, Last known committed idx: 3, Time since last communication: 0.000s
I20260710 11:04:33.325439  5740 ts_tablet_manager.cc:1929] T e57581274f264a7b91348e57fee84fd7 P db21f715d9fb4b678c8231d76b1e2c9e: tablet deleted with delete type TABLET_DATA_TOMBSTONED: last-logged OpId 1.3
I20260710 11:04:33.325968  5740 log.cc:1199] T e57581274f264a7b91348e57fee84fd7 P db21f715d9fb4b678c8231d76b1e2c9e: Deleting WAL directory at /tmp/dist-test-taskEZPEud/test-tmp/auto_leader_rebalancer-test.0.LeaderRebalancerTest.AddTserver.1783681426794444-3828-0/minicluster-data/ts-1-root/wals/e57581274f264a7b91348e57fee84fd7
I20260710 11:04:33.326551  5725 raft_consensus.cc:2955] T 8419bfc7ef494406b1196546019ef634 P db21f715d9fb4b678c8231d76b1e2c9e [term 1 LEADER]: Committing config change with OpId 1.4: config changed from index 3 to 4, VOTER fcf255d6982a48868d3418f60caa8d38 (127.3.189.1) evicted. New config: { opid_index: 4 OBSOLETE_local: false peers { permanent_uuid: "db21f715d9fb4b678c8231d76b1e2c9e" member_type: VOTER last_known_addr { host: "127.3.189.2" port: 40961 } } peers { permanent_uuid: "31d7fc9e24744dafbe86149580adaa2f" member_type: VOTER last_known_addr { host: "127.3.189.3" port: 43593 } } peers { permanent_uuid: "31b7256d1f194791bc09c906cc773534" member_type: VOTER last_known_addr { host: "127.3.189.4" port: 44255 } attrs { promote: false } } }
I20260710 11:04:33.327812  4853 catalog_manager.cc:5028] TS db21f715d9fb4b678c8231d76b1e2c9e (127.3.189.2:40961): tablet e57581274f264a7b91348e57fee84fd7 (table test-workload [id=abd96eab6a1a411dbf4cede8d7b3ee1d]) successfully deleted
I20260710 11:04:33.329900  5114 raft_consensus.cc:2955] T 8419bfc7ef494406b1196546019ef634 P 31d7fc9e24744dafbe86149580adaa2f [term 1 FOLLOWER]: Committing config change with OpId 1.4: config changed from index 3 to 4, VOTER fcf255d6982a48868d3418f60caa8d38 (127.3.189.1) evicted. New config: { opid_index: 4 OBSOLETE_local: false peers { permanent_uuid: "db21f715d9fb4b678c8231d76b1e2c9e" member_type: VOTER last_known_addr { host: "127.3.189.2" port: 40961 } } peers { permanent_uuid: "31d7fc9e24744dafbe86149580adaa2f" member_type: VOTER last_known_addr { host: "127.3.189.3" port: 43593 } } peers { permanent_uuid: "31b7256d1f194791bc09c906cc773534" member_type: VOTER last_known_addr { host: "127.3.189.4" port: 44255 } attrs { promote: false } } }
I20260710 11:04:33.331147  5391 raft_consensus.cc:2955] T 8419bfc7ef494406b1196546019ef634 P 31b7256d1f194791bc09c906cc773534 [term 1 FOLLOWER]: Committing config change with OpId 1.4: config changed from index 3 to 4, VOTER fcf255d6982a48868d3418f60caa8d38 (127.3.189.1) evicted. New config: { opid_index: 4 OBSOLETE_local: false peers { permanent_uuid: "db21f715d9fb4b678c8231d76b1e2c9e" member_type: VOTER last_known_addr { host: "127.3.189.2" port: 40961 } } peers { permanent_uuid: "31d7fc9e24744dafbe86149580adaa2f" member_type: VOTER last_known_addr { host: "127.3.189.3" port: 43593 } } peers { permanent_uuid: "31b7256d1f194791bc09c906cc773534" member_type: VOTER last_known_addr { host: "127.3.189.4" port: 44255 } attrs { promote: false } } }
I20260710 11:04:33.335712  4853 catalog_manager.cc:5210] ChangeConfig:REMOVE_PEER RPC for tablet 8419bfc7ef494406b1196546019ef634 with cas_config_opid_index 3: ChangeConfig:REMOVE_PEER succeeded (attempt 1)
I20260710 11:04:33.342274  4862 catalog_manager.cc:5697] T 8419bfc7ef494406b1196546019ef634 P db21f715d9fb4b678c8231d76b1e2c9e reported cstate change: config changed from index 3 to 4, VOTER fcf255d6982a48868d3418f60caa8d38 (127.3.189.1) evicted. New cstate: current_term: 1 leader_uuid: "db21f715d9fb4b678c8231d76b1e2c9e" committed_config { opid_index: 4 OBSOLETE_local: false peers { permanent_uuid: "db21f715d9fb4b678c8231d76b1e2c9e" member_type: VOTER last_known_addr { host: "127.3.189.2" port: 40961 } health_report { overall_health: HEALTHY } } peers { permanent_uuid: "31d7fc9e24744dafbe86149580adaa2f" member_type: VOTER last_known_addr { host: "127.3.189.3" port: 43593 } health_report { overall_health: HEALTHY } } peers { permanent_uuid: "31b7256d1f194791bc09c906cc773534" member_type: VOTER last_known_addr { host: "127.3.189.4" port: 44255 } attrs { promote: false } health_report { overall_health: HEALTHY } } }
I20260710 11:04:33.351634  4954 tablet_service.cc:1558] Processing DeleteTablet for tablet 8419bfc7ef494406b1196546019ef634 with delete_type TABLET_DATA_TOMBSTONED (TS fcf255d6982a48868d3418f60caa8d38 not found in new config with opid_index 4) from {username='slave'} at 127.0.0.1:36288
I20260710 11:04:33.353636  5741 tablet_replica.cc:333] T 8419bfc7ef494406b1196546019ef634 P fcf255d6982a48868d3418f60caa8d38: stopping tablet replica
I20260710 11:04:33.354370  5741 raft_consensus.cc:2243] T 8419bfc7ef494406b1196546019ef634 P fcf255d6982a48868d3418f60caa8d38 [term 1 FOLLOWER]: Raft consensus shutting down.
I20260710 11:04:33.354894  5741 pending_rounds.cc:70] T 8419bfc7ef494406b1196546019ef634 P fcf255d6982a48868d3418f60caa8d38: Trying to abort 1 pending ops.
I20260710 11:04:33.355209  5741 pending_rounds.cc:77] T 8419bfc7ef494406b1196546019ef634 P fcf255d6982a48868d3418f60caa8d38: Aborting op as it isn't in flight: id { term: 1 index: 3 } timestamp: 7305959314189733888 op_type: CHANGE_CONFIG_OP change_config_record { tablet_id: "8419bfc7ef494406b1196546019ef634" old_config { opid_index: 2 OBSOLETE_local: false peers { permanent_uuid: "fcf255d6982a48868d3418f60caa8d38" member_type: VOTER last_known_addr { host: "127.3.189.1" port: 33383 } attrs { replace: true } } peers { permanent_uuid: "db21f715d9fb4b678c8231d76b1e2c9e" member_type: VOTER last_known_addr { host: "127.3.189.2" port: 40961 } } peers { permanent_uuid: "31d7fc9e24744dafbe86149580adaa2f" member_type: VOTER last_known_addr { host: "127.3.189.3" port: 43593 } } peers { permanent_uuid: "31b7256d1f194791bc09c906cc773534" member_type: NON_VOTER last_known_addr { host: "127.3.189.4" port: 44255 } attrs { promote: true } } } new_config { opid_index: 3 OBSOLETE_local: false peers { permanent_uuid: "fcf255d6982a48868d3418f60caa8d38" member_type: VOTER last_known_addr { host: "127.3.189.1" port: 33383 } attrs { replace: true } } peers { permanent_uuid: "db21f715d9fb4b678c8231d76b1e2c9e" member_type: VOTER last_known_addr { host: "127.3.189.2" port: 40961 } } peers { permanent_uuid: "31d7fc9e24744dafbe86149580adaa2f" member_type: VOTER last_known_addr { host: "127.3.189.3" port: 43593 } } peers { permanent_uuid: "31b7256d1f194791bc09c906cc773534" member_type: VOTER last_known_addr { host: "127.3.189.4" port: 44255 } attrs { promote: false } } } }
I20260710 11:04:33.356453  5741 raft_consensus.cc:2917] T 8419bfc7ef494406b1196546019ef634 P fcf255d6982a48868d3418f60caa8d38 [term 1 FOLLOWER]: Aborting config change with OpId 1.3: Aborted: Op aborted
I20260710 11:04:33.356865  5741 raft_consensus.cc:2889] T 8419bfc7ef494406b1196546019ef634 P fcf255d6982a48868d3418f60caa8d38 [term 1 FOLLOWER]: CHANGE_CONFIG_OP replication failed: Aborted: Op aborted
I20260710 11:04:33.357197  5741 raft_consensus.cc:2272] T 8419bfc7ef494406b1196546019ef634 P fcf255d6982a48868d3418f60caa8d38 [term 1 FOLLOWER]: Raft consensus is shut down!
I20260710 11:04:33.360340  5741 ts_tablet_manager.cc:1916] T 8419bfc7ef494406b1196546019ef634 P fcf255d6982a48868d3418f60caa8d38: Deleting tablet data with delete state TABLET_DATA_TOMBSTONED
I20260710 11:04:33.370136  5741 ts_tablet_manager.cc:1929] T 8419bfc7ef494406b1196546019ef634 P fcf255d6982a48868d3418f60caa8d38: tablet deleted with delete type TABLET_DATA_TOMBSTONED: last-logged OpId 1.3
I20260710 11:04:33.370457  5741 log.cc:1199] T 8419bfc7ef494406b1196546019ef634 P fcf255d6982a48868d3418f60caa8d38: Deleting WAL directory at /tmp/dist-test-taskEZPEud/test-tmp/auto_leader_rebalancer-test.0.LeaderRebalancerTest.AddTserver.1783681426794444-3828-0/minicluster-data/ts-0-root/wals/8419bfc7ef494406b1196546019ef634
I20260710 11:04:33.371815  4851 catalog_manager.cc:5028] TS fcf255d6982a48868d3418f60caa8d38 (127.3.189.1:33383): tablet 8419bfc7ef494406b1196546019ef634 (table test-workload [id=abd96eab6a1a411dbf4cede8d7b3ee1d]) successfully deleted
I20260710 11:04:38.658016  3828 auto_leader_rebalancer.cc:141] leader rebalance for table test-workload
I20260710 11:04:38.689473  5044 tablet_service.cc:2072] Received LeaderStepDown RPC: tablet_id: "48ce2ab62f114e34a946cf07f454814d"
dest_uuid: "db21f715d9fb4b678c8231d76b1e2c9e"
mode: GRACEFUL
new_leader_uuid: "31b7256d1f194791bc09c906cc773534"
 from {username='slave'} at 127.0.0.1:42964
I20260710 11:04:38.690207  5044 raft_consensus.cc:606] T 48ce2ab62f114e34a946cf07f454814d P db21f715d9fb4b678c8231d76b1e2c9e [term 1 LEADER]: Received request to transfer leadership to TS 31b7256d1f194791bc09c906cc773534
I20260710 11:04:38.693156  5044 tablet_service.cc:2072] Received LeaderStepDown RPC: tablet_id: "8419bfc7ef494406b1196546019ef634"
dest_uuid: "db21f715d9fb4b678c8231d76b1e2c9e"
mode: GRACEFUL
new_leader_uuid: "31b7256d1f194791bc09c906cc773534"
 from {username='slave'} at 127.0.0.1:42964
I20260710 11:04:38.693684  5044 raft_consensus.cc:606] T 8419bfc7ef494406b1196546019ef634 P db21f715d9fb4b678c8231d76b1e2c9e [term 1 LEADER]: Received request to transfer leadership to TS 31b7256d1f194791bc09c906cc773534
I20260710 11:04:38.696483  5044 tablet_service.cc:2072] Received LeaderStepDown RPC: tablet_id: "c4648af199854233907bded32bc83a5b"
dest_uuid: "db21f715d9fb4b678c8231d76b1e2c9e"
mode: GRACEFUL
new_leader_uuid: "31b7256d1f194791bc09c906cc773534"
 from {username='slave'} at 127.0.0.1:42964
I20260710 11:04:38.697003  5044 raft_consensus.cc:606] T c4648af199854233907bded32bc83a5b P db21f715d9fb4b678c8231d76b1e2c9e [term 1 LEADER]: Received request to transfer leadership to TS 31b7256d1f194791bc09c906cc773534
I20260710 11:04:38.699327  5044 tablet_service.cc:2072] Received LeaderStepDown RPC: tablet_id: "d46a69a2925448f9ade3f0e69f5f6625"
dest_uuid: "db21f715d9fb4b678c8231d76b1e2c9e"
mode: GRACEFUL
new_leader_uuid: "31b7256d1f194791bc09c906cc773534"
 from {username='slave'} at 127.0.0.1:42964
I20260710 11:04:38.699681  5044 raft_consensus.cc:606] T d46a69a2925448f9ade3f0e69f5f6625 P db21f715d9fb4b678c8231d76b1e2c9e [term 1 LEADER]: Received request to transfer leadership to TS 31b7256d1f194791bc09c906cc773534
I20260710 11:04:38.701905  5044 tablet_service.cc:2072] Received LeaderStepDown RPC: tablet_id: "d73e4c13f78a40c4986910be39c646ca"
dest_uuid: "db21f715d9fb4b678c8231d76b1e2c9e"
mode: GRACEFUL
new_leader_uuid: "fcf255d6982a48868d3418f60caa8d38"
 from {username='slave'} at 127.0.0.1:42964
I20260710 11:04:38.702298  5044 raft_consensus.cc:606] T d73e4c13f78a40c4986910be39c646ca P db21f715d9fb4b678c8231d76b1e2c9e [term 1 LEADER]: Received request to transfer leadership to TS fcf255d6982a48868d3418f60caa8d38
I20260710 11:04:38.703310  3828 auto_leader_rebalancer.cc:452] table: test-workload, leader rebalance finish, leader transfer count: 5
I20260710 11:04:38.703970  3828 auto_leader_rebalancer.cc:527] All tables' leader rebalancing finished this round
I20260710 11:04:38.776036  5745 raft_consensus.cc:993] T c4648af199854233907bded32bc83a5b P db21f715d9fb4b678c8231d76b1e2c9e: : Instructing follower 31b7256d1f194791bc09c906cc773534 to start an election
I20260710 11:04:38.776721  5746 raft_consensus.cc:1081] T c4648af199854233907bded32bc83a5b P db21f715d9fb4b678c8231d76b1e2c9e [term 1 LEADER]: Signalling peer 31b7256d1f194791bc09c906cc773534 to start an election
I20260710 11:04:38.778554  5391 tablet_service.cc:2044] Received Run Leader Election RPC: tablet_id: "c4648af199854233907bded32bc83a5b"
dest_uuid: "31b7256d1f194791bc09c906cc773534"
 from {username='slave'} at 127.0.0.1:52282
I20260710 11:04:38.779110  5391 raft_consensus.cc:493] T c4648af199854233907bded32bc83a5b P 31b7256d1f194791bc09c906cc773534 [term 1 FOLLOWER]: Starting forced leader election (received explicit request)
I20260710 11:04:38.779446  5391 raft_consensus.cc:3060] T c4648af199854233907bded32bc83a5b P 31b7256d1f194791bc09c906cc773534 [term 1 FOLLOWER]: Advancing to term 2
I20260710 11:04:38.785315  5391 raft_consensus.cc:515] T c4648af199854233907bded32bc83a5b P 31b7256d1f194791bc09c906cc773534 [term 2 FOLLOWER]: Starting forced leader election with config: opid_index: 4 OBSOLETE_local: false peers { permanent_uuid: "db21f715d9fb4b678c8231d76b1e2c9e" member_type: VOTER last_known_addr { host: "127.3.189.2" port: 40961 } } peers { permanent_uuid: "31d7fc9e24744dafbe86149580adaa2f" member_type: VOTER last_known_addr { host: "127.3.189.3" port: 43593 } } peers { permanent_uuid: "31b7256d1f194791bc09c906cc773534" member_type: VOTER last_known_addr { host: "127.3.189.4" port: 44255 } attrs { promote: false } }
I20260710 11:04:38.787963  5391 leader_election.cc:290] T c4648af199854233907bded32bc83a5b P 31b7256d1f194791bc09c906cc773534 [CANDIDATE]: Term 2 election: Requested vote from peers db21f715d9fb4b678c8231d76b1e2c9e (127.3.189.2:40961), 31d7fc9e24744dafbe86149580adaa2f (127.3.189.3:43593)
I20260710 11:04:38.788367  5044 tablet_service.cc:1917] Received RequestConsensusVote() RPC: tablet_id: "c4648af199854233907bded32bc83a5b" candidate_uuid: "31b7256d1f194791bc09c906cc773534" candidate_term: 2 candidate_status { last_received { term: 1 index: 4 } } ignore_live_leader: true dest_uuid: "db21f715d9fb4b678c8231d76b1e2c9e"
I20260710 11:04:38.788705  5114 tablet_service.cc:1917] Received RequestConsensusVote() RPC: tablet_id: "c4648af199854233907bded32bc83a5b" candidate_uuid: "31b7256d1f194791bc09c906cc773534" candidate_term: 2 candidate_status { last_received { term: 1 index: 4 } } ignore_live_leader: true dest_uuid: "31d7fc9e24744dafbe86149580adaa2f"
I20260710 11:04:38.789430  5114 raft_consensus.cc:3060] T c4648af199854233907bded32bc83a5b P 31d7fc9e24744dafbe86149580adaa2f [term 1 FOLLOWER]: Advancing to term 2
I20260710 11:04:38.789438  5044 raft_consensus.cc:3055] T c4648af199854233907bded32bc83a5b P db21f715d9fb4b678c8231d76b1e2c9e [term 1 LEADER]: Stepping down as leader of term 1
I20260710 11:04:38.789961  5044 raft_consensus.cc:740] T c4648af199854233907bded32bc83a5b P db21f715d9fb4b678c8231d76b1e2c9e [term 1 LEADER]: Becoming Follower/Learner. State: Replica: db21f715d9fb4b678c8231d76b1e2c9e, State: Running, Role: LEADER
I20260710 11:04:38.791029  5044 consensus_queue.cc:260] T c4648af199854233907bded32bc83a5b P db21f715d9fb4b678c8231d76b1e2c9e [NON_LEADER]: Queue going to NON_LEADER mode. State: All replicated index: 0, Majority replicated index: 4, Committed index: 4, Last appended: 1.4, Last appended by leader: 4, Current term: 1, Majority size: -1, State: 0, Mode: NON_LEADER, active raft config: opid_index: 4 OBSOLETE_local: false peers { permanent_uuid: "db21f715d9fb4b678c8231d76b1e2c9e" member_type: VOTER last_known_addr { host: "127.3.189.2" port: 40961 } } peers { permanent_uuid: "31d7fc9e24744dafbe86149580adaa2f" member_type: VOTER last_known_addr { host: "127.3.189.3" port: 43593 } } peers { permanent_uuid: "31b7256d1f194791bc09c906cc773534" member_type: VOTER last_known_addr { host: "127.3.189.4" port: 44255 } attrs { promote: false } }
I20260710 11:04:38.792448  5044 raft_consensus.cc:3060] T c4648af199854233907bded32bc83a5b P db21f715d9fb4b678c8231d76b1e2c9e [term 1 FOLLOWER]: Advancing to term 2
I20260710 11:04:38.797382  5114 raft_consensus.cc:2468] T c4648af199854233907bded32bc83a5b P 31d7fc9e24744dafbe86149580adaa2f [term 2 FOLLOWER]: Leader election vote request: Granting yes vote for candidate 31b7256d1f194791bc09c906cc773534 in term 2.
I20260710 11:04:38.799021  5355 leader_election.cc:304] T c4648af199854233907bded32bc83a5b P 31b7256d1f194791bc09c906cc773534 [CANDIDATE]: Term 2 election: Election decided. Result: candidate won. Election summary: received 2 responses out of 3 voters: 2 yes votes; 0 no votes. yes voters: 31b7256d1f194791bc09c906cc773534, 31d7fc9e24744dafbe86149580adaa2f; no voters: 
I20260710 11:04:38.800081  5044 raft_consensus.cc:2468] T c4648af199854233907bded32bc83a5b P db21f715d9fb4b678c8231d76b1e2c9e [term 2 FOLLOWER]: Leader election vote request: Granting yes vote for candidate 31b7256d1f194791bc09c906cc773534 in term 2.
I20260710 11:04:38.801275  5750 raft_consensus.cc:2804] T c4648af199854233907bded32bc83a5b P 31b7256d1f194791bc09c906cc773534 [term 2 FOLLOWER]: Leader election won for term 2
I20260710 11:04:38.803048  5750 raft_consensus.cc:697] T c4648af199854233907bded32bc83a5b P 31b7256d1f194791bc09c906cc773534 [term 2 LEADER]: Becoming Leader. State: Replica: 31b7256d1f194791bc09c906cc773534, State: Running, Role: LEADER
I20260710 11:04:38.804116  5750 consensus_queue.cc:237] T c4648af199854233907bded32bc83a5b P 31b7256d1f194791bc09c906cc773534 [LEADER]: Queue going to LEADER mode. State: All replicated index: 0, Majority replicated index: 4, Committed index: 4, Last appended: 1.4, Last appended by leader: 4, Current term: 2, Majority size: 2, State: 0, Mode: LEADER, active raft config: opid_index: 4 OBSOLETE_local: false peers { permanent_uuid: "db21f715d9fb4b678c8231d76b1e2c9e" member_type: VOTER last_known_addr { host: "127.3.189.2" port: 40961 } } peers { permanent_uuid: "31d7fc9e24744dafbe86149580adaa2f" member_type: VOTER last_known_addr { host: "127.3.189.3" port: 43593 } } peers { permanent_uuid: "31b7256d1f194791bc09c906cc773534" member_type: VOTER last_known_addr { host: "127.3.189.4" port: 44255 } attrs { promote: false } }
I20260710 11:04:38.811895  4862 catalog_manager.cc:5697] T c4648af199854233907bded32bc83a5b P 31b7256d1f194791bc09c906cc773534 reported cstate change: term changed from 1 to 2, leader changed from db21f715d9fb4b678c8231d76b1e2c9e (127.3.189.2) to 31b7256d1f194791bc09c906cc773534 (127.3.189.4). New cstate: current_term: 2 leader_uuid: "31b7256d1f194791bc09c906cc773534" committed_config { opid_index: 4 OBSOLETE_local: false peers { permanent_uuid: "db21f715d9fb4b678c8231d76b1e2c9e" member_type: VOTER last_known_addr { host: "127.3.189.2" port: 40961 } health_report { overall_health: UNKNOWN } } peers { permanent_uuid: "31d7fc9e24744dafbe86149580adaa2f" member_type: VOTER last_known_addr { host: "127.3.189.3" port: 43593 } health_report { overall_health: UNKNOWN } } peers { permanent_uuid: "31b7256d1f194791bc09c906cc773534" member_type: VOTER last_known_addr { host: "127.3.189.4" port: 44255 } attrs { promote: false } health_report { overall_health: HEALTHY } } }
I20260710 11:04:38.935582  5746 raft_consensus.cc:993] T 48ce2ab62f114e34a946cf07f454814d P db21f715d9fb4b678c8231d76b1e2c9e: : Instructing follower 31b7256d1f194791bc09c906cc773534 to start an election
I20260710 11:04:38.936159  5746 raft_consensus.cc:1081] T 48ce2ab62f114e34a946cf07f454814d P db21f715d9fb4b678c8231d76b1e2c9e [term 1 LEADER]: Signalling peer 31b7256d1f194791bc09c906cc773534 to start an election
