I20260710 11:04:31.504968 20352 tablet_service.cc:1558] Processing DeleteTablet for tablet c301cb9a8d3f48fdb8c41b29441f9407 with delete_type TABLET_DATA_TOMBSTONED (TS 1d557e175e234848a159f4a58d43c3bc not found in new config with opid_index 4) from {username='slave'} at 127.0.0.1:49826
I20260710 11:04:31.507295 21055 tablet_replica.cc:333] T c301cb9a8d3f48fdb8c41b29441f9407 P 1d557e175e234848a159f4a58d43c3bc: stopping tablet replica
I20260710 11:04:31.508311 21055 raft_consensus.cc:2243] T c301cb9a8d3f48fdb8c41b29441f9407 P 1d557e175e234848a159f4a58d43c3bc [term 1 FOLLOWER]: Raft consensus shutting down.
I20260710 11:04:31.509059 21055 raft_consensus.cc:2272] T c301cb9a8d3f48fdb8c41b29441f9407 P 1d557e175e234848a159f4a58d43c3bc [term 1 FOLLOWER]: Raft consensus is shut down!
I20260710 11:04:31.512567 21055 ts_tablet_manager.cc:1916] T c301cb9a8d3f48fdb8c41b29441f9407 P 1d557e175e234848a159f4a58d43c3bc: Deleting tablet data with delete state TABLET_DATA_TOMBSTONED
I20260710 11:04:31.528505 21055 ts_tablet_manager.cc:1929] T c301cb9a8d3f48fdb8c41b29441f9407 P 1d557e175e234848a159f4a58d43c3bc: tablet deleted with delete type TABLET_DATA_TOMBSTONED: last-logged OpId 1.3
I20260710 11:04:31.528882 21055 log.cc:1199] T c301cb9a8d3f48fdb8c41b29441f9407 P 1d557e175e234848a159f4a58d43c3bc: Deleting WAL directory at /tmp/dist-test-taskIVG3RH/test-tmp/auto_leader_rebalancer-test.0.LeaderRebalancerTest.AddTserver.1783681426452374-19158-0/minicluster-data/ts-1-root/wals/c301cb9a8d3f48fdb8c41b29441f9407
I20260710 11:04:31.530558 20177 catalog_manager.cc:5028] TS 1d557e175e234848a159f4a58d43c3bc (127.18.181.130:46615): tablet c301cb9a8d3f48fdb8c41b29441f9407 (table test-workload [id=329be841ef864d98a6761262474cc882]) successfully deleted
I20260710 11:04:31.670765 21010 raft_consensus.cc:1064] T c97555dfc5634445895cc78d71d052c6 P 1d557e175e234848a159f4a58d43c3bc: attempting to promote NON_VOTER 0ce0056cb0e94a90b88623b2ca501839 to VOTER
I20260710 11:04:31.673588 21010 consensus_queue.cc:237] T c97555dfc5634445895cc78d71d052c6 P 1d557e175e234848a159f4a58d43c3bc [LEADER]: Queue going to LEADER mode. State: All replicated index: 0, Majority replicated index: 2, Committed index: 2, Last appended: 1.2, Last appended by leader: 0, Current term: 1, Majority size: 3, State: 0, Mode: LEADER, active raft config: opid_index: 3 OBSOLETE_local: false peers { permanent_uuid: "2701e371029d410d98b4b9ed48ff57d6" member_type: VOTER last_known_addr { host: "127.18.181.129" port: 44907 } } peers { permanent_uuid: "1d557e175e234848a159f4a58d43c3bc" member_type: VOTER last_known_addr { host: "127.18.181.130" port: 46615 } } peers { permanent_uuid: "9915dd5c7fca4829b049533e8f18750a" member_type: VOTER last_known_addr { host: "127.18.181.131" port: 43497 } attrs { replace: true } } peers { permanent_uuid: "0ce0056cb0e94a90b88623b2ca501839" member_type: VOTER last_known_addr { host: "127.18.181.132" port: 45859 } attrs { promote: false } }
I20260710 11:04:31.682621 20439 raft_consensus.cc:1275] T c97555dfc5634445895cc78d71d052c6 P 9915dd5c7fca4829b049533e8f18750a [term 1 FOLLOWER]: Refusing update from remote peer 1d557e175e234848a159f4a58d43c3bc: Log matching property violated. Preceding OpId in replica: term: 1 index: 2. Preceding OpId from leader: term: 1 index: 3. (index mismatch)
I20260710 11:04:31.684985 21029 consensus_queue.cc:1048] T c97555dfc5634445895cc78d71d052c6 P 1d557e175e234848a159f4a58d43c3bc [LEADER]: Connected to new peer: Peer: permanent_uuid: "9915dd5c7fca4829b049533e8f18750a" member_type: VOTER last_known_addr { host: "127.18.181.131" port: 43497 } attrs { replace: true }, Status: LMP_MISMATCH, Last received: 0.0, Next index: 3, Last known committed idx: 2, Time since last communication: 0.001s
I20260710 11:04:31.688540 20723 raft_consensus.cc:1275] T c97555dfc5634445895cc78d71d052c6 P 0ce0056cb0e94a90b88623b2ca501839 [term 1 LEARNER]: Refusing update from remote peer 1d557e175e234848a159f4a58d43c3bc: Log matching property violated. Preceding OpId in replica: term: 1 index: 2. Preceding OpId from leader: term: 1 index: 3. (index mismatch)
I20260710 11:04:31.692267 21057 consensus_queue.cc:1048] T c97555dfc5634445895cc78d71d052c6 P 1d557e175e234848a159f4a58d43c3bc [LEADER]: Connected to new peer: Peer: permanent_uuid: "0ce0056cb0e94a90b88623b2ca501839" member_type: VOTER last_known_addr { host: "127.18.181.132" port: 45859 } attrs { promote: false }, Status: LMP_MISMATCH, Last received: 0.0, Next index: 3, Last known committed idx: 2, Time since last communication: 0.001s
I20260710 11:04:31.699805 20293 raft_consensus.cc:1275] T c97555dfc5634445895cc78d71d052c6 P 2701e371029d410d98b4b9ed48ff57d6 [term 1 FOLLOWER]: Refusing update from remote peer 1d557e175e234848a159f4a58d43c3bc: Log matching property violated. Preceding OpId in replica: term: 1 index: 2. Preceding OpId from leader: term: 1 index: 3. (index mismatch)
I20260710 11:04:31.701484 21057 consensus_queue.cc:1048] T c97555dfc5634445895cc78d71d052c6 P 1d557e175e234848a159f4a58d43c3bc [LEADER]: Connected to new peer: Peer: permanent_uuid: "2701e371029d410d98b4b9ed48ff57d6" member_type: VOTER last_known_addr { host: "127.18.181.129" port: 44907 }, Status: LMP_MISMATCH, Last received: 0.0, Next index: 3, Last known committed idx: 2, Time since last communication: 0.001s
I20260710 11:04:31.712194 21058 raft_consensus.cc:2955] T c97555dfc5634445895cc78d71d052c6 P 1d557e175e234848a159f4a58d43c3bc [term 1 LEADER]: Committing config change with OpId 1.3: config changed from index 2 to 3, 0ce0056cb0e94a90b88623b2ca501839 (127.18.181.132) changed from NON_VOTER to VOTER. New config: { opid_index: 3 OBSOLETE_local: false peers { permanent_uuid: "2701e371029d410d98b4b9ed48ff57d6" member_type: VOTER last_known_addr { host: "127.18.181.129" port: 44907 } } peers { permanent_uuid: "1d557e175e234848a159f4a58d43c3bc" member_type: VOTER last_known_addr { host: "127.18.181.130" port: 46615 } } peers { permanent_uuid: "9915dd5c7fca4829b049533e8f18750a" member_type: VOTER last_known_addr { host: "127.18.181.131" port: 43497 } attrs { replace: true } } peers { permanent_uuid: "0ce0056cb0e94a90b88623b2ca501839" member_type: VOTER last_known_addr { host: "127.18.181.132" port: 45859 } attrs { promote: false } } }
I20260710 11:04:31.714262 20439 raft_consensus.cc:2955] T c97555dfc5634445895cc78d71d052c6 P 9915dd5c7fca4829b049533e8f18750a [term 1 FOLLOWER]: Committing config change with OpId 1.3: config changed from index 2 to 3, 0ce0056cb0e94a90b88623b2ca501839 (127.18.181.132) changed from NON_VOTER to VOTER. New config: { opid_index: 3 OBSOLETE_local: false peers { permanent_uuid: "2701e371029d410d98b4b9ed48ff57d6" member_type: VOTER last_known_addr { host: "127.18.181.129" port: 44907 } } peers { permanent_uuid: "1d557e175e234848a159f4a58d43c3bc" member_type: VOTER last_known_addr { host: "127.18.181.130" port: 46615 } } peers { permanent_uuid: "9915dd5c7fca4829b049533e8f18750a" member_type: VOTER last_known_addr { host: "127.18.181.131" port: 43497 } attrs { replace: true } } peers { permanent_uuid: "0ce0056cb0e94a90b88623b2ca501839" member_type: VOTER last_known_addr { host: "127.18.181.132" port: 45859 } attrs { promote: false } } }
I20260710 11:04:31.716421 20293 raft_consensus.cc:2955] T c97555dfc5634445895cc78d71d052c6 P 2701e371029d410d98b4b9ed48ff57d6 [term 1 FOLLOWER]: Committing config change with OpId 1.3: config changed from index 2 to 3, 0ce0056cb0e94a90b88623b2ca501839 (127.18.181.132) changed from NON_VOTER to VOTER. New config: { opid_index: 3 OBSOLETE_local: false peers { permanent_uuid: "2701e371029d410d98b4b9ed48ff57d6" member_type: VOTER last_known_addr { host: "127.18.181.129" port: 44907 } } peers { permanent_uuid: "1d557e175e234848a159f4a58d43c3bc" member_type: VOTER last_known_addr { host: "127.18.181.130" port: 46615 } } peers { permanent_uuid: "9915dd5c7fca4829b049533e8f18750a" member_type: VOTER last_known_addr { host: "127.18.181.131" port: 43497 } attrs { replace: true } } peers { permanent_uuid: "0ce0056cb0e94a90b88623b2ca501839" member_type: VOTER last_known_addr { host: "127.18.181.132" port: 45859 } attrs { promote: false } } }
I20260710 11:04:31.725970 20723 raft_consensus.cc:2955] T c97555dfc5634445895cc78d71d052c6 P 0ce0056cb0e94a90b88623b2ca501839 [term 1 FOLLOWER]: Committing config change with OpId 1.3: config changed from index 2 to 3, 0ce0056cb0e94a90b88623b2ca501839 (127.18.181.132) changed from NON_VOTER to VOTER. New config: { opid_index: 3 OBSOLETE_local: false peers { permanent_uuid: "2701e371029d410d98b4b9ed48ff57d6" member_type: VOTER last_known_addr { host: "127.18.181.129" port: 44907 } } peers { permanent_uuid: "1d557e175e234848a159f4a58d43c3bc" member_type: VOTER last_known_addr { host: "127.18.181.130" port: 46615 } } peers { permanent_uuid: "9915dd5c7fca4829b049533e8f18750a" member_type: VOTER last_known_addr { host: "127.18.181.131" port: 43497 } attrs { replace: true } } peers { permanent_uuid: "0ce0056cb0e94a90b88623b2ca501839" member_type: VOTER last_known_addr { host: "127.18.181.132" port: 45859 } attrs { promote: false } } }
I20260710 11:04:31.731848 20191 catalog_manager.cc:5697] T c97555dfc5634445895cc78d71d052c6 P 9915dd5c7fca4829b049533e8f18750a reported cstate change: config changed from index 2 to 3, 0ce0056cb0e94a90b88623b2ca501839 (127.18.181.132) changed from NON_VOTER to VOTER. New cstate: current_term: 1 leader_uuid: "1d557e175e234848a159f4a58d43c3bc" committed_config { opid_index: 3 OBSOLETE_local: false peers { permanent_uuid: "2701e371029d410d98b4b9ed48ff57d6" member_type: VOTER last_known_addr { host: "127.18.181.129" port: 44907 } } peers { permanent_uuid: "1d557e175e234848a159f4a58d43c3bc" member_type: VOTER last_known_addr { host: "127.18.181.130" port: 46615 } } peers { permanent_uuid: "9915dd5c7fca4829b049533e8f18750a" member_type: VOTER last_known_addr { host: "127.18.181.131" port: 43497 } attrs { replace: true } } peers { permanent_uuid: "0ce0056cb0e94a90b88623b2ca501839" member_type: VOTER last_known_addr { host: "127.18.181.132" port: 45859 } attrs { promote: false } } }
I20260710 11:04:31.751441 20367 consensus_queue.cc:237] T c97555dfc5634445895cc78d71d052c6 P 1d557e175e234848a159f4a58d43c3bc [LEADER]: Queue going to LEADER mode. State: All replicated index: 0, Majority replicated index: 3, Committed index: 3, Last appended: 1.3, Last appended by leader: 0, Current term: 1, Majority size: 2, State: 0, Mode: LEADER, active raft config: opid_index: 4 OBSOLETE_local: false peers { permanent_uuid: "2701e371029d410d98b4b9ed48ff57d6" member_type: VOTER last_known_addr { host: "127.18.181.129" port: 44907 } } peers { permanent_uuid: "1d557e175e234848a159f4a58d43c3bc" member_type: VOTER last_known_addr { host: "127.18.181.130" port: 46615 } } peers { permanent_uuid: "0ce0056cb0e94a90b88623b2ca501839" member_type: VOTER last_known_addr { host: "127.18.181.132" port: 45859 } attrs { promote: false } }
I20260710 11:04:31.756742 20723 raft_consensus.cc:1275] T c97555dfc5634445895cc78d71d052c6 P 0ce0056cb0e94a90b88623b2ca501839 [term 1 FOLLOWER]: Refusing update from remote peer 1d557e175e234848a159f4a58d43c3bc: Log matching property violated. Preceding OpId in replica: term: 1 index: 3. Preceding OpId from leader: term: 1 index: 4. (index mismatch)
I20260710 11:04:31.757573 20293 raft_consensus.cc:1275] T c97555dfc5634445895cc78d71d052c6 P 2701e371029d410d98b4b9ed48ff57d6 [term 1 FOLLOWER]: Refusing update from remote peer 1d557e175e234848a159f4a58d43c3bc: Log matching property violated. Preceding OpId in replica: term: 1 index: 3. Preceding OpId from leader: term: 1 index: 4. (index mismatch)
I20260710 11:04:31.758590 21058 consensus_queue.cc:1048] T c97555dfc5634445895cc78d71d052c6 P 1d557e175e234848a159f4a58d43c3bc [LEADER]: Connected to new peer: Peer: permanent_uuid: "0ce0056cb0e94a90b88623b2ca501839" member_type: VOTER last_known_addr { host: "127.18.181.132" port: 45859 } attrs { promote: false }, Status: LMP_MISMATCH, Last received: 0.0, Next index: 4, Last known committed idx: 3, Time since last communication: 0.001s
I20260710 11:04:31.759708 21029 consensus_queue.cc:1048] T c97555dfc5634445895cc78d71d052c6 P 1d557e175e234848a159f4a58d43c3bc [LEADER]: Connected to new peer: Peer: permanent_uuid: "2701e371029d410d98b4b9ed48ff57d6" member_type: VOTER last_known_addr { host: "127.18.181.129" port: 44907 }, Status: LMP_MISMATCH, Last received: 0.0, Next index: 4, Last known committed idx: 3, Time since last communication: 0.000s
I20260710 11:04:31.766412 21029 raft_consensus.cc:2955] T c97555dfc5634445895cc78d71d052c6 P 1d557e175e234848a159f4a58d43c3bc [term 1 LEADER]: Committing config change with OpId 1.4: config changed from index 3 to 4, VOTER 9915dd5c7fca4829b049533e8f18750a (127.18.181.131) evicted. New config: { opid_index: 4 OBSOLETE_local: false peers { permanent_uuid: "2701e371029d410d98b4b9ed48ff57d6" member_type: VOTER last_known_addr { host: "127.18.181.129" port: 44907 } } peers { permanent_uuid: "1d557e175e234848a159f4a58d43c3bc" member_type: VOTER last_known_addr { host: "127.18.181.130" port: 46615 } } peers { permanent_uuid: "0ce0056cb0e94a90b88623b2ca501839" member_type: VOTER last_known_addr { host: "127.18.181.132" port: 45859 } attrs { promote: false } } }
I20260710 11:04:31.769233 20293 raft_consensus.cc:2955] T c97555dfc5634445895cc78d71d052c6 P 2701e371029d410d98b4b9ed48ff57d6 [term 1 FOLLOWER]: Committing config change with OpId 1.4: config changed from index 3 to 4, VOTER 9915dd5c7fca4829b049533e8f18750a (127.18.181.131) evicted. New config: { opid_index: 4 OBSOLETE_local: false peers { permanent_uuid: "2701e371029d410d98b4b9ed48ff57d6" member_type: VOTER last_known_addr { host: "127.18.181.129" port: 44907 } } peers { permanent_uuid: "1d557e175e234848a159f4a58d43c3bc" member_type: VOTER last_known_addr { host: "127.18.181.130" port: 46615 } } peers { permanent_uuid: "0ce0056cb0e94a90b88623b2ca501839" member_type: VOTER last_known_addr { host: "127.18.181.132" port: 45859 } attrs { promote: false } } }
I20260710 11:04:31.777397 20723 raft_consensus.cc:2955] T c97555dfc5634445895cc78d71d052c6 P 0ce0056cb0e94a90b88623b2ca501839 [term 1 FOLLOWER]: Committing config change with OpId 1.4: config changed from index 3 to 4, VOTER 9915dd5c7fca4829b049533e8f18750a (127.18.181.131) evicted. New config: { opid_index: 4 OBSOLETE_local: false peers { permanent_uuid: "2701e371029d410d98b4b9ed48ff57d6" member_type: VOTER last_known_addr { host: "127.18.181.129" port: 44907 } } peers { permanent_uuid: "1d557e175e234848a159f4a58d43c3bc" member_type: VOTER last_known_addr { host: "127.18.181.130" port: 46615 } } peers { permanent_uuid: "0ce0056cb0e94a90b88623b2ca501839" member_type: VOTER last_known_addr { host: "127.18.181.132" port: 45859 } attrs { promote: false } } }
I20260710 11:04:31.779996 20177 catalog_manager.cc:5210] ChangeConfig:REMOVE_PEER RPC for tablet c97555dfc5634445895cc78d71d052c6 with cas_config_opid_index 3: ChangeConfig:REMOVE_PEER succeeded (attempt 1)
I20260710 11:04:31.785234 20189 catalog_manager.cc:5697] T c97555dfc5634445895cc78d71d052c6 P 1d557e175e234848a159f4a58d43c3bc reported cstate change: config changed from index 3 to 4, VOTER 9915dd5c7fca4829b049533e8f18750a (127.18.181.131) evicted. New cstate: current_term: 1 leader_uuid: "1d557e175e234848a159f4a58d43c3bc" committed_config { opid_index: 4 OBSOLETE_local: false peers { permanent_uuid: "2701e371029d410d98b4b9ed48ff57d6" member_type: VOTER last_known_addr { host: "127.18.181.129" port: 44907 } health_report { overall_health: HEALTHY } } peers { permanent_uuid: "1d557e175e234848a159f4a58d43c3bc" member_type: VOTER last_known_addr { host: "127.18.181.130" port: 46615 } health_report { overall_health: HEALTHY } } peers { permanent_uuid: "0ce0056cb0e94a90b88623b2ca501839" member_type: VOTER last_known_addr { host: "127.18.181.132" port: 45859 } attrs { promote: false } health_report { overall_health: HEALTHY } } }
I20260710 11:04:31.800654 20433 tablet_service.cc:1558] Processing DeleteTablet for tablet c97555dfc5634445895cc78d71d052c6 with delete_type TABLET_DATA_TOMBSTONED (TS 9915dd5c7fca4829b049533e8f18750a not found in new config with opid_index 4) from {username='slave'} at 127.0.0.1:49132
I20260710 11:04:31.803889 21062 tablet_replica.cc:333] T c97555dfc5634445895cc78d71d052c6 P 9915dd5c7fca4829b049533e8f18750a: stopping tablet replica
I20260710 11:04:31.804853 21062 raft_consensus.cc:2243] T c97555dfc5634445895cc78d71d052c6 P 9915dd5c7fca4829b049533e8f18750a [term 1 FOLLOWER]: Raft consensus shutting down.
I20260710 11:04:31.805464 21062 raft_consensus.cc:2272] T c97555dfc5634445895cc78d71d052c6 P 9915dd5c7fca4829b049533e8f18750a [term 1 FOLLOWER]: Raft consensus is shut down!
I20260710 11:04:31.808673 21062 ts_tablet_manager.cc:1916] T c97555dfc5634445895cc78d71d052c6 P 9915dd5c7fca4829b049533e8f18750a: Deleting tablet data with delete state TABLET_DATA_TOMBSTONED
I20260710 11:04:31.823046 21062 ts_tablet_manager.cc:1929] T c97555dfc5634445895cc78d71d052c6 P 9915dd5c7fca4829b049533e8f18750a: tablet deleted with delete type TABLET_DATA_TOMBSTONED: last-logged OpId 1.3
I20260710 11:04:31.823428 21062 log.cc:1199] T c97555dfc5634445895cc78d71d052c6 P 9915dd5c7fca4829b049533e8f18750a: Deleting WAL directory at /tmp/dist-test-taskIVG3RH/test-tmp/auto_leader_rebalancer-test.0.LeaderRebalancerTest.AddTserver.1783681426452374-19158-0/minicluster-data/ts-2-root/wals/c97555dfc5634445895cc78d71d052c6
I20260710 11:04:31.825099 20177 catalog_manager.cc:5028] TS 9915dd5c7fca4829b049533e8f18750a (127.18.181.131:43497): tablet c97555dfc5634445895cc78d71d052c6 (table test-workload [id=329be841ef864d98a6761262474cc882]) successfully deleted
I20260710 11:04:37.499282 19158 auto_leader_rebalancer.cc:141] leader rebalance for table test-workload
I20260710 11:04:37.528475 20439 tablet_service.cc:2072] Received LeaderStepDown RPC: tablet_id: "734cbcf785d14ceab74d6c5227150809"
dest_uuid: "9915dd5c7fca4829b049533e8f18750a"
mode: GRACEFUL
new_leader_uuid: "0ce0056cb0e94a90b88623b2ca501839"
 from {username='slave'} at 127.0.0.1:40260
I20260710 11:04:37.529253 20439 raft_consensus.cc:606] T 734cbcf785d14ceab74d6c5227150809 P 9915dd5c7fca4829b049533e8f18750a [term 1 LEADER]: Received request to transfer leadership to TS 0ce0056cb0e94a90b88623b2ca501839
I20260710 11:04:37.532083 20439 tablet_service.cc:2072] Received LeaderStepDown RPC: tablet_id: "98530850c62a4122886f6534716d30c3"
dest_uuid: "9915dd5c7fca4829b049533e8f18750a"
mode: GRACEFUL
new_leader_uuid: "2701e371029d410d98b4b9ed48ff57d6"
 from {username='slave'} at 127.0.0.1:40260
I20260710 11:04:37.532497 20439 raft_consensus.cc:606] T 98530850c62a4122886f6534716d30c3 P 9915dd5c7fca4829b049533e8f18750a [term 1 LEADER]: Received request to transfer leadership to TS 2701e371029d410d98b4b9ed48ff57d6
I20260710 11:04:37.547653 20367 tablet_service.cc:2072] Received LeaderStepDown RPC: tablet_id: "bf749d86057949cbaddd5df1d58ae3b5"
dest_uuid: "1d557e175e234848a159f4a58d43c3bc"
mode: GRACEFUL
new_leader_uuid: "0ce0056cb0e94a90b88623b2ca501839"
 from {username='slave'} at 127.0.0.1:45066
I20260710 11:04:37.548167 20367 raft_consensus.cc:606] T bf749d86057949cbaddd5df1d58ae3b5 P 1d557e175e234848a159f4a58d43c3bc [term 2 LEADER]: Received request to transfer leadership to TS 0ce0056cb0e94a90b88623b2ca501839
I20260710 11:04:37.550516 20367 tablet_service.cc:2072] Received LeaderStepDown RPC: tablet_id: "c97555dfc5634445895cc78d71d052c6"
dest_uuid: "1d557e175e234848a159f4a58d43c3bc"
mode: GRACEFUL
new_leader_uuid: "0ce0056cb0e94a90b88623b2ca501839"
 from {username='slave'} at 127.0.0.1:45066
I20260710 11:04:37.551045 20367 raft_consensus.cc:606] T c97555dfc5634445895cc78d71d052c6 P 1d557e175e234848a159f4a58d43c3bc [term 1 LEADER]: Received request to transfer leadership to TS 0ce0056cb0e94a90b88623b2ca501839
I20260710 11:04:37.553994 20439 tablet_service.cc:2072] Received LeaderStepDown RPC: tablet_id: "fc5e4da7f0704f7a8590fedfb306a4ae"
dest_uuid: "9915dd5c7fca4829b049533e8f18750a"
mode: GRACEFUL
new_leader_uuid: "0ce0056cb0e94a90b88623b2ca501839"
 from {username='slave'} at 127.0.0.1:40260
I20260710 11:04:37.554559 20439 raft_consensus.cc:606] T fc5e4da7f0704f7a8590fedfb306a4ae P 9915dd5c7fca4829b049533e8f18750a [term 1 LEADER]: Received request to transfer leadership to TS 0ce0056cb0e94a90b88623b2ca501839
I20260710 11:04:37.555784 19158 auto_leader_rebalancer.cc:452] table: test-workload, leader rebalance finish, leader transfer count: 5
I20260710 11:04:37.556526 19158 auto_leader_rebalancer.cc:527] All tables' leader rebalancing finished this round
I20260710 11:04:37.587733 21072 raft_consensus.cc:993] T fc5e4da7f0704f7a8590fedfb306a4ae P 9915dd5c7fca4829b049533e8f18750a: : Instructing follower 0ce0056cb0e94a90b88623b2ca501839 to start an election
I20260710 11:04:37.588573 21071 raft_consensus.cc:1081] T fc5e4da7f0704f7a8590fedfb306a4ae P 9915dd5c7fca4829b049533e8f18750a [term 1 LEADER]: Signalling peer 0ce0056cb0e94a90b88623b2ca501839 to start an election
I20260710 11:04:37.590211 20722 tablet_service.cc:2044] Received Run Leader Election RPC: tablet_id: "fc5e4da7f0704f7a8590fedfb306a4ae"
dest_uuid: "0ce0056cb0e94a90b88623b2ca501839"
 from {username='slave'} at 127.0.0.1:60152
I20260710 11:04:37.590744 20722 raft_consensus.cc:493] T fc5e4da7f0704f7a8590fedfb306a4ae P 0ce0056cb0e94a90b88623b2ca501839 [term 1 FOLLOWER]: Starting forced leader election (received explicit request)
I20260710 11:04:37.591048 20722 raft_consensus.cc:3060] T fc5e4da7f0704f7a8590fedfb306a4ae P 0ce0056cb0e94a90b88623b2ca501839 [term 1 FOLLOWER]: Advancing to term 2
I20260710 11:04:37.596706 20722 raft_consensus.cc:515] T fc5e4da7f0704f7a8590fedfb306a4ae P 0ce0056cb0e94a90b88623b2ca501839 [term 2 FOLLOWER]: Starting forced leader election with config: opid_index: 4 OBSOLETE_local: false peers { permanent_uuid: "1d557e175e234848a159f4a58d43c3bc" member_type: VOTER last_known_addr { host: "127.18.181.130" port: 46615 } } peers { permanent_uuid: "9915dd5c7fca4829b049533e8f18750a" member_type: VOTER last_known_addr { host: "127.18.181.131" port: 43497 } } peers { permanent_uuid: "0ce0056cb0e94a90b88623b2ca501839" member_type: VOTER last_known_addr { host: "127.18.181.132" port: 45859 } attrs { promote: false } }
I20260710 11:04:37.599149 20722 leader_election.cc:290] T fc5e4da7f0704f7a8590fedfb306a4ae P 0ce0056cb0e94a90b88623b2ca501839 [CANDIDATE]: Term 2 election: Requested vote from peers 1d557e175e234848a159f4a58d43c3bc (127.18.181.130:46615), 9915dd5c7fca4829b049533e8f18750a (127.18.181.131:43497)
I20260710 11:04:37.600171 20367 tablet_service.cc:1917] Received RequestConsensusVote() RPC: tablet_id: "fc5e4da7f0704f7a8590fedfb306a4ae" candidate_uuid: "0ce0056cb0e94a90b88623b2ca501839" candidate_term: 2 candidate_status { last_received { term: 1 index: 4 } } ignore_live_leader: true dest_uuid: "1d557e175e234848a159f4a58d43c3bc"
I20260710 11:04:37.600591 20439 tablet_service.cc:1917] Received RequestConsensusVote() RPC: tablet_id: "fc5e4da7f0704f7a8590fedfb306a4ae" candidate_uuid: "0ce0056cb0e94a90b88623b2ca501839" candidate_term: 2 candidate_status { last_received { term: 1 index: 4 } } ignore_live_leader: true dest_uuid: "9915dd5c7fca4829b049533e8f18750a"
I20260710 11:04:37.601042 20367 raft_consensus.cc:3060] T fc5e4da7f0704f7a8590fedfb306a4ae P 1d557e175e234848a159f4a58d43c3bc [term 1 FOLLOWER]: Advancing to term 2
I20260710 11:04:37.601197 20439 raft_consensus.cc:3055] T fc5e4da7f0704f7a8590fedfb306a4ae P 9915dd5c7fca4829b049533e8f18750a [term 1 LEADER]: Stepping down as leader of term 1
I20260710 11:04:37.601543 20439 raft_consensus.cc:740] T fc5e4da7f0704f7a8590fedfb306a4ae P 9915dd5c7fca4829b049533e8f18750a [term 1 LEADER]: Becoming Follower/Learner. State: Replica: 9915dd5c7fca4829b049533e8f18750a, State: Running, Role: LEADER
I20260710 11:04:37.602566 20439 consensus_queue.cc:260] T fc5e4da7f0704f7a8590fedfb306a4ae P 9915dd5c7fca4829b049533e8f18750a [NON_LEADER]: Queue going to NON_LEADER mode. State: All replicated index: 0, Majority replicated index: 4, Committed index: 4, Last appended: 1.4, Last appended by leader: 4, Current term: 1, Majority size: -1, State: 0, Mode: NON_LEADER, active raft config: opid_index: 4 OBSOLETE_local: false peers { permanent_uuid: "1d557e175e234848a159f4a58d43c3bc" member_type: VOTER last_known_addr { host: "127.18.181.130" port: 46615 } } peers { permanent_uuid: "9915dd5c7fca4829b049533e8f18750a" member_type: VOTER last_known_addr { host: "127.18.181.131" port: 43497 } } peers { permanent_uuid: "0ce0056cb0e94a90b88623b2ca501839" member_type: VOTER last_known_addr { host: "127.18.181.132" port: 45859 } attrs { promote: false } }
I20260710 11:04:37.604007 20439 raft_consensus.cc:3060] T fc5e4da7f0704f7a8590fedfb306a4ae P 9915dd5c7fca4829b049533e8f18750a [term 1 FOLLOWER]: Advancing to term 2
I20260710 11:04:37.608302 20367 raft_consensus.cc:2468] T fc5e4da7f0704f7a8590fedfb306a4ae P 1d557e175e234848a159f4a58d43c3bc [term 2 FOLLOWER]: Leader election vote request: Granting yes vote for candidate 0ce0056cb0e94a90b88623b2ca501839 in term 2.
I20260710 11:04:37.609733 20687 leader_election.cc:304] T fc5e4da7f0704f7a8590fedfb306a4ae P 0ce0056cb0e94a90b88623b2ca501839 [CANDIDATE]: Term 2 election: Election decided. Result: candidate won. Election summary: received 2 responses out of 3 voters: 2 yes votes; 0 no votes. yes voters: 0ce0056cb0e94a90b88623b2ca501839, 1d557e175e234848a159f4a58d43c3bc; no voters: 
I20260710 11:04:37.610759 20439 raft_consensus.cc:2468] T fc5e4da7f0704f7a8590fedfb306a4ae P 9915dd5c7fca4829b049533e8f18750a [term 2 FOLLOWER]: Leader election vote request: Granting yes vote for candidate 0ce0056cb0e94a90b88623b2ca501839 in term 2.
I20260710 11:04:37.611814 21076 raft_consensus.cc:2804] T fc5e4da7f0704f7a8590fedfb306a4ae P 0ce0056cb0e94a90b88623b2ca501839 [term 2 FOLLOWER]: Leader election won for term 2
I20260710 11:04:37.612811 21076 raft_consensus.cc:697] T fc5e4da7f0704f7a8590fedfb306a4ae P 0ce0056cb0e94a90b88623b2ca501839 [term 2 LEADER]: Becoming Leader. State: Replica: 0ce0056cb0e94a90b88623b2ca501839, State: Running, Role: LEADER
I20260710 11:04:37.613679 21076 consensus_queue.cc:237] T fc5e4da7f0704f7a8590fedfb306a4ae P 0ce0056cb0e94a90b88623b2ca501839 [LEADER]: Queue going to LEADER mode. State: All replicated index: 0, Majority replicated index: 4, Committed index: 4, Last appended: 1.4, Last appended by leader: 4, Current term: 2, Majority size: 2, State: 0, Mode: LEADER, active raft config: opid_index: 4 OBSOLETE_local: false peers { permanent_uuid: "1d557e175e234848a159f4a58d43c3bc" member_type: VOTER last_known_addr { host: "127.18.181.130" port: 46615 } } peers { permanent_uuid: "9915dd5c7fca4829b049533e8f18750a" member_type: VOTER last_known_addr { host: "127.18.181.131" port: 43497 } } peers { permanent_uuid: "0ce0056cb0e94a90b88623b2ca501839" member_type: VOTER last_known_addr { host: "127.18.181.132" port: 45859 } attrs { promote: false } }
I20260710 11:04:37.623646 20192 catalog_manager.cc:5697] T fc5e4da7f0704f7a8590fedfb306a4ae P 0ce0056cb0e94a90b88623b2ca501839 reported cstate change: term changed from 1 to 2, leader changed from 9915dd5c7fca4829b049533e8f18750a (127.18.181.131) to 0ce0056cb0e94a90b88623b2ca501839 (127.18.181.132). New cstate: current_term: 2 leader_uuid: "0ce0056cb0e94a90b88623b2ca501839" committed_config { opid_index: 4 OBSOLETE_local: false peers { permanent_uuid: "1d557e175e234848a159f4a58d43c3bc" member_type: VOTER last_known_addr { host: "127.18.181.130" port: 46615 } health_report { overall_health: UNKNOWN } } peers { permanent_uuid: "9915dd5c7fca4829b049533e8f18750a" member_type: VOTER last_known_addr { host: "127.18.181.131" port: 43497 } health_report { overall_health: UNKNOWN } } peers { permanent_uuid: "0ce0056cb0e94a90b88623b2ca501839" member_type: VOTER last_known_addr { host: "127.18.181.132" port: 45859 } attrs { promote: false } health_report { overall_health: HEALTHY } } }
I20260710 11:04:37.624768 21068 raft_consensus.cc:993] T c97555dfc5634445895cc78d71d052c6 P 1d557e175e234848a159f4a58d43c3bc: : Instructing follower 0ce0056cb0e94a90b88623b2ca501839 to start an election
I20260710 11:04:37.625450 21067 raft_consensus.cc:1081] T c97555dfc5634445895cc78d71d052c6 P 1d557e175e234848a159f4a58d43c3bc [term 1 LEADER]: Signalling peer 0ce0056cb0e94a90b88623b2ca501839 to start an election
I20260710 11:04:37.627210 20722 tablet_service.cc:2044] Received Run Leader Election RPC: tablet_id: "c97555dfc5634445895cc78d71d052c6"
dest_uuid: "0ce0056cb0e94a90b88623b2ca501839"
 from {username='slave'} at 127.0.0.1:60166
I20260710 11:04:37.627698 20722 raft_consensus.cc:493] T c97555dfc5634445895cc78d71d052c6 P 0ce0056cb0e94a90b88623b2ca501839 [term 1 FOLLOWER]: Starting forced leader election (received explicit request)
I20260710 11:04:37.628108 20722 raft_consensus.cc:3060] T c97555dfc5634445895cc78d71d052c6 P 0ce0056cb0e94a90b88623b2ca501839 [term 1 FOLLOWER]: Advancing to term 2
I20260710 11:04:37.635227 20722 raft_consensus.cc:515] T c97555dfc5634445895cc78d71d052c6 P 0ce0056cb0e94a90b88623b2ca501839 [term 2 FOLLOWER]: Starting forced leader election with config: opid_index: 4 OBSOLETE_local: false peers { permanent_uuid: "2701e371029d410d98b4b9ed48ff57d6" member_type: VOTER last_known_addr { host: "127.18.181.129" port: 44907 } } peers { permanent_uuid: "1d557e175e234848a159f4a58d43c3bc" member_type: VOTER last_known_addr { host: "127.18.181.130" port: 46615 } } peers { permanent_uuid: "0ce0056cb0e94a90b88623b2ca501839" member_type: VOTER last_known_addr { host: "127.18.181.132" port: 45859 } attrs { promote: false } }
I20260710 11:04:37.637868 20722 leader_election.cc:290] T c97555dfc5634445895cc78d71d052c6 P 0ce0056cb0e94a90b88623b2ca501839 [CANDIDATE]: Term 2 election: Requested vote from peers 2701e371029d410d98b4b9ed48ff57d6 (127.18.181.129:44907), 1d557e175e234848a159f4a58d43c3bc (127.18.181.130:46615)
I20260710 11:04:37.638685 20294 tablet_service.cc:1917] Received RequestConsensusVote() RPC: tablet_id: "c97555dfc5634445895cc78d71d052c6" candidate_uuid: "0ce0056cb0e94a90b88623b2ca501839" candidate_term: 2 candidate_status { last_received { term: 1 index: 4 } } ignore_live_leader: true dest_uuid: "2701e371029d410d98b4b9ed48ff57d6"
I20260710 11:04:37.639424 20294 raft_consensus.cc:3060] T c97555dfc5634445895cc78d71d052c6 P 2701e371029d410d98b4b9ed48ff57d6 [term 1 FOLLOWER]: Advancing to term 2
I20260710 11:04:37.639444 20367 tablet_service.cc:1917] Received RequestConsensusVote() RPC: tablet_id: "c97555dfc5634445895cc78d71d052c6" candidate_uuid: "0ce0056cb0e94a90b88623b2ca501839" candidate_term: 2 candidate_status { last_received { term: 1 index: 4 } } ignore_live_leader: true dest_uuid: "1d557e175e234848a159f4a58d43c3bc"
I20260710 11:04:37.640069 20367 raft_consensus.cc:3055] T c97555dfc5634445895cc78d71d052c6 P 1d557e175e234848a159f4a58d43c3bc [term 1 LEADER]: Stepping down as leader of term 1
I20260710 11:04:37.640407 20367 raft_consensus.cc:740] T c97555dfc5634445895cc78d71d052c6 P 1d557e175e234848a159f4a58d43c3bc [term 1 LEADER]: Becoming Follower/Learner. State: Replica: 1d557e175e234848a159f4a58d43c3bc, State: Running, Role: LEADER
I20260710 11:04:37.641258 20367 consensus_queue.cc:260] T c97555dfc5634445895cc78d71d052c6 P 1d557e175e234848a159f4a58d43c3bc [NON_LEADER]: Queue going to NON_LEADER mode. State: All replicated index: 0, Majority replicated index: 4, Committed index: 4, Last appended: 1.4, Last appended by leader: 4, Current term: 1, Majority size: -1, State: 0, Mode: NON_LEADER, active raft config: opid_index: 4 OBSOLETE_local: false peers { permanent_uuid: "2701e371029d410d98b4b9ed48ff57d6" member_type: VOTER last_known_addr { host: "127.18.181.129" port: 44907 } } peers { permanent_uuid: "1d557e175e234848a159f4a58d43c3bc" member_type: VOTER last_known_addr { host: "127.18.181.130" port: 46615 } } peers { permanent_uuid: "0ce0056cb0e94a90b88623b2ca501839" member_type: VOTER last_known_addr { host: "127.18.181.132" port: 45859 } attrs { promote: false } }
I20260710 11:04:37.642596 20367 raft_consensus.cc:3060] T c97555dfc5634445895cc78d71d052c6 P 1d557e175e234848a159f4a58d43c3bc [term 1 FOLLOWER]: Advancing to term 2
I20260710 11:04:37.646713 20294 raft_consensus.cc:2468] T c97555dfc5634445895cc78d71d052c6 P 2701e371029d410d98b4b9ed48ff57d6 [term 2 FOLLOWER]: Leader election vote request: Granting yes vote for candidate 0ce0056cb0e94a90b88623b2ca501839 in term 2.
I20260710 11:04:37.648330 20688 leader_election.cc:304] T c97555dfc5634445895cc78d71d052c6 P 0ce0056cb0e94a90b88623b2ca501839 [CANDIDATE]: Term 2 election: Election decided. Result: candidate won. Election summary: received 2 responses out of 3 voters: 2 yes votes; 0 no votes. yes voters: 0ce0056cb0e94a90b88623b2ca501839, 2701e371029d410d98b4b9ed48ff57d6; no voters: 
I20260710 11:04:37.648902 20367 raft_consensus.cc:2468] T c97555dfc5634445895cc78d71d052c6 P 1d557e175e234848a159f4a58d43c3bc [term 2 FOLLOWER]: Leader election vote request: Granting yes vote for candidate 0ce0056cb0e94a90b88623b2ca501839 in term 2.
I20260710 11:04:37.649259 21076 raft_consensus.cc:2804] T c97555dfc5634445895cc78d71d052c6 P 0ce0056cb0e94a90b88623b2ca501839 [term 2 FOLLOWER]: Leader election won for term 2
I20260710 11:04:37.649876 21076 raft_consensus.cc:697] T c97555dfc5634445895cc78d71d052c6 P 0ce0056cb0e94a90b88623b2ca501839 [term 2 LEADER]: Becoming Leader. State: Replica: 0ce0056cb0e94a90b88623b2ca501839, State: Running, Role: LEADER
I20260710 11:04:37.650938 21076 consensus_queue.cc:237] T c97555dfc5634445895cc78d71d052c6 P 0ce0056cb0e94a90b88623b2ca501839 [LEADER]: Queue going to LEADER mode. State: All replicated index: 0, Majority replicated index: 4, Committed index: 4, Last appended: 1.4, Last appended by leader: 4, Current term: 2, Majority size: 2, State: 0, Mode: LEADER, active raft config: opid_index: 4 OBSOLETE_local: false peers { permanent_uuid: "2701e371029d410d98b4b9ed48ff57d6" member_type: VOTER last_known_addr { host: "127.18.181.129" port: 44907 } } peers { permanent_uuid: "1d557e175e234848a159f4a58d43c3bc" member_type: VOTER last_known_addr { host: "127.18.181.130" port: 46615 } } peers { permanent_uuid: "0ce0056cb0e94a90b88623b2ca501839" member_type: VOTER last_known_addr { host: "127.18.181.132" port: 45859 } attrs { promote: false } }
I20260710 11:04:37.659102 20192 catalog_manager.cc:5697] T c97555dfc5634445895cc78d71d052c6 P 0ce0056cb0e94a90b88623b2ca501839 reported cstate change: term changed from 1 to 2, leader changed from 1d557e175e234848a159f4a58d43c3bc (127.18.181.130) to 0ce0056cb0e94a90b88623b2ca501839 (127.18.181.132). New cstate: current_term: 2 leader_uuid: "0ce0056cb0e94a90b88623b2ca501839" committed_config { opid_index: 4 OBSOLETE_local: false peers { permanent_uuid: "2701e371029d410d98b4b9ed48ff57d6" member_type: VOTER last_known_addr { host: "127.18.181.129" port: 44907 } health_report { overall_health: UNKNOWN } } peers { permanent_uuid: "1d557e175e234848a159f4a58d43c3bc" member_type: VOTER last_known_addr { host: "127.18.181.130" port: 46615 } health_report { overall_health: UNKNOWN } } peers { permanent_uuid: "0ce0056cb0e94a90b88623b2ca501839" member_type: VOTER last_known_addr { host: "127.18.181.132" port: 45859 } attrs { promote: false } health_report { overall_health: HEALTHY } } }
I20260710 11:04:37.790540 21072 raft_consensus.cc:993] T 734cbcf785d14ceab74d6c5227150809 P 9915dd5c7fca4829b049533e8f18750a: : Instructing follower 0ce0056cb0e94a90b88623b2ca501839 to start an election
I20260710 11:04:37.791270 21070 raft_consensus.cc:1081] T 734cbcf785d14ceab74d6c5227150809 P 9915dd5c7fca4829b049533e8f18750a [term 1 LEADER]: Signalling peer 0ce0056cb0e94a90b88623b2ca501839 to start an election
I20260710 11:04:37.793054 20722 tablet_service.cc:2044] Received Run Leader Election RPC: tablet_id: "734cbcf785d14ceab74d6c5227150809"
dest_uuid: "0ce0056cb0e94a90b88623b2ca501839"
 from {username='slave'} at 127.0.0.1:60152
I20260710 11:04:37.793478 20722 raft_consensus.cc:493] T 734cbcf785d14ceab74d6c5227150809 P 0ce0056cb0e94a90b88623b2ca501839 [term 1 FOLLOWER]: Starting forced leader election (received explicit request)
I20260710 11:04:37.793708 20722 raft_consensus.cc:3060] T 734cbcf785d14ceab74d6c5227150809 P 0ce0056cb0e94a90b88623b2ca501839 [term 1 FOLLOWER]: Advancing to term 2
I20260710 11:04:37.798049 20722 raft_consensus.cc:515] T 734cbcf785d14ceab74d6c5227150809 P 0ce0056cb0e94a90b88623b2ca501839 [term 2 FOLLOWER]: Starting forced leader election with config: opid_index: 4 OBSOLETE_local: false peers { permanent_uuid: "2701e371029d410d98b4b9ed48ff57d6" member_type: VOTER last_known_addr { host: "127.18.181.129" port: 44907 } } peers { permanent_uuid: "9915dd5c7fca4829b049533e8f18750a" member_type: VOTER last_known_addr { host: "127.18.181.131" port: 43497 } } peers { permanent_uuid: "0ce0056cb0e94a90b88623b2ca501839" member_type: VOTER last_known_addr { host: "127.18.181.132" port: 45859 } attrs { promote: false } }
I20260710 11:04:37.799726 20722 leader_election.cc:290] T 734cbcf785d14ceab74d6c5227150809 P 0ce0056cb0e94a90b88623b2ca501839 [CANDIDATE]: Term 2 election: Requested vote from peers 2701e371029d410d98b4b9ed48ff57d6 (127.18.181.129:44907), 9915dd5c7fca4829b049533e8f18750a (127.18.181.131:43497)
I20260710 11:04:37.800551 20294 tablet_service.cc:1917] Received RequestConsensusVote() RPC: tablet_id: "734cbcf785d14ceab74d6c5227150809" candidate_uuid: "0ce0056cb0e94a90b88623b2ca501839" candidate_term: 2 candidate_status { last_received { term: 1 index: 4 } } ignore_live_leader: true dest_uuid: "2701e371029d410d98b4b9ed48ff57d6"
I20260710 11:04:37.800808 20439 tablet_service.cc:1917] Received RequestConsensusVote() RPC: tablet_id: "734cbcf785d14ceab74d6c5227150809" candidate_uuid: "0ce0056cb0e94a90b88623b2ca501839" candidate_term: 2 candidate_status { last_received { term: 1 index: 4 } } ignore_live_leader: true dest_uuid: "9915dd5c7fca4829b049533e8f18750a"
I20260710 11:04:37.801316 20439 raft_consensus.cc:3055] T 734cbcf785d14ceab74d6c5227150809 P 9915dd5c7fca4829b049533e8f18750a [term 1 LEADER]: Stepping down as leader of term 1
I20260710 11:04:37.801316 20294 raft_consensus.cc:3060] T 734cbcf785d14ceab74d6c5227150809 P 2701e371029d410d98b4b9ed48ff57d6 [term 1 FOLLOWER]: Advancing to term 2
I20260710 11:04:37.801841 20439 raft_consensus.cc:740] T 734cbcf785d14ceab74d6c5227150809 P 9915dd5c7fca4829b049533e8f18750a [term 1 LEADER]: Becoming Follower/Learner. State: Replica: 9915dd5c7fca4829b049533e8f18750a, State: Running, Role: LEADER
I20260710 11:04:37.802806 20439 consensus_queue.cc:260] T 734cbcf785d14ceab74d6c5227150809 P 9915dd5c7fca4829b049533e8f18750a [NON_LEADER]: Queue going to NON_LEADER mode. State: All replicated index: 0, Majority replicated index: 4, Committed index: 4, Last appended: 1.4, Last appended by leader: 4, Current term: 1, Majority size: -1, State: 0, Mode: NON_LEADER, active raft config: opid_index: 4 OBSOLETE_local: false peers { permanent_uuid: "2701e371029d410d98b4b9ed48ff57d6" member_type: VOTER last_known_addr { host: "127.18.181.129" port: 44907 } } peers { permanent_uuid: "9915dd5c7fca4829b049533e8f18750a" member_type: VOTER last_known_addr { host: "127.18.181.131" port: 43497 } } peers { permanent_uuid: "0ce0056cb0e94a90b88623b2ca501839" member_type: VOTER last_known_addr { host: "127.18.181.132" port: 45859 } attrs { promote: false } }
I20260710 11:04:37.804122 20439 raft_consensus.cc:3060] T 734cbcf785d14ceab74d6c5227150809 P 9915dd5c7fca4829b049533e8f18750a [term 1 FOLLOWER]: Advancing to term 2
I20260710 11:04:37.808979 20294 raft_consensus.cc:2468] T 734cbcf785d14ceab74d6c5227150809 P 2701e371029d410d98b4b9ed48ff57d6 [term 2 FOLLOWER]: Leader election vote request: Granting yes vote for candidate 0ce0056cb0e94a90b88623b2ca501839 in term 2.
I20260710 11:04:37.810142 20688 leader_election.cc:304] T 734cbcf785d14ceab74d6c5227150809 P 0ce0056cb0e94a90b88623b2ca501839 [CANDIDATE]: Term 2 election: Election decided. Result: candidate won. Election summary: received 2 responses out of 3 voters: 2 yes votes; 0 no votes. yes voters: 0ce0056cb0e94a90b88623b2ca501839, 2701e371029d410d98b4b9ed48ff57d6; no voters: 
I20260710 11:04:37.810899 20439 raft_consensus.cc:2468] T 734cbcf785d14ceab74d6c5227150809 P 9915dd5c7fca4829b049533e8f18750a [term 2 FOLLOWER]: Leader election vote request: Granting yes vote for candidate 0ce0056cb0e94a90b88623b2ca501839 in term 2.
I20260710 11:04:37.811074 21076 raft_consensus.cc:2804] T 734cbcf785d14ceab74d6c5227150809 P 0ce0056cb0e94a90b88623b2ca501839 [term 2 FOLLOWER]: Leader election won for term 2
I20260710 11:04:37.811748 21076 raft_consensus.cc:697] T 734cbcf785d14ceab74d6c5227150809 P 0ce0056cb0e94a90b88623b2ca501839 [term 2 LEADER]: Becoming Leader. State: Replica: 0ce0056cb0e94a90b88623b2ca501839, State: Running, Role: LEADER
I20260710 11:04:37.813771 21076 consensus_queue.cc:237] T 734cbcf785d14ceab74d6c5227150809 P 0ce0056cb0e94a90b88623b2ca501839 [LEADER]: Queue going to LEADER mode. State: All replicated index: 0, Majority replicated index: 4, Committed index: 4, Last appended: 1.4, Last appended by leader: 4, Current term: 2, Majority size: 2, State: 0, Mode: LEADER, active raft config: opid_index: 4 OBSOLETE_local: false peers { permanent_uuid: "2701e371029d410d98b4b9ed48ff57d6" member_type: VOTER last_known_addr { host: "127.18.181.129" port: 44907 } } peers { permanent_uuid: "9915dd5c7fca4829b049533e8f18750a" member_type: VOTER last_known_addr { host: "127.18.181.131" port: 43497 } } peers { permanent_uuid: "0ce0056cb0e94a90b88623b2ca501839" member_type: VOTER last_known_addr { host: "127.18.181.132" port: 45859 } attrs { promote: false } }
I20260710 11:04:37.822376 21072 raft_consensus.cc:993] T 98530850c62a4122886f6534716d30c3 P 9915dd5c7fca4829b049533e8f18750a: : Instructing follower 2701e371029d410d98b4b9ed48ff57d6 to start an election
I20260710 11:04:37.822928 21070 raft_consensus.cc:1081] T 98530850c62a4122886f6534716d30c3 P 9915dd5c7fca4829b049533e8f18750a [term 1 LEADER]: Signalling peer 2701e371029d410d98b4b9ed48ff57d6 to start an election
I20260710 11:04:37.824659 20294 tablet_service.cc:2044] Received Run Leader Election RPC: tablet_id: "98530850c62a4122886f6534716d30c3"
dest_uuid: "2701e371029d410d98b4b9ed48ff57d6"
 from {username='slave'} at 127.0.0.1:53944
I20260710 11:04:37.825212 20294 raft_consensus.cc:493] T 98530850c62a4122886f6534716d30c3 P 2701e371029d410d98b4b9ed48ff57d6 [term 1 FOLLOWER]: Starting forced leader election (received explicit request)
I20260710 11:04:37.825567 20294 raft_consensus.cc:3060] T 98530850c62a4122886f6534716d30c3 P 2701e371029d410d98b4b9ed48ff57d6 [term 1 FOLLOWER]: Advancing to term 2
I20260710 11:04:37.831770 20294 raft_consensus.cc:515] T 98530850c62a4122886f6534716d30c3 P 2701e371029d410d98b4b9ed48ff57d6 [term 2 FOLLOWER]: Starting forced leader election with config: opid_index: -1 OBSOLETE_local: false peers { permanent_uuid: "2701e371029d410d98b4b9ed48ff57d6" member_type: VOTER last_known_addr { host: "127.18.181.129" port: 44907 } } peers { permanent_uuid: "1d557e175e234848a159f4a58d43c3bc" member_type: VOTER last_known_addr { host: "127.18.181.130" port: 46615 } } peers { permanent_uuid: "9915dd5c7fca4829b049533e8f18750a" member_type: VOTER last_known_addr { host: "127.18.181.131" port: 43497 } }
I20260710 11:04:37.832947 20192 catalog_manager.cc:5697] T 734cbcf785d14ceab74d6c5227150809 P 0ce0056cb0e94a90b88623b2ca501839 reported cstate change: term changed from 1 to 2, leader changed from 9915dd5c7fca4829b049533e8f18750a (127.18.181.131) to 0ce0056cb0e94a90b88623b2ca501839 (127.18.181.132). New cstate: current_term: 2 leader_uuid: "0ce0056cb0e94a90b88623b2ca501839" committed_config { opid_index: 4 OBSOLETE_local: false peers { permanent_uuid: "2701e371029d410d98b4b9ed48ff57d6" member_type: VOTER last_known_addr { host: "127.18.181.129" port: 44907 } health_report { overall_health: UNKNOWN } } peers { permanent_uuid: "9915dd5c7fca4829b049533e8f18750a" member_type: VOTER last_known_addr { host: "127.18.181.131" port: 43497 } health_report { overall_health: UNKNOWN } } peers { permanent_uuid: "0ce0056cb0e94a90b88623b2ca501839" member_type: VOTER last_known_addr { host: "127.18.181.132" port: 45859 } attrs { promote: false } health_report { overall_health: HEALTHY } } }
I20260710 11:04:37.835410 20367 tablet_service.cc:1917] Received RequestConsensusVote() RPC: tablet_id: "98530850c62a4122886f6534716d30c3" candidate_uuid: "2701e371029d410d98b4b9ed48ff57d6" candidate_term: 2 candidate_status { last_received { term: 1 index: 1 } } ignore_live_leader: true dest_uuid: "1d557e175e234848a159f4a58d43c3bc"
I20260710 11:04:37.836054 20367 raft_consensus.cc:3060] T 98530850c62a4122886f6534716d30c3 P 1d557e175e234848a159f4a58d43c3bc [term 1 FOLLOWER]: Advancing to term 2
I20260710 11:04:37.835584 20294 leader_election.cc:290] T 98530850c62a4122886f6534716d30c3 P 2701e371029d410d98b4b9ed48ff57d6 [CANDIDATE]: Term 2 election: Requested vote from peers 1d557e175e234848a159f4a58d43c3bc (127.18.181.130:46615), 9915dd5c7fca4829b049533e8f18750a (127.18.181.131:43497)
I20260710 11:04:37.837024 20439 tablet_service.cc:1917] Received RequestConsensusVote() RPC: tablet_id: "98530850c62a4122886f6534716d30c3" candidate_uuid: "2701e371029d410d98b4b9ed48ff57d6" candidate_term: 2 candidate_status { last_received { term: 1 index: 1 } } ignore_live_leader: true dest_uuid: "9915dd5c7fca4829b049533e8f18750a"
I20260710 11:04:37.837672 20439 raft_consensus.cc:3055] T 98530850c62a4122886f6534716d30c3 P 9915dd5c7fca4829b049533e8f18750a [term 1 LEADER]: Stepping down as leader of term 1
I20260710 11:04:37.837968 20439 raft_consensus.cc:740] T 98530850c62a4122886f6534716d30c3 P 9915dd5c7fca4829b049533e8f18750a [term 1 LEADER]: Becoming Follower/Learner. State: Replica: 9915dd5c7fca4829b049533e8f18750a, State: Running, Role: LEADER
I20260710 11:04:37.838881 20439 consensus_queue.cc:260] T 98530850c62a4122886f6534716d30c3 P 9915dd5c7fca4829b049533e8f18750a [NON_LEADER]: Queue going to NON_LEADER mode. State: All replicated index: 0, Majority replicated index: 1, Committed index: 1, Last appended: 1.1, Last appended by leader: 1, Current term: 1, Majority size: -1, State: 0, Mode: NON_LEADER, active raft config: opid_index: -1 OBSOLETE_local: false peers { permanent_uuid: "2701e371029d410d98b4b9ed48ff57d6" member_type: VOTER last_known_addr { host: "127.18.181.129" port: 44907 } } peers { permanent_uuid: "1d557e175e234848a159f4a58d43c3bc" member_type: VOTER last_known_addr { host: "127.18.181.130" port: 46615 } } peers { permanent_uuid: "9915dd5c7fca4829b049533e8f18750a" member_type: VOTER last_known_addr { host: "127.18.181.131" port: 43497 } }
I20260710 11:04:37.839795 20439 raft_consensus.cc:3060] T 98530850c62a4122886f6534716d30c3 P 9915dd5c7fca4829b049533e8f18750a [term 1 FOLLOWER]: Advancing to term 2
I20260710 11:04:37.845356 20367 raft_consensus.cc:2468] T 98530850c62a4122886f6534716d30c3 P 1d557e175e234848a159f4a58d43c3bc [term 2 FOLLOWER]: Leader election vote request: Granting yes vote for candidate 2701e371029d410d98b4b9ed48ff57d6 in term 2.
I20260710 11:04:37.846863 20258 leader_election.cc:304] T 98530850c62a4122886f6534716d30c3 P 2701e371029d410d98b4b9ed48ff57d6 [CANDIDATE]: Term 2 election: Election decided. Result: candidate won. Election summary: received 2 responses out of 3 voters: 2 yes votes; 0 no votes. yes voters: 1d557e175e234848a159f4a58d43c3bc, 2701e371029d410d98b4b9ed48ff57d6; no voters: 
I20260710 11:04:37.847918 20833 raft_consensus.cc:2804] T 98530850c62a4122886f6534716d30c3 P 2701e371029d410d98b4b9ed48ff57d6 [term 2 FOLLOWER]: Leader election won for term 2
I20260710 11:04:37.847535 20439 raft_consensus.cc:2468] T 98530850c62a4122886f6534716d30c3 P 9915dd5c7fca4829b049533e8f18750a [term 2 FOLLOWER]: Leader election vote request: Granting yes vote for candidate 2701e371029d410d98b4b9ed48ff57d6 in term 2.
I20260710 11:04:37.862658 20833 raft_consensus.cc:697] T 98530850c62a4122886f6534716d30c3 P 2701e371029d410d98b4b9ed48ff57d6 [term 2 LEADER]: Becoming Leader. State: Replica: 2701e371029d410d98b4b9ed48ff57d6, State: Running, Role: LEADER
I20260710 11:04:37.864406 20833 consensus_queue.cc:237] T 98530850c62a4122886f6534716d30c3 P 2701e371029d410d98b4b9ed48ff57d6 [LEADER]: Queue going to LEADER mode. State: All replicated index: 0, Majority replicated index: 1, Committed index: 1, Last appended: 1.1, Last appended by leader: 1, Current term: 2, Majority size: 2, State: 0, Mode: LEADER, active raft config: opid_index: -1 OBSOLETE_local: false peers { permanent_uuid: "2701e371029d410d98b4b9ed48ff57d6" member_type: VOTER last_known_addr { host: "127.18.181.129" port: 44907 } } peers { permanent_uuid: "1d557e175e234848a159f4a58d43c3bc" member_type: VOTER last_known_addr { host: "127.18.181.130" port: 46615 } } peers { permanent_uuid: "9915dd5c7fca4829b049533e8f18750a" member_type: VOTER last_known_addr { host: "127.18.181.131" port: 43497 } }
I20260710 11:04:37.875864 20189 catalog_manager.cc:5697] T 98530850c62a4122886f6534716d30c3 P 2701e371029d410d98b4b9ed48ff57d6 reported cstate change: term changed from 1 to 2, leader changed from 9915dd5c7fca4829b049533e8f18750a (127.18.181.131) to 2701e371029d410d98b4b9ed48ff57d6 (127.18.181.129). New cstate: current_term: 2 leader_uuid: "2701e371029d410d98b4b9ed48ff57d6" committed_config { opid_index: -1 OBSOLETE_local: false peers { permanent_uuid: "2701e371029d410d98b4b9ed48ff57d6" member_type: VOTER last_known_addr { host: "127.18.181.129" port: 44907 } health_report { overall_health: HEALTHY } } peers { permanent_uuid: "1d557e175e234848a159f4a58d43c3bc" member_type: VOTER last_known_addr { host: "127.18.181.130" port: 46615 } health_report { overall_health: UNKNOWN } } peers { permanent_uuid: "9915dd5c7fca4829b049533e8f18750a" member_type: VOTER last_known_addr { host: "127.18.181.131" port: 43497 } health_report { overall_health: UNKNOWN } } }
