I20260710 11:03:49.972638 19494 raft_consensus.cc:515] T 25eaf7b8328f4d43a85e5320367be3cf P a783decb3ad84b18a72c8eead58ce238 [term 1 FOLLOWER]: Starting leader election with config: opid_index: -1 OBSOLETE_local: false peers { permanent_uuid: "5fb3f0a12d824d48a3d0bee576d2c4d7" member_type: VOTER last_known_addr { host: "127.18.181.129" port: 39991 } } peers { permanent_uuid: "15451de0ba36473b8697965e38c3386b" member_type: VOTER last_known_addr { host: "127.18.181.130" port: 39567 } } peers { permanent_uuid: "a783decb3ad84b18a72c8eead58ce238" member_type: VOTER last_known_addr { host: "127.18.181.131" port: 33959 } }
I20260710 11:03:49.974242 19408 leader_election.cc:304] T e4ea5d8de8764bae95bc749c70b5ceb6 P a783decb3ad84b18a72c8eead58ce238 [CANDIDATE]: Term 1 pre-election: Election decided. Result: candidate lost. Election summary: received 3 responses out of 3 voters: 1 yes votes; 2 no votes. yes voters: a783decb3ad84b18a72c8eead58ce238; no voters: 15451de0ba36473b8697965e38c3386b, 5fb3f0a12d824d48a3d0bee576d2c4d7
I20260710 11:03:49.980233 19486 tablet_bootstrap.cc:654] T 1c8b9934a28f4fe1a38a71acdbb3b3bf P a783decb3ad84b18a72c8eead58ce238: Neither blocks nor log segments found. Creating new log.
I20260710 11:03:49.989528 19485 tablet_bootstrap.cc:492] T e4ea5d8de8764bae95bc749c70b5ceb6 P 15451de0ba36473b8697965e38c3386b: No bootstrap required, opened a new log
I20260710 11:03:49.991724 19485 ts_tablet_manager.cc:1403] T e4ea5d8de8764bae95bc749c70b5ceb6 P 15451de0ba36473b8697965e38c3386b: Time spent bootstrapping tablet: real 0.123s	user 0.024s	sys 0.010s
I20260710 11:03:49.993126 19494 leader_election.cc:290] T 25eaf7b8328f4d43a85e5320367be3cf P a783decb3ad84b18a72c8eead58ce238 [CANDIDATE]: Term 1 election: Requested vote from peers 5fb3f0a12d824d48a3d0bee576d2c4d7 (127.18.181.129:39991), 15451de0ba36473b8697965e38c3386b (127.18.181.130:39567)
I20260710 11:03:49.994464 19494 raft_consensus.cc:2749] T e4ea5d8de8764bae95bc749c70b5ceb6 P a783decb3ad84b18a72c8eead58ce238 [term 0 FOLLOWER]: Leader pre-election lost for term 1. Reason: could not achieve majority
I20260710 11:03:49.996096 19516 raft_consensus.cc:493] T c0ce49fe47ec43a0b1ae7220530911fb P a783decb3ad84b18a72c8eead58ce238 [term 0 FOLLOWER]: Starting pre-election (no leader contacted us within the election timeout)
I20260710 11:03:50.003198 19514 raft_consensus.cc:515] T 25eaf7b8328f4d43a85e5320367be3cf P 15451de0ba36473b8697965e38c3386b [term 1 FOLLOWER]: Starting leader election with config: opid_index: -1 OBSOLETE_local: false peers { permanent_uuid: "5fb3f0a12d824d48a3d0bee576d2c4d7" member_type: VOTER last_known_addr { host: "127.18.181.129" port: 39991 } } peers { permanent_uuid: "15451de0ba36473b8697965e38c3386b" member_type: VOTER last_known_addr { host: "127.18.181.130" port: 39567 } } peers { permanent_uuid: "a783decb3ad84b18a72c8eead58ce238" member_type: VOTER last_known_addr { host: "127.18.181.131" port: 33959 } }
I20260710 11:03:49.998993 19491 raft_consensus.cc:515] T 1c8b9934a28f4fe1a38a71acdbb3b3bf P 15451de0ba36473b8697965e38c3386b [term 1 FOLLOWER]: Starting leader election with config: opid_index: -1 OBSOLETE_local: false peers { permanent_uuid: "5fb3f0a12d824d48a3d0bee576d2c4d7" member_type: VOTER last_known_addr { host: "127.18.181.129" port: 39991 } } peers { permanent_uuid: "15451de0ba36473b8697965e38c3386b" member_type: VOTER last_known_addr { host: "127.18.181.130" port: 39567 } } peers { permanent_uuid: "a783decb3ad84b18a72c8eead58ce238" member_type: VOTER last_known_addr { host: "127.18.181.131" port: 33959 } }
I20260710 11:03:50.000487 19516 raft_consensus.cc:515] T c0ce49fe47ec43a0b1ae7220530911fb P a783decb3ad84b18a72c8eead58ce238 [term 0 FOLLOWER]: Starting pre-election with config: opid_index: -1 OBSOLETE_local: false peers { permanent_uuid: "a783decb3ad84b18a72c8eead58ce238" member_type: VOTER last_known_addr { host: "127.18.181.131" port: 33959 } } peers { permanent_uuid: "15451de0ba36473b8697965e38c3386b" member_type: VOTER last_known_addr { host: "127.18.181.130" port: 39567 } } peers { permanent_uuid: "5fb3f0a12d824d48a3d0bee576d2c4d7" member_type: VOTER last_known_addr { host: "127.18.181.129" port: 39991 } }
I20260710 11:03:50.015093 19516 leader_election.cc:290] T c0ce49fe47ec43a0b1ae7220530911fb P a783decb3ad84b18a72c8eead58ce238 [CANDIDATE]: Term 1 pre-election: Requested pre-vote from peers 15451de0ba36473b8697965e38c3386b (127.18.181.130:39567), 5fb3f0a12d824d48a3d0bee576d2c4d7 (127.18.181.129:39991)
I20260710 11:03:50.018687 19293 tablet_service.cc:1917] Received RequestConsensusVote() RPC: tablet_id: "1c8b9934a28f4fe1a38a71acdbb3b3bf" candidate_uuid: "15451de0ba36473b8697965e38c3386b" candidate_term: 1 candidate_status { last_received { term: 0 index: 0 } } ignore_live_leader: false dest_uuid: "5fb3f0a12d824d48a3d0bee576d2c4d7"
W20260710 11:03:50.038285 19408 outbound_call.cc:321] RPC callback for RPC call kudu.consensus.ConsensusService.RequestConsensusVote -> {remote=127.18.181.130:39567, user_credentials={real_user=slave}} blocked reactor thread for 66312.1us
I20260710 11:03:50.082892 19293 raft_consensus.cc:3060] T 1c8b9934a28f4fe1a38a71acdbb3b3bf P 5fb3f0a12d824d48a3d0bee576d2c4d7 [term 0 FOLLOWER]: Advancing to term 1
I20260710 11:03:50.084208 19292 tablet_service.cc:1917] Received RequestConsensusVote() RPC: tablet_id: "25eaf7b8328f4d43a85e5320367be3cf" candidate_uuid: "15451de0ba36473b8697965e38c3386b" candidate_term: 1 candidate_status { last_received { term: 0 index: 0 } } ignore_live_leader: false dest_uuid: "5fb3f0a12d824d48a3d0bee576d2c4d7"
I20260710 11:03:50.084882 19292 raft_consensus.cc:3060] T 25eaf7b8328f4d43a85e5320367be3cf P 5fb3f0a12d824d48a3d0bee576d2c4d7 [term 0 FOLLOWER]: Advancing to term 1
I20260710 11:03:50.085037 19368 tablet_service.cc:1917] Received RequestConsensusVote() RPC: tablet_id: "25eaf7b8328f4d43a85e5320367be3cf" candidate_uuid: "a783decb3ad84b18a72c8eead58ce238" candidate_term: 1 candidate_status { last_received { term: 0 index: 0 } } ignore_live_leader: false dest_uuid: "15451de0ba36473b8697965e38c3386b"
I20260710 11:03:50.084784 19485 raft_consensus.cc:359] T e4ea5d8de8764bae95bc749c70b5ceb6 P 15451de0ba36473b8697965e38c3386b [term 0 FOLLOWER]: Replica starting. Triggering 0 pending ops. Active config: opid_index: -1 OBSOLETE_local: false peers { permanent_uuid: "5fb3f0a12d824d48a3d0bee576d2c4d7" member_type: VOTER last_known_addr { host: "127.18.181.129" port: 39991 } } peers { permanent_uuid: "15451de0ba36473b8697965e38c3386b" member_type: VOTER last_known_addr { host: "127.18.181.130" port: 39567 } } peers { permanent_uuid: "a783decb3ad84b18a72c8eead58ce238" member_type: VOTER last_known_addr { host: "127.18.181.131" port: 33959 } }
I20260710 11:03:50.087205 19487 tablet_bootstrap.cc:492] T 17f9835c8565498281cc45e54258a7f6 P 5fb3f0a12d824d48a3d0bee576d2c4d7: No bootstrap required, opened a new log
I20260710 11:03:50.086059 19485 raft_consensus.cc:385] T e4ea5d8de8764bae95bc749c70b5ceb6 P 15451de0ba36473b8697965e38c3386b [term 0 FOLLOWER]: Consensus starting up: Expiring failure detector timer to make a prompt election more likely
I20260710 11:03:50.033272 19491 leader_election.cc:290] T 1c8b9934a28f4fe1a38a71acdbb3b3bf P 15451de0ba36473b8697965e38c3386b [CANDIDATE]: Term 1 election: Requested vote from peers 5fb3f0a12d824d48a3d0bee576d2c4d7 (127.18.181.129:39991), a783decb3ad84b18a72c8eead58ce238 (127.18.181.131:33959)
I20260710 11:03:50.088726 19487 ts_tablet_manager.cc:1403] T 17f9835c8565498281cc45e54258a7f6 P 5fb3f0a12d824d48a3d0bee576d2c4d7: Time spent bootstrapping tablet: real 0.170s	user 0.023s	sys 0.002s
I20260710 11:03:50.088950 19485 raft_consensus.cc:740] T e4ea5d8de8764bae95bc749c70b5ceb6 P 15451de0ba36473b8697965e38c3386b [term 0 FOLLOWER]: Becoming Follower/Learner. State: Replica: 15451de0ba36473b8697965e38c3386b, State: Initialized, Role: FOLLOWER
I20260710 11:03:50.088747 19368 raft_consensus.cc:2393] T 25eaf7b8328f4d43a85e5320367be3cf P 15451de0ba36473b8697965e38c3386b [term 1 FOLLOWER]: Leader election vote request: Denying vote to candidate a783decb3ad84b18a72c8eead58ce238 in current term 1: Already voted for candidate 15451de0ba36473b8697965e38c3386b in this term.
I20260710 11:03:50.092298 19486 tablet_bootstrap.cc:492] T 1c8b9934a28f4fe1a38a71acdbb3b3bf P a783decb3ad84b18a72c8eead58ce238: No bootstrap required, opened a new log
I20260710 11:03:50.088687 19291 tablet_service.cc:1917] Received RequestConsensusVote() RPC: tablet_id: "25eaf7b8328f4d43a85e5320367be3cf" candidate_uuid: "a783decb3ad84b18a72c8eead58ce238" candidate_term: 1 candidate_status { last_received { term: 0 index: 0 } } ignore_live_leader: false dest_uuid: "5fb3f0a12d824d48a3d0bee576d2c4d7"
I20260710 11:03:50.094137 19368 tablet_service.cc:1917] Received RequestConsensusVote() RPC: tablet_id: "c0ce49fe47ec43a0b1ae7220530911fb" candidate_uuid: "a783decb3ad84b18a72c8eead58ce238" candidate_term: 1 candidate_status { last_received { term: 0 index: 0 } } ignore_live_leader: false dest_uuid: "15451de0ba36473b8697965e38c3386b" is_pre_election: true
I20260710 11:03:50.093580 19486 ts_tablet_manager.cc:1403] T 1c8b9934a28f4fe1a38a71acdbb3b3bf P a783decb3ad84b18a72c8eead58ce238: Time spent bootstrapping tablet: real 0.259s	user 0.018s	sys 0.006s
I20260710 11:03:50.095338 19368 raft_consensus.cc:2468] T c0ce49fe47ec43a0b1ae7220530911fb P 15451de0ba36473b8697965e38c3386b [term 0 FOLLOWER]: Leader pre-election vote request: Granting yes vote for candidate a783decb3ad84b18a72c8eead58ce238 in term 0.
I20260710 11:03:50.095499 19290 tablet_service.cc:1917] Received RequestConsensusVote() RPC: tablet_id: "c0ce49fe47ec43a0b1ae7220530911fb" candidate_uuid: "a783decb3ad84b18a72c8eead58ce238" candidate_term: 1 candidate_status { last_received { term: 0 index: 0 } } ignore_live_leader: false dest_uuid: "5fb3f0a12d824d48a3d0bee576d2c4d7" is_pre_election: true
I20260710 11:03:50.095620 19442 tablet_service.cc:1917] Received RequestConsensusVote() RPC: tablet_id: "1c8b9934a28f4fe1a38a71acdbb3b3bf" candidate_uuid: "15451de0ba36473b8697965e38c3386b" candidate_term: 1 candidate_status { last_received { term: 0 index: 0 } } ignore_live_leader: false dest_uuid: "a783decb3ad84b18a72c8eead58ce238" is_pre_election: true
I20260710 11:03:50.094846 19514 leader_election.cc:290] T 25eaf7b8328f4d43a85e5320367be3cf P 15451de0ba36473b8697965e38c3386b [CANDIDATE]: Term 1 election: Requested vote from peers 5fb3f0a12d824d48a3d0bee576d2c4d7 (127.18.181.129:39991), a783decb3ad84b18a72c8eead58ce238 (127.18.181.131:33959)
I20260710 11:03:50.096276 19485 consensus_queue.cc:260] T e4ea5d8de8764bae95bc749c70b5ceb6 P 15451de0ba36473b8697965e38c3386b [NON_LEADER]: Queue going to NON_LEADER mode. State: All replicated index: 0, Majority replicated index: 0, Committed index: 0, Last appended: 0.0, Last appended by leader: 0, Current term: 0, Majority size: -1, State: 0, Mode: NON_LEADER, active raft config: opid_index: -1 OBSOLETE_local: false peers { permanent_uuid: "5fb3f0a12d824d48a3d0bee576d2c4d7" member_type: VOTER last_known_addr { host: "127.18.181.129" port: 39991 } } peers { permanent_uuid: "15451de0ba36473b8697965e38c3386b" member_type: VOTER last_known_addr { host: "127.18.181.130" port: 39567 } } peers { permanent_uuid: "a783decb3ad84b18a72c8eead58ce238" member_type: VOTER last_known_addr { host: "127.18.181.131" port: 33959 } }
I20260710 11:03:50.100129 19486 raft_consensus.cc:359] T 1c8b9934a28f4fe1a38a71acdbb3b3bf P a783decb3ad84b18a72c8eead58ce238 [term 0 FOLLOWER]: Replica starting. Triggering 0 pending ops. Active config: opid_index: -1 OBSOLETE_local: false peers { permanent_uuid: "5fb3f0a12d824d48a3d0bee576d2c4d7" member_type: VOTER last_known_addr { host: "127.18.181.129" port: 39991 } } peers { permanent_uuid: "15451de0ba36473b8697965e38c3386b" member_type: VOTER last_known_addr { host: "127.18.181.130" port: 39567 } } peers { permanent_uuid: "a783decb3ad84b18a72c8eead58ce238" member_type: VOTER last_known_addr { host: "127.18.181.131" port: 33959 } }
I20260710 11:03:50.101104 19486 raft_consensus.cc:385] T 1c8b9934a28f4fe1a38a71acdbb3b3bf P a783decb3ad84b18a72c8eead58ce238 [term 0 FOLLOWER]: Consensus starting up: Expiring failure detector timer to make a prompt election more likely
I20260710 11:03:50.097301 19487 raft_consensus.cc:359] T 17f9835c8565498281cc45e54258a7f6 P 5fb3f0a12d824d48a3d0bee576d2c4d7 [term 0 FOLLOWER]: Replica starting. Triggering 0 pending ops. Active config: opid_index: -1 OBSOLETE_local: false peers { permanent_uuid: "5fb3f0a12d824d48a3d0bee576d2c4d7" member_type: VOTER last_known_addr { host: "127.18.181.129" port: 39991 } } peers { permanent_uuid: "15451de0ba36473b8697965e38c3386b" member_type: VOTER last_known_addr { host: "127.18.181.130" port: 39567 } } peers { permanent_uuid: "a783decb3ad84b18a72c8eead58ce238" member_type: VOTER last_known_addr { host: "127.18.181.131" port: 33959 } }
I20260710 11:03:50.101943 19487 raft_consensus.cc:385] T 17f9835c8565498281cc45e54258a7f6 P 5fb3f0a12d824d48a3d0bee576d2c4d7 [term 0 FOLLOWER]: Consensus starting up: Expiring failure detector timer to make a prompt election more likely
I20260710 11:03:50.102252 19487 raft_consensus.cc:740] T 17f9835c8565498281cc45e54258a7f6 P 5fb3f0a12d824d48a3d0bee576d2c4d7 [term 0 FOLLOWER]: Becoming Follower/Learner. State: Replica: 5fb3f0a12d824d48a3d0bee576d2c4d7, State: Initialized, Role: FOLLOWER
I20260710 11:03:50.102437 19485 ts_tablet_manager.cc:1434] T e4ea5d8de8764bae95bc749c70b5ceb6 P 15451de0ba36473b8697965e38c3386b: Time spent starting tablet: real 0.109s	user 0.011s	sys 0.040s
I20260710 11:03:50.102742 19293 raft_consensus.cc:2468] T 1c8b9934a28f4fe1a38a71acdbb3b3bf P 5fb3f0a12d824d48a3d0bee576d2c4d7 [term 1 FOLLOWER]: Leader election vote request: Granting yes vote for candidate 15451de0ba36473b8697965e38c3386b in term 1.
I20260710 11:03:50.102880 19292 raft_consensus.cc:2468] T 25eaf7b8328f4d43a85e5320367be3cf P 5fb3f0a12d824d48a3d0bee576d2c4d7 [term 1 FOLLOWER]: Leader election vote request: Granting yes vote for candidate 15451de0ba36473b8697965e38c3386b in term 1.
I20260710 11:03:50.101406 19486 raft_consensus.cc:740] T 1c8b9934a28f4fe1a38a71acdbb3b3bf P a783decb3ad84b18a72c8eead58ce238 [term 0 FOLLOWER]: Becoming Follower/Learner. State: Replica: a783decb3ad84b18a72c8eead58ce238, State: Initialized, Role: FOLLOWER
I20260710 11:03:50.103210 19487 consensus_queue.cc:260] T 17f9835c8565498281cc45e54258a7f6 P 5fb3f0a12d824d48a3d0bee576d2c4d7 [NON_LEADER]: Queue going to NON_LEADER mode. State: All replicated index: 0, Majority replicated index: 0, Committed index: 0, Last appended: 0.0, Last appended by leader: 0, Current term: 0, Majority size: -1, State: 0, Mode: NON_LEADER, active raft config: opid_index: -1 OBSOLETE_local: false peers { permanent_uuid: "5fb3f0a12d824d48a3d0bee576d2c4d7" member_type: VOTER last_known_addr { host: "127.18.181.129" port: 39991 } } peers { permanent_uuid: "15451de0ba36473b8697965e38c3386b" member_type: VOTER last_known_addr { host: "127.18.181.130" port: 39567 } } peers { permanent_uuid: "a783decb3ad84b18a72c8eead58ce238" member_type: VOTER last_known_addr { host: "127.18.181.131" port: 33959 } }
I20260710 11:03:50.105230 19334 leader_election.cc:304] T 1c8b9934a28f4fe1a38a71acdbb3b3bf P 15451de0ba36473b8697965e38c3386b [CANDIDATE]: Term 1 election: Election decided. Result: candidate won. Election summary: received 2 responses out of 3 voters: 2 yes votes; 0 no votes. yes voters: 15451de0ba36473b8697965e38c3386b, 5fb3f0a12d824d48a3d0bee576d2c4d7; no voters: 
I20260710 11:03:50.106382 19485 tablet_bootstrap.cc:492] T 23fea2043a114f32b3893db94642b14a P 15451de0ba36473b8697965e38c3386b: Bootstrap starting.
I20260710 11:03:50.107707 19514 raft_consensus.cc:2804] T 1c8b9934a28f4fe1a38a71acdbb3b3bf P 15451de0ba36473b8697965e38c3386b [term 1 FOLLOWER]: Leader election won for term 1
I20260710 11:03:50.108201 19514 raft_consensus.cc:697] T 1c8b9934a28f4fe1a38a71acdbb3b3bf P 15451de0ba36473b8697965e38c3386b [term 1 LEADER]: Becoming Leader. State: Replica: 15451de0ba36473b8697965e38c3386b, State: Running, Role: LEADER
W20260710 11:03:50.109118 19408 leader_election.cc:343] T c0ce49fe47ec43a0b1ae7220530911fb P a783decb3ad84b18a72c8eead58ce238 [CANDIDATE]: Term 1 pre-election: Tablet error from VoteRequest() call to peer 5fb3f0a12d824d48a3d0bee576d2c4d7 (127.18.181.129:39991): Illegal state: must be running to vote when last-logged opid is not known
I20260710 11:03:50.108985 19514 consensus_queue.cc:237] T 1c8b9934a28f4fe1a38a71acdbb3b3bf P 15451de0ba36473b8697965e38c3386b [LEADER]: Queue going to LEADER mode. State: All replicated index: 0, Majority replicated index: 0, Committed index: 0, Last appended: 0.0, Last appended by leader: 0, Current term: 1, Majority size: 2, State: 0, Mode: LEADER, active raft config: opid_index: -1 OBSOLETE_local: false peers { permanent_uuid: "5fb3f0a12d824d48a3d0bee576d2c4d7" member_type: VOTER last_known_addr { host: "127.18.181.129" port: 39991 } } peers { permanent_uuid: "15451de0ba36473b8697965e38c3386b" member_type: VOTER last_known_addr { host: "127.18.181.130" port: 39567 } } peers { permanent_uuid: "a783decb3ad84b18a72c8eead58ce238" member_type: VOTER last_known_addr { host: "127.18.181.131" port: 33959 } }
I20260710 11:03:50.109606 19486 consensus_queue.cc:260] T 1c8b9934a28f4fe1a38a71acdbb3b3bf P a783decb3ad84b18a72c8eead58ce238 [NON_LEADER]: Queue going to NON_LEADER mode. State: All replicated index: 0, Majority replicated index: 0, Committed index: 0, Last appended: 0.0, Last appended by leader: 0, Current term: 0, Majority size: -1, State: 0, Mode: NON_LEADER, active raft config: opid_index: -1 OBSOLETE_local: false peers { permanent_uuid: "5fb3f0a12d824d48a3d0bee576d2c4d7" member_type: VOTER last_known_addr { host: "127.18.181.129" port: 39991 } } peers { permanent_uuid: "15451de0ba36473b8697965e38c3386b" member_type: VOTER last_known_addr { host: "127.18.181.130" port: 39567 } } peers { permanent_uuid: "a783decb3ad84b18a72c8eead58ce238" member_type: VOTER last_known_addr { host: "127.18.181.131" port: 33959 } }
I20260710 11:03:50.110285 19408 leader_election.cc:304] T 25eaf7b8328f4d43a85e5320367be3cf P a783decb3ad84b18a72c8eead58ce238 [CANDIDATE]: Term 1 election: Election decided. Result: candidate lost. Election summary: received 3 responses out of 3 voters: 1 yes votes; 2 no votes. yes voters: a783decb3ad84b18a72c8eead58ce238; no voters: 15451de0ba36473b8697965e38c3386b, 5fb3f0a12d824d48a3d0bee576d2c4d7
I20260710 11:03:50.111181 19516 raft_consensus.cc:2749] T 25eaf7b8328f4d43a85e5320367be3cf P a783decb3ad84b18a72c8eead58ce238 [term 1 FOLLOWER]: Leader election lost for term 1. Reason: could not achieve majority
I20260710 11:03:50.112004 19486 ts_tablet_manager.cc:1434] T 1c8b9934a28f4fe1a38a71acdbb3b3bf P a783decb3ad84b18a72c8eead58ce238: Time spent starting tablet: real 0.016s	user 0.000s	sys 0.007s
I20260710 11:03:50.112267 19408 leader_election.cc:304] T c0ce49fe47ec43a0b1ae7220530911fb P a783decb3ad84b18a72c8eead58ce238 [CANDIDATE]: Term 1 pre-election: Election decided. Result: candidate won. Election summary: received 3 responses out of 3 voters: 2 yes votes; 1 no votes. yes voters: 15451de0ba36473b8697965e38c3386b, a783decb3ad84b18a72c8eead58ce238; no voters: 5fb3f0a12d824d48a3d0bee576d2c4d7
I20260710 11:03:50.113122 19494 raft_consensus.cc:2804] T c0ce49fe47ec43a0b1ae7220530911fb P a783decb3ad84b18a72c8eead58ce238 [term 0 FOLLOWER]: Leader pre-election won for term 1
I20260710 11:03:50.113515 19494 raft_consensus.cc:493] T c0ce49fe47ec43a0b1ae7220530911fb P a783decb3ad84b18a72c8eead58ce238 [term 0 FOLLOWER]: Starting leader election (no leader contacted us within the election timeout)
I20260710 11:03:50.113830 19494 raft_consensus.cc:3060] T c0ce49fe47ec43a0b1ae7220530911fb P a783decb3ad84b18a72c8eead58ce238 [term 0 FOLLOWER]: Advancing to term 1
I20260710 11:03:50.106505 19441 tablet_service.cc:1917] Received RequestConsensusVote() RPC: tablet_id: "25eaf7b8328f4d43a85e5320367be3cf" candidate_uuid: "15451de0ba36473b8697965e38c3386b" candidate_term: 1 candidate_status { last_received { term: 0 index: 0 } } ignore_live_leader: false dest_uuid: "a783decb3ad84b18a72c8eead58ce238" is_pre_election: true
I20260710 11:03:50.114799 19486 tablet_bootstrap.cc:492] T d5acb27521ec48848c69650178ef9d98 P a783decb3ad84b18a72c8eead58ce238: Bootstrap starting.
I20260710 11:03:50.118144 19441 raft_consensus.cc:2393] T 25eaf7b8328f4d43a85e5320367be3cf P a783decb3ad84b18a72c8eead58ce238 [term 1 FOLLOWER]: Leader pre-election vote request: Denying vote to candidate 15451de0ba36473b8697965e38c3386b in current term 1: Already voted for candidate a783decb3ad84b18a72c8eead58ce238 in this term.
I20260710 11:03:50.116055 19334 leader_election.cc:304] T 25eaf7b8328f4d43a85e5320367be3cf P 15451de0ba36473b8697965e38c3386b [CANDIDATE]: Term 1 election: Election decided. Result: candidate won. Election summary: received 2 responses out of 3 voters: 2 yes votes; 0 no votes. yes voters: 15451de0ba36473b8697965e38c3386b, 5fb3f0a12d824d48a3d0bee576d2c4d7; no voters: 
I20260710 11:03:50.107299 19440 tablet_service.cc:1917] Received RequestConsensusVote() RPC: tablet_id: "c0ce49fe47ec43a0b1ae7220530911fb" candidate_uuid: "15451de0ba36473b8697965e38c3386b" candidate_term: 1 candidate_status { last_received { term: 0 index: 0 } } ignore_live_leader: false dest_uuid: "a783decb3ad84b18a72c8eead58ce238" is_pre_election: true
I20260710 11:03:50.118976 19485 tablet_bootstrap.cc:654] T 23fea2043a114f32b3893db94642b14a P 15451de0ba36473b8697965e38c3386b: Neither blocks nor log segments found. Creating new log.
I20260710 11:03:50.118299 19437 tablet_service.cc:1917] Received RequestConsensusVote() RPC: tablet_id: "25eaf7b8328f4d43a85e5320367be3cf" candidate_uuid: "15451de0ba36473b8697965e38c3386b" candidate_term: 1 candidate_status { last_received { term: 0 index: 0 } } ignore_live_leader: false dest_uuid: "a783decb3ad84b18a72c8eead58ce238"
I20260710 11:03:50.121228 19491 raft_consensus.cc:2804] T 25eaf7b8328f4d43a85e5320367be3cf P 15451de0ba36473b8697965e38c3386b [term 1 FOLLOWER]: Leader election won for term 1
I20260710 11:03:50.121115 19438 tablet_service.cc:1917] Received RequestConsensusVote() RPC: tablet_id: "1c8b9934a28f4fe1a38a71acdbb3b3bf" candidate_uuid: "15451de0ba36473b8697965e38c3386b" candidate_term: 1 candidate_status { last_received { term: 0 index: 0 } } ignore_live_leader: false dest_uuid: "a783decb3ad84b18a72c8eead58ce238"
I20260710 11:03:50.122831 19438 raft_consensus.cc:3060] T 1c8b9934a28f4fe1a38a71acdbb3b3bf P a783decb3ad84b18a72c8eead58ce238 [term 0 FOLLOWER]: Advancing to term 1
I20260710 11:03:50.117017 19439 tablet_service.cc:1917] Received RequestConsensusVote() RPC: tablet_id: "058226e104564dd980368cd69c37d2d0" candidate_uuid: "15451de0ba36473b8697965e38c3386b" candidate_term: 1 candidate_status { last_received { term: 0 index: 0 } } ignore_live_leader: false dest_uuid: "a783decb3ad84b18a72c8eead58ce238" is_pre_election: true
I20260710 11:03:50.131335 19439 raft_consensus.cc:2468] T 058226e104564dd980368cd69c37d2d0 P a783decb3ad84b18a72c8eead58ce238 [term 0 FOLLOWER]: Leader pre-election vote request: Granting yes vote for candidate 15451de0ba36473b8697965e38c3386b in term 0.
I20260710 11:03:50.135494 19487 ts_tablet_manager.cc:1434] T 17f9835c8565498281cc45e54258a7f6 P 5fb3f0a12d824d48a3d0bee576d2c4d7: Time spent starting tablet: real 0.046s	user 0.007s	sys 0.002s
I20260710 11:03:50.135349 19331 leader_election.cc:304] T 058226e104564dd980368cd69c37d2d0 P 15451de0ba36473b8697965e38c3386b [CANDIDATE]: Term 1 pre-election: Election decided. Result: candidate won. Election summary: received 3 responses out of 3 voters: 2 yes votes; 1 no votes. yes voters: 15451de0ba36473b8697965e38c3386b, a783decb3ad84b18a72c8eead58ce238; no voters: 5fb3f0a12d824d48a3d0bee576d2c4d7
I20260710 11:03:50.134536 19491 raft_consensus.cc:697] T 25eaf7b8328f4d43a85e5320367be3cf P 15451de0ba36473b8697965e38c3386b [term 1 LEADER]: Becoming Leader. State: Replica: 15451de0ba36473b8697965e38c3386b, State: Running, Role: LEADER
I20260710 11:03:50.138610 19487 tablet_bootstrap.cc:492] T e4ea5d8de8764bae95bc749c70b5ceb6 P 5fb3f0a12d824d48a3d0bee576d2c4d7: Bootstrap starting.
I20260710 11:03:50.144570 19408 leader_election.cc:304] T 058226e104564dd980368cd69c37d2d0 P a783decb3ad84b18a72c8eead58ce238 [CANDIDATE]: Term 1 pre-election: Election decided. Result: candidate won. Election summary: received 3 responses out of 3 voters: 2 yes votes; 1 no votes. yes voters: 15451de0ba36473b8697965e38c3386b, a783decb3ad84b18a72c8eead58ce238; no voters: 5fb3f0a12d824d48a3d0bee576d2c4d7
I20260710 11:03:50.145817 19516 raft_consensus.cc:2804] T 058226e104564dd980368cd69c37d2d0 P a783decb3ad84b18a72c8eead58ce238 [term 0 FOLLOWER]: Leader pre-election won for term 1
I20260710 11:03:50.146214 19516 raft_consensus.cc:493] T 058226e104564dd980368cd69c37d2d0 P a783decb3ad84b18a72c8eead58ce238 [term 0 FOLLOWER]: Starting leader election (no leader contacted us within the election timeout)
I20260710 11:03:50.142620 19521 raft_consensus.cc:2804] T 058226e104564dd980368cd69c37d2d0 P 15451de0ba36473b8697965e38c3386b [term 0 FOLLOWER]: Leader pre-election won for term 1
I20260710 11:03:50.146670 19516 raft_consensus.cc:3060] T 058226e104564dd980368cd69c37d2d0 P a783decb3ad84b18a72c8eead58ce238 [term 0 FOLLOWER]: Advancing to term 1
I20260710 11:03:50.148538 19486 tablet_bootstrap.cc:654] T d5acb27521ec48848c69650178ef9d98 P a783decb3ad84b18a72c8eead58ce238: Neither blocks nor log segments found. Creating new log.
I20260710 11:03:50.144994 19494 raft_consensus.cc:515] T c0ce49fe47ec43a0b1ae7220530911fb P a783decb3ad84b18a72c8eead58ce238 [term 1 FOLLOWER]: Starting leader election with config: opid_index: -1 OBSOLETE_local: false peers { permanent_uuid: "a783decb3ad84b18a72c8eead58ce238" member_type: VOTER last_known_addr { host: "127.18.181.131" port: 33959 } } peers { permanent_uuid: "15451de0ba36473b8697965e38c3386b" member_type: VOTER last_known_addr { host: "127.18.181.130" port: 39567 } } peers { permanent_uuid: "5fb3f0a12d824d48a3d0bee576d2c4d7" member_type: VOTER last_known_addr { host: "127.18.181.129" port: 39991 } }
I20260710 11:03:50.151568 19521 raft_consensus.cc:493] T 058226e104564dd980368cd69c37d2d0 P 15451de0ba36473b8697965e38c3386b [term 0 FOLLOWER]: Starting leader election (no leader contacted us within the election timeout)
I20260710 11:03:50.158095 19440 raft_consensus.cc:2393] T c0ce49fe47ec43a0b1ae7220530911fb P a783decb3ad84b18a72c8eead58ce238 [term 1 FOLLOWER]: Leader pre-election vote request: Denying vote to candidate 15451de0ba36473b8697965e38c3386b in current term 1: Already voted for candidate a783decb3ad84b18a72c8eead58ce238 in this term.
I20260710 11:03:50.157552 19521 raft_consensus.cc:3060] T 058226e104564dd980368cd69c37d2d0 P 15451de0ba36473b8697965e38c3386b [term 0 FOLLOWER]: Advancing to term 1
I20260710 11:03:50.158743 19494 leader_election.cc:290] T c0ce49fe47ec43a0b1ae7220530911fb P a783decb3ad84b18a72c8eead58ce238 [CANDIDATE]: Term 1 election: Requested vote from peers 15451de0ba36473b8697965e38c3386b (127.18.181.130:39567), 5fb3f0a12d824d48a3d0bee576d2c4d7 (127.18.181.129:39991)
I20260710 11:03:50.162420 19292 tablet_service.cc:1917] Received RequestConsensusVote() RPC: tablet_id: "c0ce49fe47ec43a0b1ae7220530911fb" candidate_uuid: "a783decb3ad84b18a72c8eead58ce238" candidate_term: 1 candidate_status { last_received { term: 0 index: 0 } } ignore_live_leader: false dest_uuid: "5fb3f0a12d824d48a3d0bee576d2c4d7"
I20260710 11:03:50.162511 19367 tablet_service.cc:1917] Received RequestConsensusVote() RPC: tablet_id: "c0ce49fe47ec43a0b1ae7220530911fb" candidate_uuid: "a783decb3ad84b18a72c8eead58ce238" candidate_term: 1 candidate_status { last_received { term: 0 index: 0 } } ignore_live_leader: false dest_uuid: "15451de0ba36473b8697965e38c3386b"
I20260710 11:03:50.163329 19367 raft_consensus.cc:3060] T c0ce49fe47ec43a0b1ae7220530911fb P 15451de0ba36473b8697965e38c3386b [term 0 FOLLOWER]: Advancing to term 1
I20260710 11:03:50.164305 19516 raft_consensus.cc:515] T 058226e104564dd980368cd69c37d2d0 P a783decb3ad84b18a72c8eead58ce238 [term 1 FOLLOWER]: Starting leader election with config: opid_index: -1 OBSOLETE_local: false peers { permanent_uuid: "5fb3f0a12d824d48a3d0bee576d2c4d7" member_type: VOTER last_known_addr { host: "127.18.181.129" port: 39991 } } peers { permanent_uuid: "15451de0ba36473b8697965e38c3386b" member_type: VOTER last_known_addr { host: "127.18.181.130" port: 39567 } } peers { permanent_uuid: "a783decb3ad84b18a72c8eead58ce238" member_type: VOTER last_known_addr { host: "127.18.181.131" port: 33959 } }
I20260710 11:03:50.154724 19491 consensus_queue.cc:237] T 25eaf7b8328f4d43a85e5320367be3cf P 15451de0ba36473b8697965e38c3386b [LEADER]: Queue going to LEADER mode. State: All replicated index: 0, Majority replicated index: 0, Committed index: 0, Last appended: 0.0, Last appended by leader: 0, Current term: 1, Majority size: 2, State: 0, Mode: LEADER, active raft config: opid_index: -1 OBSOLETE_local: false peers { permanent_uuid: "5fb3f0a12d824d48a3d0bee576d2c4d7" member_type: VOTER last_known_addr { host: "127.18.181.129" port: 39991 } } peers { permanent_uuid: "15451de0ba36473b8697965e38c3386b" member_type: VOTER last_known_addr { host: "127.18.181.130" port: 39567 } } peers { permanent_uuid: "a783decb3ad84b18a72c8eead58ce238" member_type: VOTER last_known_addr { host: "127.18.181.131" port: 33959 } }
I20260710 11:03:50.167224 19438 raft_consensus.cc:2468] T 1c8b9934a28f4fe1a38a71acdbb3b3bf P a783decb3ad84b18a72c8eead58ce238 [term 1 FOLLOWER]: Leader election vote request: Granting yes vote for candidate 15451de0ba36473b8697965e38c3386b in term 1.
I20260710 11:03:50.168452 19516 leader_election.cc:290] T 058226e104564dd980368cd69c37d2d0 P a783decb3ad84b18a72c8eead58ce238 [CANDIDATE]: Term 1 election: Requested vote from peers 5fb3f0a12d824d48a3d0bee576d2c4d7 (127.18.181.129:39991), 15451de0ba36473b8697965e38c3386b (127.18.181.130:39567)
I20260710 11:03:50.169422 19331 leader_election.cc:304] T c0ce49fe47ec43a0b1ae7220530911fb P 15451de0ba36473b8697965e38c3386b [CANDIDATE]: Term 1 pre-election: Election decided. Result: candidate lost. Election summary: received 3 responses out of 3 voters: 1 yes votes; 2 no votes. yes voters: 15451de0ba36473b8697965e38c3386b; no voters: 5fb3f0a12d824d48a3d0bee576d2c4d7, a783decb3ad84b18a72c8eead58ce238
W20260710 11:03:50.171257 19408 leader_election.cc:343] T c0ce49fe47ec43a0b1ae7220530911fb P a783decb3ad84b18a72c8eead58ce238 [CANDIDATE]: Term 1 election: Tablet error from VoteRequest() call to peer 5fb3f0a12d824d48a3d0bee576d2c4d7 (127.18.181.129:39991): Illegal state: must be running to vote when last-logged opid is not known
I20260710 11:03:50.172797 19292 tablet_service.cc:1917] Received RequestConsensusVote() RPC: tablet_id: "058226e104564dd980368cd69c37d2d0" candidate_uuid: "a783decb3ad84b18a72c8eead58ce238" candidate_term: 1 candidate_status { last_received { term: 0 index: 0 } } ignore_live_leader: false dest_uuid: "5fb3f0a12d824d48a3d0bee576d2c4d7"
I20260710 11:03:50.173094 19368 tablet_service.cc:1917] Received RequestConsensusVote() RPC: tablet_id: "058226e104564dd980368cd69c37d2d0" candidate_uuid: "a783decb3ad84b18a72c8eead58ce238" candidate_term: 1 candidate_status { last_received { term: 0 index: 0 } } ignore_live_leader: false dest_uuid: "15451de0ba36473b8697965e38c3386b"
I20260710 11:03:50.177354 19485 tablet_bootstrap.cc:492] T 23fea2043a114f32b3893db94642b14a P 15451de0ba36473b8697965e38c3386b: No bootstrap required, opened a new log
I20260710 11:03:50.177877 19485 ts_tablet_manager.cc:1403] T 23fea2043a114f32b3893db94642b14a P 15451de0ba36473b8697965e38c3386b: Time spent bootstrapping tablet: real 0.073s	user 0.012s	sys 0.010s
W20260710 11:03:50.178611 19408 leader_election.cc:343] T 058226e104564dd980368cd69c37d2d0 P a783decb3ad84b18a72c8eead58ce238 [CANDIDATE]: Term 1 election: Tablet error from VoteRequest() call to peer 5fb3f0a12d824d48a3d0bee576d2c4d7 (127.18.181.129:39991): Illegal state: must be running to vote when last-logged opid is not known
I20260710 11:03:50.188445 19367 raft_consensus.cc:2468] T c0ce49fe47ec43a0b1ae7220530911fb P 15451de0ba36473b8697965e38c3386b [term 1 FOLLOWER]: Leader election vote request: Granting yes vote for candidate a783decb3ad84b18a72c8eead58ce238 in term 1.
I20260710 11:03:50.194774 19514 raft_consensus.cc:2749] T c0ce49fe47ec43a0b1ae7220530911fb P 15451de0ba36473b8697965e38c3386b [term 1 FOLLOWER]: Leader pre-election lost for term 1. Reason: could not achieve majority
I20260710 11:03:50.188747 19487 tablet_bootstrap.cc:654] T e4ea5d8de8764bae95bc749c70b5ceb6 P 5fb3f0a12d824d48a3d0bee576d2c4d7: Neither blocks nor log segments found. Creating new log.
I20260710 11:03:50.190825 19486 tablet_bootstrap.cc:492] T d5acb27521ec48848c69650178ef9d98 P a783decb3ad84b18a72c8eead58ce238: No bootstrap required, opened a new log
I20260710 11:03:50.196444 19486 ts_tablet_manager.cc:1403] T d5acb27521ec48848c69650178ef9d98 P a783decb3ad84b18a72c8eead58ce238: Time spent bootstrapping tablet: real 0.084s	user 0.009s	sys 0.015s
I20260710 11:03:50.196463 19408 leader_election.cc:304] T c0ce49fe47ec43a0b1ae7220530911fb P a783decb3ad84b18a72c8eead58ce238 [CANDIDATE]: Term 1 election: Election decided. Result: candidate won. Election summary: received 3 responses out of 3 voters: 2 yes votes; 1 no votes. yes voters: 15451de0ba36473b8697965e38c3386b, a783decb3ad84b18a72c8eead58ce238; no voters: 5fb3f0a12d824d48a3d0bee576d2c4d7
I20260710 11:03:50.198004 19516 raft_consensus.cc:2804] T c0ce49fe47ec43a0b1ae7220530911fb P a783decb3ad84b18a72c8eead58ce238 [term 1 FOLLOWER]: Leader election won for term 1
I20260710 11:03:50.198653 19516 raft_consensus.cc:697] T c0ce49fe47ec43a0b1ae7220530911fb P a783decb3ad84b18a72c8eead58ce238 [term 1 LEADER]: Becoming Leader. State: Replica: a783decb3ad84b18a72c8eead58ce238, State: Running, Role: LEADER
I20260710 11:03:50.199709 19516 consensus_queue.cc:237] T c0ce49fe47ec43a0b1ae7220530911fb P a783decb3ad84b18a72c8eead58ce238 [LEADER]: Queue going to LEADER mode. State: All replicated index: 0, Majority replicated index: 0, Committed index: 0, Last appended: 0.0, Last appended by leader: 0, Current term: 1, Majority size: 2, State: 0, Mode: LEADER, active raft config: opid_index: -1 OBSOLETE_local: false peers { permanent_uuid: "a783decb3ad84b18a72c8eead58ce238" member_type: VOTER last_known_addr { host: "127.18.181.131" port: 33959 } } peers { permanent_uuid: "15451de0ba36473b8697965e38c3386b" member_type: VOTER last_known_addr { host: "127.18.181.130" port: 39567 } } peers { permanent_uuid: "5fb3f0a12d824d48a3d0bee576d2c4d7" member_type: VOTER last_known_addr { host: "127.18.181.129" port: 39991 } }
I20260710 11:03:50.189810 19521 raft_consensus.cc:515] T 058226e104564dd980368cd69c37d2d0 P 15451de0ba36473b8697965e38c3386b [term 1 FOLLOWER]: Starting leader election with config: opid_index: -1 OBSOLETE_local: false peers { permanent_uuid: "5fb3f0a12d824d48a3d0bee576d2c4d7" member_type: VOTER last_known_addr { host: "127.18.181.129" port: 39991 } } peers { permanent_uuid: "15451de0ba36473b8697965e38c3386b" member_type: VOTER last_known_addr { host: "127.18.181.130" port: 39567 } } peers { permanent_uuid: "a783decb3ad84b18a72c8eead58ce238" member_type: VOTER last_known_addr { host: "127.18.181.131" port: 33959 } }
I20260710 11:03:50.191483 19485 raft_consensus.cc:359] T 23fea2043a114f32b3893db94642b14a P 15451de0ba36473b8697965e38c3386b [term 0 FOLLOWER]: Replica starting. Triggering 0 pending ops. Active config: opid_index: -1 OBSOLETE_local: false peers { permanent_uuid: "5fb3f0a12d824d48a3d0bee576d2c4d7" member_type: VOTER last_known_addr { host: "127.18.181.129" port: 39991 } } peers { permanent_uuid: "15451de0ba36473b8697965e38c3386b" member_type: VOTER last_known_addr { host: "127.18.181.130" port: 39567 } } peers { permanent_uuid: "a783decb3ad84b18a72c8eead58ce238" member_type: VOTER last_known_addr { host: "127.18.181.131" port: 33959 } }
I20260710 11:03:50.207464 19485 raft_consensus.cc:385] T 23fea2043a114f32b3893db94642b14a P 15451de0ba36473b8697965e38c3386b [term 0 FOLLOWER]: Consensus starting up: Expiring failure detector timer to make a prompt election more likely
I20260710 11:03:50.207939 19485 raft_consensus.cc:740] T 23fea2043a114f32b3893db94642b14a P 15451de0ba36473b8697965e38c3386b [term 0 FOLLOWER]: Becoming Follower/Learner. State: Replica: 15451de0ba36473b8697965e38c3386b, State: Initialized, Role: FOLLOWER
I20260710 11:03:50.209102 19368 raft_consensus.cc:2393] T 058226e104564dd980368cd69c37d2d0 P 15451de0ba36473b8697965e38c3386b [term 1 FOLLOWER]: Leader election vote request: Denying vote to candidate a783decb3ad84b18a72c8eead58ce238 in current term 1: Already voted for candidate 15451de0ba36473b8697965e38c3386b in this term.
I20260710 11:03:50.209615 19486 raft_consensus.cc:359] T d5acb27521ec48848c69650178ef9d98 P a783decb3ad84b18a72c8eead58ce238 [term 0 FOLLOWER]: Replica starting. Triggering 0 pending ops. Active config: opid_index: -1 OBSOLETE_local: false peers { permanent_uuid: "5fb3f0a12d824d48a3d0bee576d2c4d7" member_type: VOTER last_known_addr { host: "127.18.181.129" port: 39991 } } peers { permanent_uuid: "15451de0ba36473b8697965e38c3386b" member_type: VOTER last_known_addr { host: "127.18.181.130" port: 39567 } } peers { permanent_uuid: "a783decb3ad84b18a72c8eead58ce238" member_type: VOTER last_known_addr { host: "127.18.181.131" port: 33959 } }
I20260710 11:03:50.210342 19485 consensus_queue.cc:260] T 23fea2043a114f32b3893db94642b14a P 15451de0ba36473b8697965e38c3386b [NON_LEADER]: Queue going to NON_LEADER mode. State: All replicated index: 0, Majority replicated index: 0, Committed index: 0, Last appended: 0.0, Last appended by leader: 0, Current term: 0, Majority size: -1, State: 0, Mode: NON_LEADER, active raft config: opid_index: -1 OBSOLETE_local: false peers { permanent_uuid: "5fb3f0a12d824d48a3d0bee576d2c4d7" member_type: VOTER last_known_addr { host: "127.18.181.129" port: 39991 } } peers { permanent_uuid: "15451de0ba36473b8697965e38c3386b" member_type: VOTER last_known_addr { host: "127.18.181.130" port: 39567 } } peers { permanent_uuid: "a783decb3ad84b18a72c8eead58ce238" member_type: VOTER last_known_addr { host: "127.18.181.131" port: 33959 } }
I20260710 11:03:50.210994 19486 raft_consensus.cc:385] T d5acb27521ec48848c69650178ef9d98 P a783decb3ad84b18a72c8eead58ce238 [term 0 FOLLOWER]: Consensus starting up: Expiring failure detector timer to make a prompt election more likely
I20260710 11:03:50.211392 19486 raft_consensus.cc:740] T d5acb27521ec48848c69650178ef9d98 P a783decb3ad84b18a72c8eead58ce238 [term 0 FOLLOWER]: Becoming Follower/Learner. State: Replica: a783decb3ad84b18a72c8eead58ce238, State: Initialized, Role: FOLLOWER
I20260710 11:03:50.211987 19492 raft_consensus.cc:493] T 23fea2043a114f32b3893db94642b14a P 5fb3f0a12d824d48a3d0bee576d2c4d7 [term 0 FOLLOWER]: Starting pre-election (no leader contacted us within the election timeout)
I20260710 11:03:50.212244 19408 leader_election.cc:304] T 058226e104564dd980368cd69c37d2d0 P a783decb3ad84b18a72c8eead58ce238 [CANDIDATE]: Term 1 election: Election decided. Result: candidate lost. Election summary: received 3 responses out of 3 voters: 1 yes votes; 2 no votes. yes voters: a783decb3ad84b18a72c8eead58ce238; no voters: 15451de0ba36473b8697965e38c3386b, 5fb3f0a12d824d48a3d0bee576d2c4d7
I20260710 11:03:50.212440 19492 raft_consensus.cc:515] T 23fea2043a114f32b3893db94642b14a P 5fb3f0a12d824d48a3d0bee576d2c4d7 [term 0 FOLLOWER]: Starting pre-election with config: opid_index: -1 OBSOLETE_local: false peers { permanent_uuid: "5fb3f0a12d824d48a3d0bee576d2c4d7" member_type: VOTER last_known_addr { host: "127.18.181.129" port: 39991 } } peers { permanent_uuid: "15451de0ba36473b8697965e38c3386b" member_type: VOTER last_known_addr { host: "127.18.181.130" port: 39567 } } peers { permanent_uuid: "a783decb3ad84b18a72c8eead58ce238" member_type: VOTER last_known_addr { host: "127.18.181.131" port: 33959 } }
I20260710 11:03:50.213454 19485 ts_tablet_manager.cc:1434] T 23fea2043a114f32b3893db94642b14a P 15451de0ba36473b8697965e38c3386b: Time spent starting tablet: real 0.035s	user 0.006s	sys 0.005s
I20260710 11:03:50.214825 19494 raft_consensus.cc:2749] T 058226e104564dd980368cd69c37d2d0 P a783decb3ad84b18a72c8eead58ce238 [term 1 FOLLOWER]: Leader election lost for term 1. Reason: could not achieve majority
I20260710 11:03:50.213368 19187 catalog_manager.cc:5697] T 1c8b9934a28f4fe1a38a71acdbb3b3bf P 15451de0ba36473b8697965e38c3386b reported cstate change: term changed from 0 to 1, leader changed from <none> to 15451de0ba36473b8697965e38c3386b (127.18.181.130). New cstate: current_term: 1 leader_uuid: "15451de0ba36473b8697965e38c3386b" committed_config { opid_index: -1 OBSOLETE_local: false peers { permanent_uuid: "5fb3f0a12d824d48a3d0bee576d2c4d7" member_type: VOTER last_known_addr { host: "127.18.181.129" port: 39991 } health_report { overall_health: UNKNOWN } } peers { permanent_uuid: "15451de0ba36473b8697965e38c3386b" member_type: VOTER last_known_addr { host: "127.18.181.130" port: 39567 } health_report { overall_health: HEALTHY } } peers { permanent_uuid: "a783decb3ad84b18a72c8eead58ce238" member_type: VOTER last_known_addr { host: "127.18.181.131" port: 33959 } health_report { overall_health: UNKNOWN } } }
I20260710 11:03:50.216277 19521 leader_election.cc:290] T 058226e104564dd980368cd69c37d2d0 P 15451de0ba36473b8697965e38c3386b [CANDIDATE]: Term 1 election: Requested vote from peers 5fb3f0a12d824d48a3d0bee576d2c4d7 (127.18.181.129:39991), a783decb3ad84b18a72c8eead58ce238 (127.18.181.131:33959)
I20260710 11:03:50.216634 19292 tablet_service.cc:1917] Received RequestConsensusVote() RPC: tablet_id: "058226e104564dd980368cd69c37d2d0" candidate_uuid: "15451de0ba36473b8697965e38c3386b" candidate_term: 1 candidate_status { last_received { term: 0 index: 0 } } ignore_live_leader: false dest_uuid: "5fb3f0a12d824d48a3d0bee576d2c4d7"
I20260710 11:03:50.217125 19485 tablet_bootstrap.cc:492] T d5acb27521ec48848c69650178ef9d98 P 15451de0ba36473b8697965e38c3386b: Bootstrap starting.
I20260710 11:03:50.216712 19438 tablet_service.cc:1917] Received RequestConsensusVote() RPC: tablet_id: "058226e104564dd980368cd69c37d2d0" candidate_uuid: "15451de0ba36473b8697965e38c3386b" candidate_term: 1 candidate_status { last_received { term: 0 index: 0 } } ignore_live_leader: false dest_uuid: "a783decb3ad84b18a72c8eead58ce238"
I20260710 11:03:50.218541 19438 raft_consensus.cc:2393] T 058226e104564dd980368cd69c37d2d0 P a783decb3ad84b18a72c8eead58ce238 [term 1 FOLLOWER]: Leader election vote request: Denying vote to candidate 15451de0ba36473b8697965e38c3386b in current term 1: Already voted for candidate a783decb3ad84b18a72c8eead58ce238 in this term.
I20260710 11:03:50.218638 19486 consensus_queue.cc:260] T d5acb27521ec48848c69650178ef9d98 P a783decb3ad84b18a72c8eead58ce238 [NON_LEADER]: Queue going to NON_LEADER mode. State: All replicated index: 0, Majority replicated index: 0, Committed index: 0, Last appended: 0.0, Last appended by leader: 0, Current term: 0, Majority size: -1, State: 0, Mode: NON_LEADER, active raft config: opid_index: -1 OBSOLETE_local: false peers { permanent_uuid: "5fb3f0a12d824d48a3d0bee576d2c4d7" member_type: VOTER last_known_addr { host: "127.18.181.129" port: 39991 } } peers { permanent_uuid: "15451de0ba36473b8697965e38c3386b" member_type: VOTER last_known_addr { host: "127.18.181.130" port: 39567 } } peers { permanent_uuid: "a783decb3ad84b18a72c8eead58ce238" member_type: VOTER last_known_addr { host: "127.18.181.131" port: 33959 } }
W20260710 11:03:50.219977 19334 leader_election.cc:343] T 058226e104564dd980368cd69c37d2d0 P 15451de0ba36473b8697965e38c3386b [CANDIDATE]: Term 1 election: Tablet error from VoteRequest() call to peer 5fb3f0a12d824d48a3d0bee576d2c4d7 (127.18.181.129:39991): Illegal state: must be running to vote when last-logged opid is not known
I20260710 11:03:50.220976 19368 tablet_service.cc:1917] Received RequestConsensusVote() RPC: tablet_id: "23fea2043a114f32b3893db94642b14a" candidate_uuid: "5fb3f0a12d824d48a3d0bee576d2c4d7" candidate_term: 1 candidate_status { last_received { term: 0 index: 0 } } ignore_live_leader: false dest_uuid: "15451de0ba36473b8697965e38c3386b" is_pre_election: true
I20260710 11:03:50.234203 19187 catalog_manager.cc:5697] T 25eaf7b8328f4d43a85e5320367be3cf P 15451de0ba36473b8697965e38c3386b reported cstate change: term changed from 0 to 1, leader changed from <none> to 15451de0ba36473b8697965e38c3386b (127.18.181.130). New cstate: current_term: 1 leader_uuid: "15451de0ba36473b8697965e38c3386b" committed_config { opid_index: -1 OBSOLETE_local: false peers { permanent_uuid: "5fb3f0a12d824d48a3d0bee576d2c4d7" member_type: VOTER last_known_addr { host: "127.18.181.129" port: 39991 } health_report { overall_health: UNKNOWN } } peers { permanent_uuid: "15451de0ba36473b8697965e38c3386b" member_type: VOTER last_known_addr { host: "127.18.181.130" port: 39567 } health_report { overall_health: HEALTHY } } peers { permanent_uuid: "a783decb3ad84b18a72c8eead58ce238" member_type: VOTER last_known_addr { host: "127.18.181.131" port: 33959 } health_report { overall_health: UNKNOWN } } }
I20260710 11:03:50.236971 19486 ts_tablet_manager.cc:1434] T d5acb27521ec48848c69650178ef9d98 P a783decb3ad84b18a72c8eead58ce238: Time spent starting tablet: real 0.040s	user 0.018s	sys 0.006s
I20260710 11:03:50.238104 19438 tablet_service.cc:1917] Received RequestConsensusVote() RPC: tablet_id: "23fea2043a114f32b3893db94642b14a" candidate_uuid: "5fb3f0a12d824d48a3d0bee576d2c4d7" candidate_term: 1 candidate_status { last_received { term: 0 index: 0 } } ignore_live_leader: false dest_uuid: "a783decb3ad84b18a72c8eead58ce238" is_pre_election: true
I20260710 11:03:50.245266 19486 tablet_bootstrap.cc:492] T 23fea2043a114f32b3893db94642b14a P a783decb3ad84b18a72c8eead58ce238: Bootstrap starting.
W20260710 11:03:50.245839 19256 leader_election.cc:343] T 23fea2043a114f32b3893db94642b14a P 5fb3f0a12d824d48a3d0bee576d2c4d7 [CANDIDATE]: Term 1 pre-election: Tablet error from VoteRequest() call to peer a783decb3ad84b18a72c8eead58ce238 (127.18.181.131:33959): Illegal state: must be running to vote when last-logged opid is not known
I20260710 11:03:50.238722 19331 leader_election.cc:304] T 058226e104564dd980368cd69c37d2d0 P 15451de0ba36473b8697965e38c3386b [CANDIDATE]: Term 1 election: Election decided. Result: candidate lost. Election summary: received 3 responses out of 3 voters: 1 yes votes; 2 no votes. yes voters: 15451de0ba36473b8697965e38c3386b; no voters: 5fb3f0a12d824d48a3d0bee576d2c4d7, a783decb3ad84b18a72c8eead58ce238
I20260710 11:03:50.239881 19487 tablet_bootstrap.cc:492] T e4ea5d8de8764bae95bc749c70b5ceb6 P 5fb3f0a12d824d48a3d0bee576d2c4d7: No bootstrap required, opened a new log
I20260710 11:03:50.247004 19487 ts_tablet_manager.cc:1403] T e4ea5d8de8764bae95bc749c70b5ceb6 P 5fb3f0a12d824d48a3d0bee576d2c4d7: Time spent bootstrapping tablet: real 0.110s	user 0.012s	sys 0.012s
I20260710 11:03:50.236704 19492 leader_election.cc:290] T 23fea2043a114f32b3893db94642b14a P 5fb3f0a12d824d48a3d0bee576d2c4d7 [CANDIDATE]: Term 1 pre-election: Requested pre-vote from peers 15451de0ba36473b8697965e38c3386b (127.18.181.130:39567), a783decb3ad84b18a72c8eead58ce238 (127.18.181.131:33959)
I20260710 11:03:50.240295 19368 raft_consensus.cc:2468] T 23fea2043a114f32b3893db94642b14a P 15451de0ba36473b8697965e38c3386b [term 0 FOLLOWER]: Leader pre-election vote request: Granting yes vote for candidate 5fb3f0a12d824d48a3d0bee576d2c4d7 in term 0.
W20260710 11:03:50.250916 19238 auto_rebalancer.cc:288] Could not retrieve cluster info: Service unavailable: Tablet not running
I20260710 11:03:50.252015 19259 leader_election.cc:304] T 23fea2043a114f32b3893db94642b14a P 5fb3f0a12d824d48a3d0bee576d2c4d7 [CANDIDATE]: Term 1 pre-election: Election decided. Result: candidate won. Election summary: received 3 responses out of 3 voters: 2 yes votes; 1 no votes. yes voters: 15451de0ba36473b8697965e38c3386b, 5fb3f0a12d824d48a3d0bee576d2c4d7; no voters: a783decb3ad84b18a72c8eead58ce238
I20260710 11:03:50.253252 19485 tablet_bootstrap.cc:654] T d5acb27521ec48848c69650178ef9d98 P 15451de0ba36473b8697965e38c3386b: Neither blocks nor log segments found. Creating new log.
I20260710 11:03:50.253656 19492 raft_consensus.cc:2804] T 23fea2043a114f32b3893db94642b14a P 5fb3f0a12d824d48a3d0bee576d2c4d7 [term 0 FOLLOWER]: Leader pre-election won for term 1
I20260710 11:03:50.254124 19492 raft_consensus.cc:493] T 23fea2043a114f32b3893db94642b14a P 5fb3f0a12d824d48a3d0bee576d2c4d7 [term 0 FOLLOWER]: Starting leader election (no leader contacted us within the election timeout)
I20260710 11:03:50.254611 19492 raft_consensus.cc:3060] T 23fea2043a114f32b3893db94642b14a P 5fb3f0a12d824d48a3d0bee576d2c4d7 [term 0 FOLLOWER]: Advancing to term 1
I20260710 11:03:50.259670 19487 raft_consensus.cc:359] T e4ea5d8de8764bae95bc749c70b5ceb6 P 5fb3f0a12d824d48a3d0bee576d2c4d7 [term 0 FOLLOWER]: Replica starting. Triggering 0 pending ops. Active config: opid_index: -1 OBSOLETE_local: false peers { permanent_uuid: "5fb3f0a12d824d48a3d0bee576d2c4d7" member_type: VOTER last_known_addr { host: "127.18.181.129" port: 39991 } } peers { permanent_uuid: "15451de0ba36473b8697965e38c3386b" member_type: VOTER last_known_addr { host: "127.18.181.130" port: 39567 } } peers { permanent_uuid: "a783decb3ad84b18a72c8eead58ce238" member_type: VOTER last_known_addr { host: "127.18.181.131" port: 33959 } }
I20260710 11:03:50.263844 19487 raft_consensus.cc:385] T e4ea5d8de8764bae95bc749c70b5ceb6 P 5fb3f0a12d824d48a3d0bee576d2c4d7 [term 0 FOLLOWER]: Consensus starting up: Expiring failure detector timer to make a prompt election more likely
