I20260710 11:04:08.625255  5730 consensus_queue.cc:237] T 2ed4f385ebf5445d919a0c92c6396712 P 0f07e4395ab34f109033c1e913d69110 [LEADER]: Queue going to LEADER mode. State: All replicated index: 0, Majority replicated index: 2, Committed index: 2, Last appended: 2.2, Last appended by leader: 2, Current term: 3, Majority size: 2, State: 0, Mode: LEADER, active raft config: opid_index: -1 OBSOLETE_local: false peers { permanent_uuid: "0e0ecc718aad4fc18f16ec97b9da2fc4" member_type: VOTER last_known_addr { host: "127.4.177.129" port: 45821 } } peers { permanent_uuid: "4848d60490954a239ac657069e9e4b1b" member_type: VOTER last_known_addr { host: "127.4.177.130" port: 44991 } } peers { permanent_uuid: "0f07e4395ab34f109033c1e913d69110" member_type: VOTER last_known_addr { host: "127.4.177.131" port: 42729 } }
I20260710 11:04:08.632153  5332 catalog_manager.cc:5697] T 2ed4f385ebf5445d919a0c92c6396712 P 0f07e4395ab34f109033c1e913d69110 reported cstate change: term changed from 2 to 3, leader changed from 0e0ecc718aad4fc18f16ec97b9da2fc4 (127.4.177.129) to 0f07e4395ab34f109033c1e913d69110 (127.4.177.131). New cstate: current_term: 3 leader_uuid: "0f07e4395ab34f109033c1e913d69110" committed_config { opid_index: -1 OBSOLETE_local: false peers { permanent_uuid: "0e0ecc718aad4fc18f16ec97b9da2fc4" member_type: VOTER last_known_addr { host: "127.4.177.129" port: 45821 } health_report { overall_health: UNKNOWN } } peers { permanent_uuid: "4848d60490954a239ac657069e9e4b1b" member_type: VOTER last_known_addr { host: "127.4.177.130" port: 44991 } health_report { overall_health: UNKNOWN } } peers { permanent_uuid: "0f07e4395ab34f109033c1e913d69110" member_type: VOTER last_known_addr { host: "127.4.177.131" port: 42729 } health_report { overall_health: HEALTHY } } }
I20260710 11:04:08.785691  5438 raft_consensus.cc:1275] T a80581708b0c4566919ad89ffe97657d P 0e0ecc718aad4fc18f16ec97b9da2fc4 [term 5 FOLLOWER]: Refusing update from remote peer 0f07e4395ab34f109033c1e913d69110: Log matching property violated. Preceding OpId in replica: term: 4 index: 4. Preceding OpId from leader: term: 5 index: 5. (index mismatch)
I20260710 11:04:08.786944  5730 consensus_queue.cc:1048] T a80581708b0c4566919ad89ffe97657d P 0f07e4395ab34f109033c1e913d69110 [LEADER]: Connected to new peer: Peer: permanent_uuid: "0e0ecc718aad4fc18f16ec97b9da2fc4" member_type: VOTER last_known_addr { host: "127.4.177.129" port: 45821 }, Status: LMP_MISMATCH, Last received: 0.0, Next index: 5, Last known committed idx: 4, Time since last communication: 0.000s
I20260710 11:04:08.801091  5511 raft_consensus.cc:1275] T a80581708b0c4566919ad89ffe97657d P 4848d60490954a239ac657069e9e4b1b [term 5 FOLLOWER]: Refusing update from remote peer 0f07e4395ab34f109033c1e913d69110: Log matching property violated. Preceding OpId in replica: term: 4 index: 4. Preceding OpId from leader: term: 5 index: 5. (index mismatch)
I20260710 11:04:08.802963  5781 consensus_queue.cc:1048] T a80581708b0c4566919ad89ffe97657d P 0f07e4395ab34f109033c1e913d69110 [LEADER]: Connected to new peer: Peer: permanent_uuid: "4848d60490954a239ac657069e9e4b1b" member_type: VOTER last_known_addr { host: "127.4.177.130" port: 44991 }, Status: LMP_MISMATCH, Last received: 0.0, Next index: 5, Last known committed idx: 4, Time since last communication: 0.001s
I20260710 11:04:08.887161  5586 raft_consensus.cc:1275] T 5b61e69aa215432094a415486ea6dc17 P 0f07e4395ab34f109033c1e913d69110 [term 3 FOLLOWER]: Refusing update from remote peer 4848d60490954a239ac657069e9e4b1b: Log matching property violated. Preceding OpId in replica: term: 2 index: 2. Preceding OpId from leader: term: 3 index: 3. (index mismatch)
I20260710 11:04:08.888643  5774 consensus_queue.cc:1048] T 5b61e69aa215432094a415486ea6dc17 P 4848d60490954a239ac657069e9e4b1b [LEADER]: Connected to new peer: Peer: permanent_uuid: "0f07e4395ab34f109033c1e913d69110" member_type: VOTER last_known_addr { host: "127.4.177.131" port: 42729 }, Status: LMP_MISMATCH, Last received: 0.0, Next index: 3, Last known committed idx: 2, Time since last communication: 0.000s
I20260710 11:04:08.898475  5438 raft_consensus.cc:1275] T 5b61e69aa215432094a415486ea6dc17 P 0e0ecc718aad4fc18f16ec97b9da2fc4 [term 3 FOLLOWER]: Refusing update from remote peer 4848d60490954a239ac657069e9e4b1b: Log matching property violated. Preceding OpId in replica: term: 2 index: 2. Preceding OpId from leader: term: 3 index: 3. (index mismatch)
I20260710 11:04:08.900193  5774 consensus_queue.cc:1048] T 5b61e69aa215432094a415486ea6dc17 P 4848d60490954a239ac657069e9e4b1b [LEADER]: Connected to new peer: Peer: permanent_uuid: "0e0ecc718aad4fc18f16ec97b9da2fc4" member_type: VOTER last_known_addr { host: "127.4.177.129" port: 45821 }, Status: LMP_MISMATCH, Last received: 0.0, Next index: 3, Last known committed idx: 2, Time since last communication: 0.000s
I20260710 11:04:08.974211  5438 raft_consensus.cc:1275] T 6beadd3b71a94525bea841e5b927964f P 0e0ecc718aad4fc18f16ec97b9da2fc4 [term 4 FOLLOWER]: Refusing update from remote peer 4848d60490954a239ac657069e9e4b1b: Log matching property violated. Preceding OpId in replica: term: 3 index: 3. Preceding OpId from leader: term: 4 index: 4. (index mismatch)
I20260710 11:04:08.975657  5774 consensus_queue.cc:1048] T 6beadd3b71a94525bea841e5b927964f P 4848d60490954a239ac657069e9e4b1b [LEADER]: Connected to new peer: Peer: permanent_uuid: "0e0ecc718aad4fc18f16ec97b9da2fc4" member_type: VOTER last_known_addr { host: "127.4.177.129" port: 45821 }, Status: LMP_MISMATCH, Last received: 0.0, Next index: 4, Last known committed idx: 3, Time since last communication: 0.000s
I20260710 11:04:08.986451  5586 raft_consensus.cc:1275] T 6beadd3b71a94525bea841e5b927964f P 0f07e4395ab34f109033c1e913d69110 [term 4 FOLLOWER]: Refusing update from remote peer 4848d60490954a239ac657069e9e4b1b: Log matching property violated. Preceding OpId in replica: term: 3 index: 3. Preceding OpId from leader: term: 4 index: 4. (index mismatch)
I20260710 11:04:08.987895  5744 consensus_queue.cc:1048] T 6beadd3b71a94525bea841e5b927964f P 4848d60490954a239ac657069e9e4b1b [LEADER]: Connected to new peer: Peer: permanent_uuid: "0f07e4395ab34f109033c1e913d69110" member_type: VOTER last_known_addr { host: "127.4.177.131" port: 42729 }, Status: LMP_MISMATCH, Last received: 0.0, Next index: 4, Last known committed idx: 3, Time since last communication: 0.000s
I20260710 11:04:09.139830  5438 raft_consensus.cc:1275] T 2ed4f385ebf5445d919a0c92c6396712 P 0e0ecc718aad4fc18f16ec97b9da2fc4 [term 3 FOLLOWER]: Refusing update from remote peer 0f07e4395ab34f109033c1e913d69110: Log matching property violated. Preceding OpId in replica: term: 2 index: 2. Preceding OpId from leader: term: 3 index: 3. (index mismatch)
I20260710 11:04:09.141424  5781 consensus_queue.cc:1048] T 2ed4f385ebf5445d919a0c92c6396712 P 0f07e4395ab34f109033c1e913d69110 [LEADER]: Connected to new peer: Peer: permanent_uuid: "0e0ecc718aad4fc18f16ec97b9da2fc4" member_type: VOTER last_known_addr { host: "127.4.177.129" port: 45821 }, Status: LMP_MISMATCH, Last received: 0.0, Next index: 3, Last known committed idx: 2, Time since last communication: 0.000s
I20260710 11:04:09.150785  5511 raft_consensus.cc:1275] T 2ed4f385ebf5445d919a0c92c6396712 P 4848d60490954a239ac657069e9e4b1b [term 3 FOLLOWER]: Refusing update from remote peer 0f07e4395ab34f109033c1e913d69110: Log matching property violated. Preceding OpId in replica: term: 2 index: 2. Preceding OpId from leader: term: 3 index: 3. (index mismatch)
I20260710 11:04:09.152702  5730 consensus_queue.cc:1048] T 2ed4f385ebf5445d919a0c92c6396712 P 0f07e4395ab34f109033c1e913d69110 [LEADER]: Connected to new peer: Peer: permanent_uuid: "4848d60490954a239ac657069e9e4b1b" member_type: VOTER last_known_addr { host: "127.4.177.130" port: 44991 }, Status: LMP_MISMATCH, Last received: 0.0, Next index: 3, Last known committed idx: 2, Time since last communication: 0.000s
I20260710 11:04:09.336967  4806 auto_leader_rebalancer.cc:141] leader rebalance for table test-workload
I20260710 11:04:09.344990  4806 tablet_server.cc:179] TabletServer@127.4.177.129:0 shutting down...
I20260710 11:04:09.380484  4806 ts_tablet_manager.cc:1507] Shutting down tablet manager...
I20260710 11:04:09.381261  4806 tablet_replica.cc:333] T a61cf43155ba4f808f564441658e0139 P 0e0ecc718aad4fc18f16ec97b9da2fc4: stopping tablet replica
I20260710 11:04:09.381971  4806 raft_consensus.cc:2243] T a61cf43155ba4f808f564441658e0139 P 0e0ecc718aad4fc18f16ec97b9da2fc4 [term 1 FOLLOWER]: Raft consensus shutting down.
I20260710 11:04:09.382578  4806 raft_consensus.cc:2272] T a61cf43155ba4f808f564441658e0139 P 0e0ecc718aad4fc18f16ec97b9da2fc4 [term 1 FOLLOWER]: Raft consensus is shut down!
I20260710 11:04:09.385779  4806 tablet_replica.cc:333] T 3d8809b8496944bab58950ee61df3fcd P 0e0ecc718aad4fc18f16ec97b9da2fc4: stopping tablet replica
I20260710 11:04:09.386524  4806 raft_consensus.cc:2243] T 3d8809b8496944bab58950ee61df3fcd P 0e0ecc718aad4fc18f16ec97b9da2fc4 [term 2 LEADER]: Raft consensus shutting down.
I20260710 11:04:09.387274  4806 raft_consensus.cc:2272] T 3d8809b8496944bab58950ee61df3fcd P 0e0ecc718aad4fc18f16ec97b9da2fc4 [term 2 FOLLOWER]: Raft consensus is shut down!
I20260710 11:04:09.389441  4806 tablet_replica.cc:333] T 819613b0fa1644d69345cb142b0040a3 P 0e0ecc718aad4fc18f16ec97b9da2fc4: stopping tablet replica
I20260710 11:04:09.390066  4806 raft_consensus.cc:2243] T 819613b0fa1644d69345cb142b0040a3 P 0e0ecc718aad4fc18f16ec97b9da2fc4 [term 2 LEADER]: Raft consensus shutting down.
I20260710 11:04:09.390865  4806 raft_consensus.cc:2272] T 819613b0fa1644d69345cb142b0040a3 P 0e0ecc718aad4fc18f16ec97b9da2fc4 [term 2 FOLLOWER]: Raft consensus is shut down!
I20260710 11:04:09.392685  4806 tablet_replica.cc:333] T 5cc0f46c2c404003a9e985f521668217 P 0e0ecc718aad4fc18f16ec97b9da2fc4: stopping tablet replica
I20260710 11:04:09.393651  4806 raft_consensus.cc:2243] T 5cc0f46c2c404003a9e985f521668217 P 0e0ecc718aad4fc18f16ec97b9da2fc4 [term 2 FOLLOWER]: Raft consensus shutting down.
I20260710 11:04:09.394217  4806 raft_consensus.cc:2272] T 5cc0f46c2c404003a9e985f521668217 P 0e0ecc718aad4fc18f16ec97b9da2fc4 [term 2 FOLLOWER]: Raft consensus is shut down!
I20260710 11:04:09.397550  4806 tablet_replica.cc:333] T 6beadd3b71a94525bea841e5b927964f P 0e0ecc718aad4fc18f16ec97b9da2fc4: stopping tablet replica
W20260710 11:04:09.397740  5477 proxy.cc:239] Call had error, refreshing address and retrying: Remote error: Service unavailable: service kudu.consensus.ConsensusService not registered on TabletServer [suppressed 6 similar messages]
I20260710 11:04:09.398521  4806 raft_consensus.cc:2243] T 6beadd3b71a94525bea841e5b927964f P 0e0ecc718aad4fc18f16ec97b9da2fc4 [term 4 FOLLOWER]: Raft consensus shutting down.
I20260710 11:04:09.399267  4806 raft_consensus.cc:2272] T 6beadd3b71a94525bea841e5b927964f P 0e0ecc718aad4fc18f16ec97b9da2fc4 [term 4 FOLLOWER]: Raft consensus is shut down!
I20260710 11:04:09.402565  4806 tablet_replica.cc:333] T a80581708b0c4566919ad89ffe97657d P 0e0ecc718aad4fc18f16ec97b9da2fc4: stopping tablet replica
I20260710 11:04:09.403347  4806 raft_consensus.cc:2243] T a80581708b0c4566919ad89ffe97657d P 0e0ecc718aad4fc18f16ec97b9da2fc4 [term 5 FOLLOWER]: Raft consensus shutting down.
I20260710 11:04:09.403885  4806 raft_consensus.cc:2272] T a80581708b0c4566919ad89ffe97657d P 0e0ecc718aad4fc18f16ec97b9da2fc4 [term 5 FOLLOWER]: Raft consensus is shut down!
I20260710 11:04:09.407605  4806 tablet_replica.cc:333] T 2ed4f385ebf5445d919a0c92c6396712 P 0e0ecc718aad4fc18f16ec97b9da2fc4: stopping tablet replica
I20260710 11:04:09.408313  4806 raft_consensus.cc:2243] T 2ed4f385ebf5445d919a0c92c6396712 P 0e0ecc718aad4fc18f16ec97b9da2fc4 [term 3 FOLLOWER]: Raft consensus shutting down.
I20260710 11:04:09.408824  4806 raft_consensus.cc:2272] T 2ed4f385ebf5445d919a0c92c6396712 P 0e0ecc718aad4fc18f16ec97b9da2fc4 [term 3 FOLLOWER]: Raft consensus is shut down!
W20260710 11:04:09.409628  5477 consensus_peers.cc:597] T 6beadd3b71a94525bea841e5b927964f P 4848d60490954a239ac657069e9e4b1b -> Peer 0e0ecc718aad4fc18f16ec97b9da2fc4 (127.4.177.129:45821): Couldn't send request to peer 0e0ecc718aad4fc18f16ec97b9da2fc4. Status: Remote error: Service unavailable: service kudu.consensus.ConsensusService not registered on TabletServer. This is attempt 1: this message will repeat every 5th retry.
I20260710 11:04:09.411206  4806 tablet_replica.cc:333] T 62aeead435d5474e8ac1789e7451dd61 P 0e0ecc718aad4fc18f16ec97b9da2fc4: stopping tablet replica
I20260710 11:04:09.411702  4806 raft_consensus.cc:2243] T 62aeead435d5474e8ac1789e7451dd61 P 0e0ecc718aad4fc18f16ec97b9da2fc4 [term 3 LEADER]: Raft consensus shutting down.
I20260710 11:04:09.412402  4806 raft_consensus.cc:2272] T 62aeead435d5474e8ac1789e7451dd61 P 0e0ecc718aad4fc18f16ec97b9da2fc4 [term 3 FOLLOWER]: Raft consensus is shut down!
I20260710 11:04:09.414238  4806 tablet_replica.cc:333] T 5b61e69aa215432094a415486ea6dc17 P 0e0ecc718aad4fc18f16ec97b9da2fc4: stopping tablet replica
I20260710 11:04:09.414682  4806 raft_consensus.cc:2243] T 5b61e69aa215432094a415486ea6dc17 P 0e0ecc718aad4fc18f16ec97b9da2fc4 [term 3 FOLLOWER]: Raft consensus shutting down.
I20260710 11:04:09.415033  4806 raft_consensus.cc:2272] T 5b61e69aa215432094a415486ea6dc17 P 0e0ecc718aad4fc18f16ec97b9da2fc4 [term 3 FOLLOWER]: Raft consensus is shut down!
I20260710 11:04:09.417376  4806 tablet_replica.cc:333] T d16c197c98be47798cb00b2092ef8b49 P 0e0ecc718aad4fc18f16ec97b9da2fc4: stopping tablet replica
I20260710 11:04:09.417799  4806 raft_consensus.cc:2243] T d16c197c98be47798cb00b2092ef8b49 P 0e0ecc718aad4fc18f16ec97b9da2fc4 [term 1 LEADER]: Raft consensus shutting down.
I20260710 11:04:09.418510  4806 raft_consensus.cc:2272] T d16c197c98be47798cb00b2092ef8b49 P 0e0ecc718aad4fc18f16ec97b9da2fc4 [term 1 FOLLOWER]: Raft consensus is shut down!
I20260710 11:04:09.450348  4806 tablet_server.cc:196] TabletServer@127.4.177.129:0 shutdown complete.
I20260710 11:04:09.470328  4806 tablet_server.cc:179] TabletServer@127.4.177.130:0 shutting down...
W20260710 11:04:09.497380  5477 consensus_peers.cc:597] T 5b61e69aa215432094a415486ea6dc17 P 4848d60490954a239ac657069e9e4b1b -> Peer 0e0ecc718aad4fc18f16ec97b9da2fc4 (127.4.177.129:45821): Couldn't send request to peer 0e0ecc718aad4fc18f16ec97b9da2fc4. Status: Network error: Client connection negotiation failed: client connection to 127.4.177.129:45821: connect: Connection refused (error 111). This is attempt 1: this message will repeat every 5th retry.
I20260710 11:04:09.503624  4806 ts_tablet_manager.cc:1507] Shutting down tablet manager...
I20260710 11:04:09.504568  4806 tablet_replica.cc:333] T 5cc0f46c2c404003a9e985f521668217 P 4848d60490954a239ac657069e9e4b1b: stopping tablet replica
I20260710 11:04:09.505540  4806 raft_consensus.cc:2243] T 5cc0f46c2c404003a9e985f521668217 P 4848d60490954a239ac657069e9e4b1b [term 2 LEADER]: Raft consensus shutting down.
I20260710 11:04:09.506685  4806 raft_consensus.cc:2272] T 5cc0f46c2c404003a9e985f521668217 P 4848d60490954a239ac657069e9e4b1b [term 2 FOLLOWER]: Raft consensus is shut down!
I20260710 11:04:09.508488  4806 tablet_replica.cc:333] T 819613b0fa1644d69345cb142b0040a3 P 4848d60490954a239ac657069e9e4b1b: stopping tablet replica
I20260710 11:04:09.508970  4806 raft_consensus.cc:2243] T 819613b0fa1644d69345cb142b0040a3 P 4848d60490954a239ac657069e9e4b1b [term 2 FOLLOWER]: Raft consensus shutting down.
I20260710 11:04:09.509552  4806 raft_consensus.cc:2272] T 819613b0fa1644d69345cb142b0040a3 P 4848d60490954a239ac657069e9e4b1b [term 2 FOLLOWER]: Raft consensus is shut down!
I20260710 11:04:09.511612  4806 tablet_replica.cc:333] T d16c197c98be47798cb00b2092ef8b49 P 4848d60490954a239ac657069e9e4b1b: stopping tablet replica
I20260710 11:04:09.512126  4806 raft_consensus.cc:2243] T d16c197c98be47798cb00b2092ef8b49 P 4848d60490954a239ac657069e9e4b1b [term 1 FOLLOWER]: Raft consensus shutting down.
I20260710 11:04:09.512602  4806 raft_consensus.cc:2272] T d16c197c98be47798cb00b2092ef8b49 P 4848d60490954a239ac657069e9e4b1b [term 1 FOLLOWER]: Raft consensus is shut down!
I20260710 11:04:09.514541  4806 tablet_replica.cc:333] T 5b61e69aa215432094a415486ea6dc17 P 4848d60490954a239ac657069e9e4b1b: stopping tablet replica
I20260710 11:04:09.515086  4806 raft_consensus.cc:2243] T 5b61e69aa215432094a415486ea6dc17 P 4848d60490954a239ac657069e9e4b1b [term 3 LEADER]: Raft consensus shutting down.
I20260710 11:04:09.515769  4806 raft_consensus.cc:2272] T 5b61e69aa215432094a415486ea6dc17 P 4848d60490954a239ac657069e9e4b1b [term 3 FOLLOWER]: Raft consensus is shut down!
I20260710 11:04:09.517884  4806 tablet_replica.cc:333] T 62aeead435d5474e8ac1789e7451dd61 P 4848d60490954a239ac657069e9e4b1b: stopping tablet replica
I20260710 11:04:09.518390  4806 raft_consensus.cc:2243] T 62aeead435d5474e8ac1789e7451dd61 P 4848d60490954a239ac657069e9e4b1b [term 3 FOLLOWER]: Raft consensus shutting down.
I20260710 11:04:09.518858  4806 raft_consensus.cc:2272] T 62aeead435d5474e8ac1789e7451dd61 P 4848d60490954a239ac657069e9e4b1b [term 3 FOLLOWER]: Raft consensus is shut down!
I20260710 11:04:09.520563  4806 tablet_replica.cc:333] T 6beadd3b71a94525bea841e5b927964f P 4848d60490954a239ac657069e9e4b1b: stopping tablet replica
I20260710 11:04:09.521066  4806 raft_consensus.cc:2243] T 6beadd3b71a94525bea841e5b927964f P 4848d60490954a239ac657069e9e4b1b [term 4 LEADER]: Raft consensus shutting down.
I20260710 11:04:09.521806  4806 raft_consensus.cc:2272] T 6beadd3b71a94525bea841e5b927964f P 4848d60490954a239ac657069e9e4b1b [term 4 FOLLOWER]: Raft consensus is shut down!
I20260710 11:04:09.524134  4806 tablet_replica.cc:333] T 2ed4f385ebf5445d919a0c92c6396712 P 4848d60490954a239ac657069e9e4b1b: stopping tablet replica
I20260710 11:04:09.524664  4806 raft_consensus.cc:2243] T 2ed4f385ebf5445d919a0c92c6396712 P 4848d60490954a239ac657069e9e4b1b [term 3 FOLLOWER]: Raft consensus shutting down.
I20260710 11:04:09.525103  4806 raft_consensus.cc:2272] T 2ed4f385ebf5445d919a0c92c6396712 P 4848d60490954a239ac657069e9e4b1b [term 3 FOLLOWER]: Raft consensus is shut down!
I20260710 11:04:09.527387  4806 tablet_replica.cc:333] T a80581708b0c4566919ad89ffe97657d P 4848d60490954a239ac657069e9e4b1b: stopping tablet replica
I20260710 11:04:09.527935  4806 raft_consensus.cc:2243] T a80581708b0c4566919ad89ffe97657d P 4848d60490954a239ac657069e9e4b1b [term 5 FOLLOWER]: Raft consensus shutting down.
I20260710 11:04:09.528373  4806 raft_consensus.cc:2272] T a80581708b0c4566919ad89ffe97657d P 4848d60490954a239ac657069e9e4b1b [term 5 FOLLOWER]: Raft consensus is shut down!
I20260710 11:04:09.530953  4806 tablet_replica.cc:333] T a61cf43155ba4f808f564441658e0139 P 4848d60490954a239ac657069e9e4b1b: stopping tablet replica
I20260710 11:04:09.531497  4806 raft_consensus.cc:2243] T a61cf43155ba4f808f564441658e0139 P 4848d60490954a239ac657069e9e4b1b [term 1 FOLLOWER]: Raft consensus shutting down.
I20260710 11:04:09.531939  4806 raft_consensus.cc:2272] T a61cf43155ba4f808f564441658e0139 P 4848d60490954a239ac657069e9e4b1b [term 1 FOLLOWER]: Raft consensus is shut down!
I20260710 11:04:09.533656  4806 tablet_replica.cc:333] T 3d8809b8496944bab58950ee61df3fcd P 4848d60490954a239ac657069e9e4b1b: stopping tablet replica
I20260710 11:04:09.534096  4806 raft_consensus.cc:2243] T 3d8809b8496944bab58950ee61df3fcd P 4848d60490954a239ac657069e9e4b1b [term 2 FOLLOWER]: Raft consensus shutting down.
I20260710 11:04:09.534497  4806 raft_consensus.cc:2272] T 3d8809b8496944bab58950ee61df3fcd P 4848d60490954a239ac657069e9e4b1b [term 2 FOLLOWER]: Raft consensus is shut down!
I20260710 11:04:09.555951  4806 tablet_server.cc:196] TabletServer@127.4.177.130:0 shutdown complete.
I20260710 11:04:09.575317  4806 tablet_server.cc:179] TabletServer@127.4.177.131:0 shutting down...
I20260710 11:04:09.600942  4806 ts_tablet_manager.cc:1507] Shutting down tablet manager...
I20260710 11:04:09.601982  4806 tablet_replica.cc:333] T a61cf43155ba4f808f564441658e0139 P 0f07e4395ab34f109033c1e913d69110: stopping tablet replica
I20260710 11:04:09.602990  4806 raft_consensus.cc:2243] T a61cf43155ba4f808f564441658e0139 P 0f07e4395ab34f109033c1e913d69110 [term 1 LEADER]: Raft consensus shutting down.
I20260710 11:04:09.604279  4806 raft_consensus.cc:2272] T a61cf43155ba4f808f564441658e0139 P 0f07e4395ab34f109033c1e913d69110 [term 1 FOLLOWER]: Raft consensus is shut down!
I20260710 11:04:09.607199  4806 tablet_replica.cc:333] T 3d8809b8496944bab58950ee61df3fcd P 0f07e4395ab34f109033c1e913d69110: stopping tablet replica
I20260710 11:04:09.607942  4806 raft_consensus.cc:2243] T 3d8809b8496944bab58950ee61df3fcd P 0f07e4395ab34f109033c1e913d69110 [term 2 FOLLOWER]: Raft consensus shutting down.
I20260710 11:04:09.608498  4806 raft_consensus.cc:2272] T 3d8809b8496944bab58950ee61df3fcd P 0f07e4395ab34f109033c1e913d69110 [term 2 FOLLOWER]: Raft consensus is shut down!
W20260710 11:04:09.608480  5551 consensus_peers.cc:597] T 2ed4f385ebf5445d919a0c92c6396712 P 0f07e4395ab34f109033c1e913d69110 -> Peer 0e0ecc718aad4fc18f16ec97b9da2fc4 (127.4.177.129:45821): Couldn't send request to peer 0e0ecc718aad4fc18f16ec97b9da2fc4. Status: Network error: Client connection negotiation failed: client connection to 127.4.177.129:45821: connect: Connection refused (error 111). This is attempt 1: this message will repeat every 5th retry.
I20260710 11:04:09.610679  4806 tablet_replica.cc:333] T 819613b0fa1644d69345cb142b0040a3 P 0f07e4395ab34f109033c1e913d69110: stopping tablet replica
I20260710 11:04:09.611217  4806 raft_consensus.cc:2243] T 819613b0fa1644d69345cb142b0040a3 P 0f07e4395ab34f109033c1e913d69110 [term 2 FOLLOWER]: Raft consensus shutting down.
I20260710 11:04:09.611604  4806 raft_consensus.cc:2272] T 819613b0fa1644d69345cb142b0040a3 P 0f07e4395ab34f109033c1e913d69110 [term 2 FOLLOWER]: Raft consensus is shut down!
I20260710 11:04:09.613382  4806 tablet_replica.cc:333] T 5cc0f46c2c404003a9e985f521668217 P 0f07e4395ab34f109033c1e913d69110: stopping tablet replica
I20260710 11:04:09.613909  4806 raft_consensus.cc:2243] T 5cc0f46c2c404003a9e985f521668217 P 0f07e4395ab34f109033c1e913d69110 [term 2 FOLLOWER]: Raft consensus shutting down.
I20260710 11:04:09.614310  4806 raft_consensus.cc:2272] T 5cc0f46c2c404003a9e985f521668217 P 0f07e4395ab34f109033c1e913d69110 [term 2 FOLLOWER]: Raft consensus is shut down!
I20260710 11:04:09.616058  4806 tablet_replica.cc:333] T 6beadd3b71a94525bea841e5b927964f P 0f07e4395ab34f109033c1e913d69110: stopping tablet replica
I20260710 11:04:09.616600  4806 raft_consensus.cc:2243] T 6beadd3b71a94525bea841e5b927964f P 0f07e4395ab34f109033c1e913d69110 [term 4 FOLLOWER]: Raft consensus shutting down.
I20260710 11:04:09.617028  4806 raft_consensus.cc:2272] T 6beadd3b71a94525bea841e5b927964f P 0f07e4395ab34f109033c1e913d69110 [term 4 FOLLOWER]: Raft consensus is shut down!
I20260710 11:04:09.619419  4806 tablet_replica.cc:333] T a80581708b0c4566919ad89ffe97657d P 0f07e4395ab34f109033c1e913d69110: stopping tablet replica
I20260710 11:04:09.619939  4806 raft_consensus.cc:2243] T a80581708b0c4566919ad89ffe97657d P 0f07e4395ab34f109033c1e913d69110 [term 5 LEADER]: Raft consensus shutting down.
I20260710 11:04:09.620726  4806 raft_consensus.cc:2272] T a80581708b0c4566919ad89ffe97657d P 0f07e4395ab34f109033c1e913d69110 [term 5 FOLLOWER]: Raft consensus is shut down!
I20260710 11:04:09.623739  4806 tablet_replica.cc:333] T 2ed4f385ebf5445d919a0c92c6396712 P 0f07e4395ab34f109033c1e913d69110: stopping tablet replica
I20260710 11:04:09.624284  4806 raft_consensus.cc:2243] T 2ed4f385ebf5445d919a0c92c6396712 P 0f07e4395ab34f109033c1e913d69110 [term 3 LEADER]: Raft consensus shutting down.
I20260710 11:04:09.625200  4806 raft_consensus.cc:2272] T 2ed4f385ebf5445d919a0c92c6396712 P 0f07e4395ab34f109033c1e913d69110 [term 3 FOLLOWER]: Raft consensus is shut down!
I20260710 11:04:09.627465  4806 tablet_replica.cc:333] T 62aeead435d5474e8ac1789e7451dd61 P 0f07e4395ab34f109033c1e913d69110: stopping tablet replica
I20260710 11:04:09.627964  4806 raft_consensus.cc:2243] T 62aeead435d5474e8ac1789e7451dd61 P 0f07e4395ab34f109033c1e913d69110 [term 3 FOLLOWER]: Raft consensus shutting down.
I20260710 11:04:09.628391  4806 raft_consensus.cc:2272] T 62aeead435d5474e8ac1789e7451dd61 P 0f07e4395ab34f109033c1e913d69110 [term 3 FOLLOWER]: Raft consensus is shut down!
I20260710 11:04:09.630388  4806 tablet_replica.cc:333] T 5b61e69aa215432094a415486ea6dc17 P 0f07e4395ab34f109033c1e913d69110: stopping tablet replica
I20260710 11:04:09.630889  4806 raft_consensus.cc:2243] T 5b61e69aa215432094a415486ea6dc17 P 0f07e4395ab34f109033c1e913d69110 [term 3 FOLLOWER]: Raft consensus shutting down.
I20260710 11:04:09.631371  4806 raft_consensus.cc:2272] T 5b61e69aa215432094a415486ea6dc17 P 0f07e4395ab34f109033c1e913d69110 [term 3 FOLLOWER]: Raft consensus is shut down!
I20260710 11:04:09.633638  4806 tablet_replica.cc:333] T d16c197c98be47798cb00b2092ef8b49 P 0f07e4395ab34f109033c1e913d69110: stopping tablet replica
I20260710 11:04:09.634105  4806 raft_consensus.cc:2243] T d16c197c98be47798cb00b2092ef8b49 P 0f07e4395ab34f109033c1e913d69110 [term 1 FOLLOWER]: Raft consensus shutting down.
I20260710 11:04:09.634481  4806 raft_consensus.cc:2272] T d16c197c98be47798cb00b2092ef8b49 P 0f07e4395ab34f109033c1e913d69110 [term 1 FOLLOWER]: Raft consensus is shut down!
I20260710 11:04:09.655952  4806 tablet_server.cc:196] TabletServer@127.4.177.131:0 shutdown complete.
I20260710 11:04:09.674989  4806 master.cc:562] Master@127.4.177.190:40335 shutting down...
I20260710 11:04:09.696537  4806 raft_consensus.cc:2243] T 00000000000000000000000000000000 P 4f765c5ce1dd48a392490d45d5709962 [term 1 LEADER]: Raft consensus shutting down.
I20260710 11:04:09.697037  4806 raft_consensus.cc:2272] T 00000000000000000000000000000000 P 4f765c5ce1dd48a392490d45d5709962 [term 1 FOLLOWER]: Raft consensus is shut down!
I20260710 11:04:09.697415  4806 tablet_replica.cc:333] T 00000000000000000000000000000000 P 4f765c5ce1dd48a392490d45d5709962: stopping tablet replica
I20260710 11:04:09.717939  4806 master.cc:584] Master@127.4.177.190:40335 shutdown complete.
0e0ecc718aad4fc18f16ec97b9da2fc4  5
0f07e4395ab34f109033c1e913d69110  1
4848d60490954a239ac657069e9e4b1b  4
[       OK ] LeaderRebalancerTest.FunctionalTestForNotDivided (10715 ms)
[ RUN      ] LeaderRebalancerTest.AddTserver
I20260710 11:04:09.761797  4806 internal_mini_cluster.cc:156] Creating distributed mini masters. Addrs: 127.4.177.190:44329
I20260710 11:04:09.762997  4806 file_cache.cc:504] Constructed file cache file cache with capacity 419430
W20260710 11:04:09.769832  5797 instance_detector.cc:116] could not retrieve Azure instance metadata: Network error: curl error: HTTP response code said error: The requested URL returned error: 404
W20260710 11:04:09.769832  5796 instance_detector.cc:116] could not retrieve AWS instance metadata: Network error: curl error: HTTP response code said error: The requested URL returned error: 404
W20260710 11:04:09.770395  5799 instance_detector.cc:116] could not retrieve OpenStack instance metadata: Network error: curl error: HTTP response code said error: The requested URL returned error: 404
I20260710 11:04:09.771240  4806 server_base.cc:1061] running on GCE node
I20260710 11:04:09.772056  4806 hybrid_clock.cc:584] initializing the hybrid clock with 'system_unsync' time source
W20260710 11:04:09.772243  4806 system_unsync_time.cc:38] NTP support is disabled. Clock error bounds will not be accurate. This configuration is not suitable for distributed clusters.
I20260710 11:04:09.772358  4806 hybrid_clock.cc:648] HybridClock initialized: now 1783681449772347 us; error 0 us; skew 500 ppm
I20260710 11:04:09.772862  4806 server_base.cc:861] Flag tcmalloc_max_total_thread_cache_bytes is not working since tcmalloc is not enabled.
I20260710 11:04:09.775704  4806 webserver.cc:533] Webserver started at http://127.4.177.190:34065/ using document root <none> and password file <none>
I20260710 11:04:09.776206  4806 fs_manager.cc:362] Metadata directory not provided
I20260710 11:04:09.776372  4806 fs_manager.cc:368] Using write-ahead log directory (fs_wal_dir) as metadata directory
I20260710 11:04:09.776597  4806 server_base.cc:909] This appears to be a new deployment of Kudu; creating new FS layout
I20260710 11:04:09.778131  4806 fs_manager.cc:1068] Generated new instance metadata in path /tmp/dist-test-task90DiKw/test-tmp/auto_leader_rebalancer-test.0.LeaderRebalancerTest.AddTserver.1783681425687084-4806-0/minicluster-data/master-0-root/instance:
uuid: "11dbe203c18a49ce8be3b5567180e998"
format_stamp: "Formatted at 2026-07-10 11:04:09 on dist-test-slave-df71"
I20260710 11:04:09.783270  4806 fs_manager.cc:696] Time spent creating directory manager: real 0.004s	user 0.005s	sys 0.000s
I20260710 11:04:09.787243  5804 log_block_manager.cc:4127] Time spent loading block containers with low live blocks: real 0.000s	user 0.000s	sys 0.000s
I20260710 11:04:09.788129  4806 fs_manager.cc:730] Time spent opening block manager: real 0.003s	user 0.002s	sys 0.000s
I20260710 11:04:09.788451  4806 fs_manager.cc:647] Opened local filesystem: /tmp/dist-test-task90DiKw/test-tmp/auto_leader_rebalancer-test.0.LeaderRebalancerTest.AddTserver.1783681425687084-4806-0/minicluster-data/master-0-root
uuid: "11dbe203c18a49ce8be3b5567180e998"
format_stamp: "Formatted at 2026-07-10 11:04:09 on dist-test-slave-df71"
I20260710 11:04:09.788755  4806 fs_report.cc:389] FS layout report
--------------------
wal directory: /tmp/dist-test-task90DiKw/test-tmp/auto_leader_rebalancer-test.0.LeaderRebalancerTest.AddTserver.1783681425687084-4806-0/minicluster-data/master-0-root
metadata directory: /tmp/dist-test-task90DiKw/test-tmp/auto_leader_rebalancer-test.0.LeaderRebalancerTest.AddTserver.1783681425687084-4806-0/minicluster-data/master-0-root
1 data directories: /tmp/dist-test-task90DiKw/test-tmp/auto_leader_rebalancer-test.0.LeaderRebalancerTest.AddTserver.1783681425687084-4806-0/minicluster-data/master-0-root/data
Total live blocks: 0
Total live bytes: 0
Total live bytes (after alignment): 0
Total number of LBM containers: 0 (0 full)
Did not check for missing blocks
Did not check for orphaned blocks
Total full LBM containers with extra space: 0 (0 repaired)
Total full LBM container extra space in bytes: 0 (0 repaired)
Total incomplete LBM containers: 0 (0 repaired)
Total LBM partial records: 0 (0 repaired)
Total corrupted LBM metadata records in RocksDB: 0 (0 repaired)
I20260710 11:04:09.810329  4806 rpc_server.cc:225] running with OpenSSL 1.1.1  11 Sep 2018
I20260710 11:04:09.811618  4806 kserver.cc:163] Server-wide thread pool size limit: 3276
I20260710 11:04:09.853724  4806 rpc_server.cc:307] RPC server started. Bound to: 127.4.177.190:44329
I20260710 11:04:09.853818  5855 acceptor_pool.cc:272] collecting diagnostics on the listening RPC socket 127.4.177.190:44329 every 8 connection(s)
I20260710 11:04:09.857841  5856 data_dirs.cc:400] Could only allocate 1 dirs of requested 3 for tablet 00000000000000000000000000000000. 1 dirs total, 0 dirs full, 0 dirs failed
I20260710 11:04:09.868057  5856 tablet_bootstrap.cc:492] T 00000000000000000000000000000000 P 11dbe203c18a49ce8be3b5567180e998: Bootstrap starting.
I20260710 11:04:09.872689  5856 tablet_bootstrap.cc:654] T 00000000000000000000000000000000 P 11dbe203c18a49ce8be3b5567180e998: Neither blocks nor log segments found. Creating new log.
I20260710 11:04:09.877287  5856 tablet_bootstrap.cc:492] T 00000000000000000000000000000000 P 11dbe203c18a49ce8be3b5567180e998: No bootstrap required, opened a new log
I20260710 11:04:09.879441  5856 raft_consensus.cc:359] T 00000000000000000000000000000000 P 11dbe203c18a49ce8be3b5567180e998 [term 0 FOLLOWER]: Replica starting. Triggering 0 pending ops. Active config: opid_index: -1 OBSOLETE_local: true peers { permanent_uuid: "11dbe203c18a49ce8be3b5567180e998" member_type: VOTER }
I20260710 11:04:09.879827  5856 raft_consensus.cc:385] T 00000000000000000000000000000000 P 11dbe203c18a49ce8be3b5567180e998 [term 0 FOLLOWER]: Consensus starting up: Expiring failure detector timer to make a prompt election more likely
I20260710 11:04:09.879997  5856 raft_consensus.cc:740] T 00000000000000000000000000000000 P 11dbe203c18a49ce8be3b5567180e998 [term 0 FOLLOWER]: Becoming Follower/Learner. State: Replica: 11dbe203c18a49ce8be3b5567180e998, State: Initialized, Role: FOLLOWER
I20260710 11:04:09.880627  5856 consensus_queue.cc:260] T 00000000000000000000000000000000 P 11dbe203c18a49ce8be3b5567180e998 [NON_LEADER]: Queue going to NON_LEADER mode. State: All replicated index: 0, Majority replicated index: 0, Committed index: 0, Last appended: 0.0, Last appended by leader: 0, Current term: 0, Majority size: -1, State: 0, Mode: NON_LEADER, active raft config: opid_index: -1 OBSOLETE_local: true peers { permanent_uuid: "11dbe203c18a49ce8be3b5567180e998" member_type: VOTER }
I20260710 11:04:09.881059  5856 raft_consensus.cc:399] T 00000000000000000000000000000000 P 11dbe203c18a49ce8be3b5567180e998 [term 0 FOLLOWER]: Only one voter in the Raft config. Triggering election immediately
I20260710 11:04:09.881275  5856 raft_consensus.cc:493] T 00000000000000000000000000000000 P 11dbe203c18a49ce8be3b5567180e998 [term 0 FOLLOWER]: Starting leader election (initial election of a single-replica configuration)
I20260710 11:04:09.881613  5856 raft_consensus.cc:3060] T 00000000000000000000000000000000 P 11dbe203c18a49ce8be3b5567180e998 [term 0 FOLLOWER]: Advancing to term 1
I20260710 11:04:09.885890  5856 raft_consensus.cc:515] T 00000000000000000000000000000000 P 11dbe203c18a49ce8be3b5567180e998 [term 1 FOLLOWER]: Starting leader election with config: opid_index: -1 OBSOLETE_local: true peers { permanent_uuid: "11dbe203c18a49ce8be3b5567180e998" member_type: VOTER }
I20260710 11:04:09.886471  5856 leader_election.cc:304] T 00000000000000000000000000000000 P 11dbe203c18a49ce8be3b5567180e998 [CANDIDATE]: Term 1 election: Election decided. Result: candidate won. Election summary: received 1 responses out of 1 voters: 1 yes votes; 0 no votes. yes voters: 11dbe203c18a49ce8be3b5567180e998; no voters: 
I20260710 11:04:09.887673  5856 leader_election.cc:290] T 00000000000000000000000000000000 P 11dbe203c18a49ce8be3b5567180e998 [CANDIDATE]: Term 1 election: Requested vote from peers 
I20260710 11:04:09.888124  5859 raft_consensus.cc:2804] T 00000000000000000000000000000000 P 11dbe203c18a49ce8be3b5567180e998 [term 1 FOLLOWER]: Leader election won for term 1
I20260710 11:04:09.889511  5859 raft_consensus.cc:697] T 00000000000000000000000000000000 P 11dbe203c18a49ce8be3b5567180e998 [term 1 LEADER]: Becoming Leader. State: Replica: 11dbe203c18a49ce8be3b5567180e998, State: Running, Role: LEADER
I20260710 11:04:09.890208  5859 consensus_queue.cc:237] T 00000000000000000000000000000000 P 11dbe203c18a49ce8be3b5567180e998 [LEADER]: Queue going to LEADER mode. State: All replicated index: 0, Majority replicated index: 0, Committed index: 0, Last appended: 0.0, Last appended by leader: 0, Current term: 1, Majority size: 1, State: 0, Mode: LEADER, active raft config: opid_index: -1 OBSOLETE_local: true peers { permanent_uuid: "11dbe203c18a49ce8be3b5567180e998" member_type: VOTER }
I20260710 11:04:09.890738  5856 sys_catalog.cc:565] T 00000000000000000000000000000000 P 11dbe203c18a49ce8be3b5567180e998 [sys.catalog]: configured and running, proceeding with master startup.
I20260710 11:04:09.895442  5860 sys_catalog.cc:455] T 00000000000000000000000000000000 P 11dbe203c18a49ce8be3b5567180e998 [sys.catalog]: SysCatalogTable state changed. Reason: RaftConsensus started. Latest consensus state: current_term: 1 leader_uuid: "11dbe203c18a49ce8be3b5567180e998" committed_config { opid_index: -1 OBSOLETE_local: true peers { permanent_uuid: "11dbe203c18a49ce8be3b5567180e998" member_type: VOTER } }
I20260710 11:04:09.895680  5861 sys_catalog.cc:455] T 00000000000000000000000000000000 P 11dbe203c18a49ce8be3b5567180e998 [sys.catalog]: SysCatalogTable state changed. Reason: New leader 11dbe203c18a49ce8be3b5567180e998. Latest consensus state: current_term: 1 leader_uuid: "11dbe203c18a49ce8be3b5567180e998" committed_config { opid_index: -1 OBSOLETE_local: true peers { permanent_uuid: "11dbe203c18a49ce8be3b5567180e998" member_type: VOTER } }
I20260710 11:04:09.896371  5860 sys_catalog.cc:458] T 00000000000000000000000000000000 P 11dbe203c18a49ce8be3b5567180e998 [sys.catalog]: This master's current role is: LEADER
I20260710 11:04:09.896484  5861 sys_catalog.cc:458] T 00000000000000000000000000000000 P 11dbe203c18a49ce8be3b5567180e998 [sys.catalog]: This master's current role is: LEADER
I20260710 11:04:09.899055  5866 catalog_manager.cc:1511] Loading table and tablet metadata into memory...
I20260710 11:04:09.904834  5866 catalog_manager.cc:1520] Initializing Kudu cluster ID...
I20260710 11:04:09.908591  4806 internal_mini_cluster.cc:184] Waiting to initialize catalog manager on master 0
I20260710 11:04:09.914176  5866 catalog_manager.cc:1383] Generated new cluster ID: 2e4b0e1129a94dda9bd1006fb895d9ea
I20260710 11:04:09.914481  5866 catalog_manager.cc:1531] Initializing Kudu internal certificate authority...
I20260710 11:04:09.934913  5866 catalog_manager.cc:1406] Generated new certificate authority record
I20260710 11:04:09.937343  5866 catalog_manager.cc:1540] Loading token signing keys...
I20260710 11:04:09.955801  5866 catalog_manager.cc:6070] T 00000000000000000000000000000000 P 11dbe203c18a49ce8be3b5567180e998: Generated new TSK 0
I20260710 11:04:09.956468  5866 catalog_manager.cc:1550] Initializing in-progress tserver states...
I20260710 11:04:09.975544  4806 file_cache.cc:504] Constructed file cache file cache with capacity 419430
W20260710 11:04:09.981914  5877 instance_detector.cc:116] could not retrieve AWS instance metadata: Network error: curl error: HTTP response code said error: The requested URL returned error: 404
W20260710 11:04:09.983058  5878 instance_detector.cc:116] could not retrieve Azure instance metadata: Network error: curl error: HTTP response code said error: The requested URL returned error: 404
W20260710 11:04:09.984813  5880 instance_detector.cc:116] could not retrieve OpenStack instance metadata: Network error: curl error: HTTP response code said error: The requested URL returned error: 404
I20260710 11:04:09.986302  4806 server_base.cc:1061] running on GCE node
I20260710 11:04:09.987213  4806 hybrid_clock.cc:584] initializing the hybrid clock with 'system_unsync' time source
W20260710 11:04:09.987399  4806 system_unsync_time.cc:38] NTP support is disabled. Clock error bounds will not be accurate. This configuration is not suitable for distributed clusters.
I20260710 11:04:09.987532  4806 hybrid_clock.cc:648] HybridClock initialized: now 1783681449987521 us; error 0 us; skew 500 ppm
I20260710 11:04:09.988054  4806 server_base.cc:861] Flag tcmalloc_max_total_thread_cache_bytes is not working since tcmalloc is not enabled.
I20260710 11:04:09.990685  4806 webserver.cc:533] Webserver started at http://127.4.177.129:33025/ using document root <none> and password file <none>
I20260710 11:04:09.991221  4806 fs_manager.cc:362] Metadata directory not provided
I20260710 11:04:09.991381  4806 fs_manager.cc:368] Using write-ahead log directory (fs_wal_dir) as metadata directory
I20260710 11:04:09.991750  4806 server_base.cc:909] This appears to be a new deployment of Kudu; creating new FS layout
I20260710 11:04:09.993005  4806 fs_manager.cc:1068] Generated new instance metadata in path /tmp/dist-test-task90DiKw/test-tmp/auto_leader_rebalancer-test.0.LeaderRebalancerTest.AddTserver.1783681425687084-4806-0/minicluster-data/ts-0-root/instance:
uuid: "4afb5361dced472981108bb1c6d2bb37"
format_stamp: "Formatted at 2026-07-10 11:04:09 on dist-test-slave-df71"
I20260710 11:04:09.997958  4806 fs_manager.cc:696] Time spent creating directory manager: real 0.004s	user 0.004s	sys 0.000s
I20260710 11:04:10.001964  5885 log_block_manager.cc:4127] Time spent loading block containers with low live blocks: real 0.000s	user 0.000s	sys 0.000s
I20260710 11:04:10.003233  4806 fs_manager.cc:730] Time spent opening block manager: real 0.003s	user 0.003s	sys 0.001s
I20260710 11:04:10.003625  4806 fs_manager.cc:647] Opened local filesystem: /tmp/dist-test-task90DiKw/test-tmp/auto_leader_rebalancer-test.0.LeaderRebalancerTest.AddTserver.1783681425687084-4806-0/minicluster-data/ts-0-root
uuid: "4afb5361dced472981108bb1c6d2bb37"
format_stamp: "Formatted at 2026-07-10 11:04:09 on dist-test-slave-df71"
I20260710 11:04:10.003980  4806 fs_report.cc:389] FS layout report
--------------------
wal directory: /tmp/dist-test-task90DiKw/test-tmp/auto_leader_rebalancer-test.0.LeaderRebalancerTest.AddTserver.1783681425687084-4806-0/minicluster-data/ts-0-root
metadata directory: /tmp/dist-test-task90DiKw/test-tmp/auto_leader_rebalancer-test.0.LeaderRebalancerTest.AddTserver.1783681425687084-4806-0/minicluster-data/ts-0-root
1 data directories: /tmp/dist-test-task90DiKw/test-tmp/auto_leader_rebalancer-test.0.LeaderRebalancerTest.AddTserver.1783681425687084-4806-0/minicluster-data/ts-0-root/data
Total live blocks: 0
Total live bytes: 0
Total live bytes (after alignment): 0
Total number of LBM containers: 0 (0 full)
Did not check for missing blocks
Did not check for orphaned blocks
Total full LBM containers with extra space: 0 (0 repaired)
Total full LBM container extra space in bytes: 0 (0 repaired)
Total incomplete LBM containers: 0 (0 repaired)
Total LBM partial records: 0 (0 repaired)
Total corrupted LBM metadata records in RocksDB: 0 (0 repaired)
I20260710 11:04:10.029752  4806 rpc_server.cc:225] running with OpenSSL 1.1.1  11 Sep 2018
I20260710 11:04:10.031071  4806 kserver.cc:163] Server-wide thread pool size limit: 3276
I20260710 11:04:10.032678  4806 txn_system_client.cc:432] TxnSystemClient initialization is disabled...
I20260710 11:04:10.035120  4806 ts_tablet_manager.cc:585] Loaded tablet metadata (0 total tablets, 0 live tablets)
I20260710 11:04:10.035382  4806 ts_tablet_manager.cc:531] Time spent load tablet metadata: real 0.000s	user 0.000s	sys 0.000s
I20260710 11:04:10.035637  4806 ts_tablet_manager.cc:616] Registered 0 tablets
I20260710 11:04:10.035831  4806 ts_tablet_manager.cc:595] Time spent register tablets: real 0.000s	user 0.000s	sys 0.000s
I20260710 11:04:10.079737  4806 rpc_server.cc:307] RPC server started. Bound to: 127.4.177.129:41025
I20260710 11:04:10.079838  5947 acceptor_pool.cc:272] collecting diagnostics on the listening RPC socket 127.4.177.129:41025 every 8 connection(s)
I20260710 11:04:10.084843  4806 file_cache.cc:504] Constructed file cache file cache with capacity 419430
W20260710 11:04:10.093317  5952 instance_detector.cc:116] could not retrieve AWS instance metadata: Network error: curl error: HTTP response code said error: The requested URL returned error: 404
W20260710 11:04:10.094360  5953 instance_detector.cc:116] could not retrieve Azure instance metadata: Network error: curl error: HTTP response code said error: The requested URL returned error: 404
I20260710 11:04:10.097285  4806 server_base.cc:1061] running on GCE node
W20260710 11:04:10.098441  5955 instance_detector.cc:116] could not retrieve OpenStack instance metadata: Network error: curl error: HTTP response code said error: The requested URL returned error: 404
I20260710 11:04:10.099308  5948 heartbeater.cc:344] Connected to a master server at 127.4.177.190:44329
I20260710 11:04:10.099714  4806 hybrid_clock.cc:584] initializing the hybrid clock with 'system_unsync' time source
I20260710 11:04:10.099732  5948 heartbeater.cc:461] Registering TS with master...
W20260710 11:04:10.100029  4806 system_unsync_time.cc:38] NTP support is disabled. Clock error bounds will not be accurate. This configuration is not suitable for distributed clusters.
I20260710 11:04:10.100226  4806 hybrid_clock.cc:648] HybridClock initialized: now 1783681450100190 us; error 0 us; skew 500 ppm
I20260710 11:04:10.100698  5948 heartbeater.cc:507] Master 127.4.177.190:44329 requested a full tablet report, sending...
I20260710 11:04:10.100834  4806 server_base.cc:861] Flag tcmalloc_max_total_thread_cache_bytes is not working since tcmalloc is not enabled.
I20260710 11:04:10.103200  5821 ts_manager.cc:194] Registered new tserver with Master: 4afb5361dced472981108bb1c6d2bb37 (127.4.177.129:41025)
I20260710 11:04:10.103608  4806 webserver.cc:533] Webserver started at http://127.4.177.130:36669/ using document root <none> and password file <none>
I20260710 11:04:10.104135  4806 fs_manager.cc:362] Metadata directory not provided
I20260710 11:04:10.104326  4806 fs_manager.cc:368] Using write-ahead log directory (fs_wal_dir) as metadata directory
I20260710 11:04:10.104610  4806 server_base.cc:909] This appears to be a new deployment of Kudu; creating new FS layout
I20260710 11:04:10.105322  5821 master_service.cc:502] Signed X509 certificate for tserver {username='slave'} at 127.0.0.1:50838
I20260710 11:04:10.105891  4806 fs_manager.cc:1068] Generated new instance metadata in path /tmp/dist-test-task90DiKw/test-tmp/auto_leader_rebalancer-test.0.LeaderRebalancerTest.AddTserver.1783681425687084-4806-0/minicluster-data/ts-1-root/instance:
uuid: "fb3cab9731924fff9c980001243abc82"
format_stamp: "Formatted at 2026-07-10 11:04:10 on dist-test-slave-df71"
I20260710 11:04:10.111075  4806 fs_manager.cc:696] Time spent creating directory manager: real 0.005s	user 0.003s	sys 0.002s
I20260710 11:04:10.114521  5960 log_block_manager.cc:4127] Time spent loading block containers with low live blocks: real 0.000s	user 0.000s	sys 0.000s
I20260710 11:04:10.115427  4806 fs_manager.cc:730] Time spent opening block manager: real 0.002s	user 0.000s	sys 0.003s
I20260710 11:04:10.115761  4806 fs_manager.cc:647] Opened local filesystem: /tmp/dist-test-task90DiKw/test-tmp/auto_leader_rebalancer-test.0.LeaderRebalancerTest.AddTserver.1783681425687084-4806-0/minicluster-data/ts-1-root
uuid: "fb3cab9731924fff9c980001243abc82"
format_stamp: "Formatted at 2026-07-10 11:04:10 on dist-test-slave-df71"
I20260710 11:04:10.116098  4806 fs_report.cc:389] FS layout report
--------------------
wal directory: /tmp/dist-test-task90DiKw/test-tmp/auto_leader_rebalancer-test.0.LeaderRebalancerTest.AddTserver.1783681425687084-4806-0/minicluster-data/ts-1-root
metadata directory: /tmp/dist-test-task90DiKw/test-tmp/auto_leader_rebalancer-test.0.LeaderRebalancerTest.AddTserver.1783681425687084-4806-0/minicluster-data/ts-1-root
1 data directories: /tmp/dist-test-task90DiKw/test-tmp/auto_leader_rebalancer-test.0.LeaderRebalancerTest.AddTserver.1783681425687084-4806-0/minicluster-data/ts-1-root/data
Total live blocks: 0
Total live bytes: 0
Total live bytes (after alignment): 0
Total number of LBM containers: 0 (0 full)
Did not check for missing blocks
Did not check for orphaned blocks
Total full LBM containers with extra space: 0 (0 repaired)
Total full LBM container extra space in bytes: 0 (0 repaired)
Total incomplete LBM containers: 0 (0 repaired)
Total LBM partial records: 0 (0 repaired)
Total corrupted LBM metadata records in RocksDB: 0 (0 repaired)
I20260710 11:04:10.126886  4806 rpc_server.cc:225] running with OpenSSL 1.1.1  11 Sep 2018
I20260710 11:04:10.128176  4806 kserver.cc:163] Server-wide thread pool size limit: 3276
I20260710 11:04:10.129777  4806 txn_system_client.cc:432] TxnSystemClient initialization is disabled...
I20260710 11:04:10.132140  4806 ts_tablet_manager.cc:585] Loaded tablet metadata (0 total tablets, 0 live tablets)
I20260710 11:04:10.132388  4806 ts_tablet_manager.cc:531] Time spent load tablet metadata: real 0.000s	user 0.000s	sys 0.000s
I20260710 11:04:10.132648  4806 ts_tablet_manager.cc:616] Registered 0 tablets
I20260710 11:04:10.132817  4806 ts_tablet_manager.cc:595] Time spent register tablets: real 0.000s	user 0.000s	sys 0.000s
I20260710 11:04:10.175107  4806 rpc_server.cc:307] RPC server started. Bound to: 127.4.177.130:42067
I20260710 11:04:10.175266  6022 acceptor_pool.cc:272] collecting diagnostics on the listening RPC socket 127.4.177.130:42067 every 8 connection(s)
I20260710 11:04:10.180236  4806 file_cache.cc:504] Constructed file cache file cache with capacity 419430
W20260710 11:04:10.187497  6026 instance_detector.cc:116] could not retrieve AWS instance metadata: Network error: curl error: HTTP response code said error: The requested URL returned error: 404
W20260710 11:04:10.189569  6027 instance_detector.cc:116] could not retrieve Azure instance metadata: Network error: curl error: HTTP response code said error: The requested URL returned error: 404
W20260710 11:04:10.191047  6029 instance_detector.cc:116] could not retrieve OpenStack instance metadata: Network error: curl error: HTTP response code said error: The requested URL returned error: 404
I20260710 11:04:10.193198  4806 server_base.cc:1061] running on GCE node
I20260710 11:04:10.194265  6023 heartbeater.cc:344] Connected to a master server at 127.4.177.190:44329
I20260710 11:04:10.194340  4806 hybrid_clock.cc:584] initializing the hybrid clock with 'system_unsync' time source
W20260710 11:04:10.194715  4806 system_unsync_time.cc:38] NTP support is disabled. Clock error bounds will not be accurate. This configuration is not suitable for distributed clusters.
I20260710 11:04:10.194818  6023 heartbeater.cc:461] Registering TS with master...
I20260710 11:04:10.195093  4806 hybrid_clock.cc:648] HybridClock initialized: now 1783681450195066 us; error 0 us; skew 500 ppm
I20260710 11:04:10.196027  4806 server_base.cc:861] Flag tcmalloc_max_total_thread_cache_bytes is not working since tcmalloc is not enabled.
I20260710 11:04:10.196035  6023 heartbeater.cc:507] Master 127.4.177.190:44329 requested a full tablet report, sending...
I20260710 11:04:10.198762  5821 ts_manager.cc:194] Registered new tserver with Master: fb3cab9731924fff9c980001243abc82 (127.4.177.130:42067)
I20260710 11:04:10.198967  4806 webserver.cc:533] Webserver started at http://127.4.177.131:44379/ using document root <none> and password file <none>
