I20260710 11:04:13.108716 26818 raft_consensus.cc:3060] T 446fa4ab27534528840757c4f8703f7a P 7fef69e102144c029750d3813a8c71c8 [term 0 FOLLOWER]: Advancing to term 1
I20260710 11:04:13.129638 27010 ts_tablet_manager.cc:1434] T 26d150dcd7594c948ee416c5d889c498 P 7fef69e102144c029750d3813a8c71c8: Time spent starting tablet: real 0.008s	user 0.006s	sys 0.000s
I20260710 11:04:13.129554 27097 raft_consensus.cc:515] T dde8cd4589c44c12b8621192eb6b4fd0 P 2a9ef5d993c241e79ba41b5b634c62cd [term 0 FOLLOWER]: Starting pre-election with config: opid_index: -1 OBSOLETE_local: false peers { permanent_uuid: "7fef69e102144c029750d3813a8c71c8" member_type: VOTER last_known_addr { host: "127.25.22.193" port: 41197 } } peers { permanent_uuid: "b4f4594bfeec464ba438f305a56fc106" member_type: VOTER last_known_addr { host: "127.25.22.194" port: 45659 } } peers { permanent_uuid: "2a9ef5d993c241e79ba41b5b634c62cd" member_type: VOTER last_known_addr { host: "127.25.22.195" port: 35327 } }
I20260710 11:04:13.097059 27163 raft_consensus.cc:515] T a1b7ac4e52ad491892623281f1baa9ae P b4f4594bfeec464ba438f305a56fc106 [term 0 FOLLOWER]: Starting pre-election with config: opid_index: -1 OBSOLETE_local: false peers { permanent_uuid: "7fef69e102144c029750d3813a8c71c8" member_type: VOTER last_known_addr { host: "127.25.22.193" port: 41197 } } peers { permanent_uuid: "b4f4594bfeec464ba438f305a56fc106" member_type: VOTER last_known_addr { host: "127.25.22.194" port: 45659 } } peers { permanent_uuid: "2a9ef5d993c241e79ba41b5b634c62cd" member_type: VOTER last_known_addr { host: "127.25.22.195" port: 35327 } }
I20260710 11:04:13.162882 27163 leader_election.cc:290] T a1b7ac4e52ad491892623281f1baa9ae P b4f4594bfeec464ba438f305a56fc106 [CANDIDATE]: Term 1 pre-election: Requested pre-vote from peers 7fef69e102144c029750d3813a8c71c8 (127.25.22.193:41197), 2a9ef5d993c241e79ba41b5b634c62cd (127.25.22.195:35327)
I20260710 11:04:13.177142 27097 leader_election.cc:290] T dde8cd4589c44c12b8621192eb6b4fd0 P 2a9ef5d993c241e79ba41b5b634c62cd [CANDIDATE]: Term 1 pre-election: Requested pre-vote from peers 7fef69e102144c029750d3813a8c71c8 (127.25.22.193:41197), b4f4594bfeec464ba438f305a56fc106 (127.25.22.194:45659)
I20260710 11:04:13.301785 26967 tablet_service.cc:1917] Received RequestConsensusVote() RPC: tablet_id: "a1b7ac4e52ad491892623281f1baa9ae" candidate_uuid: "b4f4594bfeec464ba438f305a56fc106" candidate_term: 1 candidate_status { last_received { term: 0 index: 0 } } ignore_live_leader: false dest_uuid: "2a9ef5d993c241e79ba41b5b634c62cd" is_pre_election: true
I20260710 11:04:13.300974 26820 tablet_service.cc:1917] Received RequestConsensusVote() RPC: tablet_id: "a1b7ac4e52ad491892623281f1baa9ae" candidate_uuid: "b4f4594bfeec464ba438f305a56fc106" candidate_term: 1 candidate_status { last_received { term: 0 index: 0 } } ignore_live_leader: false dest_uuid: "7fef69e102144c029750d3813a8c71c8" is_pre_election: true
W20260710 11:04:13.344233 26785 outbound_call.cc:321] RPC callback for RPC call kudu.consensus.ConsensusService.UpdateConsensus -> {remote=127.25.22.195:35327, user_credentials={real_user=slave}} blocked reactor thread for 205523us
I20260710 11:04:13.309497 26893 tablet_service.cc:1917] Received RequestConsensusVote() RPC: tablet_id: "dde8cd4589c44c12b8621192eb6b4fd0" candidate_uuid: "2a9ef5d993c241e79ba41b5b634c62cd" candidate_term: 1 candidate_status { last_received { term: 0 index: 0 } } ignore_live_leader: false dest_uuid: "b4f4594bfeec464ba438f305a56fc106" is_pre_election: true
I20260710 11:04:13.348565 27033 raft_consensus.cc:493] T 26d150dcd7594c948ee416c5d889c498 P 7fef69e102144c029750d3813a8c71c8 [term 0 FOLLOWER]: Starting pre-election (no leader contacted us within the election timeout)
I20260710 11:04:13.349239 27033 raft_consensus.cc:515] T 26d150dcd7594c948ee416c5d889c498 P 7fef69e102144c029750d3813a8c71c8 [term 0 FOLLOWER]: Starting pre-election with config: opid_index: -1 OBSOLETE_local: false peers { permanent_uuid: "7fef69e102144c029750d3813a8c71c8" member_type: VOTER last_known_addr { host: "127.25.22.193" port: 41197 } } peers { permanent_uuid: "b4f4594bfeec464ba438f305a56fc106" member_type: VOTER last_known_addr { host: "127.25.22.194" port: 45659 } } peers { permanent_uuid: "2a9ef5d993c241e79ba41b5b634c62cd" member_type: VOTER last_known_addr { host: "127.25.22.195" port: 35327 } }
I20260710 11:04:13.355410 26966 tablet_service.cc:1917] Received RequestConsensusVote() RPC: tablet_id: "446fa4ab27534528840757c4f8703f7a" candidate_uuid: "7fef69e102144c029750d3813a8c71c8" candidate_term: 1 candidate_status { last_received { term: 0 index: 0 } } ignore_live_leader: false dest_uuid: "2a9ef5d993c241e79ba41b5b634c62cd" is_pre_election: true
I20260710 11:04:13.358443 26966 raft_consensus.cc:2393] T 446fa4ab27534528840757c4f8703f7a P 2a9ef5d993c241e79ba41b5b634c62cd [term 1 FOLLOWER]: Leader pre-election vote request: Denying vote to candidate 7fef69e102144c029750d3813a8c71c8 in current term 1: Already voted for candidate b4f4594bfeec464ba438f305a56fc106 in this term.
I20260710 11:04:13.359692 27033 leader_election.cc:290] T 26d150dcd7594c948ee416c5d889c498 P 7fef69e102144c029750d3813a8c71c8 [CANDIDATE]: Term 1 pre-election: Requested pre-vote from peers b4f4594bfeec464ba438f305a56fc106 (127.25.22.194:45659), 2a9ef5d993c241e79ba41b5b634c62cd (127.25.22.195:35327)
I20260710 11:04:13.365290 26819 tablet_service.cc:1917] Received RequestConsensusVote() RPC: tablet_id: "dde8cd4589c44c12b8621192eb6b4fd0" candidate_uuid: "2a9ef5d993c241e79ba41b5b634c62cd" candidate_term: 1 candidate_status { last_received { term: 0 index: 0 } } ignore_live_leader: false dest_uuid: "7fef69e102144c029750d3813a8c71c8" is_pre_election: true
I20260710 11:04:13.366379 26819 raft_consensus.cc:2393] T dde8cd4589c44c12b8621192eb6b4fd0 P 7fef69e102144c029750d3813a8c71c8 [term 1 FOLLOWER]: Leader pre-election vote request: Denying vote to candidate 2a9ef5d993c241e79ba41b5b634c62cd in current term 1: Already voted for candidate b4f4594bfeec464ba438f305a56fc106 in this term.
W20260710 11:04:13.369555 26860 outbound_call.cc:321] RPC callback for RPC call kudu.consensus.ConsensusService.UpdateConsensus -> {remote=127.25.22.195:35327, user_credentials={real_user=slave}} blocked reactor thread for 68258.6us
I20260710 11:04:13.371160 27097 consensus_queue.cc:1048] T 26d150dcd7594c948ee416c5d889c498 P 2a9ef5d993c241e79ba41b5b634c62cd [LEADER]: Connected to new peer: Peer: permanent_uuid: "b4f4594bfeec464ba438f305a56fc106" member_type: VOTER last_known_addr { host: "127.25.22.194" port: 45659 }, Status: LMP_MISMATCH, Last received: 0.0, Next index: 1, Last known committed idx: 0, Time since last communication: 0.000s
I20260710 11:04:13.371742 26968 raft_consensus.cc:3060] T dde8cd4589c44c12b8621192eb6b4fd0 P 2a9ef5d993c241e79ba41b5b634c62cd [term 0 FOLLOWER]: Advancing to term 1
I20260710 11:04:13.375041 26819 raft_consensus.cc:3060] T 26d150dcd7594c948ee416c5d889c498 P 7fef69e102144c029750d3813a8c71c8 [term 0 FOLLOWER]: Advancing to term 1
I20260710 11:04:13.386881 27163 consensus_queue.cc:1048] T dde8cd4589c44c12b8621192eb6b4fd0 P b4f4594bfeec464ba438f305a56fc106 [LEADER]: Connected to new peer: Peer: permanent_uuid: "2a9ef5d993c241e79ba41b5b634c62cd" member_type: VOTER last_known_addr { host: "127.25.22.195" port: 35327 }, Status: LMP_MISMATCH, Last received: 0.0, Next index: 1, Last known committed idx: 0, Time since last communication: 0.001s
I20260710 11:04:13.390821 26785 leader_election.cc:304] T 446fa4ab27534528840757c4f8703f7a P 7fef69e102144c029750d3813a8c71c8 [CANDIDATE]: Term 1 pre-election: Election decided. Result: candidate lost. Election summary: received 3 responses out of 3 voters: 1 yes votes; 2 no votes. yes voters: 7fef69e102144c029750d3813a8c71c8; no voters: 2a9ef5d993c241e79ba41b5b634c62cd, b4f4594bfeec464ba438f305a56fc106
I20260710 11:04:13.392171 26932 leader_election.cc:304] T dde8cd4589c44c12b8621192eb6b4fd0 P 2a9ef5d993c241e79ba41b5b634c62cd [CANDIDATE]: Term 1 pre-election: Election decided. Result: candidate lost. Election summary: received 3 responses out of 3 voters: 1 yes votes; 2 no votes. yes voters: 2a9ef5d993c241e79ba41b5b634c62cd; no voters: 7fef69e102144c029750d3813a8c71c8, b4f4594bfeec464ba438f305a56fc106
I20260710 11:04:13.319770 27032 raft_consensus.cc:493] T a1b7ac4e52ad491892623281f1baa9ae P 7fef69e102144c029750d3813a8c71c8 [term 0 FOLLOWER]: Starting pre-election (no leader contacted us within the election timeout)
I20260710 11:04:13.394712 27032 raft_consensus.cc:515] T a1b7ac4e52ad491892623281f1baa9ae P 7fef69e102144c029750d3813a8c71c8 [term 0 FOLLOWER]: Starting pre-election with config: opid_index: -1 OBSOLETE_local: false peers { permanent_uuid: "7fef69e102144c029750d3813a8c71c8" member_type: VOTER last_known_addr { host: "127.25.22.193" port: 41197 } } peers { permanent_uuid: "b4f4594bfeec464ba438f305a56fc106" member_type: VOTER last_known_addr { host: "127.25.22.194" port: 45659 } } peers { permanent_uuid: "2a9ef5d993c241e79ba41b5b634c62cd" member_type: VOTER last_known_addr { host: "127.25.22.195" port: 35327 } }
I20260710 11:04:13.395931 26820 raft_consensus.cc:2468] T a1b7ac4e52ad491892623281f1baa9ae P 7fef69e102144c029750d3813a8c71c8 [term 0 FOLLOWER]: Leader pre-election vote request: Granting yes vote for candidate b4f4594bfeec464ba438f305a56fc106 in term 0.
I20260710 11:04:13.302064 27079 raft_consensus.cc:493] T 0a12e2de82874d5193ba12805040eba6 P 7fef69e102144c029750d3813a8c71c8 [term 0 FOLLOWER]: Starting pre-election (no leader contacted us within the election timeout)
I20260710 11:04:13.402745 27079 raft_consensus.cc:515] T 0a12e2de82874d5193ba12805040eba6 P 7fef69e102144c029750d3813a8c71c8 [term 0 FOLLOWER]: Starting pre-election with config: opid_index: -1 OBSOLETE_local: false peers { permanent_uuid: "7fef69e102144c029750d3813a8c71c8" member_type: VOTER last_known_addr { host: "127.25.22.193" port: 41197 } } peers { permanent_uuid: "b4f4594bfeec464ba438f305a56fc106" member_type: VOTER last_known_addr { host: "127.25.22.194" port: 45659 } } peers { permanent_uuid: "2a9ef5d993c241e79ba41b5b634c62cd" member_type: VOTER last_known_addr { host: "127.25.22.195" port: 35327 } }
I20260710 11:04:13.403982 27012 raft_consensus.cc:359] T a1b7ac4e52ad491892623281f1baa9ae P 2a9ef5d993c241e79ba41b5b634c62cd [term 0 FOLLOWER]: Replica starting. Triggering 0 pending ops. Active config: opid_index: -1 OBSOLETE_local: false peers { permanent_uuid: "7fef69e102144c029750d3813a8c71c8" member_type: VOTER last_known_addr { host: "127.25.22.193" port: 41197 } } peers { permanent_uuid: "b4f4594bfeec464ba438f305a56fc106" member_type: VOTER last_known_addr { host: "127.25.22.194" port: 45659 } } peers { permanent_uuid: "2a9ef5d993c241e79ba41b5b634c62cd" member_type: VOTER last_known_addr { host: "127.25.22.195" port: 35327 } }
I20260710 11:04:13.404840 27012 raft_consensus.cc:385] T a1b7ac4e52ad491892623281f1baa9ae P 2a9ef5d993c241e79ba41b5b634c62cd [term 0 FOLLOWER]: Consensus starting up: Expiring failure detector timer to make a prompt election more likely
I20260710 11:04:13.405169 27012 raft_consensus.cc:740] T a1b7ac4e52ad491892623281f1baa9ae P 2a9ef5d993c241e79ba41b5b634c62cd [term 0 FOLLOWER]: Becoming Follower/Learner. State: Replica: 2a9ef5d993c241e79ba41b5b634c62cd, State: Initialized, Role: FOLLOWER
I20260710 11:04:13.406118 27012 consensus_queue.cc:260] T a1b7ac4e52ad491892623281f1baa9ae P 2a9ef5d993c241e79ba41b5b634c62cd [NON_LEADER]: Queue going to NON_LEADER mode. State: All replicated index: 0, Majority replicated index: 0, Committed index: 0, Last appended: 0.0, Last appended by leader: 0, Current term: 0, Majority size: -1, State: 0, Mode: NON_LEADER, active raft config: opid_index: -1 OBSOLETE_local: false peers { permanent_uuid: "7fef69e102144c029750d3813a8c71c8" member_type: VOTER last_known_addr { host: "127.25.22.193" port: 41197 } } peers { permanent_uuid: "b4f4594bfeec464ba438f305a56fc106" member_type: VOTER last_known_addr { host: "127.25.22.194" port: 45659 } } peers { permanent_uuid: "2a9ef5d993c241e79ba41b5b634c62cd" member_type: VOTER last_known_addr { host: "127.25.22.195" port: 35327 } }
I20260710 11:04:13.407208 26967 raft_consensus.cc:2468] T a1b7ac4e52ad491892623281f1baa9ae P 2a9ef5d993c241e79ba41b5b634c62cd [term 0 FOLLOWER]: Leader pre-election vote request: Granting yes vote for candidate b4f4594bfeec464ba438f305a56fc106 in term 0.
I20260710 11:04:13.411816 26968 tablet_service.cc:1917] Received RequestConsensusVote() RPC: tablet_id: "26d150dcd7594c948ee416c5d889c498" candidate_uuid: "7fef69e102144c029750d3813a8c71c8" candidate_term: 1 candidate_status { last_received { term: 0 index: 0 } } ignore_live_leader: false dest_uuid: "2a9ef5d993c241e79ba41b5b634c62cd" is_pre_election: true
I20260710 11:04:13.432466 27079 leader_election.cc:290] T 0a12e2de82874d5193ba12805040eba6 P 7fef69e102144c029750d3813a8c71c8 [CANDIDATE]: Term 1 pre-election: Requested pre-vote from peers b4f4594bfeec464ba438f305a56fc106 (127.25.22.194:45659), 2a9ef5d993c241e79ba41b5b634c62cd (127.25.22.195:35327)
I20260710 11:04:13.437868 27032 leader_election.cc:290] T a1b7ac4e52ad491892623281f1baa9ae P 7fef69e102144c029750d3813a8c71c8 [CANDIDATE]: Term 1 pre-election: Requested pre-vote from peers b4f4594bfeec464ba438f305a56fc106 (127.25.22.194:45659), 2a9ef5d993c241e79ba41b5b634c62cd (127.25.22.195:35327)
I20260710 11:04:13.443825 27018 raft_consensus.cc:2749] T dde8cd4589c44c12b8621192eb6b4fd0 P 2a9ef5d993c241e79ba41b5b634c62cd [term 1 FOLLOWER]: Leader pre-election lost for term 1. Reason: could not achieve majority
W20260710 11:04:13.451211 26785 outbound_call.cc:321] RPC callback for RPC call kudu.consensus.ConsensusService.UpdateConsensus -> {remote=127.25.22.195:35327, user_credentials={real_user=slave}} blocked reactor thread for 58565.9us
I20260710 11:04:13.459579 27012 ts_tablet_manager.cc:1434] T a1b7ac4e52ad491892623281f1baa9ae P 2a9ef5d993c241e79ba41b5b634c62cd: Time spent starting tablet: real 0.333s	user 0.036s	sys 0.043s
I20260710 11:04:13.478312 27052 consensus_queue.cc:1048] T 26d150dcd7594c948ee416c5d889c498 P 2a9ef5d993c241e79ba41b5b634c62cd [LEADER]: Connected to new peer: Peer: permanent_uuid: "7fef69e102144c029750d3813a8c71c8" member_type: VOTER last_known_addr { host: "127.25.22.193" port: 41197 }, Status: LMP_MISMATCH, Last received: 0.0, Next index: 1, Last known committed idx: 0, Time since last communication: 0.000s
I20260710 11:04:13.483846 26965 tablet_service.cc:1917] Received RequestConsensusVote() RPC: tablet_id: "a1b7ac4e52ad491892623281f1baa9ae" candidate_uuid: "7fef69e102144c029750d3813a8c71c8" candidate_term: 1 candidate_status { last_received { term: 0 index: 0 } } ignore_live_leader: false dest_uuid: "2a9ef5d993c241e79ba41b5b634c62cd" is_pre_election: true
I20260710 11:04:13.486838 26966 tablet_service.cc:1917] Received RequestConsensusVote() RPC: tablet_id: "0a12e2de82874d5193ba12805040eba6" candidate_uuid: "7fef69e102144c029750d3813a8c71c8" candidate_term: 1 candidate_status { last_received { term: 0 index: 0 } } ignore_live_leader: false dest_uuid: "2a9ef5d993c241e79ba41b5b634c62cd" is_pre_election: true
W20260710 11:04:13.497367 26785 leader_election.cc:343] T 0a12e2de82874d5193ba12805040eba6 P 7fef69e102144c029750d3813a8c71c8 [CANDIDATE]: Term 1 pre-election: Tablet error from VoteRequest() call to peer 2a9ef5d993c241e79ba41b5b634c62cd (127.25.22.195:35327): Illegal state: must be running to vote when last-logged opid is not known
I20260710 11:04:13.503103 27012 tablet_bootstrap.cc:492] T 0a12e2de82874d5193ba12805040eba6 P 2a9ef5d993c241e79ba41b5b634c62cd: Bootstrap starting.
I20260710 11:04:13.592744 26818 raft_consensus.cc:2468] T 446fa4ab27534528840757c4f8703f7a P 7fef69e102144c029750d3813a8c71c8 [term 1 FOLLOWER]: Leader election vote request: Granting yes vote for candidate b4f4594bfeec464ba438f305a56fc106 in term 1.
I20260710 11:04:13.593772 27033 raft_consensus.cc:2749] T 446fa4ab27534528840757c4f8703f7a P 7fef69e102144c029750d3813a8c71c8 [term 1 FOLLOWER]: Leader pre-election lost for term 1. Reason: could not achieve majority
I20260710 11:04:13.601977 27163 raft_consensus.cc:493] T 0a12e2de82874d5193ba12805040eba6 P b4f4594bfeec464ba438f305a56fc106 [term 0 FOLLOWER]: Starting pre-election (no leader contacted us within the election timeout)
I20260710 11:04:13.602501 27163 raft_consensus.cc:515] T 0a12e2de82874d5193ba12805040eba6 P b4f4594bfeec464ba438f305a56fc106 [term 0 FOLLOWER]: Starting pre-election with config: opid_index: -1 OBSOLETE_local: false peers { permanent_uuid: "7fef69e102144c029750d3813a8c71c8" member_type: VOTER last_known_addr { host: "127.25.22.193" port: 41197 } } peers { permanent_uuid: "b4f4594bfeec464ba438f305a56fc106" member_type: VOTER last_known_addr { host: "127.25.22.194" port: 45659 } } peers { permanent_uuid: "2a9ef5d993c241e79ba41b5b634c62cd" member_type: VOTER last_known_addr { host: "127.25.22.195" port: 35327 } }
I20260710 11:04:13.604501 27163 leader_election.cc:290] T 0a12e2de82874d5193ba12805040eba6 P b4f4594bfeec464ba438f305a56fc106 [CANDIDATE]: Term 1 pre-election: Requested pre-vote from peers 7fef69e102144c029750d3813a8c71c8 (127.25.22.193:41197), 2a9ef5d993c241e79ba41b5b634c62cd (127.25.22.195:35327)
I20260710 11:04:13.609474 26858 leader_election.cc:304] T a1b7ac4e52ad491892623281f1baa9ae P b4f4594bfeec464ba438f305a56fc106 [CANDIDATE]: Term 1 pre-election: Election decided. Result: candidate won. Election summary: received 2 responses out of 3 voters: 2 yes votes; 0 no votes. yes voters: 7fef69e102144c029750d3813a8c71c8, b4f4594bfeec464ba438f305a56fc106; no voters: 
I20260710 11:04:13.610267 27163 raft_consensus.cc:2804] T a1b7ac4e52ad491892623281f1baa9ae P b4f4594bfeec464ba438f305a56fc106 [term 0 FOLLOWER]: Leader pre-election won for term 1
I20260710 11:04:13.610635 27163 raft_consensus.cc:493] T a1b7ac4e52ad491892623281f1baa9ae P b4f4594bfeec464ba438f305a56fc106 [term 0 FOLLOWER]: Starting leader election (no leader contacted us within the election timeout)
I20260710 11:04:13.610968 27163 raft_consensus.cc:3060] T a1b7ac4e52ad491892623281f1baa9ae P b4f4594bfeec464ba438f305a56fc106 [term 0 FOLLOWER]: Advancing to term 1
I20260710 11:04:13.613098 27012 tablet_bootstrap.cc:654] T 0a12e2de82874d5193ba12805040eba6 P 2a9ef5d993c241e79ba41b5b634c62cd: Neither blocks nor log segments found. Creating new log.
I20260710 11:04:13.617678 27163 raft_consensus.cc:515] T a1b7ac4e52ad491892623281f1baa9ae P b4f4594bfeec464ba438f305a56fc106 [term 1 FOLLOWER]: Starting leader election with config: opid_index: -1 OBSOLETE_local: false peers { permanent_uuid: "7fef69e102144c029750d3813a8c71c8" member_type: VOTER last_known_addr { host: "127.25.22.193" port: 41197 } } peers { permanent_uuid: "b4f4594bfeec464ba438f305a56fc106" member_type: VOTER last_known_addr { host: "127.25.22.194" port: 45659 } } peers { permanent_uuid: "2a9ef5d993c241e79ba41b5b634c62cd" member_type: VOTER last_known_addr { host: "127.25.22.195" port: 35327 } }
I20260710 11:04:13.618736 27012 tablet_bootstrap.cc:492] T 0a12e2de82874d5193ba12805040eba6 P 2a9ef5d993c241e79ba41b5b634c62cd: No bootstrap required, opened a new log
I20260710 11:04:13.619194 27012 ts_tablet_manager.cc:1403] T 0a12e2de82874d5193ba12805040eba6 P 2a9ef5d993c241e79ba41b5b634c62cd: Time spent bootstrapping tablet: real 0.116s	user 0.015s	sys 0.000s
I20260710 11:04:13.620741 27094 consensus_queue.cc:1048] T f962b55cd65e4001b90de708502bbc9e P b4f4594bfeec464ba438f305a56fc106 [LEADER]: Connected to new peer: Peer: permanent_uuid: "7fef69e102144c029750d3813a8c71c8" member_type: VOTER last_known_addr { host: "127.25.22.193" port: 41197 }, Status: LMP_MISMATCH, Last received: 0.0, Next index: 1, Last known committed idx: 0, Time since last communication: 0.001s
I20260710 11:04:13.622073 27012 raft_consensus.cc:359] T 0a12e2de82874d5193ba12805040eba6 P 2a9ef5d993c241e79ba41b5b634c62cd [term 0 FOLLOWER]: Replica starting. Triggering 0 pending ops. Active config: opid_index: -1 OBSOLETE_local: false peers { permanent_uuid: "7fef69e102144c029750d3813a8c71c8" member_type: VOTER last_known_addr { host: "127.25.22.193" port: 41197 } } peers { permanent_uuid: "b4f4594bfeec464ba438f305a56fc106" member_type: VOTER last_known_addr { host: "127.25.22.194" port: 45659 } } peers { permanent_uuid: "2a9ef5d993c241e79ba41b5b634c62cd" member_type: VOTER last_known_addr { host: "127.25.22.195" port: 35327 } }
I20260710 11:04:13.619685 27163 leader_election.cc:290] T a1b7ac4e52ad491892623281f1baa9ae P b4f4594bfeec464ba438f305a56fc106 [CANDIDATE]: Term 1 election: Requested vote from peers 7fef69e102144c029750d3813a8c71c8 (127.25.22.193:41197), 2a9ef5d993c241e79ba41b5b634c62cd (127.25.22.195:35327)
I20260710 11:04:13.622741 27012 raft_consensus.cc:385] T 0a12e2de82874d5193ba12805040eba6 P 2a9ef5d993c241e79ba41b5b634c62cd [term 0 FOLLOWER]: Consensus starting up: Expiring failure detector timer to make a prompt election more likely
I20260710 11:04:13.623068 27012 raft_consensus.cc:740] T 0a12e2de82874d5193ba12805040eba6 P 2a9ef5d993c241e79ba41b5b634c62cd [term 0 FOLLOWER]: Becoming Follower/Learner. State: Replica: 2a9ef5d993c241e79ba41b5b634c62cd, State: Initialized, Role: FOLLOWER
I20260710 11:04:13.623656 27012 consensus_queue.cc:260] T 0a12e2de82874d5193ba12805040eba6 P 2a9ef5d993c241e79ba41b5b634c62cd [NON_LEADER]: Queue going to NON_LEADER mode. State: All replicated index: 0, Majority replicated index: 0, Committed index: 0, Last appended: 0.0, Last appended by leader: 0, Current term: 0, Majority size: -1, State: 0, Mode: NON_LEADER, active raft config: opid_index: -1 OBSOLETE_local: false peers { permanent_uuid: "7fef69e102144c029750d3813a8c71c8" member_type: VOTER last_known_addr { host: "127.25.22.193" port: 41197 } } peers { permanent_uuid: "b4f4594bfeec464ba438f305a56fc106" member_type: VOTER last_known_addr { host: "127.25.22.194" port: 45659 } } peers { permanent_uuid: "2a9ef5d993c241e79ba41b5b634c62cd" member_type: VOTER last_known_addr { host: "127.25.22.195" port: 35327 } }
I20260710 11:04:13.625216 26894 tablet_service.cc:1917] Received RequestConsensusVote() RPC: tablet_id: "26d150dcd7594c948ee416c5d889c498" candidate_uuid: "7fef69e102144c029750d3813a8c71c8" candidate_term: 1 candidate_status { last_received { term: 0 index: 0 } } ignore_live_leader: false dest_uuid: "b4f4594bfeec464ba438f305a56fc106" is_pre_election: true
I20260710 11:04:13.625455 27012 ts_tablet_manager.cc:1434] T 0a12e2de82874d5193ba12805040eba6 P 2a9ef5d993c241e79ba41b5b634c62cd: Time spent starting tablet: real 0.006s	user 0.006s	sys 0.000s
I20260710 11:04:13.626727 26895 tablet_service.cc:1917] Received RequestConsensusVote() RPC: tablet_id: "0a12e2de82874d5193ba12805040eba6" candidate_uuid: "7fef69e102144c029750d3813a8c71c8" candidate_term: 1 candidate_status { last_received { term: 0 index: 0 } } ignore_live_leader: false dest_uuid: "b4f4594bfeec464ba438f305a56fc106" is_pre_election: true
I20260710 11:04:13.627111 26894 tablet_service.cc:1917] Received RequestConsensusVote() RPC: tablet_id: "a1b7ac4e52ad491892623281f1baa9ae" candidate_uuid: "7fef69e102144c029750d3813a8c71c8" candidate_term: 1 candidate_status { last_received { term: 0 index: 0 } } ignore_live_leader: false dest_uuid: "b4f4594bfeec464ba438f305a56fc106" is_pre_election: true
I20260710 11:04:13.627362 26895 raft_consensus.cc:2468] T 0a12e2de82874d5193ba12805040eba6 P b4f4594bfeec464ba438f305a56fc106 [term 0 FOLLOWER]: Leader pre-election vote request: Granting yes vote for candidate 7fef69e102144c029750d3813a8c71c8 in term 0.
I20260710 11:04:13.627898 26894 raft_consensus.cc:2393] T a1b7ac4e52ad491892623281f1baa9ae P b4f4594bfeec464ba438f305a56fc106 [term 1 FOLLOWER]: Leader pre-election vote request: Denying vote to candidate 7fef69e102144c029750d3813a8c71c8 in current term 1: Already voted for candidate b4f4594bfeec464ba438f305a56fc106 in this term.
I20260710 11:04:13.634997 27032 consensus_queue.cc:1048] T 8e88e319f93d4a769ecd9eca68da4006 P 7fef69e102144c029750d3813a8c71c8 [LEADER]: Connected to new peer: Peer: permanent_uuid: "2a9ef5d993c241e79ba41b5b634c62cd" member_type: VOTER last_known_addr { host: "127.25.22.195" port: 35327 }, Status: LMP_MISMATCH, Last received: 0.0, Next index: 1, Last known committed idx: 0, Time since last communication: 0.000s
I20260710 11:04:13.637650 26819 tablet_service.cc:1917] Received RequestConsensusVote() RPC: tablet_id: "0a12e2de82874d5193ba12805040eba6" candidate_uuid: "b4f4594bfeec464ba438f305a56fc106" candidate_term: 1 candidate_status { last_received { term: 0 index: 0 } } ignore_live_leader: false dest_uuid: "7fef69e102144c029750d3813a8c71c8" is_pre_election: true
I20260710 11:04:13.638276 26819 raft_consensus.cc:2468] T 0a12e2de82874d5193ba12805040eba6 P 7fef69e102144c029750d3813a8c71c8 [term 0 FOLLOWER]: Leader pre-election vote request: Granting yes vote for candidate b4f4594bfeec464ba438f305a56fc106 in term 0.
I20260710 11:04:13.638522 26783 leader_election.cc:304] T 26d150dcd7594c948ee416c5d889c498 P 7fef69e102144c029750d3813a8c71c8 [CANDIDATE]: Term 1 pre-election: Election decided. Result: candidate lost. Election summary: received 3 responses out of 3 voters: 1 yes votes; 2 no votes. yes voters: 7fef69e102144c029750d3813a8c71c8; no voters: 2a9ef5d993c241e79ba41b5b634c62cd, b4f4594bfeec464ba438f305a56fc106
I20260710 11:04:13.639230 26816 tablet_service.cc:1917] Received RequestConsensusVote() RPC: tablet_id: "a1b7ac4e52ad491892623281f1baa9ae" candidate_uuid: "b4f4594bfeec464ba438f305a56fc106" candidate_term: 1 candidate_status { last_received { term: 0 index: 0 } } ignore_live_leader: false dest_uuid: "7fef69e102144c029750d3813a8c71c8"
I20260710 11:04:13.639688 27032 raft_consensus.cc:2749] T 26d150dcd7594c948ee416c5d889c498 P 7fef69e102144c029750d3813a8c71c8 [term 1 FOLLOWER]: Leader pre-election lost for term 1. Reason: could not achieve majority
I20260710 11:04:13.639822 26816 raft_consensus.cc:3060] T a1b7ac4e52ad491892623281f1baa9ae P 7fef69e102144c029750d3813a8c71c8 [term 0 FOLLOWER]: Advancing to term 1
I20260710 11:04:13.640564 26783 leader_election.cc:304] T 0a12e2de82874d5193ba12805040eba6 P 7fef69e102144c029750d3813a8c71c8 [CANDIDATE]: Term 1 pre-election: Election decided. Result: candidate won. Election summary: received 3 responses out of 3 voters: 2 yes votes; 1 no votes. yes voters: 7fef69e102144c029750d3813a8c71c8, b4f4594bfeec464ba438f305a56fc106; no voters: 2a9ef5d993c241e79ba41b5b634c62cd
I20260710 11:04:13.641918 27032 raft_consensus.cc:2804] T 0a12e2de82874d5193ba12805040eba6 P 7fef69e102144c029750d3813a8c71c8 [term 0 FOLLOWER]: Leader pre-election won for term 1
I20260710 11:04:13.642267 27032 raft_consensus.cc:493] T 0a12e2de82874d5193ba12805040eba6 P 7fef69e102144c029750d3813a8c71c8 [term 0 FOLLOWER]: Starting leader election (no leader contacted us within the election timeout)
I20260710 11:04:13.642601 27032 raft_consensus.cc:3060] T 0a12e2de82874d5193ba12805040eba6 P 7fef69e102144c029750d3813a8c71c8 [term 0 FOLLOWER]: Advancing to term 1
I20260710 11:04:13.643743 26783 leader_election.cc:304] T a1b7ac4e52ad491892623281f1baa9ae P 7fef69e102144c029750d3813a8c71c8 [CANDIDATE]: Term 1 pre-election: Election decided. Result: candidate lost. Election summary: received 3 responses out of 3 voters: 1 yes votes; 2 no votes. yes voters: 7fef69e102144c029750d3813a8c71c8; no voters: 2a9ef5d993c241e79ba41b5b634c62cd, b4f4594bfeec464ba438f305a56fc106
I20260710 11:04:13.645483 27169 consensus_queue.cc:1048] T 8e88e319f93d4a769ecd9eca68da4006 P 7fef69e102144c029750d3813a8c71c8 [LEADER]: Connected to new peer: Peer: permanent_uuid: "b4f4594bfeec464ba438f305a56fc106" member_type: VOTER last_known_addr { host: "127.25.22.194" port: 45659 }, Status: LMP_MISMATCH, Last received: 0.0, Next index: 1, Last known committed idx: 0, Time since last communication: 0.000s
I20260710 11:04:13.651983 27032 raft_consensus.cc:515] T 0a12e2de82874d5193ba12805040eba6 P 7fef69e102144c029750d3813a8c71c8 [term 1 FOLLOWER]: Starting leader election with config: opid_index: -1 OBSOLETE_local: false peers { permanent_uuid: "7fef69e102144c029750d3813a8c71c8" member_type: VOTER last_known_addr { host: "127.25.22.193" port: 41197 } } peers { permanent_uuid: "b4f4594bfeec464ba438f305a56fc106" member_type: VOTER last_known_addr { host: "127.25.22.194" port: 45659 } } peers { permanent_uuid: "2a9ef5d993c241e79ba41b5b634c62cd" member_type: VOTER last_known_addr { host: "127.25.22.195" port: 35327 } }
I20260710 11:04:13.654603 27032 leader_election.cc:290] T 0a12e2de82874d5193ba12805040eba6 P 7fef69e102144c029750d3813a8c71c8 [CANDIDATE]: Term 1 election: Requested vote from peers b4f4594bfeec464ba438f305a56fc106 (127.25.22.194:45659), 2a9ef5d993c241e79ba41b5b634c62cd (127.25.22.195:35327)
I20260710 11:04:13.655661 26966 tablet_service.cc:1917] Received RequestConsensusVote() RPC: tablet_id: "0a12e2de82874d5193ba12805040eba6" candidate_uuid: "7fef69e102144c029750d3813a8c71c8" candidate_term: 1 candidate_status { last_received { term: 0 index: 0 } } ignore_live_leader: false dest_uuid: "2a9ef5d993c241e79ba41b5b634c62cd"
I20260710 11:04:13.656423 26966 raft_consensus.cc:3060] T 0a12e2de82874d5193ba12805040eba6 P 2a9ef5d993c241e79ba41b5b634c62cd [term 0 FOLLOWER]: Advancing to term 1
I20260710 11:04:13.657678 26858 leader_election.cc:304] T 0a12e2de82874d5193ba12805040eba6 P b4f4594bfeec464ba438f305a56fc106 [CANDIDATE]: Term 1 pre-election: Election decided. Result: candidate won. Election summary: received 2 responses out of 3 voters: 2 yes votes; 0 no votes. yes voters: 7fef69e102144c029750d3813a8c71c8, b4f4594bfeec464ba438f305a56fc106; no voters: 
I20260710 11:04:13.658771 27039 raft_consensus.cc:2804] T 0a12e2de82874d5193ba12805040eba6 P b4f4594bfeec464ba438f305a56fc106 [term 0 FOLLOWER]: Leader pre-election won for term 1
I20260710 11:04:13.659111 27039 raft_consensus.cc:493] T 0a12e2de82874d5193ba12805040eba6 P b4f4594bfeec464ba438f305a56fc106 [term 0 FOLLOWER]: Starting leader election (no leader contacted us within the election timeout)
I20260710 11:04:13.659446 27039 raft_consensus.cc:3060] T 0a12e2de82874d5193ba12805040eba6 P b4f4594bfeec464ba438f305a56fc106 [term 0 FOLLOWER]: Advancing to term 1
I20260710 11:04:13.660741 27160 consensus_queue.cc:1048] T 70b25ea14a2b4ac9b61ec34db0835a05 P b4f4594bfeec464ba438f305a56fc106 [LEADER]: Connected to new peer: Peer: permanent_uuid: "7fef69e102144c029750d3813a8c71c8" member_type: VOTER last_known_addr { host: "127.25.22.193" port: 41197 }, Status: LMP_MISMATCH, Last received: 0.0, Next index: 1, Last known committed idx: 0, Time since last communication: 0.000s
I20260710 11:04:13.661942 26965 tablet_service.cc:1917] Received RequestConsensusVote() RPC: tablet_id: "0a12e2de82874d5193ba12805040eba6" candidate_uuid: "b4f4594bfeec464ba438f305a56fc106" candidate_term: 1 candidate_status { last_received { term: 0 index: 0 } } ignore_live_leader: false dest_uuid: "2a9ef5d993c241e79ba41b5b634c62cd" is_pre_election: true
I20260710 11:04:13.666055 27039 raft_consensus.cc:515] T 0a12e2de82874d5193ba12805040eba6 P b4f4594bfeec464ba438f305a56fc106 [term 1 FOLLOWER]: Starting leader election with config: opid_index: -1 OBSOLETE_local: false peers { permanent_uuid: "7fef69e102144c029750d3813a8c71c8" member_type: VOTER last_known_addr { host: "127.25.22.193" port: 41197 } } peers { permanent_uuid: "b4f4594bfeec464ba438f305a56fc106" member_type: VOTER last_known_addr { host: "127.25.22.194" port: 45659 } } peers { permanent_uuid: "2a9ef5d993c241e79ba41b5b634c62cd" member_type: VOTER last_known_addr { host: "127.25.22.195" port: 35327 } }
I20260710 11:04:13.667224 26968 tablet_service.cc:1917] Received RequestConsensusVote() RPC: tablet_id: "a1b7ac4e52ad491892623281f1baa9ae" candidate_uuid: "b4f4594bfeec464ba438f305a56fc106" candidate_term: 1 candidate_status { last_received { term: 0 index: 0 } } ignore_live_leader: false dest_uuid: "2a9ef5d993c241e79ba41b5b634c62cd"
I20260710 11:04:13.667840 26968 raft_consensus.cc:3060] T a1b7ac4e52ad491892623281f1baa9ae P 2a9ef5d993c241e79ba41b5b634c62cd [term 0 FOLLOWER]: Advancing to term 1
I20260710 11:04:13.668553 27039 leader_election.cc:290] T 0a12e2de82874d5193ba12805040eba6 P b4f4594bfeec464ba438f305a56fc106 [CANDIDATE]: Term 1 election: Requested vote from peers 7fef69e102144c029750d3813a8c71c8 (127.25.22.193:41197), 2a9ef5d993c241e79ba41b5b634c62cd (127.25.22.195:35327)
I20260710 11:04:13.668625 26966 raft_consensus.cc:2468] T 0a12e2de82874d5193ba12805040eba6 P 2a9ef5d993c241e79ba41b5b634c62cd [term 1 FOLLOWER]: Leader election vote request: Granting yes vote for candidate 7fef69e102144c029750d3813a8c71c8 in term 1.
I20260710 11:04:13.673884 26818 tablet_service.cc:1917] Received RequestConsensusVote() RPC: tablet_id: "0a12e2de82874d5193ba12805040eba6" candidate_uuid: "b4f4594bfeec464ba438f305a56fc106" candidate_term: 1 candidate_status { last_received { term: 0 index: 0 } } ignore_live_leader: false dest_uuid: "7fef69e102144c029750d3813a8c71c8"
I20260710 11:04:13.674746 26818 raft_consensus.cc:2393] T 0a12e2de82874d5193ba12805040eba6 P 7fef69e102144c029750d3813a8c71c8 [term 1 FOLLOWER]: Leader election vote request: Denying vote to candidate b4f4594bfeec464ba438f305a56fc106 in current term 1: Already voted for candidate 7fef69e102144c029750d3813a8c71c8 in this term.
I20260710 11:04:13.680491 27161 consensus_queue.cc:1048] T 446fa4ab27534528840757c4f8703f7a P b4f4594bfeec464ba438f305a56fc106 [LEADER]: Connected to new peer: Peer: permanent_uuid: "7fef69e102144c029750d3813a8c71c8" member_type: VOTER last_known_addr { host: "127.25.22.193" port: 41197 }, Status: LMP_MISMATCH, Last received: 0.0, Next index: 1, Last known committed idx: 0, Time since last communication: 0.000s
I20260710 11:04:13.680234 26714 catalog_manager.cc:5697] T 8e88e319f93d4a769ecd9eca68da4006 P 7fef69e102144c029750d3813a8c71c8 reported cstate change: term changed from 0 to 1, leader changed from <none> to 7fef69e102144c029750d3813a8c71c8 (127.25.22.193). New cstate: current_term: 1 leader_uuid: "7fef69e102144c029750d3813a8c71c8" committed_config { opid_index: -1 OBSOLETE_local: false peers { permanent_uuid: "7fef69e102144c029750d3813a8c71c8" member_type: VOTER last_known_addr { host: "127.25.22.193" port: 41197 } health_report { overall_health: HEALTHY } } peers { permanent_uuid: "b4f4594bfeec464ba438f305a56fc106" member_type: VOTER last_known_addr { host: "127.25.22.194" port: 45659 } health_report { overall_health: UNKNOWN } } peers { permanent_uuid: "2a9ef5d993c241e79ba41b5b634c62cd" member_type: VOTER last_known_addr { host: "127.25.22.195" port: 35327 } health_report { overall_health: UNKNOWN } } }
I20260710 11:04:13.651356 26816 raft_consensus.cc:2468] T a1b7ac4e52ad491892623281f1baa9ae P 7fef69e102144c029750d3813a8c71c8 [term 1 FOLLOWER]: Leader election vote request: Granting yes vote for candidate b4f4594bfeec464ba438f305a56fc106 in term 1.
I20260710 11:04:13.687178 27079 raft_consensus.cc:2749] T a1b7ac4e52ad491892623281f1baa9ae P 7fef69e102144c029750d3813a8c71c8 [term 1 FOLLOWER]: Leader pre-election lost for term 1. Reason: could not achieve majority
I20260710 11:04:13.687971 26858 leader_election.cc:304] T a1b7ac4e52ad491892623281f1baa9ae P b4f4594bfeec464ba438f305a56fc106 [CANDIDATE]: Term 1 election: Election decided. Result: candidate won. Election summary: received 2 responses out of 3 voters: 2 yes votes; 0 no votes. yes voters: 7fef69e102144c029750d3813a8c71c8, b4f4594bfeec464ba438f305a56fc106; no voters: 
I20260710 11:04:13.688784 27161 raft_consensus.cc:2804] T a1b7ac4e52ad491892623281f1baa9ae P b4f4594bfeec464ba438f305a56fc106 [term 1 FOLLOWER]: Leader election won for term 1
I20260710 11:04:13.689280 27161 raft_consensus.cc:697] T a1b7ac4e52ad491892623281f1baa9ae P b4f4594bfeec464ba438f305a56fc106 [term 1 LEADER]: Becoming Leader. State: Replica: b4f4594bfeec464ba438f305a56fc106, State: Running, Role: LEADER
I20260710 11:04:13.690140 27161 consensus_queue.cc:237] T a1b7ac4e52ad491892623281f1baa9ae P b4f4594bfeec464ba438f305a56fc106 [LEADER]: Queue going to LEADER mode. State: All replicated index: 0, Majority replicated index: 0, Committed index: 0, Last appended: 0.0, Last appended by leader: 0, Current term: 1, Majority size: 2, State: 0, Mode: LEADER, active raft config: opid_index: -1 OBSOLETE_local: false peers { permanent_uuid: "7fef69e102144c029750d3813a8c71c8" member_type: VOTER last_known_addr { host: "127.25.22.193" port: 41197 } } peers { permanent_uuid: "b4f4594bfeec464ba438f305a56fc106" member_type: VOTER last_known_addr { host: "127.25.22.194" port: 45659 } } peers { permanent_uuid: "2a9ef5d993c241e79ba41b5b634c62cd" member_type: VOTER last_known_addr { host: "127.25.22.195" port: 35327 } }
I20260710 11:04:13.699651 26969 tablet_service.cc:1917] Received RequestConsensusVote() RPC: tablet_id: "0a12e2de82874d5193ba12805040eba6" candidate_uuid: "b4f4594bfeec464ba438f305a56fc106" candidate_term: 1 candidate_status { last_received { term: 0 index: 0 } } ignore_live_leader: false dest_uuid: "2a9ef5d993c241e79ba41b5b634c62cd"
I20260710 11:04:13.705698 26785 leader_election.cc:304] T 0a12e2de82874d5193ba12805040eba6 P 7fef69e102144c029750d3813a8c71c8 [CANDIDATE]: Term 1 election: Election decided. Result: candidate won. Election summary: received 2 responses out of 3 voters: 2 yes votes; 0 no votes. yes voters: 2a9ef5d993c241e79ba41b5b634c62cd, 7fef69e102144c029750d3813a8c71c8; no voters: 
I20260710 11:04:13.705910 26716 catalog_manager.cc:5697] T 446fa4ab27534528840757c4f8703f7a P b4f4594bfeec464ba438f305a56fc106 reported cstate change: term changed from 0 to 1, leader changed from <none> to b4f4594bfeec464ba438f305a56fc106 (127.25.22.194). New cstate: current_term: 1 leader_uuid: "b4f4594bfeec464ba438f305a56fc106" committed_config { opid_index: -1 OBSOLETE_local: false peers { permanent_uuid: "7fef69e102144c029750d3813a8c71c8" member_type: VOTER last_known_addr { host: "127.25.22.193" port: 41197 } health_report { overall_health: UNKNOWN } } peers { permanent_uuid: "b4f4594bfeec464ba438f305a56fc106" member_type: VOTER last_known_addr { host: "127.25.22.194" port: 45659 } health_report { overall_health: HEALTHY } } peers { permanent_uuid: "2a9ef5d993c241e79ba41b5b634c62cd" member_type: VOTER last_known_addr { host: "127.25.22.195" port: 35327 } health_report { overall_health: UNKNOWN } } }
I20260710 11:04:13.706719 26968 raft_consensus.cc:2468] T a1b7ac4e52ad491892623281f1baa9ae P 2a9ef5d993c241e79ba41b5b634c62cd [term 1 FOLLOWER]: Leader election vote request: Granting yes vote for candidate b4f4594bfeec464ba438f305a56fc106 in term 1.
I20260710 11:04:13.707254 27032 raft_consensus.cc:2804] T 0a12e2de82874d5193ba12805040eba6 P 7fef69e102144c029750d3813a8c71c8 [term 1 FOLLOWER]: Leader election won for term 1
I20260710 11:04:13.707756 27032 raft_consensus.cc:697] T 0a12e2de82874d5193ba12805040eba6 P 7fef69e102144c029750d3813a8c71c8 [term 1 LEADER]: Becoming Leader. State: Replica: 7fef69e102144c029750d3813a8c71c8, State: Running, Role: LEADER
I20260710 11:04:13.708561 27032 consensus_queue.cc:237] T 0a12e2de82874d5193ba12805040eba6 P 7fef69e102144c029750d3813a8c71c8 [LEADER]: Queue going to LEADER mode. State: All replicated index: 0, Majority replicated index: 0, Committed index: 0, Last appended: 0.0, Last appended by leader: 0, Current term: 1, Majority size: 2, State: 0, Mode: LEADER, active raft config: opid_index: -1 OBSOLETE_local: false peers { permanent_uuid: "7fef69e102144c029750d3813a8c71c8" member_type: VOTER last_known_addr { host: "127.25.22.193" port: 41197 } } peers { permanent_uuid: "b4f4594bfeec464ba438f305a56fc106" member_type: VOTER last_known_addr { host: "127.25.22.194" port: 45659 } } peers { permanent_uuid: "2a9ef5d993c241e79ba41b5b634c62cd" member_type: VOTER last_known_addr { host: "127.25.22.195" port: 35327 } }
I20260710 11:04:13.700614 26969 raft_consensus.cc:2393] T 0a12e2de82874d5193ba12805040eba6 P 2a9ef5d993c241e79ba41b5b634c62cd [term 1 FOLLOWER]: Leader election vote request: Denying vote to candidate b4f4594bfeec464ba438f305a56fc106 in current term 1: Already voted for candidate 7fef69e102144c029750d3813a8c71c8 in this term.
I20260710 11:04:13.712833 27160 consensus_queue.cc:1048] T 70b25ea14a2b4ac9b61ec34db0835a05 P b4f4594bfeec464ba438f305a56fc106 [LEADER]: Connected to new peer: Peer: permanent_uuid: "2a9ef5d993c241e79ba41b5b634c62cd" member_type: VOTER last_known_addr { host: "127.25.22.195" port: 35327 }, Status: LMP_MISMATCH, Last received: 0.0, Next index: 1, Last known committed idx: 0, Time since last communication: 0.000s
I20260710 11:04:13.728928 27160 consensus_queue.cc:1048] T 446fa4ab27534528840757c4f8703f7a P b4f4594bfeec464ba438f305a56fc106 [LEADER]: Connected to new peer: Peer: permanent_uuid: "2a9ef5d993c241e79ba41b5b634c62cd" member_type: VOTER last_known_addr { host: "127.25.22.195" port: 35327 }, Status: LMP_MISMATCH, Last received: 0.0, Next index: 1, Last known committed idx: 0, Time since last communication: 0.001s
I20260710 11:04:13.737452 26860 leader_election.cc:304] T 0a12e2de82874d5193ba12805040eba6 P b4f4594bfeec464ba438f305a56fc106 [CANDIDATE]: Term 1 election: Election decided. Result: candidate lost. Election summary: received 3 responses out of 3 voters: 1 yes votes; 2 no votes. yes voters: b4f4594bfeec464ba438f305a56fc106; no voters: 2a9ef5d993c241e79ba41b5b634c62cd, 7fef69e102144c029750d3813a8c71c8
I20260710 11:04:13.741801 27015 raft_consensus.cc:2749] T 0a12e2de82874d5193ba12805040eba6 P b4f4594bfeec464ba438f305a56fc106 [term 1 FOLLOWER]: Leader election lost for term 1. Reason: could not achieve majority
I20260710 11:04:13.747985 27162 consensus_queue.cc:1048] T f962b55cd65e4001b90de708502bbc9e P b4f4594bfeec464ba438f305a56fc106 [LEADER]: Connected to new peer: Peer: permanent_uuid: "2a9ef5d993c241e79ba41b5b634c62cd" member_type: VOTER last_known_addr { host: "127.25.22.195" port: 35327 }, Status: LMP_MISMATCH, Last received: 0.0, Next index: 1, Last known committed idx: 0, Time since last communication: 0.007s
I20260710 11:04:13.761055 26894 tablet_service.cc:1917] Received RequestConsensusVote() RPC: tablet_id: "0a12e2de82874d5193ba12805040eba6" candidate_uuid: "7fef69e102144c029750d3813a8c71c8" candidate_term: 1 candidate_status { last_received { term: 0 index: 0 } } ignore_live_leader: false dest_uuid: "b4f4594bfeec464ba438f305a56fc106"
I20260710 11:04:13.761847 26894 raft_consensus.cc:2393] T 0a12e2de82874d5193ba12805040eba6 P b4f4594bfeec464ba438f305a56fc106 [term 1 FOLLOWER]: Leader election vote request: Denying vote to candidate 7fef69e102144c029750d3813a8c71c8 in current term 1: Already voted for candidate b4f4594bfeec464ba438f305a56fc106 in this term.
I20260710 11:04:13.782325 26714 catalog_manager.cc:5697] T a1b7ac4e52ad491892623281f1baa9ae P b4f4594bfeec464ba438f305a56fc106 reported cstate change: term changed from 0 to 1, leader changed from <none> to b4f4594bfeec464ba438f305a56fc106 (127.25.22.194). New cstate: current_term: 1 leader_uuid: "b4f4594bfeec464ba438f305a56fc106" committed_config { opid_index: -1 OBSOLETE_local: false peers { permanent_uuid: "7fef69e102144c029750d3813a8c71c8" member_type: VOTER last_known_addr { host: "127.25.22.193" port: 41197 } health_report { overall_health: UNKNOWN } } peers { permanent_uuid: "b4f4594bfeec464ba438f305a56fc106" member_type: VOTER last_known_addr { host: "127.25.22.194" port: 45659 } health_report { overall_health: HEALTHY } } peers { permanent_uuid: "2a9ef5d993c241e79ba41b5b634c62cd" member_type: VOTER last_known_addr { host: "127.25.22.195" port: 35327 } health_report { overall_health: UNKNOWN } } }
I20260710 11:04:13.800033 26718 catalog_manager.cc:5697] T 0a12e2de82874d5193ba12805040eba6 P 7fef69e102144c029750d3813a8c71c8 reported cstate change: term changed from 0 to 1, leader changed from <none> to 7fef69e102144c029750d3813a8c71c8 (127.25.22.193). New cstate: current_term: 1 leader_uuid: "7fef69e102144c029750d3813a8c71c8" committed_config { opid_index: -1 OBSOLETE_local: false peers { permanent_uuid: "7fef69e102144c029750d3813a8c71c8" member_type: VOTER last_known_addr { host: "127.25.22.193" port: 41197 } health_report { overall_health: HEALTHY } } peers { permanent_uuid: "b4f4594bfeec464ba438f305a56fc106" member_type: VOTER last_known_addr { host: "127.25.22.194" port: 45659 } health_report { overall_health: UNKNOWN } } peers { permanent_uuid: "2a9ef5d993c241e79ba41b5b634c62cd" member_type: VOTER last_known_addr { host: "127.25.22.195" port: 35327 } health_report { overall_health: UNKNOWN } } }
I20260710 11:04:13.998682 25691 file_cache.cc:504] Constructed file cache file cache with capacity 419430
W20260710 11:04:14.004794 27188 instance_detector.cc:116] could not retrieve AWS instance metadata: Network error: curl error: HTTP response code said error: The requested URL returned error: 404
W20260710 11:04:14.005669 27189 instance_detector.cc:116] could not retrieve Azure instance metadata: Network error: curl error: HTTP response code said error: The requested URL returned error: 404
W20260710 11:04:14.006697 27191 instance_detector.cc:116] could not retrieve OpenStack instance metadata: Network error: curl error: HTTP response code said error: The requested URL returned error: 404
I20260710 11:04:14.007931 25691 server_base.cc:1061] running on GCE node
I20260710 11:04:14.009086 25691 hybrid_clock.cc:584] initializing the hybrid clock with 'system_unsync' time source
W20260710 11:04:14.009357 25691 system_unsync_time.cc:38] NTP support is disabled. Clock error bounds will not be accurate. This configuration is not suitable for distributed clusters.
I20260710 11:04:14.009564 25691 hybrid_clock.cc:648] HybridClock initialized: now 1783681454009546 us; error 0 us; skew 500 ppm
I20260710 11:04:14.010320 25691 server_base.cc:861] Flag tcmalloc_max_total_thread_cache_bytes is not working since tcmalloc is not enabled.
I20260710 11:04:14.013144 25691 webserver.cc:533] Webserver started at http://127.25.22.196:42055/ using document root <none> and password file <none>
I20260710 11:04:14.013765 25691 fs_manager.cc:362] Metadata directory not provided
I20260710 11:04:14.014014 25691 fs_manager.cc:368] Using write-ahead log directory (fs_wal_dir) as metadata directory
I20260710 11:04:14.014341 25691 server_base.cc:909] This appears to be a new deployment of Kudu; creating new FS layout
I20260710 11:04:14.015789 25691 fs_manager.cc:1068] Generated new instance metadata in path /tmp/dist-test-taskFdbcJO/test-tmp/auto_leader_rebalancer-test.0.LeaderRebalancerTest.AddTserver.1783681425537796-25691-0/minicluster-data/ts-3-root/instance:
uuid: "afbd5170fd8640a297398cb5c295472e"
format_stamp: "Formatted at 2026-07-10 11:04:14 on dist-test-slave-s8c0"
I20260710 11:04:14.020694 25691 fs_manager.cc:696] Time spent creating directory manager: real 0.004s	user 0.000s	sys 0.004s
I20260710 11:04:14.024451 27196 log_block_manager.cc:4127] Time spent loading block containers with low live blocks: real 0.000s	user 0.000s	sys 0.000s
I20260710 11:04:14.025272 25691 fs_manager.cc:730] Time spent opening block manager: real 0.002s	user 0.004s	sys 0.000s
I20260710 11:04:14.025581 25691 fs_manager.cc:647] Opened local filesystem: /tmp/dist-test-taskFdbcJO/test-tmp/auto_leader_rebalancer-test.0.LeaderRebalancerTest.AddTserver.1783681425537796-25691-0/minicluster-data/ts-3-root
uuid: "afbd5170fd8640a297398cb5c295472e"
format_stamp: "Formatted at 2026-07-10 11:04:14 on dist-test-slave-s8c0"
I20260710 11:04:14.025871 25691 fs_report.cc:389] FS layout report
--------------------
wal directory: /tmp/dist-test-taskFdbcJO/test-tmp/auto_leader_rebalancer-test.0.LeaderRebalancerTest.AddTserver.1783681425537796-25691-0/minicluster-data/ts-3-root
metadata directory: /tmp/dist-test-taskFdbcJO/test-tmp/auto_leader_rebalancer-test.0.LeaderRebalancerTest.AddTserver.1783681425537796-25691-0/minicluster-data/ts-3-root
1 data directories: /tmp/dist-test-taskFdbcJO/test-tmp/auto_leader_rebalancer-test.0.LeaderRebalancerTest.AddTserver.1783681425537796-25691-0/minicluster-data/ts-3-root/data
Total live blocks: 0
Total live bytes: 0
Total live bytes (after alignment): 0
Total number of LBM containers: 0 (0 full)
Did not check for missing blocks
Did not check for orphaned blocks
Total full LBM containers with extra space: 0 (0 repaired)
Total full LBM container extra space in bytes: 0 (0 repaired)
Total incomplete LBM containers: 0 (0 repaired)
Total LBM partial records: 0 (0 repaired)
Total corrupted LBM metadata records in RocksDB: 0 (0 repaired)
I20260710 11:04:14.045218 25691 rpc_server.cc:225] running with OpenSSL 1.1.1  11 Sep 2018
I20260710 11:04:14.046823 25691 kserver.cc:163] Server-wide thread pool size limit: 3276
I20260710 11:04:14.048542 25691 txn_system_client.cc:432] TxnSystemClient initialization is disabled...
I20260710 11:04:14.051803 25691 ts_tablet_manager.cc:585] Loaded tablet metadata (0 total tablets, 0 live tablets)
I20260710 11:04:14.052109 25691 ts_tablet_manager.cc:531] Time spent load tablet metadata: real 0.000s	user 0.000s	sys 0.000s
I20260710 11:04:14.052439 25691 ts_tablet_manager.cc:616] Registered 0 tablets
I20260710 11:04:14.052582 25691 ts_tablet_manager.cc:595] Time spent register tablets: real 0.000s	user 0.000s	sys 0.000s
I20260710 11:04:14.124073 25691 rpc_server.cc:307] RPC server started. Bound to: 127.25.22.196:40907
I20260710 11:04:14.124155 27258 acceptor_pool.cc:272] collecting diagnostics on the listening RPC socket 127.25.22.196:40907 every 8 connection(s)
I20260710 11:04:14.128597 25691 auto_leader_rebalancer-test.cc:388] add a tserver: afbd5170fd8640a297398cb5c295472e
I20260710 11:04:14.147526 27259 heartbeater.cc:344] Connected to a master server at 127.25.22.254:41921
I20260710 11:04:14.148078 27259 heartbeater.cc:461] Registering TS with master...
I20260710 11:04:14.148947 27259 heartbeater.cc:507] Master 127.25.22.254:41921 requested a full tablet report, sending...
I20260710 11:04:14.151067 26714 ts_manager.cc:194] Registered new tserver with Master: afbd5170fd8640a297398cb5c295472e (127.25.22.196:40907)
