I20260710 11:04:14.152963 26714 master_service.cc:502] Signed X509 certificate for tserver {username='slave'} at 127.0.0.1:52408
I20260710 11:04:14.158337 27161 consensus_queue.cc:1048] T a1b7ac4e52ad491892623281f1baa9ae P b4f4594bfeec464ba438f305a56fc106 [LEADER]: Connected to new peer: Peer: permanent_uuid: "7fef69e102144c029750d3813a8c71c8" member_type: VOTER last_known_addr { host: "127.25.22.193" port: 41197 }, Status: LMP_MISMATCH, Last received: 0.0, Next index: 1, Last known committed idx: 0, Time since last communication: 0.000s
I20260710 11:04:14.167968 27162 consensus_queue.cc:1048] T a1b7ac4e52ad491892623281f1baa9ae P b4f4594bfeec464ba438f305a56fc106 [LEADER]: Connected to new peer: Peer: permanent_uuid: "2a9ef5d993c241e79ba41b5b634c62cd" member_type: VOTER last_known_addr { host: "127.25.22.195" port: 35327 }, Status: LMP_MISMATCH, Last received: 0.0, Next index: 1, Last known committed idx: 0, Time since last communication: 0.000s
I20260710 11:04:14.256721 27032 consensus_queue.cc:1048] T 0a12e2de82874d5193ba12805040eba6 P 7fef69e102144c029750d3813a8c71c8 [LEADER]: Connected to new peer: Peer: permanent_uuid: "2a9ef5d993c241e79ba41b5b634c62cd" member_type: VOTER last_known_addr { host: "127.25.22.195" port: 35327 }, Status: LMP_MISMATCH, Last received: 0.0, Next index: 1, Last known committed idx: 0, Time since last communication: 0.000s
I20260710 11:04:14.267441 27172 consensus_queue.cc:1048] T 0a12e2de82874d5193ba12805040eba6 P 7fef69e102144c029750d3813a8c71c8 [LEADER]: Connected to new peer: Peer: permanent_uuid: "b4f4594bfeec464ba438f305a56fc106" member_type: VOTER last_known_addr { host: "127.25.22.194" port: 45659 }, Status: LMP_MISMATCH, Last received: 0.0, Next index: 1, Last known committed idx: 0, Time since last communication: 0.000s
W20260710 11:04:14.516708 26841 debug-util.cc:398] Leaking SignalData structure 0x7b08000ec7e0 after lost signal to thread 25694
W20260710 11:04:14.518172 26841 debug-util.cc:398] Leaking SignalData structure 0x7b0800246be0 after lost signal to thread 26844
W20260710 11:04:14.519140 26841 debug-util.cc:398] Leaking SignalData structure 0x7b0800246380 after lost signal to thread 26919
W20260710 11:04:14.520144 26841 debug-util.cc:398] Leaking SignalData structure 0x7b0800225160 after lost signal to thread 26993
I20260710 11:04:15.012775 26966 consensus_queue.cc:237] T a4c38a73282e48f6b7b331c6bc6d96e7 P 2a9ef5d993c241e79ba41b5b634c62cd [LEADER]: Queue going to LEADER mode. State: All replicated index: 0, Majority replicated index: 1, Committed index: 1, Last appended: 1.1, Last appended by leader: 0, Current term: 1, Majority size: 2, State: 0, Mode: LEADER, active raft config: opid_index: 2 OBSOLETE_local: false peers { permanent_uuid: "7fef69e102144c029750d3813a8c71c8" member_type: VOTER last_known_addr { host: "127.25.22.193" port: 41197 } attrs { replace: true } } peers { permanent_uuid: "b4f4594bfeec464ba438f305a56fc106" member_type: VOTER last_known_addr { host: "127.25.22.194" port: 45659 } } peers { permanent_uuid: "2a9ef5d993c241e79ba41b5b634c62cd" member_type: VOTER last_known_addr { host: "127.25.22.195" port: 35327 } } peers { permanent_uuid: "afbd5170fd8640a297398cb5c295472e" member_type: NON_VOTER last_known_addr { host: "127.25.22.196" port: 40907 } attrs { promote: true } }
I20260710 11:04:15.020869 26893 raft_consensus.cc:1275] T a4c38a73282e48f6b7b331c6bc6d96e7 P b4f4594bfeec464ba438f305a56fc106 [term 1 FOLLOWER]: Refusing update from remote peer 2a9ef5d993c241e79ba41b5b634c62cd: Log matching property violated. Preceding OpId in replica: term: 1 index: 1. Preceding OpId from leader: term: 1 index: 2. (index mismatch)
I20260710 11:04:15.022538 26819 raft_consensus.cc:1275] T a4c38a73282e48f6b7b331c6bc6d96e7 P 7fef69e102144c029750d3813a8c71c8 [term 1 FOLLOWER]: Refusing update from remote peer 2a9ef5d993c241e79ba41b5b634c62cd: Log matching property violated. Preceding OpId in replica: term: 1 index: 1. Preceding OpId from leader: term: 1 index: 2. (index mismatch)
I20260710 11:04:15.024251 27018 consensus_queue.cc:1048] T a4c38a73282e48f6b7b331c6bc6d96e7 P 2a9ef5d993c241e79ba41b5b634c62cd [LEADER]: Connected to new peer: Peer: permanent_uuid: "b4f4594bfeec464ba438f305a56fc106" member_type: VOTER last_known_addr { host: "127.25.22.194" port: 45659 }, Status: LMP_MISMATCH, Last received: 0.0, Next index: 2, Last known committed idx: 1, Time since last communication: 0.000s
I20260710 11:04:15.027462 27272 consensus_queue.cc:1048] T a4c38a73282e48f6b7b331c6bc6d96e7 P 2a9ef5d993c241e79ba41b5b634c62cd [LEADER]: Connected to new peer: Peer: permanent_uuid: "7fef69e102144c029750d3813a8c71c8" member_type: VOTER last_known_addr { host: "127.25.22.193" port: 41197 } attrs { replace: true }, Status: LMP_MISMATCH, Last received: 0.0, Next index: 2, Last known committed idx: 1, Time since last communication: 0.001s
W20260710 11:04:15.049932 26933 consensus_peers.cc:597] T a4c38a73282e48f6b7b331c6bc6d96e7 P 2a9ef5d993c241e79ba41b5b634c62cd -> Peer afbd5170fd8640a297398cb5c295472e (127.25.22.196:40907): Couldn't send request to peer afbd5170fd8640a297398cb5c295472e. Error code: TABLET_NOT_FOUND (6). Status: Not found: Tablet not found: a4c38a73282e48f6b7b331c6bc6d96e7. This is attempt 1: this message will repeat every 5th retry.
I20260710 11:04:15.058851 27275 raft_consensus.cc:2955] T a4c38a73282e48f6b7b331c6bc6d96e7 P 2a9ef5d993c241e79ba41b5b634c62cd [term 1 LEADER]: Committing config change with OpId 1.2: config changed from index -1 to 2, NON_VOTER afbd5170fd8640a297398cb5c295472e (127.25.22.196) added. New config: { opid_index: 2 OBSOLETE_local: false peers { permanent_uuid: "7fef69e102144c029750d3813a8c71c8" member_type: VOTER last_known_addr { host: "127.25.22.193" port: 41197 } attrs { replace: true } } peers { permanent_uuid: "b4f4594bfeec464ba438f305a56fc106" member_type: VOTER last_known_addr { host: "127.25.22.194" port: 45659 } } peers { permanent_uuid: "2a9ef5d993c241e79ba41b5b634c62cd" member_type: VOTER last_known_addr { host: "127.25.22.195" port: 35327 } } peers { permanent_uuid: "afbd5170fd8640a297398cb5c295472e" member_type: NON_VOTER last_known_addr { host: "127.25.22.196" port: 40907 } attrs { promote: true } } }
I20260710 11:04:15.061291 26818 raft_consensus.cc:2955] T a4c38a73282e48f6b7b331c6bc6d96e7 P 7fef69e102144c029750d3813a8c71c8 [term 1 FOLLOWER]: Committing config change with OpId 1.2: config changed from index -1 to 2, NON_VOTER afbd5170fd8640a297398cb5c295472e (127.25.22.196) added. New config: { opid_index: 2 OBSOLETE_local: false peers { permanent_uuid: "7fef69e102144c029750d3813a8c71c8" member_type: VOTER last_known_addr { host: "127.25.22.193" port: 41197 } attrs { replace: true } } peers { permanent_uuid: "b4f4594bfeec464ba438f305a56fc106" member_type: VOTER last_known_addr { host: "127.25.22.194" port: 45659 } } peers { permanent_uuid: "2a9ef5d993c241e79ba41b5b634c62cd" member_type: VOTER last_known_addr { host: "127.25.22.195" port: 35327 } } peers { permanent_uuid: "afbd5170fd8640a297398cb5c295472e" member_type: NON_VOTER last_known_addr { host: "127.25.22.196" port: 40907 } attrs { promote: true } } }
I20260710 11:04:15.064229 26893 raft_consensus.cc:2955] T a4c38a73282e48f6b7b331c6bc6d96e7 P b4f4594bfeec464ba438f305a56fc106 [term 1 FOLLOWER]: Committing config change with OpId 1.2: config changed from index -1 to 2, NON_VOTER afbd5170fd8640a297398cb5c295472e (127.25.22.196) added. New config: { opid_index: 2 OBSOLETE_local: false peers { permanent_uuid: "7fef69e102144c029750d3813a8c71c8" member_type: VOTER last_known_addr { host: "127.25.22.193" port: 41197 } attrs { replace: true } } peers { permanent_uuid: "b4f4594bfeec464ba438f305a56fc106" member_type: VOTER last_known_addr { host: "127.25.22.194" port: 45659 } } peers { permanent_uuid: "2a9ef5d993c241e79ba41b5b634c62cd" member_type: VOTER last_known_addr { host: "127.25.22.195" port: 35327 } } peers { permanent_uuid: "afbd5170fd8640a297398cb5c295472e" member_type: NON_VOTER last_known_addr { host: "127.25.22.196" port: 40907 } attrs { promote: true } } }
I20260710 11:04:15.078627 26716 catalog_manager.cc:5697] T a4c38a73282e48f6b7b331c6bc6d96e7 P 2a9ef5d993c241e79ba41b5b634c62cd reported cstate change: config changed from index -1 to 2, NON_VOTER afbd5170fd8640a297398cb5c295472e (127.25.22.196) added. New cstate: current_term: 1 leader_uuid: "2a9ef5d993c241e79ba41b5b634c62cd" committed_config { opid_index: 2 OBSOLETE_local: false peers { permanent_uuid: "7fef69e102144c029750d3813a8c71c8" member_type: VOTER last_known_addr { host: "127.25.22.193" port: 41197 } attrs { replace: true } health_report { overall_health: HEALTHY } } peers { permanent_uuid: "b4f4594bfeec464ba438f305a56fc106" member_type: VOTER last_known_addr { host: "127.25.22.194" port: 45659 } health_report { overall_health: HEALTHY } } peers { permanent_uuid: "2a9ef5d993c241e79ba41b5b634c62cd" member_type: VOTER last_known_addr { host: "127.25.22.195" port: 35327 } health_report { overall_health: HEALTHY } } peers { permanent_uuid: "afbd5170fd8640a297398cb5c295472e" member_type: NON_VOTER last_known_addr { host: "127.25.22.196" port: 40907 } attrs { promote: true } health_report { overall_health: UNKNOWN } } }
I20260710 11:04:15.113214 26818 consensus_queue.cc:237] T 0af17f80b4fc42c19b176fadfe1e2cbe P 7fef69e102144c029750d3813a8c71c8 [LEADER]: Queue going to LEADER mode. State: All replicated index: 0, Majority replicated index: 1, Committed index: 1, Last appended: 1.1, Last appended by leader: 0, Current term: 1, Majority size: 2, State: 0, Mode: LEADER, active raft config: opid_index: 2 OBSOLETE_local: false peers { permanent_uuid: "7fef69e102144c029750d3813a8c71c8" member_type: VOTER last_known_addr { host: "127.25.22.193" port: 41197 } } peers { permanent_uuid: "b4f4594bfeec464ba438f305a56fc106" member_type: VOTER last_known_addr { host: "127.25.22.194" port: 45659 } } peers { permanent_uuid: "2a9ef5d993c241e79ba41b5b634c62cd" member_type: VOTER last_known_addr { host: "127.25.22.195" port: 35327 } attrs { replace: true } } peers { permanent_uuid: "afbd5170fd8640a297398cb5c295472e" member_type: NON_VOTER last_known_addr { host: "127.25.22.196" port: 40907 } attrs { promote: true } }
I20260710 11:04:15.124858 26966 raft_consensus.cc:1275] T 0af17f80b4fc42c19b176fadfe1e2cbe P 2a9ef5d993c241e79ba41b5b634c62cd [term 1 FOLLOWER]: Refusing update from remote peer 7fef69e102144c029750d3813a8c71c8: Log matching property violated. Preceding OpId in replica: term: 1 index: 1. Preceding OpId from leader: term: 1 index: 2. (index mismatch)
I20260710 11:04:15.124883 26893 raft_consensus.cc:1275] T 0af17f80b4fc42c19b176fadfe1e2cbe P b4f4594bfeec464ba438f305a56fc106 [term 1 FOLLOWER]: Refusing update from remote peer 7fef69e102144c029750d3813a8c71c8: Log matching property violated. Preceding OpId in replica: term: 1 index: 1. Preceding OpId from leader: term: 1 index: 2. (index mismatch)
I20260710 11:04:15.128225 27079 consensus_queue.cc:1048] T 0af17f80b4fc42c19b176fadfe1e2cbe P 7fef69e102144c029750d3813a8c71c8 [LEADER]: Connected to new peer: Peer: permanent_uuid: "2a9ef5d993c241e79ba41b5b634c62cd" member_type: VOTER last_known_addr { host: "127.25.22.195" port: 35327 } attrs { replace: true }, Status: LMP_MISMATCH, Last received: 0.0, Next index: 2, Last known committed idx: 1, Time since last communication: 0.000s
I20260710 11:04:15.129443 27172 consensus_queue.cc:1048] T 0af17f80b4fc42c19b176fadfe1e2cbe P 7fef69e102144c029750d3813a8c71c8 [LEADER]: Connected to new peer: Peer: permanent_uuid: "b4f4594bfeec464ba438f305a56fc106" member_type: VOTER last_known_addr { host: "127.25.22.194" port: 45659 }, Status: LMP_MISMATCH, Last received: 0.0, Next index: 2, Last known committed idx: 1, Time since last communication: 0.000s
I20260710 11:04:15.156232 27259 heartbeater.cc:499] Master 127.25.22.254:41921 was elected leader, sending a full tablet report...
I20260710 11:04:15.171048 27268 raft_consensus.cc:2955] T 0af17f80b4fc42c19b176fadfe1e2cbe P 7fef69e102144c029750d3813a8c71c8 [term 1 LEADER]: Committing config change with OpId 1.2: config changed from index -1 to 2, NON_VOTER afbd5170fd8640a297398cb5c295472e (127.25.22.196) added. New config: { opid_index: 2 OBSOLETE_local: false peers { permanent_uuid: "7fef69e102144c029750d3813a8c71c8" member_type: VOTER last_known_addr { host: "127.25.22.193" port: 41197 } } peers { permanent_uuid: "b4f4594bfeec464ba438f305a56fc106" member_type: VOTER last_known_addr { host: "127.25.22.194" port: 45659 } } peers { permanent_uuid: "2a9ef5d993c241e79ba41b5b634c62cd" member_type: VOTER last_known_addr { host: "127.25.22.195" port: 35327 } attrs { replace: true } } peers { permanent_uuid: "afbd5170fd8640a297398cb5c295472e" member_type: NON_VOTER last_known_addr { host: "127.25.22.196" port: 40907 } attrs { promote: true } } }
I20260710 11:04:15.179174 26893 raft_consensus.cc:2955] T 0af17f80b4fc42c19b176fadfe1e2cbe P b4f4594bfeec464ba438f305a56fc106 [term 1 FOLLOWER]: Committing config change with OpId 1.2: config changed from index -1 to 2, NON_VOTER afbd5170fd8640a297398cb5c295472e (127.25.22.196) added. New config: { opid_index: 2 OBSOLETE_local: false peers { permanent_uuid: "7fef69e102144c029750d3813a8c71c8" member_type: VOTER last_known_addr { host: "127.25.22.193" port: 41197 } } peers { permanent_uuid: "b4f4594bfeec464ba438f305a56fc106" member_type: VOTER last_known_addr { host: "127.25.22.194" port: 45659 } } peers { permanent_uuid: "2a9ef5d993c241e79ba41b5b634c62cd" member_type: VOTER last_known_addr { host: "127.25.22.195" port: 35327 } attrs { replace: true } } peers { permanent_uuid: "afbd5170fd8640a297398cb5c295472e" member_type: NON_VOTER last_known_addr { host: "127.25.22.196" port: 40907 } attrs { promote: true } } }
W20260710 11:04:15.188308 26784 consensus_peers.cc:597] T 0af17f80b4fc42c19b176fadfe1e2cbe P 7fef69e102144c029750d3813a8c71c8 -> Peer afbd5170fd8640a297398cb5c295472e (127.25.22.196:40907): Couldn't send request to peer afbd5170fd8640a297398cb5c295472e. Error code: TABLET_NOT_FOUND (6). Status: Not found: Tablet not found: 0af17f80b4fc42c19b176fadfe1e2cbe. This is attempt 1: this message will repeat every 5th retry.
I20260710 11:04:15.203290 26818 consensus_queue.cc:237] T c2760a09b8724e9b841d7b43c9bf47a8 P 7fef69e102144c029750d3813a8c71c8 [LEADER]: Queue going to LEADER mode. State: All replicated index: 0, Majority replicated index: 1, Committed index: 1, Last appended: 1.1, Last appended by leader: 0, Current term: 1, Majority size: 2, State: 0, Mode: LEADER, active raft config: opid_index: 2 OBSOLETE_local: false peers { permanent_uuid: "7fef69e102144c029750d3813a8c71c8" member_type: VOTER last_known_addr { host: "127.25.22.193" port: 41197 } } peers { permanent_uuid: "b4f4594bfeec464ba438f305a56fc106" member_type: VOTER last_known_addr { host: "127.25.22.194" port: 45659 } attrs { replace: true } } peers { permanent_uuid: "2a9ef5d993c241e79ba41b5b634c62cd" member_type: VOTER last_known_addr { host: "127.25.22.195" port: 35327 } } peers { permanent_uuid: "afbd5170fd8640a297398cb5c295472e" member_type: NON_VOTER last_known_addr { host: "127.25.22.196" port: 40907 } attrs { promote: true } }
I20260710 11:04:15.203984 26714 catalog_manager.cc:5697] T 0af17f80b4fc42c19b176fadfe1e2cbe P 7fef69e102144c029750d3813a8c71c8 reported cstate change: config changed from index -1 to 2, NON_VOTER afbd5170fd8640a297398cb5c295472e (127.25.22.196) added. New cstate: current_term: 1 leader_uuid: "7fef69e102144c029750d3813a8c71c8" committed_config { opid_index: 2 OBSOLETE_local: false peers { permanent_uuid: "7fef69e102144c029750d3813a8c71c8" member_type: VOTER last_known_addr { host: "127.25.22.193" port: 41197 } health_report { overall_health: HEALTHY } } peers { permanent_uuid: "b4f4594bfeec464ba438f305a56fc106" member_type: VOTER last_known_addr { host: "127.25.22.194" port: 45659 } health_report { overall_health: HEALTHY } } peers { permanent_uuid: "2a9ef5d993c241e79ba41b5b634c62cd" member_type: VOTER last_known_addr { host: "127.25.22.195" port: 35327 } attrs { replace: true } health_report { overall_health: UNKNOWN } } peers { permanent_uuid: "afbd5170fd8640a297398cb5c295472e" member_type: NON_VOTER last_known_addr { host: "127.25.22.196" port: 40907 } attrs { promote: true } health_report { overall_health: UNKNOWN } } }
I20260710 11:04:15.223829 26966 raft_consensus.cc:2955] T 0af17f80b4fc42c19b176fadfe1e2cbe P 2a9ef5d993c241e79ba41b5b634c62cd [term 1 FOLLOWER]: Committing config change with OpId 1.2: config changed from index -1 to 2, NON_VOTER afbd5170fd8640a297398cb5c295472e (127.25.22.196) added. New config: { opid_index: 2 OBSOLETE_local: false peers { permanent_uuid: "7fef69e102144c029750d3813a8c71c8" member_type: VOTER last_known_addr { host: "127.25.22.193" port: 41197 } } peers { permanent_uuid: "b4f4594bfeec464ba438f305a56fc106" member_type: VOTER last_known_addr { host: "127.25.22.194" port: 45659 } } peers { permanent_uuid: "2a9ef5d993c241e79ba41b5b634c62cd" member_type: VOTER last_known_addr { host: "127.25.22.195" port: 35327 } attrs { replace: true } } peers { permanent_uuid: "afbd5170fd8640a297398cb5c295472e" member_type: NON_VOTER last_known_addr { host: "127.25.22.196" port: 40907 } attrs { promote: true } } }
W20260710 11:04:15.240036 26784 consensus_peers.cc:597] T c2760a09b8724e9b841d7b43c9bf47a8 P 7fef69e102144c029750d3813a8c71c8 -> Peer afbd5170fd8640a297398cb5c295472e (127.25.22.196:40907): Couldn't send request to peer afbd5170fd8640a297398cb5c295472e. Error code: TABLET_NOT_FOUND (6). Status: Not found: Tablet not found: c2760a09b8724e9b841d7b43c9bf47a8. This is attempt 1: this message will repeat every 5th retry.
I20260710 11:04:15.246824 26966 raft_consensus.cc:1275] T c2760a09b8724e9b841d7b43c9bf47a8 P 2a9ef5d993c241e79ba41b5b634c62cd [term 1 FOLLOWER]: Refusing update from remote peer 7fef69e102144c029750d3813a8c71c8: Log matching property violated. Preceding OpId in replica: term: 1 index: 1. Preceding OpId from leader: term: 1 index: 2. (index mismatch)
I20260710 11:04:15.248620 27172 consensus_queue.cc:1048] T c2760a09b8724e9b841d7b43c9bf47a8 P 7fef69e102144c029750d3813a8c71c8 [LEADER]: Connected to new peer: Peer: permanent_uuid: "2a9ef5d993c241e79ba41b5b634c62cd" member_type: VOTER last_known_addr { host: "127.25.22.195" port: 35327 }, Status: LMP_MISMATCH, Last received: 0.0, Next index: 2, Last known committed idx: 1, Time since last communication: 0.000s
I20260710 11:04:15.254138 26893 raft_consensus.cc:1275] T c2760a09b8724e9b841d7b43c9bf47a8 P b4f4594bfeec464ba438f305a56fc106 [term 1 FOLLOWER]: Refusing update from remote peer 7fef69e102144c029750d3813a8c71c8: Log matching property violated. Preceding OpId in replica: term: 1 index: 1. Preceding OpId from leader: term: 1 index: 2. (index mismatch)
I20260710 11:04:15.255488 27079 consensus_queue.cc:1048] T c2760a09b8724e9b841d7b43c9bf47a8 P 7fef69e102144c029750d3813a8c71c8 [LEADER]: Connected to new peer: Peer: permanent_uuid: "b4f4594bfeec464ba438f305a56fc106" member_type: VOTER last_known_addr { host: "127.25.22.194" port: 45659 } attrs { replace: true }, Status: LMP_MISMATCH, Last received: 0.0, Next index: 2, Last known committed idx: 1, Time since last communication: 0.000s
I20260710 11:04:15.265583 27172 raft_consensus.cc:2955] T c2760a09b8724e9b841d7b43c9bf47a8 P 7fef69e102144c029750d3813a8c71c8 [term 1 LEADER]: Committing config change with OpId 1.2: config changed from index -1 to 2, NON_VOTER afbd5170fd8640a297398cb5c295472e (127.25.22.196) added. New config: { opid_index: 2 OBSOLETE_local: false peers { permanent_uuid: "7fef69e102144c029750d3813a8c71c8" member_type: VOTER last_known_addr { host: "127.25.22.193" port: 41197 } } peers { permanent_uuid: "b4f4594bfeec464ba438f305a56fc106" member_type: VOTER last_known_addr { host: "127.25.22.194" port: 45659 } attrs { replace: true } } peers { permanent_uuid: "2a9ef5d993c241e79ba41b5b634c62cd" member_type: VOTER last_known_addr { host: "127.25.22.195" port: 35327 } } peers { permanent_uuid: "afbd5170fd8640a297398cb5c295472e" member_type: NON_VOTER last_known_addr { host: "127.25.22.196" port: 40907 } attrs { promote: true } } }
I20260710 11:04:15.269039 26893 raft_consensus.cc:2955] T c2760a09b8724e9b841d7b43c9bf47a8 P b4f4594bfeec464ba438f305a56fc106 [term 1 FOLLOWER]: Committing config change with OpId 1.2: config changed from index -1 to 2, NON_VOTER afbd5170fd8640a297398cb5c295472e (127.25.22.196) added. New config: { opid_index: 2 OBSOLETE_local: false peers { permanent_uuid: "7fef69e102144c029750d3813a8c71c8" member_type: VOTER last_known_addr { host: "127.25.22.193" port: 41197 } } peers { permanent_uuid: "b4f4594bfeec464ba438f305a56fc106" member_type: VOTER last_known_addr { host: "127.25.22.194" port: 45659 } attrs { replace: true } } peers { permanent_uuid: "2a9ef5d993c241e79ba41b5b634c62cd" member_type: VOTER last_known_addr { host: "127.25.22.195" port: 35327 } } peers { permanent_uuid: "afbd5170fd8640a297398cb5c295472e" member_type: NON_VOTER last_known_addr { host: "127.25.22.196" port: 40907 } attrs { promote: true } } }
I20260710 11:04:15.281790 26967 raft_consensus.cc:2955] T c2760a09b8724e9b841d7b43c9bf47a8 P 2a9ef5d993c241e79ba41b5b634c62cd [term 1 FOLLOWER]: Committing config change with OpId 1.2: config changed from index -1 to 2, NON_VOTER afbd5170fd8640a297398cb5c295472e (127.25.22.196) added. New config: { opid_index: 2 OBSOLETE_local: false peers { permanent_uuid: "7fef69e102144c029750d3813a8c71c8" member_type: VOTER last_known_addr { host: "127.25.22.193" port: 41197 } } peers { permanent_uuid: "b4f4594bfeec464ba438f305a56fc106" member_type: VOTER last_known_addr { host: "127.25.22.194" port: 45659 } attrs { replace: true } } peers { permanent_uuid: "2a9ef5d993c241e79ba41b5b634c62cd" member_type: VOTER last_known_addr { host: "127.25.22.195" port: 35327 } } peers { permanent_uuid: "afbd5170fd8640a297398cb5c295472e" member_type: NON_VOTER last_known_addr { host: "127.25.22.196" port: 40907 } attrs { promote: true } } }
I20260710 11:04:15.287760 26716 catalog_manager.cc:5697] T c2760a09b8724e9b841d7b43c9bf47a8 P b4f4594bfeec464ba438f305a56fc106 reported cstate change: config changed from index -1 to 2, NON_VOTER afbd5170fd8640a297398cb5c295472e (127.25.22.196) added. New cstate: current_term: 1 leader_uuid: "7fef69e102144c029750d3813a8c71c8" committed_config { opid_index: 2 OBSOLETE_local: false peers { permanent_uuid: "7fef69e102144c029750d3813a8c71c8" member_type: VOTER last_known_addr { host: "127.25.22.193" port: 41197 } } peers { permanent_uuid: "b4f4594bfeec464ba438f305a56fc106" member_type: VOTER last_known_addr { host: "127.25.22.194" port: 45659 } attrs { replace: true } } peers { permanent_uuid: "2a9ef5d993c241e79ba41b5b634c62cd" member_type: VOTER last_known_addr { host: "127.25.22.195" port: 35327 } } peers { permanent_uuid: "afbd5170fd8640a297398cb5c295472e" member_type: NON_VOTER last_known_addr { host: "127.25.22.196" port: 40907 } attrs { promote: true } } }
I20260710 11:04:15.311389 26893 consensus_queue.cc:237] T f962b55cd65e4001b90de708502bbc9e P b4f4594bfeec464ba438f305a56fc106 [LEADER]: Queue going to LEADER mode. State: All replicated index: 0, Majority replicated index: 1, Committed index: 1, Last appended: 1.1, Last appended by leader: 0, Current term: 1, Majority size: 2, State: 0, Mode: LEADER, active raft config: opid_index: 2 OBSOLETE_local: false peers { permanent_uuid: "7fef69e102144c029750d3813a8c71c8" member_type: VOTER last_known_addr { host: "127.25.22.193" port: 41197 } attrs { replace: true } } peers { permanent_uuid: "b4f4594bfeec464ba438f305a56fc106" member_type: VOTER last_known_addr { host: "127.25.22.194" port: 45659 } } peers { permanent_uuid: "2a9ef5d993c241e79ba41b5b634c62cd" member_type: VOTER last_known_addr { host: "127.25.22.195" port: 35327 } } peers { permanent_uuid: "afbd5170fd8640a297398cb5c295472e" member_type: NON_VOTER last_known_addr { host: "127.25.22.196" port: 40907 } attrs { promote: true } }
I20260710 11:04:15.321218 26967 raft_consensus.cc:1275] T f962b55cd65e4001b90de708502bbc9e P 2a9ef5d993c241e79ba41b5b634c62cd [term 1 FOLLOWER]: Refusing update from remote peer b4f4594bfeec464ba438f305a56fc106: Log matching property violated. Preceding OpId in replica: term: 1 index: 1. Preceding OpId from leader: term: 1 index: 2. (index mismatch)
I20260710 11:04:15.322981 26818 raft_consensus.cc:1275] T f962b55cd65e4001b90de708502bbc9e P 7fef69e102144c029750d3813a8c71c8 [term 1 FOLLOWER]: Refusing update from remote peer b4f4594bfeec464ba438f305a56fc106: Log matching property violated. Preceding OpId in replica: term: 1 index: 1. Preceding OpId from leader: term: 1 index: 2. (index mismatch)
I20260710 11:04:15.323076 27039 consensus_queue.cc:1048] T f962b55cd65e4001b90de708502bbc9e P b4f4594bfeec464ba438f305a56fc106 [LEADER]: Connected to new peer: Peer: permanent_uuid: "2a9ef5d993c241e79ba41b5b634c62cd" member_type: VOTER last_known_addr { host: "127.25.22.195" port: 35327 }, Status: LMP_MISMATCH, Last received: 0.0, Next index: 2, Last known committed idx: 1, Time since last communication: 0.001s
I20260710 11:04:15.324692 27162 consensus_queue.cc:1048] T f962b55cd65e4001b90de708502bbc9e P b4f4594bfeec464ba438f305a56fc106 [LEADER]: Connected to new peer: Peer: permanent_uuid: "7fef69e102144c029750d3813a8c71c8" member_type: VOTER last_known_addr { host: "127.25.22.193" port: 41197 } attrs { replace: true }, Status: LMP_MISMATCH, Last received: 0.0, Next index: 2, Last known committed idx: 1, Time since last communication: 0.000s
W20260710 11:04:15.329499 26859 consensus_peers.cc:597] T f962b55cd65e4001b90de708502bbc9e P b4f4594bfeec464ba438f305a56fc106 -> Peer afbd5170fd8640a297398cb5c295472e (127.25.22.196:40907): Couldn't send request to peer afbd5170fd8640a297398cb5c295472e. Error code: TABLET_NOT_FOUND (6). Status: Not found: Tablet not found: f962b55cd65e4001b90de708502bbc9e. This is attempt 1: this message will repeat every 5th retry.
I20260710 11:04:15.336737 27162 raft_consensus.cc:2955] T f962b55cd65e4001b90de708502bbc9e P b4f4594bfeec464ba438f305a56fc106 [term 1 LEADER]: Committing config change with OpId 1.2: config changed from index -1 to 2, NON_VOTER afbd5170fd8640a297398cb5c295472e (127.25.22.196) added. New config: { opid_index: 2 OBSOLETE_local: false peers { permanent_uuid: "7fef69e102144c029750d3813a8c71c8" member_type: VOTER last_known_addr { host: "127.25.22.193" port: 41197 } attrs { replace: true } } peers { permanent_uuid: "b4f4594bfeec464ba438f305a56fc106" member_type: VOTER last_known_addr { host: "127.25.22.194" port: 45659 } } peers { permanent_uuid: "2a9ef5d993c241e79ba41b5b634c62cd" member_type: VOTER last_known_addr { host: "127.25.22.195" port: 35327 } } peers { permanent_uuid: "afbd5170fd8640a297398cb5c295472e" member_type: NON_VOTER last_known_addr { host: "127.25.22.196" port: 40907 } attrs { promote: true } } }
I20260710 11:04:15.339314 26967 raft_consensus.cc:2955] T f962b55cd65e4001b90de708502bbc9e P 2a9ef5d993c241e79ba41b5b634c62cd [term 1 FOLLOWER]: Committing config change with OpId 1.2: config changed from index -1 to 2, NON_VOTER afbd5170fd8640a297398cb5c295472e (127.25.22.196) added. New config: { opid_index: 2 OBSOLETE_local: false peers { permanent_uuid: "7fef69e102144c029750d3813a8c71c8" member_type: VOTER last_known_addr { host: "127.25.22.193" port: 41197 } attrs { replace: true } } peers { permanent_uuid: "b4f4594bfeec464ba438f305a56fc106" member_type: VOTER last_known_addr { host: "127.25.22.194" port: 45659 } } peers { permanent_uuid: "2a9ef5d993c241e79ba41b5b634c62cd" member_type: VOTER last_known_addr { host: "127.25.22.195" port: 35327 } } peers { permanent_uuid: "afbd5170fd8640a297398cb5c295472e" member_type: NON_VOTER last_known_addr { host: "127.25.22.196" port: 40907 } attrs { promote: true } } }
I20260710 11:04:15.354789 26818 raft_consensus.cc:2955] T f962b55cd65e4001b90de708502bbc9e P 7fef69e102144c029750d3813a8c71c8 [term 1 FOLLOWER]: Committing config change with OpId 1.2: config changed from index -1 to 2, NON_VOTER afbd5170fd8640a297398cb5c295472e (127.25.22.196) added. New config: { opid_index: 2 OBSOLETE_local: false peers { permanent_uuid: "7fef69e102144c029750d3813a8c71c8" member_type: VOTER last_known_addr { host: "127.25.22.193" port: 41197 } attrs { replace: true } } peers { permanent_uuid: "b4f4594bfeec464ba438f305a56fc106" member_type: VOTER last_known_addr { host: "127.25.22.194" port: 45659 } } peers { permanent_uuid: "2a9ef5d993c241e79ba41b5b634c62cd" member_type: VOTER last_known_addr { host: "127.25.22.195" port: 35327 } } peers { permanent_uuid: "afbd5170fd8640a297398cb5c295472e" member_type: NON_VOTER last_known_addr { host: "127.25.22.196" port: 40907 } attrs { promote: true } } }
I20260710 11:04:15.361546 26718 catalog_manager.cc:5697] T f962b55cd65e4001b90de708502bbc9e P 2a9ef5d993c241e79ba41b5b634c62cd reported cstate change: config changed from index -1 to 2, NON_VOTER afbd5170fd8640a297398cb5c295472e (127.25.22.196) added. New cstate: current_term: 1 leader_uuid: "b4f4594bfeec464ba438f305a56fc106" committed_config { opid_index: 2 OBSOLETE_local: false peers { permanent_uuid: "7fef69e102144c029750d3813a8c71c8" member_type: VOTER last_known_addr { host: "127.25.22.193" port: 41197 } attrs { replace: true } } peers { permanent_uuid: "b4f4594bfeec464ba438f305a56fc106" member_type: VOTER last_known_addr { host: "127.25.22.194" port: 45659 } } peers { permanent_uuid: "2a9ef5d993c241e79ba41b5b634c62cd" member_type: VOTER last_known_addr { host: "127.25.22.195" port: 35327 } } peers { permanent_uuid: "afbd5170fd8640a297398cb5c295472e" member_type: NON_VOTER last_known_addr { host: "127.25.22.196" port: 40907 } attrs { promote: true } } }
I20260710 11:04:15.553855 27297 ts_tablet_manager.cc:933] T a4c38a73282e48f6b7b331c6bc6d96e7 P afbd5170fd8640a297398cb5c295472e: Initiating tablet copy from peer 2a9ef5d993c241e79ba41b5b634c62cd (127.25.22.195:35327)
I20260710 11:04:15.555794 27297 tablet_copy_client.cc:323] T a4c38a73282e48f6b7b331c6bc6d96e7 P afbd5170fd8640a297398cb5c295472e: tablet copy: Beginning tablet copy session from remote peer at address 127.25.22.195:35327
I20260710 11:04:15.582679 26979 tablet_copy_service.cc:140] P 2a9ef5d993c241e79ba41b5b634c62cd: Received BeginTabletCopySession request for tablet a4c38a73282e48f6b7b331c6bc6d96e7 from peer afbd5170fd8640a297398cb5c295472e ({username='slave'} at 127.0.0.1:34076)
I20260710 11:04:15.583254 26979 tablet_copy_service.cc:161] P 2a9ef5d993c241e79ba41b5b634c62cd: Beginning new tablet copy session on tablet a4c38a73282e48f6b7b331c6bc6d96e7 from peer afbd5170fd8640a297398cb5c295472e at {username='slave'} at 127.0.0.1:34076: session id = afbd5170fd8640a297398cb5c295472e-a4c38a73282e48f6b7b331c6bc6d96e7
I20260710 11:04:15.588632 26979 tablet_copy_source_session.cc:215] T a4c38a73282e48f6b7b331c6bc6d96e7 P 2a9ef5d993c241e79ba41b5b634c62cd: Tablet Copy: opened 0 blocks and 1 log segments
I20260710 11:04:15.591918 27297 data_dirs.cc:400] Could only allocate 1 dirs of requested 3 for tablet a4c38a73282e48f6b7b331c6bc6d96e7. 1 dirs total, 0 dirs full, 0 dirs failed
I20260710 11:04:15.605751 27297 tablet_copy_client.cc:806] T a4c38a73282e48f6b7b331c6bc6d96e7 P afbd5170fd8640a297398cb5c295472e: tablet copy: Starting download of 0 data blocks...
I20260710 11:04:15.606518 27297 tablet_copy_client.cc:670] T a4c38a73282e48f6b7b331c6bc6d96e7 P afbd5170fd8640a297398cb5c295472e: tablet copy: Starting download of 1 WAL segments...
I20260710 11:04:15.611850 27297 tablet_copy_client.cc:538] T a4c38a73282e48f6b7b331c6bc6d96e7 P afbd5170fd8640a297398cb5c295472e: tablet copy: Tablet Copy complete. Replacing tablet superblock.
I20260710 11:04:15.620013 27297 tablet_bootstrap.cc:492] T a4c38a73282e48f6b7b331c6bc6d96e7 P afbd5170fd8640a297398cb5c295472e: Bootstrap starting.
I20260710 11:04:15.638876 27297 tablet_bootstrap.cc:492] T a4c38a73282e48f6b7b331c6bc6d96e7 P afbd5170fd8640a297398cb5c295472e: Bootstrap replayed 1/1 log segments. Stats: ops{read=2 overwritten=0 applied=2 ignored=0} inserts{seen=0 ignored=0} mutations{seen=0 ignored=0} orphaned_commits=0. Pending: 0 replicates
I20260710 11:04:15.640026 27297 tablet_bootstrap.cc:492] T a4c38a73282e48f6b7b331c6bc6d96e7 P afbd5170fd8640a297398cb5c295472e: Bootstrap complete.
I20260710 11:04:15.642334 27297 ts_tablet_manager.cc:1403] T a4c38a73282e48f6b7b331c6bc6d96e7 P afbd5170fd8640a297398cb5c295472e: Time spent bootstrapping tablet: real 0.023s	user 0.009s	sys 0.011s
I20260710 11:04:15.644932 27297 raft_consensus.cc:359] T a4c38a73282e48f6b7b331c6bc6d96e7 P afbd5170fd8640a297398cb5c295472e [term 1 LEARNER]: Replica starting. Triggering 0 pending ops. Active config: opid_index: 2 OBSOLETE_local: false peers { permanent_uuid: "7fef69e102144c029750d3813a8c71c8" member_type: VOTER last_known_addr { host: "127.25.22.193" port: 41197 } attrs { replace: true } } peers { permanent_uuid: "b4f4594bfeec464ba438f305a56fc106" member_type: VOTER last_known_addr { host: "127.25.22.194" port: 45659 } } peers { permanent_uuid: "2a9ef5d993c241e79ba41b5b634c62cd" member_type: VOTER last_known_addr { host: "127.25.22.195" port: 35327 } } peers { permanent_uuid: "afbd5170fd8640a297398cb5c295472e" member_type: NON_VOTER last_known_addr { host: "127.25.22.196" port: 40907 } attrs { promote: true } }
I20260710 11:04:15.645932 27297 raft_consensus.cc:740] T a4c38a73282e48f6b7b331c6bc6d96e7 P afbd5170fd8640a297398cb5c295472e [term 1 LEARNER]: Becoming Follower/Learner. State: Replica: afbd5170fd8640a297398cb5c295472e, State: Initialized, Role: LEARNER
I20260710 11:04:15.646528 27297 consensus_queue.cc:260] T a4c38a73282e48f6b7b331c6bc6d96e7 P afbd5170fd8640a297398cb5c295472e [NON_LEADER]: Queue going to NON_LEADER mode. State: All replicated index: 0, Majority replicated index: 0, Committed index: 2, Last appended: 1.2, Last appended by leader: 2, Current term: 0, Majority size: -1, State: 0, Mode: NON_LEADER, active raft config: opid_index: 2 OBSOLETE_local: false peers { permanent_uuid: "7fef69e102144c029750d3813a8c71c8" member_type: VOTER last_known_addr { host: "127.25.22.193" port: 41197 } attrs { replace: true } } peers { permanent_uuid: "b4f4594bfeec464ba438f305a56fc106" member_type: VOTER last_known_addr { host: "127.25.22.194" port: 45659 } } peers { permanent_uuid: "2a9ef5d993c241e79ba41b5b634c62cd" member_type: VOTER last_known_addr { host: "127.25.22.195" port: 35327 } } peers { permanent_uuid: "afbd5170fd8640a297398cb5c295472e" member_type: NON_VOTER last_known_addr { host: "127.25.22.196" port: 40907 } attrs { promote: true } }
I20260710 11:04:15.649137 27297 ts_tablet_manager.cc:1434] T a4c38a73282e48f6b7b331c6bc6d96e7 P afbd5170fd8640a297398cb5c295472e: Time spent starting tablet: real 0.006s	user 0.006s	sys 0.000s
I20260710 11:04:15.650981 26979 tablet_copy_service.cc:342] P 2a9ef5d993c241e79ba41b5b634c62cd: Request end of tablet copy session afbd5170fd8640a297398cb5c295472e-a4c38a73282e48f6b7b331c6bc6d96e7 received from {username='slave'} at 127.0.0.1:34076
I20260710 11:04:15.651425 26979 tablet_copy_service.cc:434] P 2a9ef5d993c241e79ba41b5b634c62cd: ending tablet copy session afbd5170fd8640a297398cb5c295472e-a4c38a73282e48f6b7b331c6bc6d96e7 on tablet a4c38a73282e48f6b7b331c6bc6d96e7 with peer afbd5170fd8640a297398cb5c295472e
I20260710 11:04:15.676837 27297 ts_tablet_manager.cc:933] T 0af17f80b4fc42c19b176fadfe1e2cbe P afbd5170fd8640a297398cb5c295472e: Initiating tablet copy from peer 7fef69e102144c029750d3813a8c71c8 (127.25.22.193:41197)
I20260710 11:04:15.678397 27297 tablet_copy_client.cc:323] T 0af17f80b4fc42c19b176fadfe1e2cbe P afbd5170fd8640a297398cb5c295472e: tablet copy: Beginning tablet copy session from remote peer at address 127.25.22.193:41197
I20260710 11:04:15.708793 26830 tablet_copy_service.cc:140] P 7fef69e102144c029750d3813a8c71c8: Received BeginTabletCopySession request for tablet 0af17f80b4fc42c19b176fadfe1e2cbe from peer afbd5170fd8640a297398cb5c295472e ({username='slave'} at 127.0.0.1:48808)
I20260710 11:04:15.709363 26830 tablet_copy_service.cc:161] P 7fef69e102144c029750d3813a8c71c8: Beginning new tablet copy session on tablet 0af17f80b4fc42c19b176fadfe1e2cbe from peer afbd5170fd8640a297398cb5c295472e at {username='slave'} at 127.0.0.1:48808: session id = afbd5170fd8640a297398cb5c295472e-0af17f80b4fc42c19b176fadfe1e2cbe
I20260710 11:04:15.716166 26830 tablet_copy_source_session.cc:215] T 0af17f80b4fc42c19b176fadfe1e2cbe P 7fef69e102144c029750d3813a8c71c8: Tablet Copy: opened 0 blocks and 1 log segments
I20260710 11:04:15.719105 27297 data_dirs.cc:400] Could only allocate 1 dirs of requested 3 for tablet 0af17f80b4fc42c19b176fadfe1e2cbe. 1 dirs total, 0 dirs full, 0 dirs failed
I20260710 11:04:15.737915 27305 ts_tablet_manager.cc:933] T c2760a09b8724e9b841d7b43c9bf47a8 P afbd5170fd8640a297398cb5c295472e: Initiating tablet copy from peer 7fef69e102144c029750d3813a8c71c8 (127.25.22.193:41197)
I20260710 11:04:15.759204 27305 tablet_copy_client.cc:323] T c2760a09b8724e9b841d7b43c9bf47a8 P afbd5170fd8640a297398cb5c295472e: tablet copy: Beginning tablet copy session from remote peer at address 127.25.22.193:41197
I20260710 11:04:15.761418 26830 tablet_copy_service.cc:140] P 7fef69e102144c029750d3813a8c71c8: Received BeginTabletCopySession request for tablet c2760a09b8724e9b841d7b43c9bf47a8 from peer afbd5170fd8640a297398cb5c295472e ({username='slave'} at 127.0.0.1:48808)
I20260710 11:04:15.761886 26830 tablet_copy_service.cc:161] P 7fef69e102144c029750d3813a8c71c8: Beginning new tablet copy session on tablet c2760a09b8724e9b841d7b43c9bf47a8 from peer afbd5170fd8640a297398cb5c295472e at {username='slave'} at 127.0.0.1:48808: session id = afbd5170fd8640a297398cb5c295472e-c2760a09b8724e9b841d7b43c9bf47a8
I20260710 11:04:15.771003 27297 tablet_copy_client.cc:806] T 0af17f80b4fc42c19b176fadfe1e2cbe P afbd5170fd8640a297398cb5c295472e: tablet copy: Starting download of 0 data blocks...
I20260710 11:04:15.771667 27297 tablet_copy_client.cc:670] T 0af17f80b4fc42c19b176fadfe1e2cbe P afbd5170fd8640a297398cb5c295472e: tablet copy: Starting download of 1 WAL segments...
I20260710 11:04:15.768030 26830 tablet_copy_source_session.cc:215] T c2760a09b8724e9b841d7b43c9bf47a8 P 7fef69e102144c029750d3813a8c71c8: Tablet Copy: opened 0 blocks and 1 log segments
I20260710 11:04:15.775646 27305 data_dirs.cc:400] Could only allocate 1 dirs of requested 3 for tablet c2760a09b8724e9b841d7b43c9bf47a8. 1 dirs total, 0 dirs full, 0 dirs failed
I20260710 11:04:15.776799 27297 tablet_copy_client.cc:538] T 0af17f80b4fc42c19b176fadfe1e2cbe P afbd5170fd8640a297398cb5c295472e: tablet copy: Tablet Copy complete. Replacing tablet superblock.
I20260710 11:04:15.785104 27297 tablet_bootstrap.cc:492] T 0af17f80b4fc42c19b176fadfe1e2cbe P afbd5170fd8640a297398cb5c295472e: Bootstrap starting.
I20260710 11:04:15.794616 27305 tablet_copy_client.cc:806] T c2760a09b8724e9b841d7b43c9bf47a8 P afbd5170fd8640a297398cb5c295472e: tablet copy: Starting download of 0 data blocks...
I20260710 11:04:15.795189 27305 tablet_copy_client.cc:670] T c2760a09b8724e9b841d7b43c9bf47a8 P afbd5170fd8640a297398cb5c295472e: tablet copy: Starting download of 1 WAL segments...
I20260710 11:04:15.807114 27305 tablet_copy_client.cc:538] T c2760a09b8724e9b841d7b43c9bf47a8 P afbd5170fd8640a297398cb5c295472e: tablet copy: Tablet Copy complete. Replacing tablet superblock.
I20260710 11:04:15.815497 27305 tablet_bootstrap.cc:492] T c2760a09b8724e9b841d7b43c9bf47a8 P afbd5170fd8640a297398cb5c295472e: Bootstrap starting.
I20260710 11:04:15.841591 27297 tablet_bootstrap.cc:492] T 0af17f80b4fc42c19b176fadfe1e2cbe P afbd5170fd8640a297398cb5c295472e: Bootstrap replayed 1/1 log segments. Stats: ops{read=2 overwritten=0 applied=2 ignored=0} inserts{seen=0 ignored=0} mutations{seen=0 ignored=0} orphaned_commits=0. Pending: 0 replicates
I20260710 11:04:15.931689 27297 tablet_bootstrap.cc:492] T 0af17f80b4fc42c19b176fadfe1e2cbe P afbd5170fd8640a297398cb5c295472e: Bootstrap complete.
I20260710 11:04:15.934202 27297 ts_tablet_manager.cc:1403] T 0af17f80b4fc42c19b176fadfe1e2cbe P afbd5170fd8640a297398cb5c295472e: Time spent bootstrapping tablet: real 0.149s	user 0.026s	sys 0.016s
I20260710 11:04:15.941032 27310 ts_tablet_manager.cc:933] T f962b55cd65e4001b90de708502bbc9e P afbd5170fd8640a297398cb5c295472e: Initiating tablet copy from peer b4f4594bfeec464ba438f305a56fc106 (127.25.22.194:45659)
I20260710 11:04:15.939167 27305 tablet_bootstrap.cc:492] T c2760a09b8724e9b841d7b43c9bf47a8 P afbd5170fd8640a297398cb5c295472e: Bootstrap replayed 1/1 log segments. Stats: ops{read=2 overwritten=0 applied=2 ignored=0} inserts{seen=0 ignored=0} mutations{seen=0 ignored=0} orphaned_commits=0. Pending: 0 replicates
I20260710 11:04:15.946161 27305 tablet_bootstrap.cc:492] T c2760a09b8724e9b841d7b43c9bf47a8 P afbd5170fd8640a297398cb5c295472e: Bootstrap complete.
I20260710 11:04:15.947333 27305 ts_tablet_manager.cc:1403] T c2760a09b8724e9b841d7b43c9bf47a8 P afbd5170fd8640a297398cb5c295472e: Time spent bootstrapping tablet: real 0.132s	user 0.016s	sys 0.016s
I20260710 11:04:15.964596 27305 raft_consensus.cc:359] T c2760a09b8724e9b841d7b43c9bf47a8 P afbd5170fd8640a297398cb5c295472e [term 1 LEARNER]: Replica starting. Triggering 0 pending ops. Active config: opid_index: 2 OBSOLETE_local: false peers { permanent_uuid: "7fef69e102144c029750d3813a8c71c8" member_type: VOTER last_known_addr { host: "127.25.22.193" port: 41197 } } peers { permanent_uuid: "b4f4594bfeec464ba438f305a56fc106" member_type: VOTER last_known_addr { host: "127.25.22.194" port: 45659 } attrs { replace: true } } peers { permanent_uuid: "2a9ef5d993c241e79ba41b5b634c62cd" member_type: VOTER last_known_addr { host: "127.25.22.195" port: 35327 } } peers { permanent_uuid: "afbd5170fd8640a297398cb5c295472e" member_type: NON_VOTER last_known_addr { host: "127.25.22.196" port: 40907 } attrs { promote: true } }
I20260710 11:04:15.966579 27305 raft_consensus.cc:740] T c2760a09b8724e9b841d7b43c9bf47a8 P afbd5170fd8640a297398cb5c295472e [term 1 LEARNER]: Becoming Follower/Learner. State: Replica: afbd5170fd8640a297398cb5c295472e, State: Initialized, Role: LEARNER
I20260710 11:04:15.967753 27310 tablet_copy_client.cc:323] T f962b55cd65e4001b90de708502bbc9e P afbd5170fd8640a297398cb5c295472e: tablet copy: Beginning tablet copy session from remote peer at address 127.25.22.194:45659
I20260710 11:04:15.967617 27305 consensus_queue.cc:260] T c2760a09b8724e9b841d7b43c9bf47a8 P afbd5170fd8640a297398cb5c295472e [NON_LEADER]: Queue going to NON_LEADER mode. State: All replicated index: 0, Majority replicated index: 0, Committed index: 2, Last appended: 1.2, Last appended by leader: 2, Current term: 0, Majority size: -1, State: 0, Mode: NON_LEADER, active raft config: opid_index: 2 OBSOLETE_local: false peers { permanent_uuid: "7fef69e102144c029750d3813a8c71c8" member_type: VOTER last_known_addr { host: "127.25.22.193" port: 41197 } } peers { permanent_uuid: "b4f4594bfeec464ba438f305a56fc106" member_type: VOTER last_known_addr { host: "127.25.22.194" port: 45659 } attrs { replace: true } } peers { permanent_uuid: "2a9ef5d993c241e79ba41b5b634c62cd" member_type: VOTER last_known_addr { host: "127.25.22.195" port: 35327 } } peers { permanent_uuid: "afbd5170fd8640a297398cb5c295472e" member_type: NON_VOTER last_known_addr { host: "127.25.22.196" port: 40907 } attrs { promote: true } }
I20260710 11:04:15.967778 27297 raft_consensus.cc:359] T 0af17f80b4fc42c19b176fadfe1e2cbe P afbd5170fd8640a297398cb5c295472e [term 1 LEARNER]: Replica starting. Triggering 0 pending ops. Active config: opid_index: 2 OBSOLETE_local: false peers { permanent_uuid: "7fef69e102144c029750d3813a8c71c8" member_type: VOTER last_known_addr { host: "127.25.22.193" port: 41197 } } peers { permanent_uuid: "b4f4594bfeec464ba438f305a56fc106" member_type: VOTER last_known_addr { host: "127.25.22.194" port: 45659 } } peers { permanent_uuid: "2a9ef5d993c241e79ba41b5b634c62cd" member_type: VOTER last_known_addr { host: "127.25.22.195" port: 35327 } attrs { replace: true } } peers { permanent_uuid: "afbd5170fd8640a297398cb5c295472e" member_type: NON_VOTER last_known_addr { host: "127.25.22.196" port: 40907 } attrs { promote: true } }
I20260710 11:04:15.969645 27297 raft_consensus.cc:740] T 0af17f80b4fc42c19b176fadfe1e2cbe P afbd5170fd8640a297398cb5c295472e [term 1 LEARNER]: Becoming Follower/Learner. State: Replica: afbd5170fd8640a297398cb5c295472e, State: Initialized, Role: LEARNER
I20260710 11:04:15.982836 27305 ts_tablet_manager.cc:1434] T c2760a09b8724e9b841d7b43c9bf47a8 P afbd5170fd8640a297398cb5c295472e: Time spent starting tablet: real 0.035s	user 0.011s	sys 0.000s
I20260710 11:04:15.983371 27297 consensus_queue.cc:260] T 0af17f80b4fc42c19b176fadfe1e2cbe P afbd5170fd8640a297398cb5c295472e [NON_LEADER]: Queue going to NON_LEADER mode. State: All replicated index: 0, Majority replicated index: 0, Committed index: 2, Last appended: 1.2, Last appended by leader: 2, Current term: 0, Majority size: -1, State: 0, Mode: NON_LEADER, active raft config: opid_index: 2 OBSOLETE_local: false peers { permanent_uuid: "7fef69e102144c029750d3813a8c71c8" member_type: VOTER last_known_addr { host: "127.25.22.193" port: 41197 } } peers { permanent_uuid: "b4f4594bfeec464ba438f305a56fc106" member_type: VOTER last_known_addr { host: "127.25.22.194" port: 45659 } } peers { permanent_uuid: "2a9ef5d993c241e79ba41b5b634c62cd" member_type: VOTER last_known_addr { host: "127.25.22.195" port: 35327 } attrs { replace: true } } peers { permanent_uuid: "afbd5170fd8640a297398cb5c295472e" member_type: NON_VOTER last_known_addr { host: "127.25.22.196" port: 40907 } attrs { promote: true } }
I20260710 11:04:15.987885 26830 tablet_copy_service.cc:342] P 7fef69e102144c029750d3813a8c71c8: Request end of tablet copy session afbd5170fd8640a297398cb5c295472e-c2760a09b8724e9b841d7b43c9bf47a8 received from {username='slave'} at 127.0.0.1:48808
I20260710 11:04:16.002344 26830 tablet_copy_service.cc:434] P 7fef69e102144c029750d3813a8c71c8: ending tablet copy session afbd5170fd8640a297398cb5c295472e-c2760a09b8724e9b841d7b43c9bf47a8 on tablet c2760a09b8724e9b841d7b43c9bf47a8 with peer afbd5170fd8640a297398cb5c295472e
I20260710 11:04:16.001668 27297 ts_tablet_manager.cc:1434] T 0af17f80b4fc42c19b176fadfe1e2cbe P afbd5170fd8640a297398cb5c295472e: Time spent starting tablet: real 0.058s	user 0.005s	sys 0.003s
I20260710 11:04:16.028889 26905 tablet_copy_service.cc:140] P b4f4594bfeec464ba438f305a56fc106: Received BeginTabletCopySession request for tablet f962b55cd65e4001b90de708502bbc9e from peer afbd5170fd8640a297398cb5c295472e ({username='slave'} at 127.0.0.1:43420)
I20260710 11:04:16.029666 26905 tablet_copy_service.cc:161] P b4f4594bfeec464ba438f305a56fc106: Beginning new tablet copy session on tablet f962b55cd65e4001b90de708502bbc9e from peer afbd5170fd8640a297398cb5c295472e at {username='slave'} at 127.0.0.1:43420: session id = afbd5170fd8640a297398cb5c295472e-f962b55cd65e4001b90de708502bbc9e
I20260710 11:04:16.035085 26830 tablet_copy_service.cc:342] P 7fef69e102144c029750d3813a8c71c8: Request end of tablet copy session afbd5170fd8640a297398cb5c295472e-0af17f80b4fc42c19b176fadfe1e2cbe received from {username='slave'} at 127.0.0.1:48808
I20260710 11:04:16.035605 26830 tablet_copy_service.cc:434] P 7fef69e102144c029750d3813a8c71c8: ending tablet copy session afbd5170fd8640a297398cb5c295472e-0af17f80b4fc42c19b176fadfe1e2cbe on tablet 0af17f80b4fc42c19b176fadfe1e2cbe with peer afbd5170fd8640a297398cb5c295472e
I20260710 11:04:16.049010 26905 tablet_copy_source_session.cc:215] T f962b55cd65e4001b90de708502bbc9e P b4f4594bfeec464ba438f305a56fc106: Tablet Copy: opened 0 blocks and 1 log segments
I20260710 11:04:16.057188 27234 raft_consensus.cc:1217] T a4c38a73282e48f6b7b331c6bc6d96e7 P afbd5170fd8640a297398cb5c295472e [term 1 LEARNER]: Deduplicated request from leader. Original: 1.1->[1.2-1.2]   Dedup: 1.2->[]
I20260710 11:04:16.059536 27310 data_dirs.cc:400] Could only allocate 1 dirs of requested 3 for tablet f962b55cd65e4001b90de708502bbc9e. 1 dirs total, 0 dirs full, 0 dirs failed
I20260710 11:04:16.087510 27310 tablet_copy_client.cc:806] T f962b55cd65e4001b90de708502bbc9e P afbd5170fd8640a297398cb5c295472e: tablet copy: Starting download of 0 data blocks...
I20260710 11:04:16.088409 27310 tablet_copy_client.cc:670] T f962b55cd65e4001b90de708502bbc9e P afbd5170fd8640a297398cb5c295472e: tablet copy: Starting download of 1 WAL segments...
I20260710 11:04:16.096076 27310 tablet_copy_client.cc:538] T f962b55cd65e4001b90de708502bbc9e P afbd5170fd8640a297398cb5c295472e: tablet copy: Tablet Copy complete. Replacing tablet superblock.
I20260710 11:04:16.106777 27310 tablet_bootstrap.cc:492] T f962b55cd65e4001b90de708502bbc9e P afbd5170fd8640a297398cb5c295472e: Bootstrap starting.
I20260710 11:04:16.130407 27310 tablet_bootstrap.cc:492] T f962b55cd65e4001b90de708502bbc9e P afbd5170fd8640a297398cb5c295472e: Bootstrap replayed 1/1 log segments. Stats: ops{read=2 overwritten=0 applied=2 ignored=0} inserts{seen=0 ignored=0} mutations{seen=0 ignored=0} orphaned_commits=0. Pending: 0 replicates
I20260710 11:04:16.131304 27310 tablet_bootstrap.cc:492] T f962b55cd65e4001b90de708502bbc9e P afbd5170fd8640a297398cb5c295472e: Bootstrap complete.
I20260710 11:04:16.134043 27310 ts_tablet_manager.cc:1403] T f962b55cd65e4001b90de708502bbc9e P afbd5170fd8640a297398cb5c295472e: Time spent bootstrapping tablet: real 0.027s	user 0.016s	sys 0.010s
