I20260710 11:04:26.682394 13593 tablet_bootstrap.cc:492] T abd22e94aeff42d7926d86ec4af64b73 P f620e81703544205a1cfd55e573cc50e: Bootstrap starting.
I20260710 11:04:26.704502 13593 tablet_bootstrap.cc:492] T abd22e94aeff42d7926d86ec4af64b73 P f620e81703544205a1cfd55e573cc50e: Bootstrap replayed 1/1 log segments. Stats: ops{read=2 overwritten=0 applied=2 ignored=0} inserts{seen=0 ignored=0} mutations{seen=0 ignored=0} orphaned_commits=0. Pending: 0 replicates
I20260710 11:04:26.705446 13593 tablet_bootstrap.cc:492] T abd22e94aeff42d7926d86ec4af64b73 P f620e81703544205a1cfd55e573cc50e: Bootstrap complete.
I20260710 11:04:26.706178 13593 ts_tablet_manager.cc:1403] T abd22e94aeff42d7926d86ec4af64b73 P f620e81703544205a1cfd55e573cc50e: Time spent bootstrapping tablet: real 0.024s	user 0.016s	sys 0.008s
I20260710 11:04:26.708896 13593 raft_consensus.cc:359] T abd22e94aeff42d7926d86ec4af64b73 P f620e81703544205a1cfd55e573cc50e [term 1 LEARNER]: Replica starting. Triggering 0 pending ops. Active config: opid_index: 2 OBSOLETE_local: false peers { permanent_uuid: "63847b928cc74389b95dda0f76494241" member_type: VOTER last_known_addr { host: "127.11.113.129" port: 41891 } attrs { replace: true } } peers { permanent_uuid: "20418ece0eb04d69a75e24766479948f" member_type: VOTER last_known_addr { host: "127.11.113.130" port: 38791 } } peers { permanent_uuid: "502a476892a0440fb6cf32368a07d064" member_type: VOTER last_known_addr { host: "127.11.113.131" port: 42465 } } peers { permanent_uuid: "f620e81703544205a1cfd55e573cc50e" member_type: NON_VOTER last_known_addr { host: "127.11.113.132" port: 42979 } attrs { promote: true } }
I20260710 11:04:26.709600 13593 raft_consensus.cc:740] T abd22e94aeff42d7926d86ec4af64b73 P f620e81703544205a1cfd55e573cc50e [term 1 LEARNER]: Becoming Follower/Learner. State: Replica: f620e81703544205a1cfd55e573cc50e, State: Initialized, Role: LEARNER
I20260710 11:04:26.710108 13593 consensus_queue.cc:260] T abd22e94aeff42d7926d86ec4af64b73 P f620e81703544205a1cfd55e573cc50e [NON_LEADER]: Queue going to NON_LEADER mode. State: All replicated index: 0, Majority replicated index: 0, Committed index: 2, Last appended: 1.2, Last appended by leader: 2, Current term: 0, Majority size: -1, State: 0, Mode: NON_LEADER, active raft config: opid_index: 2 OBSOLETE_local: false peers { permanent_uuid: "63847b928cc74389b95dda0f76494241" member_type: VOTER last_known_addr { host: "127.11.113.129" port: 41891 } attrs { replace: true } } peers { permanent_uuid: "20418ece0eb04d69a75e24766479948f" member_type: VOTER last_known_addr { host: "127.11.113.130" port: 38791 } } peers { permanent_uuid: "502a476892a0440fb6cf32368a07d064" member_type: VOTER last_known_addr { host: "127.11.113.131" port: 42465 } } peers { permanent_uuid: "f620e81703544205a1cfd55e573cc50e" member_type: NON_VOTER last_known_addr { host: "127.11.113.132" port: 42979 } attrs { promote: true } }
I20260710 11:04:26.712287 13593 ts_tablet_manager.cc:1434] T abd22e94aeff42d7926d86ec4af64b73 P f620e81703544205a1cfd55e573cc50e: Time spent starting tablet: real 0.006s	user 0.004s	sys 0.000s
I20260710 11:04:26.713985 12985 tablet_copy_service.cc:342] P 502a476892a0440fb6cf32368a07d064: Request end of tablet copy session f620e81703544205a1cfd55e573cc50e-abd22e94aeff42d7926d86ec4af64b73 received from {username='slave'} at 127.0.0.1:57116
I20260710 11:04:26.714409 12985 tablet_copy_service.cc:434] P 502a476892a0440fb6cf32368a07d064: ending tablet copy session f620e81703544205a1cfd55e573cc50e-abd22e94aeff42d7926d86ec4af64b73 on tablet abd22e94aeff42d7926d86ec4af64b73 with peer f620e81703544205a1cfd55e573cc50e
I20260710 11:04:26.931604 13263 raft_consensus.cc:1217] T 1d77f5626c0147ff92aff49672df7927 P f620e81703544205a1cfd55e573cc50e [term 1 LEARNER]: Deduplicated request from leader. Original: 1.1->[1.2-1.2]   Dedup: 1.2->[]
I20260710 11:04:27.083106 13263 raft_consensus.cc:1217] T abd22e94aeff42d7926d86ec4af64b73 P f620e81703544205a1cfd55e573cc50e [term 1 LEARNER]: Deduplicated request from leader. Original: 1.1->[1.2-1.2]   Dedup: 1.2->[]
I20260710 11:04:27.395880 13599 raft_consensus.cc:1064] T 1d77f5626c0147ff92aff49672df7927 P 63847b928cc74389b95dda0f76494241: attempting to promote NON_VOTER f620e81703544205a1cfd55e573cc50e to VOTER
I20260710 11:04:27.398702 13599 consensus_queue.cc:237] T 1d77f5626c0147ff92aff49672df7927 P 63847b928cc74389b95dda0f76494241 [LEADER]: Queue going to LEADER mode. State: All replicated index: 0, Majority replicated index: 2, Committed index: 2, Last appended: 1.2, Last appended by leader: 0, Current term: 1, Majority size: 3, State: 0, Mode: LEADER, active raft config: opid_index: 3 OBSOLETE_local: false peers { permanent_uuid: "63847b928cc74389b95dda0f76494241" member_type: VOTER last_known_addr { host: "127.11.113.129" port: 41891 } } peers { permanent_uuid: "502a476892a0440fb6cf32368a07d064" member_type: VOTER last_known_addr { host: "127.11.113.131" port: 42465 } } peers { permanent_uuid: "20418ece0eb04d69a75e24766479948f" member_type: VOTER last_known_addr { host: "127.11.113.130" port: 38791 } attrs { replace: true } } peers { permanent_uuid: "f620e81703544205a1cfd55e573cc50e" member_type: VOTER last_known_addr { host: "127.11.113.132" port: 42979 } attrs { promote: false } }
I20260710 11:04:27.406148 13263 raft_consensus.cc:1275] T 1d77f5626c0147ff92aff49672df7927 P f620e81703544205a1cfd55e573cc50e [term 1 LEARNER]: Refusing update from remote peer 63847b928cc74389b95dda0f76494241: Log matching property violated. Preceding OpId in replica: term: 1 index: 2. Preceding OpId from leader: term: 1 index: 3. (index mismatch)
I20260710 11:04:27.406329 12897 raft_consensus.cc:1275] T 1d77f5626c0147ff92aff49672df7927 P 20418ece0eb04d69a75e24766479948f [term 1 FOLLOWER]: Refusing update from remote peer 63847b928cc74389b95dda0f76494241: Log matching property violated. Preceding OpId in replica: term: 1 index: 2. Preceding OpId from leader: term: 1 index: 3. (index mismatch)
I20260710 11:04:27.407536 12971 raft_consensus.cc:1275] T 1d77f5626c0147ff92aff49672df7927 P 502a476892a0440fb6cf32368a07d064 [term 1 FOLLOWER]: Refusing update from remote peer 63847b928cc74389b95dda0f76494241: Log matching property violated. Preceding OpId in replica: term: 1 index: 2. Preceding OpId from leader: term: 1 index: 3. (index mismatch)
I20260710 11:04:27.407824 13583 consensus_queue.cc:1048] T 1d77f5626c0147ff92aff49672df7927 P 63847b928cc74389b95dda0f76494241 [LEADER]: Connected to new peer: Peer: permanent_uuid: "20418ece0eb04d69a75e24766479948f" member_type: VOTER last_known_addr { host: "127.11.113.130" port: 38791 } attrs { replace: true }, Status: LMP_MISMATCH, Last received: 0.0, Next index: 3, Last known committed idx: 2, Time since last communication: 0.000s
I20260710 11:04:27.409315 13482 consensus_queue.cc:1048] T 1d77f5626c0147ff92aff49672df7927 P 63847b928cc74389b95dda0f76494241 [LEADER]: Connected to new peer: Peer: permanent_uuid: "f620e81703544205a1cfd55e573cc50e" member_type: VOTER last_known_addr { host: "127.11.113.132" port: 42979 } attrs { promote: false }, Status: LMP_MISMATCH, Last received: 0.0, Next index: 3, Last known committed idx: 2, Time since last communication: 0.000s
I20260710 11:04:27.410766 13482 consensus_queue.cc:1048] T 1d77f5626c0147ff92aff49672df7927 P 63847b928cc74389b95dda0f76494241 [LEADER]: Connected to new peer: Peer: permanent_uuid: "502a476892a0440fb6cf32368a07d064" member_type: VOTER last_known_addr { host: "127.11.113.131" port: 42465 }, Status: LMP_MISMATCH, Last received: 0.0, Next index: 3, Last known committed idx: 2, Time since last communication: 0.000s
I20260710 11:04:27.421628 13583 raft_consensus.cc:2955] T 1d77f5626c0147ff92aff49672df7927 P 63847b928cc74389b95dda0f76494241 [term 1 LEADER]: Committing config change with OpId 1.3: config changed from index 2 to 3, f620e81703544205a1cfd55e573cc50e (127.11.113.132) changed from NON_VOTER to VOTER. New config: { opid_index: 3 OBSOLETE_local: false peers { permanent_uuid: "63847b928cc74389b95dda0f76494241" member_type: VOTER last_known_addr { host: "127.11.113.129" port: 41891 } } peers { permanent_uuid: "502a476892a0440fb6cf32368a07d064" member_type: VOTER last_known_addr { host: "127.11.113.131" port: 42465 } } peers { permanent_uuid: "20418ece0eb04d69a75e24766479948f" member_type: VOTER last_known_addr { host: "127.11.113.130" port: 38791 } attrs { replace: true } } peers { permanent_uuid: "f620e81703544205a1cfd55e573cc50e" member_type: VOTER last_known_addr { host: "127.11.113.132" port: 42979 } attrs { promote: false } } }
I20260710 11:04:27.432046 12971 raft_consensus.cc:2955] T 1d77f5626c0147ff92aff49672df7927 P 502a476892a0440fb6cf32368a07d064 [term 1 FOLLOWER]: Committing config change with OpId 1.3: config changed from index 2 to 3, f620e81703544205a1cfd55e573cc50e (127.11.113.132) changed from NON_VOTER to VOTER. New config: { opid_index: 3 OBSOLETE_local: false peers { permanent_uuid: "63847b928cc74389b95dda0f76494241" member_type: VOTER last_known_addr { host: "127.11.113.129" port: 41891 } } peers { permanent_uuid: "502a476892a0440fb6cf32368a07d064" member_type: VOTER last_known_addr { host: "127.11.113.131" port: 42465 } } peers { permanent_uuid: "20418ece0eb04d69a75e24766479948f" member_type: VOTER last_known_addr { host: "127.11.113.130" port: 38791 } attrs { replace: true } } peers { permanent_uuid: "f620e81703544205a1cfd55e573cc50e" member_type: VOTER last_known_addr { host: "127.11.113.132" port: 42979 } attrs { promote: false } } }
I20260710 11:04:27.435257 13262 raft_consensus.cc:2955] T 1d77f5626c0147ff92aff49672df7927 P f620e81703544205a1cfd55e573cc50e [term 1 FOLLOWER]: Committing config change with OpId 1.3: config changed from index 2 to 3, f620e81703544205a1cfd55e573cc50e (127.11.113.132) changed from NON_VOTER to VOTER. New config: { opid_index: 3 OBSOLETE_local: false peers { permanent_uuid: "63847b928cc74389b95dda0f76494241" member_type: VOTER last_known_addr { host: "127.11.113.129" port: 41891 } } peers { permanent_uuid: "502a476892a0440fb6cf32368a07d064" member_type: VOTER last_known_addr { host: "127.11.113.131" port: 42465 } } peers { permanent_uuid: "20418ece0eb04d69a75e24766479948f" member_type: VOTER last_known_addr { host: "127.11.113.130" port: 38791 } attrs { replace: true } } peers { permanent_uuid: "f620e81703544205a1cfd55e573cc50e" member_type: VOTER last_known_addr { host: "127.11.113.132" port: 42979 } attrs { promote: false } } }
I20260710 11:04:27.435521 12898 raft_consensus.cc:2955] T 1d77f5626c0147ff92aff49672df7927 P 20418ece0eb04d69a75e24766479948f [term 1 FOLLOWER]: Committing config change with OpId 1.3: config changed from index 2 to 3, f620e81703544205a1cfd55e573cc50e (127.11.113.132) changed from NON_VOTER to VOTER. New config: { opid_index: 3 OBSOLETE_local: false peers { permanent_uuid: "63847b928cc74389b95dda0f76494241" member_type: VOTER last_known_addr { host: "127.11.113.129" port: 41891 } } peers { permanent_uuid: "502a476892a0440fb6cf32368a07d064" member_type: VOTER last_known_addr { host: "127.11.113.131" port: 42465 } } peers { permanent_uuid: "20418ece0eb04d69a75e24766479948f" member_type: VOTER last_known_addr { host: "127.11.113.130" port: 38791 } attrs { replace: true } } peers { permanent_uuid: "f620e81703544205a1cfd55e573cc50e" member_type: VOTER last_known_addr { host: "127.11.113.132" port: 42979 } attrs { promote: false } } }
I20260710 11:04:27.439666 12719 catalog_manager.cc:5697] T 1d77f5626c0147ff92aff49672df7927 P 63847b928cc74389b95dda0f76494241 reported cstate change: config changed from index 2 to 3, f620e81703544205a1cfd55e573cc50e (127.11.113.132) changed from NON_VOTER to VOTER. New cstate: current_term: 1 leader_uuid: "63847b928cc74389b95dda0f76494241" committed_config { opid_index: 3 OBSOLETE_local: false peers { permanent_uuid: "63847b928cc74389b95dda0f76494241" member_type: VOTER last_known_addr { host: "127.11.113.129" port: 41891 } health_report { overall_health: HEALTHY } } peers { permanent_uuid: "502a476892a0440fb6cf32368a07d064" member_type: VOTER last_known_addr { host: "127.11.113.131" port: 42465 } health_report { overall_health: HEALTHY } } peers { permanent_uuid: "20418ece0eb04d69a75e24766479948f" member_type: VOTER last_known_addr { host: "127.11.113.130" port: 38791 } attrs { replace: true } health_report { overall_health: HEALTHY } } peers { permanent_uuid: "f620e81703544205a1cfd55e573cc50e" member_type: VOTER last_known_addr { host: "127.11.113.132" port: 42979 } attrs { promote: false } health_report { overall_health: HEALTHY } } }
I20260710 11:04:27.463024 12820 consensus_queue.cc:237] T 1d77f5626c0147ff92aff49672df7927 P 63847b928cc74389b95dda0f76494241 [LEADER]: Queue going to LEADER mode. State: All replicated index: 0, Majority replicated index: 3, Committed index: 3, Last appended: 1.3, Last appended by leader: 0, Current term: 1, Majority size: 2, State: 0, Mode: LEADER, active raft config: opid_index: 4 OBSOLETE_local: false peers { permanent_uuid: "63847b928cc74389b95dda0f76494241" member_type: VOTER last_known_addr { host: "127.11.113.129" port: 41891 } } peers { permanent_uuid: "502a476892a0440fb6cf32368a07d064" member_type: VOTER last_known_addr { host: "127.11.113.131" port: 42465 } } peers { permanent_uuid: "f620e81703544205a1cfd55e573cc50e" member_type: VOTER last_known_addr { host: "127.11.113.132" port: 42979 } attrs { promote: false } }
I20260710 11:04:27.469280 13262 raft_consensus.cc:1275] T 1d77f5626c0147ff92aff49672df7927 P f620e81703544205a1cfd55e573cc50e [term 1 FOLLOWER]: Refusing update from remote peer 63847b928cc74389b95dda0f76494241: Log matching property violated. Preceding OpId in replica: term: 1 index: 3. Preceding OpId from leader: term: 1 index: 4. (index mismatch)
I20260710 11:04:27.470777 12971 raft_consensus.cc:1275] T 1d77f5626c0147ff92aff49672df7927 P 502a476892a0440fb6cf32368a07d064 [term 1 FOLLOWER]: Refusing update from remote peer 63847b928cc74389b95dda0f76494241: Log matching property violated. Preceding OpId in replica: term: 1 index: 3. Preceding OpId from leader: term: 1 index: 4. (index mismatch)
I20260710 11:04:27.470837 13604 consensus_queue.cc:1048] T 1d77f5626c0147ff92aff49672df7927 P 63847b928cc74389b95dda0f76494241 [LEADER]: Connected to new peer: Peer: permanent_uuid: "f620e81703544205a1cfd55e573cc50e" member_type: VOTER last_known_addr { host: "127.11.113.132" port: 42979 } attrs { promote: false }, Status: LMP_MISMATCH, Last received: 0.0, Next index: 4, Last known committed idx: 3, Time since last communication: 0.001s
I20260710 11:04:27.473304 13604 consensus_queue.cc:1048] T 1d77f5626c0147ff92aff49672df7927 P 63847b928cc74389b95dda0f76494241 [LEADER]: Connected to new peer: Peer: permanent_uuid: "502a476892a0440fb6cf32368a07d064" member_type: VOTER last_known_addr { host: "127.11.113.131" port: 42465 }, Status: LMP_MISMATCH, Last received: 0.0, Next index: 4, Last known committed idx: 3, Time since last communication: 0.000s
I20260710 11:04:27.477880 13482 raft_consensus.cc:2955] T 1d77f5626c0147ff92aff49672df7927 P 63847b928cc74389b95dda0f76494241 [term 1 LEADER]: Committing config change with OpId 1.4: config changed from index 3 to 4, VOTER 20418ece0eb04d69a75e24766479948f (127.11.113.130) evicted. New config: { opid_index: 4 OBSOLETE_local: false peers { permanent_uuid: "63847b928cc74389b95dda0f76494241" member_type: VOTER last_known_addr { host: "127.11.113.129" port: 41891 } } peers { permanent_uuid: "502a476892a0440fb6cf32368a07d064" member_type: VOTER last_known_addr { host: "127.11.113.131" port: 42465 } } peers { permanent_uuid: "f620e81703544205a1cfd55e573cc50e" member_type: VOTER last_known_addr { host: "127.11.113.132" port: 42979 } attrs { promote: false } } }
I20260710 11:04:27.479868 13262 raft_consensus.cc:2955] T 1d77f5626c0147ff92aff49672df7927 P f620e81703544205a1cfd55e573cc50e [term 1 FOLLOWER]: Committing config change with OpId 1.4: config changed from index 3 to 4, VOTER 20418ece0eb04d69a75e24766479948f (127.11.113.130) evicted. New config: { opid_index: 4 OBSOLETE_local: false peers { permanent_uuid: "63847b928cc74389b95dda0f76494241" member_type: VOTER last_known_addr { host: "127.11.113.129" port: 41891 } } peers { permanent_uuid: "502a476892a0440fb6cf32368a07d064" member_type: VOTER last_known_addr { host: "127.11.113.131" port: 42465 } } peers { permanent_uuid: "f620e81703544205a1cfd55e573cc50e" member_type: VOTER last_known_addr { host: "127.11.113.132" port: 42979 } attrs { promote: false } } }
I20260710 11:04:27.486833 12711 catalog_manager.cc:5210] ChangeConfig:REMOVE_PEER RPC for tablet 1d77f5626c0147ff92aff49672df7927 with cas_config_opid_index 3: ChangeConfig:REMOVE_PEER succeeded (attempt 1)
I20260710 11:04:27.487015 12973 raft_consensus.cc:2955] T 1d77f5626c0147ff92aff49672df7927 P 502a476892a0440fb6cf32368a07d064 [term 1 FOLLOWER]: Committing config change with OpId 1.4: config changed from index 3 to 4, VOTER 20418ece0eb04d69a75e24766479948f (127.11.113.130) evicted. New config: { opid_index: 4 OBSOLETE_local: false peers { permanent_uuid: "63847b928cc74389b95dda0f76494241" member_type: VOTER last_known_addr { host: "127.11.113.129" port: 41891 } } peers { permanent_uuid: "502a476892a0440fb6cf32368a07d064" member_type: VOTER last_known_addr { host: "127.11.113.131" port: 42465 } } peers { permanent_uuid: "f620e81703544205a1cfd55e573cc50e" member_type: VOTER last_known_addr { host: "127.11.113.132" port: 42979 } attrs { promote: false } } }
I20260710 11:04:27.494103 12724 catalog_manager.cc:5697] T 1d77f5626c0147ff92aff49672df7927 P 63847b928cc74389b95dda0f76494241 reported cstate change: config changed from index 3 to 4, VOTER 20418ece0eb04d69a75e24766479948f (127.11.113.130) evicted. New cstate: current_term: 1 leader_uuid: "63847b928cc74389b95dda0f76494241" committed_config { opid_index: 4 OBSOLETE_local: false peers { permanent_uuid: "63847b928cc74389b95dda0f76494241" member_type: VOTER last_known_addr { host: "127.11.113.129" port: 41891 } health_report { overall_health: HEALTHY } } peers { permanent_uuid: "502a476892a0440fb6cf32368a07d064" member_type: VOTER last_known_addr { host: "127.11.113.131" port: 42465 } health_report { overall_health: HEALTHY } } peers { permanent_uuid: "f620e81703544205a1cfd55e573cc50e" member_type: VOTER last_known_addr { host: "127.11.113.132" port: 42979 } attrs { promote: false } health_report { overall_health: HEALTHY } } }
I20260710 11:04:27.508479 12882 tablet_service.cc:1558] Processing DeleteTablet for tablet 1d77f5626c0147ff92aff49672df7927 with delete_type TABLET_DATA_TOMBSTONED (TS 20418ece0eb04d69a75e24766479948f not found in new config with opid_index 4) from {username='slave'} at 127.0.0.1:53668
I20260710 11:04:27.522794 13612 tablet_replica.cc:333] T 1d77f5626c0147ff92aff49672df7927 P 20418ece0eb04d69a75e24766479948f: stopping tablet replica
I20260710 11:04:27.523681 13612 raft_consensus.cc:2243] T 1d77f5626c0147ff92aff49672df7927 P 20418ece0eb04d69a75e24766479948f [term 1 FOLLOWER]: Raft consensus shutting down.
I20260710 11:04:27.524561 13612 raft_consensus.cc:2272] T 1d77f5626c0147ff92aff49672df7927 P 20418ece0eb04d69a75e24766479948f [term 1 FOLLOWER]: Raft consensus is shut down!
I20260710 11:04:27.527961 13612 ts_tablet_manager.cc:1916] T 1d77f5626c0147ff92aff49672df7927 P 20418ece0eb04d69a75e24766479948f: Deleting tablet data with delete state TABLET_DATA_TOMBSTONED
I20260710 11:04:27.542476 13612 ts_tablet_manager.cc:1929] T 1d77f5626c0147ff92aff49672df7927 P 20418ece0eb04d69a75e24766479948f: tablet deleted with delete type TABLET_DATA_TOMBSTONED: last-logged OpId 1.3
I20260710 11:04:27.543016 13612 log.cc:1199] T 1d77f5626c0147ff92aff49672df7927 P 20418ece0eb04d69a75e24766479948f: Deleting WAL directory at /tmp/dist-test-taskOr9QKk/test-tmp/auto_leader_rebalancer-test.0.LeaderRebalancerTest.AddTserver.1783681424210728-11718-0/minicluster-data/ts-1-root/wals/1d77f5626c0147ff92aff49672df7927
I20260710 11:04:27.545145 12710 catalog_manager.cc:5028] TS 20418ece0eb04d69a75e24766479948f (127.11.113.130:38791): tablet 1d77f5626c0147ff92aff49672df7927 (table test-workload [id=9d92913da7e64341bccc310c99637546]) successfully deleted
I20260710 11:04:27.601464 13600 raft_consensus.cc:1064] T abd22e94aeff42d7926d86ec4af64b73 P 502a476892a0440fb6cf32368a07d064: attempting to promote NON_VOTER f620e81703544205a1cfd55e573cc50e to VOTER
I20260710 11:04:27.604032 13600 consensus_queue.cc:237] T abd22e94aeff42d7926d86ec4af64b73 P 502a476892a0440fb6cf32368a07d064 [LEADER]: Queue going to LEADER mode. State: All replicated index: 0, Majority replicated index: 2, Committed index: 2, Last appended: 1.2, Last appended by leader: 0, Current term: 1, Majority size: 3, State: 0, Mode: LEADER, active raft config: opid_index: 3 OBSOLETE_local: false peers { permanent_uuid: "63847b928cc74389b95dda0f76494241" member_type: VOTER last_known_addr { host: "127.11.113.129" port: 41891 } attrs { replace: true } } peers { permanent_uuid: "20418ece0eb04d69a75e24766479948f" member_type: VOTER last_known_addr { host: "127.11.113.130" port: 38791 } } peers { permanent_uuid: "502a476892a0440fb6cf32368a07d064" member_type: VOTER last_known_addr { host: "127.11.113.131" port: 42465 } } peers { permanent_uuid: "f620e81703544205a1cfd55e573cc50e" member_type: VOTER last_known_addr { host: "127.11.113.132" port: 42979 } attrs { promote: false } }
I20260710 11:04:27.611186 13262 raft_consensus.cc:1275] T abd22e94aeff42d7926d86ec4af64b73 P f620e81703544205a1cfd55e573cc50e [term 1 LEARNER]: Refusing update from remote peer 502a476892a0440fb6cf32368a07d064: Log matching property violated. Preceding OpId in replica: term: 1 index: 2. Preceding OpId from leader: term: 1 index: 3. (index mismatch)
I20260710 11:04:27.611681 12898 raft_consensus.cc:1275] T abd22e94aeff42d7926d86ec4af64b73 P 20418ece0eb04d69a75e24766479948f [term 1 FOLLOWER]: Refusing update from remote peer 502a476892a0440fb6cf32368a07d064: Log matching property violated. Preceding OpId in replica: term: 1 index: 2. Preceding OpId from leader: term: 1 index: 3. (index mismatch)
I20260710 11:04:27.613332 13601 consensus_queue.cc:1048] T abd22e94aeff42d7926d86ec4af64b73 P 502a476892a0440fb6cf32368a07d064 [LEADER]: Connected to new peer: Peer: permanent_uuid: "f620e81703544205a1cfd55e573cc50e" member_type: VOTER last_known_addr { host: "127.11.113.132" port: 42979 } attrs { promote: false }, Status: LMP_MISMATCH, Last received: 0.0, Next index: 3, Last known committed idx: 2, Time since last communication: 0.000s
I20260710 11:04:27.614758 13601 consensus_queue.cc:1048] T abd22e94aeff42d7926d86ec4af64b73 P 502a476892a0440fb6cf32368a07d064 [LEADER]: Connected to new peer: Peer: permanent_uuid: "20418ece0eb04d69a75e24766479948f" member_type: VOTER last_known_addr { host: "127.11.113.130" port: 38791 }, Status: LMP_MISMATCH, Last received: 0.0, Next index: 3, Last known committed idx: 2, Time since last communication: 0.000s
I20260710 11:04:27.617532 12820 raft_consensus.cc:1275] T abd22e94aeff42d7926d86ec4af64b73 P 63847b928cc74389b95dda0f76494241 [term 1 FOLLOWER]: Refusing update from remote peer 502a476892a0440fb6cf32368a07d064: Log matching property violated. Preceding OpId in replica: term: 1 index: 2. Preceding OpId from leader: term: 1 index: 3. (index mismatch)
I20260710 11:04:27.618960 13601 consensus_queue.cc:1048] T abd22e94aeff42d7926d86ec4af64b73 P 502a476892a0440fb6cf32368a07d064 [LEADER]: Connected to new peer: Peer: permanent_uuid: "63847b928cc74389b95dda0f76494241" member_type: VOTER last_known_addr { host: "127.11.113.129" port: 41891 } attrs { replace: true }, Status: LMP_MISMATCH, Last received: 0.0, Next index: 3, Last known committed idx: 2, Time since last communication: 0.006s
I20260710 11:04:27.636523 13600 raft_consensus.cc:2955] T abd22e94aeff42d7926d86ec4af64b73 P 502a476892a0440fb6cf32368a07d064 [term 1 LEADER]: Committing config change with OpId 1.3: config changed from index 2 to 3, f620e81703544205a1cfd55e573cc50e (127.11.113.132) changed from NON_VOTER to VOTER. New config: { opid_index: 3 OBSOLETE_local: false peers { permanent_uuid: "63847b928cc74389b95dda0f76494241" member_type: VOTER last_known_addr { host: "127.11.113.129" port: 41891 } attrs { replace: true } } peers { permanent_uuid: "20418ece0eb04d69a75e24766479948f" member_type: VOTER last_known_addr { host: "127.11.113.130" port: 38791 } } peers { permanent_uuid: "502a476892a0440fb6cf32368a07d064" member_type: VOTER last_known_addr { host: "127.11.113.131" port: 42465 } } peers { permanent_uuid: "f620e81703544205a1cfd55e573cc50e" member_type: VOTER last_known_addr { host: "127.11.113.132" port: 42979 } attrs { promote: false } } }
I20260710 11:04:27.638686 13262 raft_consensus.cc:2955] T abd22e94aeff42d7926d86ec4af64b73 P f620e81703544205a1cfd55e573cc50e [term 1 FOLLOWER]: Committing config change with OpId 1.3: config changed from index 2 to 3, f620e81703544205a1cfd55e573cc50e (127.11.113.132) changed from NON_VOTER to VOTER. New config: { opid_index: 3 OBSOLETE_local: false peers { permanent_uuid: "63847b928cc74389b95dda0f76494241" member_type: VOTER last_known_addr { host: "127.11.113.129" port: 41891 } attrs { replace: true } } peers { permanent_uuid: "20418ece0eb04d69a75e24766479948f" member_type: VOTER last_known_addr { host: "127.11.113.130" port: 38791 } } peers { permanent_uuid: "502a476892a0440fb6cf32368a07d064" member_type: VOTER last_known_addr { host: "127.11.113.131" port: 42465 } } peers { permanent_uuid: "f620e81703544205a1cfd55e573cc50e" member_type: VOTER last_known_addr { host: "127.11.113.132" port: 42979 } attrs { promote: false } } }
I20260710 11:04:27.642055 12820 raft_consensus.cc:2955] T abd22e94aeff42d7926d86ec4af64b73 P 63847b928cc74389b95dda0f76494241 [term 1 FOLLOWER]: Committing config change with OpId 1.3: config changed from index 2 to 3, f620e81703544205a1cfd55e573cc50e (127.11.113.132) changed from NON_VOTER to VOTER. New config: { opid_index: 3 OBSOLETE_local: false peers { permanent_uuid: "63847b928cc74389b95dda0f76494241" member_type: VOTER last_known_addr { host: "127.11.113.129" port: 41891 } attrs { replace: true } } peers { permanent_uuid: "20418ece0eb04d69a75e24766479948f" member_type: VOTER last_known_addr { host: "127.11.113.130" port: 38791 } } peers { permanent_uuid: "502a476892a0440fb6cf32368a07d064" member_type: VOTER last_known_addr { host: "127.11.113.131" port: 42465 } } peers { permanent_uuid: "f620e81703544205a1cfd55e573cc50e" member_type: VOTER last_known_addr { host: "127.11.113.132" port: 42979 } attrs { promote: false } } }
I20260710 11:04:27.656723 12722 catalog_manager.cc:5697] T abd22e94aeff42d7926d86ec4af64b73 P f620e81703544205a1cfd55e573cc50e reported cstate change: config changed from index 2 to 3, f620e81703544205a1cfd55e573cc50e (127.11.113.132) changed from NON_VOTER to VOTER. New cstate: current_term: 1 leader_uuid: "502a476892a0440fb6cf32368a07d064" committed_config { opid_index: 3 OBSOLETE_local: false peers { permanent_uuid: "63847b928cc74389b95dda0f76494241" member_type: VOTER last_known_addr { host: "127.11.113.129" port: 41891 } attrs { replace: true } } peers { permanent_uuid: "20418ece0eb04d69a75e24766479948f" member_type: VOTER last_known_addr { host: "127.11.113.130" port: 38791 } } peers { permanent_uuid: "502a476892a0440fb6cf32368a07d064" member_type: VOTER last_known_addr { host: "127.11.113.131" port: 42465 } } peers { permanent_uuid: "f620e81703544205a1cfd55e573cc50e" member_type: VOTER last_known_addr { host: "127.11.113.132" port: 42979 } attrs { promote: false } } }
I20260710 11:04:27.659637 12898 raft_consensus.cc:2955] T abd22e94aeff42d7926d86ec4af64b73 P 20418ece0eb04d69a75e24766479948f [term 1 FOLLOWER]: Committing config change with OpId 1.3: config changed from index 2 to 3, f620e81703544205a1cfd55e573cc50e (127.11.113.132) changed from NON_VOTER to VOTER. New config: { opid_index: 3 OBSOLETE_local: false peers { permanent_uuid: "63847b928cc74389b95dda0f76494241" member_type: VOTER last_known_addr { host: "127.11.113.129" port: 41891 } attrs { replace: true } } peers { permanent_uuid: "20418ece0eb04d69a75e24766479948f" member_type: VOTER last_known_addr { host: "127.11.113.130" port: 38791 } } peers { permanent_uuid: "502a476892a0440fb6cf32368a07d064" member_type: VOTER last_known_addr { host: "127.11.113.131" port: 42465 } } peers { permanent_uuid: "f620e81703544205a1cfd55e573cc50e" member_type: VOTER last_known_addr { host: "127.11.113.132" port: 42979 } attrs { promote: false } } }
I20260710 11:04:27.678505 12973 consensus_queue.cc:237] T abd22e94aeff42d7926d86ec4af64b73 P 502a476892a0440fb6cf32368a07d064 [LEADER]: Queue going to LEADER mode. State: All replicated index: 0, Majority replicated index: 3, Committed index: 3, Last appended: 1.3, Last appended by leader: 0, Current term: 1, Majority size: 2, State: 0, Mode: LEADER, active raft config: opid_index: 4 OBSOLETE_local: false peers { permanent_uuid: "20418ece0eb04d69a75e24766479948f" member_type: VOTER last_known_addr { host: "127.11.113.130" port: 38791 } } peers { permanent_uuid: "502a476892a0440fb6cf32368a07d064" member_type: VOTER last_known_addr { host: "127.11.113.131" port: 42465 } } peers { permanent_uuid: "f620e81703544205a1cfd55e573cc50e" member_type: VOTER last_known_addr { host: "127.11.113.132" port: 42979 } attrs { promote: false } }
I20260710 11:04:27.683631 13262 raft_consensus.cc:1275] T abd22e94aeff42d7926d86ec4af64b73 P f620e81703544205a1cfd55e573cc50e [term 1 FOLLOWER]: Refusing update from remote peer 502a476892a0440fb6cf32368a07d064: Log matching property violated. Preceding OpId in replica: term: 1 index: 3. Preceding OpId from leader: term: 1 index: 4. (index mismatch)
I20260710 11:04:27.684268 12898 raft_consensus.cc:1275] T abd22e94aeff42d7926d86ec4af64b73 P 20418ece0eb04d69a75e24766479948f [term 1 FOLLOWER]: Refusing update from remote peer 502a476892a0440fb6cf32368a07d064: Log matching property violated. Preceding OpId in replica: term: 1 index: 3. Preceding OpId from leader: term: 1 index: 4. (index mismatch)
I20260710 11:04:27.686892 13614 consensus_queue.cc:1048] T abd22e94aeff42d7926d86ec4af64b73 P 502a476892a0440fb6cf32368a07d064 [LEADER]: Connected to new peer: Peer: permanent_uuid: "f620e81703544205a1cfd55e573cc50e" member_type: VOTER last_known_addr { host: "127.11.113.132" port: 42979 } attrs { promote: false }, Status: LMP_MISMATCH, Last received: 0.0, Next index: 4, Last known committed idx: 3, Time since last communication: 0.001s
I20260710 11:04:27.687783 13601 consensus_queue.cc:1048] T abd22e94aeff42d7926d86ec4af64b73 P 502a476892a0440fb6cf32368a07d064 [LEADER]: Connected to new peer: Peer: permanent_uuid: "20418ece0eb04d69a75e24766479948f" member_type: VOTER last_known_addr { host: "127.11.113.130" port: 38791 }, Status: LMP_MISMATCH, Last received: 0.0, Next index: 4, Last known committed idx: 3, Time since last communication: 0.000s
I20260710 11:04:27.694578 13600 raft_consensus.cc:2955] T abd22e94aeff42d7926d86ec4af64b73 P 502a476892a0440fb6cf32368a07d064 [term 1 LEADER]: Committing config change with OpId 1.4: config changed from index 3 to 4, VOTER 63847b928cc74389b95dda0f76494241 (127.11.113.129) evicted. New config: { opid_index: 4 OBSOLETE_local: false peers { permanent_uuid: "20418ece0eb04d69a75e24766479948f" member_type: VOTER last_known_addr { host: "127.11.113.130" port: 38791 } } peers { permanent_uuid: "502a476892a0440fb6cf32368a07d064" member_type: VOTER last_known_addr { host: "127.11.113.131" port: 42465 } } peers { permanent_uuid: "f620e81703544205a1cfd55e573cc50e" member_type: VOTER last_known_addr { host: "127.11.113.132" port: 42979 } attrs { promote: false } } }
I20260710 11:04:27.696178 12898 raft_consensus.cc:2955] T abd22e94aeff42d7926d86ec4af64b73 P 20418ece0eb04d69a75e24766479948f [term 1 FOLLOWER]: Committing config change with OpId 1.4: config changed from index 3 to 4, VOTER 63847b928cc74389b95dda0f76494241 (127.11.113.129) evicted. New config: { opid_index: 4 OBSOLETE_local: false peers { permanent_uuid: "20418ece0eb04d69a75e24766479948f" member_type: VOTER last_known_addr { host: "127.11.113.130" port: 38791 } } peers { permanent_uuid: "502a476892a0440fb6cf32368a07d064" member_type: VOTER last_known_addr { host: "127.11.113.131" port: 42465 } } peers { permanent_uuid: "f620e81703544205a1cfd55e573cc50e" member_type: VOTER last_known_addr { host: "127.11.113.132" port: 42979 } attrs { promote: false } } }
I20260710 11:04:27.706166 12709 catalog_manager.cc:5210] ChangeConfig:REMOVE_PEER RPC for tablet abd22e94aeff42d7926d86ec4af64b73 with cas_config_opid_index 3: ChangeConfig:REMOVE_PEER succeeded (attempt 1)
I20260710 11:04:27.706257 13263 raft_consensus.cc:2955] T abd22e94aeff42d7926d86ec4af64b73 P f620e81703544205a1cfd55e573cc50e [term 1 FOLLOWER]: Committing config change with OpId 1.4: config changed from index 3 to 4, VOTER 63847b928cc74389b95dda0f76494241 (127.11.113.129) evicted. New config: { opid_index: 4 OBSOLETE_local: false peers { permanent_uuid: "20418ece0eb04d69a75e24766479948f" member_type: VOTER last_known_addr { host: "127.11.113.130" port: 38791 } } peers { permanent_uuid: "502a476892a0440fb6cf32368a07d064" member_type: VOTER last_known_addr { host: "127.11.113.131" port: 42465 } } peers { permanent_uuid: "f620e81703544205a1cfd55e573cc50e" member_type: VOTER last_known_addr { host: "127.11.113.132" port: 42979 } attrs { promote: false } } }
I20260710 11:04:27.712291 12722 catalog_manager.cc:5697] T abd22e94aeff42d7926d86ec4af64b73 P 502a476892a0440fb6cf32368a07d064 reported cstate change: config changed from index 3 to 4, VOTER 63847b928cc74389b95dda0f76494241 (127.11.113.129) evicted. New cstate: current_term: 1 leader_uuid: "502a476892a0440fb6cf32368a07d064" committed_config { opid_index: 4 OBSOLETE_local: false peers { permanent_uuid: "20418ece0eb04d69a75e24766479948f" member_type: VOTER last_known_addr { host: "127.11.113.130" port: 38791 } health_report { overall_health: HEALTHY } } peers { permanent_uuid: "502a476892a0440fb6cf32368a07d064" member_type: VOTER last_known_addr { host: "127.11.113.131" port: 42465 } health_report { overall_health: HEALTHY } } peers { permanent_uuid: "f620e81703544205a1cfd55e573cc50e" member_type: VOTER last_known_addr { host: "127.11.113.132" port: 42979 } attrs { promote: false } health_report { overall_health: HEALTHY } } }
I20260710 11:04:27.726334 12807 tablet_service.cc:1558] Processing DeleteTablet for tablet abd22e94aeff42d7926d86ec4af64b73 with delete_type TABLET_DATA_TOMBSTONED (TS 63847b928cc74389b95dda0f76494241 not found in new config with opid_index 4) from {username='slave'} at 127.0.0.1:49908
I20260710 11:04:27.728202 13618 tablet_replica.cc:333] T abd22e94aeff42d7926d86ec4af64b73 P 63847b928cc74389b95dda0f76494241: stopping tablet replica
I20260710 11:04:27.729326 13618 raft_consensus.cc:2243] T abd22e94aeff42d7926d86ec4af64b73 P 63847b928cc74389b95dda0f76494241 [term 1 FOLLOWER]: Raft consensus shutting down.
I20260710 11:04:27.730047 13618 raft_consensus.cc:2272] T abd22e94aeff42d7926d86ec4af64b73 P 63847b928cc74389b95dda0f76494241 [term 1 FOLLOWER]: Raft consensus is shut down!
I20260710 11:04:27.733042 13618 ts_tablet_manager.cc:1916] T abd22e94aeff42d7926d86ec4af64b73 P 63847b928cc74389b95dda0f76494241: Deleting tablet data with delete state TABLET_DATA_TOMBSTONED
I20260710 11:04:27.744367 13618 ts_tablet_manager.cc:1929] T abd22e94aeff42d7926d86ec4af64b73 P 63847b928cc74389b95dda0f76494241: tablet deleted with delete type TABLET_DATA_TOMBSTONED: last-logged OpId 1.3
I20260710 11:04:27.744649 13618 log.cc:1199] T abd22e94aeff42d7926d86ec4af64b73 P 63847b928cc74389b95dda0f76494241: Deleting WAL directory at /tmp/dist-test-taskOr9QKk/test-tmp/auto_leader_rebalancer-test.0.LeaderRebalancerTest.AddTserver.1783681424210728-11718-0/minicluster-data/ts-0-root/wals/abd22e94aeff42d7926d86ec4af64b73
I20260710 11:04:27.746219 12711 catalog_manager.cc:5028] TS 63847b928cc74389b95dda0f76494241 (127.11.113.129:41891): tablet abd22e94aeff42d7926d86ec4af64b73 (table test-workload [id=9d92913da7e64341bccc310c99637546]) successfully deleted
I20260710 11:04:32.594792 11718 auto_leader_rebalancer.cc:141] leader rebalance for table test-workload
I20260710 11:04:32.619547 12898 tablet_service.cc:2072] Received LeaderStepDown RPC: tablet_id: "7decd69eb96349459e79a912c06ffd8e"
dest_uuid: "20418ece0eb04d69a75e24766479948f"
mode: GRACEFUL
new_leader_uuid: "f620e81703544205a1cfd55e573cc50e"
 from {username='slave'} at 127.0.0.1:49080
I20260710 11:04:32.620107 12898 raft_consensus.cc:606] T 7decd69eb96349459e79a912c06ffd8e P 20418ece0eb04d69a75e24766479948f [term 1 LEADER]: Received request to transfer leadership to TS f620e81703544205a1cfd55e573cc50e
I20260710 11:04:32.631628 12825 tablet_service.cc:2072] Received LeaderStepDown RPC: tablet_id: "8a4e158b92d647e59072ff09106dd7ea"
dest_uuid: "63847b928cc74389b95dda0f76494241"
mode: GRACEFUL
new_leader_uuid: "f620e81703544205a1cfd55e573cc50e"
 from {username='slave'} at 127.0.0.1:33940
I20260710 11:04:32.632097 12825 raft_consensus.cc:606] T 8a4e158b92d647e59072ff09106dd7ea P 63847b928cc74389b95dda0f76494241 [term 1 LEADER]: Received request to transfer leadership to TS f620e81703544205a1cfd55e573cc50e
I20260710 11:04:32.634487 12898 tablet_service.cc:2072] Received LeaderStepDown RPC: tablet_id: "9320341152e8404886cdffd960c4efad"
dest_uuid: "20418ece0eb04d69a75e24766479948f"
mode: GRACEFUL
new_leader_uuid: "f620e81703544205a1cfd55e573cc50e"
 from {username='slave'} at 127.0.0.1:49080
I20260710 11:04:32.634950 12898 raft_consensus.cc:606] T 9320341152e8404886cdffd960c4efad P 20418ece0eb04d69a75e24766479948f [term 1 LEADER]: Received request to transfer leadership to TS f620e81703544205a1cfd55e573cc50e
I20260710 11:04:32.645519 12971 tablet_service.cc:2072] Received LeaderStepDown RPC: tablet_id: "abd22e94aeff42d7926d86ec4af64b73"
dest_uuid: "502a476892a0440fb6cf32368a07d064"
mode: GRACEFUL
new_leader_uuid: "f620e81703544205a1cfd55e573cc50e"
 from {username='slave'} at 127.0.0.1:34350
I20260710 11:04:32.645808 13630 raft_consensus.cc:993] T 7decd69eb96349459e79a912c06ffd8e P 20418ece0eb04d69a75e24766479948f: : Instructing follower f620e81703544205a1cfd55e573cc50e to start an election
I20260710 11:04:32.646047 12971 raft_consensus.cc:606] T abd22e94aeff42d7926d86ec4af64b73 P 502a476892a0440fb6cf32368a07d064 [term 1 LEADER]: Received request to transfer leadership to TS f620e81703544205a1cfd55e573cc50e
I20260710 11:04:32.646337 13628 raft_consensus.cc:1081] T 7decd69eb96349459e79a912c06ffd8e P 20418ece0eb04d69a75e24766479948f [term 1 LEADER]: Signalling peer f620e81703544205a1cfd55e573cc50e to start an election
I20260710 11:04:32.648095 13263 tablet_service.cc:2044] Received Run Leader Election RPC: tablet_id: "7decd69eb96349459e79a912c06ffd8e"
dest_uuid: "f620e81703544205a1cfd55e573cc50e"
 from {username='slave'} at 127.0.0.1:36924
I20260710 11:04:32.648411 12825 tablet_service.cc:2072] Received LeaderStepDown RPC: tablet_id: "e2a2b34772f84ad0ab403717c4c462b1"
dest_uuid: "63847b928cc74389b95dda0f76494241"
mode: GRACEFUL
new_leader_uuid: "20418ece0eb04d69a75e24766479948f"
 from {username='slave'} at 127.0.0.1:33940
I20260710 11:04:32.648649 13263 raft_consensus.cc:493] T 7decd69eb96349459e79a912c06ffd8e P f620e81703544205a1cfd55e573cc50e [term 1 FOLLOWER]: Starting forced leader election (received explicit request)
I20260710 11:04:32.648937 12825 raft_consensus.cc:606] T e2a2b34772f84ad0ab403717c4c462b1 P 63847b928cc74389b95dda0f76494241 [term 1 LEADER]: Received request to transfer leadership to TS 20418ece0eb04d69a75e24766479948f
I20260710 11:04:32.649026 13263 raft_consensus.cc:3060] T 7decd69eb96349459e79a912c06ffd8e P f620e81703544205a1cfd55e573cc50e [term 1 FOLLOWER]: Advancing to term 2
I20260710 11:04:32.650107 11718 auto_leader_rebalancer.cc:452] table: test-workload, leader rebalance finish, leader transfer count: 5
I20260710 11:04:32.650976 11718 auto_leader_rebalancer.cc:527] All tables' leader rebalancing finished this round
I20260710 11:04:32.654094 13263 raft_consensus.cc:515] T 7decd69eb96349459e79a912c06ffd8e P f620e81703544205a1cfd55e573cc50e [term 2 FOLLOWER]: Starting forced leader election with config: opid_index: 4 OBSOLETE_local: false peers { permanent_uuid: "63847b928cc74389b95dda0f76494241" member_type: VOTER last_known_addr { host: "127.11.113.129" port: 41891 } } peers { permanent_uuid: "20418ece0eb04d69a75e24766479948f" member_type: VOTER last_known_addr { host: "127.11.113.130" port: 38791 } } peers { permanent_uuid: "f620e81703544205a1cfd55e573cc50e" member_type: VOTER last_known_addr { host: "127.11.113.132" port: 42979 } attrs { promote: false } }
I20260710 11:04:32.655798 13263 leader_election.cc:290] T 7decd69eb96349459e79a912c06ffd8e P f620e81703544205a1cfd55e573cc50e [CANDIDATE]: Term 2 election: Requested vote from peers 63847b928cc74389b95dda0f76494241 (127.11.113.129:41891), 20418ece0eb04d69a75e24766479948f (127.11.113.130:38791)
I20260710 11:04:32.656633 12825 tablet_service.cc:1917] Received RequestConsensusVote() RPC: tablet_id: "7decd69eb96349459e79a912c06ffd8e" candidate_uuid: "f620e81703544205a1cfd55e573cc50e" candidate_term: 2 candidate_status { last_received { term: 1 index: 4 } } ignore_live_leader: true dest_uuid: "63847b928cc74389b95dda0f76494241"
I20260710 11:04:32.656884 12898 tablet_service.cc:1917] Received RequestConsensusVote() RPC: tablet_id: "7decd69eb96349459e79a912c06ffd8e" candidate_uuid: "f620e81703544205a1cfd55e573cc50e" candidate_term: 2 candidate_status { last_received { term: 1 index: 4 } } ignore_live_leader: true dest_uuid: "20418ece0eb04d69a75e24766479948f"
I20260710 11:04:32.657343 12825 raft_consensus.cc:3060] T 7decd69eb96349459e79a912c06ffd8e P 63847b928cc74389b95dda0f76494241 [term 1 FOLLOWER]: Advancing to term 2
I20260710 11:04:32.657457 12898 raft_consensus.cc:3055] T 7decd69eb96349459e79a912c06ffd8e P 20418ece0eb04d69a75e24766479948f [term 1 LEADER]: Stepping down as leader of term 1
I20260710 11:04:32.657797 12898 raft_consensus.cc:740] T 7decd69eb96349459e79a912c06ffd8e P 20418ece0eb04d69a75e24766479948f [term 1 LEADER]: Becoming Follower/Learner. State: Replica: 20418ece0eb04d69a75e24766479948f, State: Running, Role: LEADER
I20260710 11:04:32.658349 12898 consensus_queue.cc:260] T 7decd69eb96349459e79a912c06ffd8e P 20418ece0eb04d69a75e24766479948f [NON_LEADER]: Queue going to NON_LEADER mode. State: All replicated index: 0, Majority replicated index: 4, Committed index: 4, Last appended: 1.4, Last appended by leader: 4, Current term: 1, Majority size: -1, State: 0, Mode: NON_LEADER, active raft config: opid_index: 4 OBSOLETE_local: false peers { permanent_uuid: "63847b928cc74389b95dda0f76494241" member_type: VOTER last_known_addr { host: "127.11.113.129" port: 41891 } } peers { permanent_uuid: "20418ece0eb04d69a75e24766479948f" member_type: VOTER last_known_addr { host: "127.11.113.130" port: 38791 } } peers { permanent_uuid: "f620e81703544205a1cfd55e573cc50e" member_type: VOTER last_known_addr { host: "127.11.113.132" port: 42979 } attrs { promote: false } }
I20260710 11:04:32.659317 12898 raft_consensus.cc:3060] T 7decd69eb96349459e79a912c06ffd8e P 20418ece0eb04d69a75e24766479948f [term 1 FOLLOWER]: Advancing to term 2
I20260710 11:04:32.663048 12825 raft_consensus.cc:2468] T 7decd69eb96349459e79a912c06ffd8e P 63847b928cc74389b95dda0f76494241 [term 2 FOLLOWER]: Leader election vote request: Granting yes vote for candidate f620e81703544205a1cfd55e573cc50e in term 2.
I20260710 11:04:32.664158 13229 leader_election.cc:304] T 7decd69eb96349459e79a912c06ffd8e P f620e81703544205a1cfd55e573cc50e [CANDIDATE]: Term 2 election: Election decided. Result: candidate won. Election summary: received 2 responses out of 3 voters: 2 yes votes; 0 no votes. yes voters: 63847b928cc74389b95dda0f76494241, f620e81703544205a1cfd55e573cc50e; no voters: 
I20260710 11:04:32.664335 12898 raft_consensus.cc:2468] T 7decd69eb96349459e79a912c06ffd8e P 20418ece0eb04d69a75e24766479948f [term 2 FOLLOWER]: Leader election vote request: Granting yes vote for candidate f620e81703544205a1cfd55e573cc50e in term 2.
I20260710 11:04:32.665900 13636 raft_consensus.cc:2804] T 7decd69eb96349459e79a912c06ffd8e P f620e81703544205a1cfd55e573cc50e [term 2 FOLLOWER]: Leader election won for term 2
I20260710 11:04:32.666935 13636 raft_consensus.cc:697] T 7decd69eb96349459e79a912c06ffd8e P f620e81703544205a1cfd55e573cc50e [term 2 LEADER]: Becoming Leader. State: Replica: f620e81703544205a1cfd55e573cc50e, State: Running, Role: LEADER
I20260710 11:04:32.667748 13636 consensus_queue.cc:237] T 7decd69eb96349459e79a912c06ffd8e P f620e81703544205a1cfd55e573cc50e [LEADER]: Queue going to LEADER mode. State: All replicated index: 0, Majority replicated index: 4, Committed index: 4, Last appended: 1.4, Last appended by leader: 4, Current term: 2, Majority size: 2, State: 0, Mode: LEADER, active raft config: opid_index: 4 OBSOLETE_local: false peers { permanent_uuid: "63847b928cc74389b95dda0f76494241" member_type: VOTER last_known_addr { host: "127.11.113.129" port: 41891 } } peers { permanent_uuid: "20418ece0eb04d69a75e24766479948f" member_type: VOTER last_known_addr { host: "127.11.113.130" port: 38791 } } peers { permanent_uuid: "f620e81703544205a1cfd55e573cc50e" member_type: VOTER last_known_addr { host: "127.11.113.132" port: 42979 } attrs { promote: false } }
I20260710 11:04:32.675773 12720 catalog_manager.cc:5697] T 7decd69eb96349459e79a912c06ffd8e P f620e81703544205a1cfd55e573cc50e reported cstate change: term changed from 1 to 2, leader changed from 20418ece0eb04d69a75e24766479948f (127.11.113.130) to f620e81703544205a1cfd55e573cc50e (127.11.113.132). New cstate: current_term: 2 leader_uuid: "f620e81703544205a1cfd55e573cc50e" committed_config { opid_index: 4 OBSOLETE_local: false peers { permanent_uuid: "63847b928cc74389b95dda0f76494241" member_type: VOTER last_known_addr { host: "127.11.113.129" port: 41891 } health_report { overall_health: UNKNOWN } } peers { permanent_uuid: "20418ece0eb04d69a75e24766479948f" member_type: VOTER last_known_addr { host: "127.11.113.130" port: 38791 } health_report { overall_health: UNKNOWN } } peers { permanent_uuid: "f620e81703544205a1cfd55e573cc50e" member_type: VOTER last_known_addr { host: "127.11.113.132" port: 42979 } attrs { promote: false } health_report { overall_health: HEALTHY } } }
I20260710 11:04:32.733662 13627 raft_consensus.cc:993] T 8a4e158b92d647e59072ff09106dd7ea P 63847b928cc74389b95dda0f76494241: : Instructing follower f620e81703544205a1cfd55e573cc50e to start an election
I20260710 11:04:32.734133 13629 raft_consensus.cc:1081] T 8a4e158b92d647e59072ff09106dd7ea P 63847b928cc74389b95dda0f76494241 [term 1 LEADER]: Signalling peer f620e81703544205a1cfd55e573cc50e to start an election
I20260710 11:04:32.735531 13263 tablet_service.cc:2044] Received Run Leader Election RPC: tablet_id: "8a4e158b92d647e59072ff09106dd7ea"
dest_uuid: "f620e81703544205a1cfd55e573cc50e"
 from {username='slave'} at 127.0.0.1:36936
I20260710 11:04:32.735963 13263 raft_consensus.cc:493] T 8a4e158b92d647e59072ff09106dd7ea P f620e81703544205a1cfd55e573cc50e [term 1 FOLLOWER]: Starting forced leader election (received explicit request)
I20260710 11:04:32.736225 13263 raft_consensus.cc:3060] T 8a4e158b92d647e59072ff09106dd7ea P f620e81703544205a1cfd55e573cc50e [term 1 FOLLOWER]: Advancing to term 2
I20260710 11:04:32.740458 13263 raft_consensus.cc:515] T 8a4e158b92d647e59072ff09106dd7ea P f620e81703544205a1cfd55e573cc50e [term 2 FOLLOWER]: Starting forced leader election with config: opid_index: 4 OBSOLETE_local: false peers { permanent_uuid: "63847b928cc74389b95dda0f76494241" member_type: VOTER last_known_addr { host: "127.11.113.129" port: 41891 } } peers { permanent_uuid: "502a476892a0440fb6cf32368a07d064" member_type: VOTER last_known_addr { host: "127.11.113.131" port: 42465 } } peers { permanent_uuid: "f620e81703544205a1cfd55e573cc50e" member_type: VOTER last_known_addr { host: "127.11.113.132" port: 42979 } attrs { promote: false } }
I20260710 11:04:32.742177 13263 leader_election.cc:290] T 8a4e158b92d647e59072ff09106dd7ea P f620e81703544205a1cfd55e573cc50e [CANDIDATE]: Term 2 election: Requested vote from peers 63847b928cc74389b95dda0f76494241 (127.11.113.129:41891), 502a476892a0440fb6cf32368a07d064 (127.11.113.131:42465)
I20260710 11:04:32.742848 12825 tablet_service.cc:1917] Received RequestConsensusVote() RPC: tablet_id: "8a4e158b92d647e59072ff09106dd7ea" candidate_uuid: "f620e81703544205a1cfd55e573cc50e" candidate_term: 2 candidate_status { last_received { term: 1 index: 4 } } ignore_live_leader: true dest_uuid: "63847b928cc74389b95dda0f76494241"
I20260710 11:04:32.743156 12971 tablet_service.cc:1917] Received RequestConsensusVote() RPC: tablet_id: "8a4e158b92d647e59072ff09106dd7ea" candidate_uuid: "f620e81703544205a1cfd55e573cc50e" candidate_term: 2 candidate_status { last_received { term: 1 index: 4 } } ignore_live_leader: true dest_uuid: "502a476892a0440fb6cf32368a07d064"
I20260710 11:04:32.743397 12825 raft_consensus.cc:3055] T 8a4e158b92d647e59072ff09106dd7ea P 63847b928cc74389b95dda0f76494241 [term 1 LEADER]: Stepping down as leader of term 1
I20260710 11:04:32.743700 12971 raft_consensus.cc:3060] T 8a4e158b92d647e59072ff09106dd7ea P 502a476892a0440fb6cf32368a07d064 [term 1 FOLLOWER]: Advancing to term 2
I20260710 11:04:32.743731 12825 raft_consensus.cc:740] T 8a4e158b92d647e59072ff09106dd7ea P 63847b928cc74389b95dda0f76494241 [term 1 LEADER]: Becoming Follower/Learner. State: Replica: 63847b928cc74389b95dda0f76494241, State: Running, Role: LEADER
