I20260710 11:04:09.475047 12824 tablet_service.cc:1917] Received RequestConsensusVote() RPC: tablet_id: "42581f5216bb488ea5b239142adb3763" candidate_uuid: "20418ece0eb04d69a75e24766479948f" candidate_term: 1 candidate_status { last_received { term: 0 index: 0 } } ignore_live_leader: false dest_uuid: "63847b928cc74389b95dda0f76494241"
I20260710 11:04:09.475612 12824 raft_consensus.cc:3060] T 42581f5216bb488ea5b239142adb3763 P 63847b928cc74389b95dda0f76494241 [term 0 FOLLOWER]: Advancing to term 1
I20260710 11:04:09.476760 13015 raft_consensus.cc:359] T 42581f5216bb488ea5b239142adb3763 P 502a476892a0440fb6cf32368a07d064 [term 0 FOLLOWER]: Replica starting. Triggering 0 pending ops. Active config: opid_index: -1 OBSOLETE_local: false peers { permanent_uuid: "63847b928cc74389b95dda0f76494241" member_type: VOTER last_known_addr { host: "127.11.113.129" port: 41891 } } peers { permanent_uuid: "20418ece0eb04d69a75e24766479948f" member_type: VOTER last_known_addr { host: "127.11.113.130" port: 38791 } } peers { permanent_uuid: "502a476892a0440fb6cf32368a07d064" member_type: VOTER last_known_addr { host: "127.11.113.131" port: 42465 } }
I20260710 11:04:09.477679 13015 raft_consensus.cc:385] T 42581f5216bb488ea5b239142adb3763 P 502a476892a0440fb6cf32368a07d064 [term 0 FOLLOWER]: Consensus starting up: Expiring failure detector timer to make a prompt election more likely
I20260710 11:04:09.478032 13015 raft_consensus.cc:740] T 42581f5216bb488ea5b239142adb3763 P 502a476892a0440fb6cf32368a07d064 [term 0 FOLLOWER]: Becoming Follower/Learner. State: Replica: 502a476892a0440fb6cf32368a07d064, State: Initialized, Role: FOLLOWER
I20260710 11:04:09.478904 13015 consensus_queue.cc:260] T 42581f5216bb488ea5b239142adb3763 P 502a476892a0440fb6cf32368a07d064 [NON_LEADER]: Queue going to NON_LEADER mode. State: All replicated index: 0, Majority replicated index: 0, Committed index: 0, Last appended: 0.0, Last appended by leader: 0, Current term: 0, Majority size: -1, State: 0, Mode: NON_LEADER, active raft config: opid_index: -1 OBSOLETE_local: false peers { permanent_uuid: "63847b928cc74389b95dda0f76494241" member_type: VOTER last_known_addr { host: "127.11.113.129" port: 41891 } } peers { permanent_uuid: "20418ece0eb04d69a75e24766479948f" member_type: VOTER last_known_addr { host: "127.11.113.130" port: 38791 } } peers { permanent_uuid: "502a476892a0440fb6cf32368a07d064" member_type: VOTER last_known_addr { host: "127.11.113.131" port: 42465 } }
I20260710 11:04:09.481529 13015 ts_tablet_manager.cc:1434] T 42581f5216bb488ea5b239142adb3763 P 502a476892a0440fb6cf32368a07d064: Time spent starting tablet: real 0.017s	user 0.007s	sys 0.003s
I20260710 11:04:09.482676 13015 tablet_bootstrap.cc:492] T 8b0d68cdf0984804821b2d172f01f91d P 502a476892a0440fb6cf32368a07d064: Bootstrap starting.
I20260710 11:04:09.487357 12824 raft_consensus.cc:2468] T 42581f5216bb488ea5b239142adb3763 P 63847b928cc74389b95dda0f76494241 [term 1 FOLLOWER]: Leader election vote request: Granting yes vote for candidate 20418ece0eb04d69a75e24766479948f in term 1.
I20260710 11:04:09.488471 12867 leader_election.cc:304] T 42581f5216bb488ea5b239142adb3763 P 20418ece0eb04d69a75e24766479948f [CANDIDATE]: Term 1 election: Election decided. Result: candidate won. Election summary: received 2 responses out of 3 voters: 2 yes votes; 0 no votes. yes voters: 20418ece0eb04d69a75e24766479948f, 63847b928cc74389b95dda0f76494241; no voters: 
I20260710 11:04:09.489305 13059 raft_consensus.cc:2804] T 42581f5216bb488ea5b239142adb3763 P 20418ece0eb04d69a75e24766479948f [term 1 FOLLOWER]: Leader election won for term 1
I20260710 11:04:09.489756 13059 raft_consensus.cc:697] T 42581f5216bb488ea5b239142adb3763 P 20418ece0eb04d69a75e24766479948f [term 1 LEADER]: Becoming Leader. State: Replica: 20418ece0eb04d69a75e24766479948f, State: Running, Role: LEADER
I20260710 11:04:09.490550 13059 consensus_queue.cc:237] T 42581f5216bb488ea5b239142adb3763 P 20418ece0eb04d69a75e24766479948f [LEADER]: Queue going to LEADER mode. State: All replicated index: 0, Majority replicated index: 0, Committed index: 0, Last appended: 0.0, Last appended by leader: 0, Current term: 1, Majority size: 2, State: 0, Mode: LEADER, active raft config: opid_index: -1 OBSOLETE_local: false peers { permanent_uuid: "63847b928cc74389b95dda0f76494241" member_type: VOTER last_known_addr { host: "127.11.113.129" port: 41891 } } peers { permanent_uuid: "20418ece0eb04d69a75e24766479948f" member_type: VOTER last_known_addr { host: "127.11.113.130" port: 38791 } } peers { permanent_uuid: "502a476892a0440fb6cf32368a07d064" member_type: VOTER last_known_addr { host: "127.11.113.131" port: 42465 } }
I20260710 11:04:09.495263 13055 consensus_queue.cc:1048] T 1d77f5626c0147ff92aff49672df7927 P 63847b928cc74389b95dda0f76494241 [LEADER]: Connected to new peer: Peer: permanent_uuid: "502a476892a0440fb6cf32368a07d064" member_type: VOTER last_known_addr { host: "127.11.113.131" port: 42465 }, Status: LMP_MISMATCH, Last received: 0.0, Next index: 1, Last known committed idx: 0, Time since last communication: 0.001s
I20260710 11:04:09.497355 13017 tablet_bootstrap.cc:654] T e2a2b34772f84ad0ab403717c4c462b1 P 20418ece0eb04d69a75e24766479948f: Neither blocks nor log segments found. Creating new log.
I20260710 11:04:09.504292 12974 tablet_service.cc:1917] Received RequestConsensusVote() RPC: tablet_id: "42581f5216bb488ea5b239142adb3763" candidate_uuid: "20418ece0eb04d69a75e24766479948f" candidate_term: 1 candidate_status { last_received { term: 0 index: 0 } } ignore_live_leader: false dest_uuid: "502a476892a0440fb6cf32368a07d064"
I20260710 11:04:09.505097 12974 raft_consensus.cc:3060] T 42581f5216bb488ea5b239142adb3763 P 502a476892a0440fb6cf32368a07d064 [term 0 FOLLOWER]: Advancing to term 1
I20260710 11:04:09.506775 13055 raft_consensus.cc:493] T e9ffea85236c4c7faa03a613b99d90b9 P 63847b928cc74389b95dda0f76494241 [term 0 FOLLOWER]: Starting pre-election (no leader contacted us within the election timeout)
I20260710 11:04:09.507400 13055 raft_consensus.cc:515] T e9ffea85236c4c7faa03a613b99d90b9 P 63847b928cc74389b95dda0f76494241 [term 0 FOLLOWER]: Starting pre-election with config: opid_index: -1 OBSOLETE_local: false peers { permanent_uuid: "63847b928cc74389b95dda0f76494241" member_type: VOTER last_known_addr { host: "127.11.113.129" port: 41891 } } peers { permanent_uuid: "20418ece0eb04d69a75e24766479948f" member_type: VOTER last_known_addr { host: "127.11.113.130" port: 38791 } } peers { permanent_uuid: "502a476892a0440fb6cf32368a07d064" member_type: VOTER last_known_addr { host: "127.11.113.131" port: 42465 } }
I20260710 11:04:09.510293 13055 leader_election.cc:290] T e9ffea85236c4c7faa03a613b99d90b9 P 63847b928cc74389b95dda0f76494241 [CANDIDATE]: Term 1 pre-election: Requested pre-vote from peers 20418ece0eb04d69a75e24766479948f (127.11.113.130:38791), 502a476892a0440fb6cf32368a07d064 (127.11.113.131:42465)
I20260710 11:04:09.510905 12901 tablet_service.cc:1917] Received RequestConsensusVote() RPC: tablet_id: "e9ffea85236c4c7faa03a613b99d90b9" candidate_uuid: "63847b928cc74389b95dda0f76494241" candidate_term: 1 candidate_status { last_received { term: 0 index: 0 } } ignore_live_leader: false dest_uuid: "20418ece0eb04d69a75e24766479948f" is_pre_election: true
I20260710 11:04:09.511715 12973 tablet_service.cc:1917] Received RequestConsensusVote() RPC: tablet_id: "e9ffea85236c4c7faa03a613b99d90b9" candidate_uuid: "63847b928cc74389b95dda0f76494241" candidate_term: 1 candidate_status { last_received { term: 0 index: 0 } } ignore_live_leader: false dest_uuid: "502a476892a0440fb6cf32368a07d064" is_pre_election: true
I20260710 11:04:09.511727 12901 raft_consensus.cc:2393] T e9ffea85236c4c7faa03a613b99d90b9 P 20418ece0eb04d69a75e24766479948f [term 1 FOLLOWER]: Leader pre-election vote request: Denying vote to candidate 63847b928cc74389b95dda0f76494241 in current term 1: Already voted for candidate 502a476892a0440fb6cf32368a07d064 in this term.
I20260710 11:04:09.514429 12790 leader_election.cc:304] T e9ffea85236c4c7faa03a613b99d90b9 P 63847b928cc74389b95dda0f76494241 [CANDIDATE]: Term 1 pre-election: Election decided. Result: candidate lost. Election summary: received 3 responses out of 3 voters: 1 yes votes; 2 no votes. yes voters: 63847b928cc74389b95dda0f76494241; no voters: 20418ece0eb04d69a75e24766479948f, 502a476892a0440fb6cf32368a07d064
I20260710 11:04:09.515484 13055 raft_consensus.cc:3060] T e9ffea85236c4c7faa03a613b99d90b9 P 63847b928cc74389b95dda0f76494241 [term 0 FOLLOWER]: Advancing to term 1
I20260710 11:04:09.518151 13015 tablet_bootstrap.cc:654] T 8b0d68cdf0984804821b2d172f01f91d P 502a476892a0440fb6cf32368a07d064: Neither blocks nor log segments found. Creating new log.
I20260710 11:04:09.518630 12974 raft_consensus.cc:2468] T 42581f5216bb488ea5b239142adb3763 P 502a476892a0440fb6cf32368a07d064 [term 1 FOLLOWER]: Leader election vote request: Granting yes vote for candidate 20418ece0eb04d69a75e24766479948f in term 1.
I20260710 11:04:09.519923 13066 leader_election.cc:290] T 42581f5216bb488ea5b239142adb3763 P 20418ece0eb04d69a75e24766479948f [CANDIDATE]: Term 1 election: Requested vote from peers 63847b928cc74389b95dda0f76494241 (127.11.113.129:41891), 502a476892a0440fb6cf32368a07d064 (127.11.113.131:42465)
I20260710 11:04:09.524050 13016 tablet_bootstrap.cc:492] T 2efb738724014211b3c443fef623921c P 63847b928cc74389b95dda0f76494241: No bootstrap required, opened a new log
I20260710 11:04:09.525936 13016 ts_tablet_manager.cc:1403] T 2efb738724014211b3c443fef623921c P 63847b928cc74389b95dda0f76494241: Time spent bootstrapping tablet: real 0.098s	user 0.020s	sys 0.058s
I20260710 11:04:09.528679 13055 raft_consensus.cc:2749] T e9ffea85236c4c7faa03a613b99d90b9 P 63847b928cc74389b95dda0f76494241 [term 1 FOLLOWER]: Leader pre-election lost for term 1. Reason: could not achieve majority
I20260710 11:04:09.545486 12724 catalog_manager.cc:5697] T 42581f5216bb488ea5b239142adb3763 P 20418ece0eb04d69a75e24766479948f reported cstate change: term changed from 0 to 1, leader changed from <none> to 20418ece0eb04d69a75e24766479948f (127.11.113.130). New cstate: current_term: 1 leader_uuid: "20418ece0eb04d69a75e24766479948f" committed_config { opid_index: -1 OBSOLETE_local: false peers { permanent_uuid: "63847b928cc74389b95dda0f76494241" member_type: VOTER last_known_addr { host: "127.11.113.129" port: 41891 } health_report { overall_health: UNKNOWN } } peers { permanent_uuid: "20418ece0eb04d69a75e24766479948f" member_type: VOTER last_known_addr { host: "127.11.113.130" port: 38791 } health_report { overall_health: HEALTHY } } peers { permanent_uuid: "502a476892a0440fb6cf32368a07d064" member_type: VOTER last_known_addr { host: "127.11.113.131" port: 42465 } health_report { overall_health: UNKNOWN } } }
I20260710 11:04:09.556388 13033 raft_consensus.cc:493] T 6270fbaa002c4826b014643062ea7aab P 63847b928cc74389b95dda0f76494241 [term 0 FOLLOWER]: Starting pre-election (no leader contacted us within the election timeout)
I20260710 11:04:09.559576 13033 raft_consensus.cc:515] T 6270fbaa002c4826b014643062ea7aab P 63847b928cc74389b95dda0f76494241 [term 0 FOLLOWER]: Starting pre-election with config: opid_index: -1 OBSOLETE_local: false peers { permanent_uuid: "63847b928cc74389b95dda0f76494241" member_type: VOTER last_known_addr { host: "127.11.113.129" port: 41891 } } peers { permanent_uuid: "20418ece0eb04d69a75e24766479948f" member_type: VOTER last_known_addr { host: "127.11.113.130" port: 38791 } } peers { permanent_uuid: "502a476892a0440fb6cf32368a07d064" member_type: VOTER last_known_addr { host: "127.11.113.131" port: 42465 } }
I20260710 11:04:09.560539 13015 tablet_bootstrap.cc:492] T 8b0d68cdf0984804821b2d172f01f91d P 502a476892a0440fb6cf32368a07d064: No bootstrap required, opened a new log
I20260710 11:04:09.560323 13016 raft_consensus.cc:359] T 2efb738724014211b3c443fef623921c P 63847b928cc74389b95dda0f76494241 [term 0 FOLLOWER]: Replica starting. Triggering 0 pending ops. Active config: opid_index: -1 OBSOLETE_local: false peers { permanent_uuid: "63847b928cc74389b95dda0f76494241" member_type: VOTER last_known_addr { host: "127.11.113.129" port: 41891 } } peers { permanent_uuid: "20418ece0eb04d69a75e24766479948f" member_type: VOTER last_known_addr { host: "127.11.113.130" port: 38791 } } peers { permanent_uuid: "502a476892a0440fb6cf32368a07d064" member_type: VOTER last_known_addr { host: "127.11.113.131" port: 42465 } }
I20260710 11:04:09.561017 13016 raft_consensus.cc:385] T 2efb738724014211b3c443fef623921c P 63847b928cc74389b95dda0f76494241 [term 0 FOLLOWER]: Consensus starting up: Expiring failure detector timer to make a prompt election more likely
I20260710 11:04:09.561095 13015 ts_tablet_manager.cc:1403] T 8b0d68cdf0984804821b2d172f01f91d P 502a476892a0440fb6cf32368a07d064: Time spent bootstrapping tablet: real 0.079s	user 0.018s	sys 0.017s
I20260710 11:04:09.561347 13016 raft_consensus.cc:740] T 2efb738724014211b3c443fef623921c P 63847b928cc74389b95dda0f76494241 [term 0 FOLLOWER]: Becoming Follower/Learner. State: Replica: 63847b928cc74389b95dda0f76494241, State: Initialized, Role: FOLLOWER
I20260710 11:04:09.561949 13033 leader_election.cc:290] T 6270fbaa002c4826b014643062ea7aab P 63847b928cc74389b95dda0f76494241 [CANDIDATE]: Term 1 pre-election: Requested pre-vote from peers 20418ece0eb04d69a75e24766479948f (127.11.113.130:38791), 502a476892a0440fb6cf32368a07d064 (127.11.113.131:42465)
I20260710 11:04:09.562011 13016 consensus_queue.cc:260] T 2efb738724014211b3c443fef623921c P 63847b928cc74389b95dda0f76494241 [NON_LEADER]: Queue going to NON_LEADER mode. State: All replicated index: 0, Majority replicated index: 0, Committed index: 0, Last appended: 0.0, Last appended by leader: 0, Current term: 0, Majority size: -1, State: 0, Mode: NON_LEADER, active raft config: opid_index: -1 OBSOLETE_local: false peers { permanent_uuid: "63847b928cc74389b95dda0f76494241" member_type: VOTER last_known_addr { host: "127.11.113.129" port: 41891 } } peers { permanent_uuid: "20418ece0eb04d69a75e24766479948f" member_type: VOTER last_known_addr { host: "127.11.113.130" port: 38791 } } peers { permanent_uuid: "502a476892a0440fb6cf32368a07d064" member_type: VOTER last_known_addr { host: "127.11.113.131" port: 42465 } }
I20260710 11:04:09.563441 12901 tablet_service.cc:1917] Received RequestConsensusVote() RPC: tablet_id: "6270fbaa002c4826b014643062ea7aab" candidate_uuid: "63847b928cc74389b95dda0f76494241" candidate_term: 1 candidate_status { last_received { term: 0 index: 0 } } ignore_live_leader: false dest_uuid: "20418ece0eb04d69a75e24766479948f" is_pre_election: true
I20260710 11:04:09.563588 13015 raft_consensus.cc:359] T 8b0d68cdf0984804821b2d172f01f91d P 502a476892a0440fb6cf32368a07d064 [term 0 FOLLOWER]: Replica starting. Triggering 0 pending ops. Active config: opid_index: -1 OBSOLETE_local: false peers { permanent_uuid: "63847b928cc74389b95dda0f76494241" member_type: VOTER last_known_addr { host: "127.11.113.129" port: 41891 } } peers { permanent_uuid: "20418ece0eb04d69a75e24766479948f" member_type: VOTER last_known_addr { host: "127.11.113.130" port: 38791 } } peers { permanent_uuid: "502a476892a0440fb6cf32368a07d064" member_type: VOTER last_known_addr { host: "127.11.113.131" port: 42465 } }
I20260710 11:04:09.564240 13015 raft_consensus.cc:385] T 8b0d68cdf0984804821b2d172f01f91d P 502a476892a0440fb6cf32368a07d064 [term 0 FOLLOWER]: Consensus starting up: Expiring failure detector timer to make a prompt election more likely
I20260710 11:04:09.564014 12975 tablet_service.cc:1917] Received RequestConsensusVote() RPC: tablet_id: "6270fbaa002c4826b014643062ea7aab" candidate_uuid: "63847b928cc74389b95dda0f76494241" candidate_term: 1 candidate_status { last_received { term: 0 index: 0 } } ignore_live_leader: false dest_uuid: "502a476892a0440fb6cf32368a07d064" is_pre_election: true
I20260710 11:04:09.564618 13015 raft_consensus.cc:740] T 8b0d68cdf0984804821b2d172f01f91d P 502a476892a0440fb6cf32368a07d064 [term 0 FOLLOWER]: Becoming Follower/Learner. State: Replica: 502a476892a0440fb6cf32368a07d064, State: Initialized, Role: FOLLOWER
W20260710 11:04:09.565480 12790 leader_election.cc:343] T 6270fbaa002c4826b014643062ea7aab P 63847b928cc74389b95dda0f76494241 [CANDIDATE]: Term 1 pre-election: Tablet error from VoteRequest() call to peer 502a476892a0440fb6cf32368a07d064 (127.11.113.131:42465): Illegal state: must be running to vote when last-logged opid is not known
I20260710 11:04:09.565305 13015 consensus_queue.cc:260] T 8b0d68cdf0984804821b2d172f01f91d P 502a476892a0440fb6cf32368a07d064 [NON_LEADER]: Queue going to NON_LEADER mode. State: All replicated index: 0, Majority replicated index: 0, Committed index: 0, Last appended: 0.0, Last appended by leader: 0, Current term: 0, Majority size: -1, State: 0, Mode: NON_LEADER, active raft config: opid_index: -1 OBSOLETE_local: false peers { permanent_uuid: "63847b928cc74389b95dda0f76494241" member_type: VOTER last_known_addr { host: "127.11.113.129" port: 41891 } } peers { permanent_uuid: "20418ece0eb04d69a75e24766479948f" member_type: VOTER last_known_addr { host: "127.11.113.130" port: 38791 } } peers { permanent_uuid: "502a476892a0440fb6cf32368a07d064" member_type: VOTER last_known_addr { host: "127.11.113.131" port: 42465 } }
I20260710 11:04:09.563985 13016 ts_tablet_manager.cc:1434] T 2efb738724014211b3c443fef623921c P 63847b928cc74389b95dda0f76494241: Time spent starting tablet: real 0.038s	user 0.004s	sys 0.000s
I20260710 11:04:09.564043 12901 raft_consensus.cc:2468] T 6270fbaa002c4826b014643062ea7aab P 20418ece0eb04d69a75e24766479948f [term 0 FOLLOWER]: Leader pre-election vote request: Granting yes vote for candidate 63847b928cc74389b95dda0f76494241 in term 0.
I20260710 11:04:09.567014 13016 tablet_bootstrap.cc:492] T 1abe7082d06b4873a52987b39644b631 P 63847b928cc74389b95dda0f76494241: Bootstrap starting.
I20260710 11:04:09.570315 13017 tablet_bootstrap.cc:492] T e2a2b34772f84ad0ab403717c4c462b1 P 20418ece0eb04d69a75e24766479948f: No bootstrap required, opened a new log
I20260710 11:04:09.575201 13017 ts_tablet_manager.cc:1403] T e2a2b34772f84ad0ab403717c4c462b1 P 20418ece0eb04d69a75e24766479948f: Time spent bootstrapping tablet: real 0.107s	user 0.014s	sys 0.025s
I20260710 11:04:09.578375 13017 raft_consensus.cc:359] T e2a2b34772f84ad0ab403717c4c462b1 P 20418ece0eb04d69a75e24766479948f [term 0 FOLLOWER]: Replica starting. Triggering 0 pending ops. Active config: opid_index: -1 OBSOLETE_local: false peers { permanent_uuid: "63847b928cc74389b95dda0f76494241" member_type: VOTER last_known_addr { host: "127.11.113.129" port: 41891 } } peers { permanent_uuid: "20418ece0eb04d69a75e24766479948f" member_type: VOTER last_known_addr { host: "127.11.113.130" port: 38791 } } peers { permanent_uuid: "502a476892a0440fb6cf32368a07d064" member_type: VOTER last_known_addr { host: "127.11.113.131" port: 42465 } }
I20260710 11:04:09.579079 13017 raft_consensus.cc:385] T e2a2b34772f84ad0ab403717c4c462b1 P 20418ece0eb04d69a75e24766479948f [term 0 FOLLOWER]: Consensus starting up: Expiring failure detector timer to make a prompt election more likely
I20260710 11:04:09.579442 13016 tablet_bootstrap.cc:654] T 1abe7082d06b4873a52987b39644b631 P 63847b928cc74389b95dda0f76494241: Neither blocks nor log segments found. Creating new log.
I20260710 11:04:09.567502 12791 leader_election.cc:304] T 6270fbaa002c4826b014643062ea7aab P 63847b928cc74389b95dda0f76494241 [CANDIDATE]: Term 1 pre-election: Election decided. Result: candidate won. Election summary: received 3 responses out of 3 voters: 2 yes votes; 1 no votes. yes voters: 20418ece0eb04d69a75e24766479948f, 63847b928cc74389b95dda0f76494241; no voters: 502a476892a0440fb6cf32368a07d064
I20260710 11:04:09.579337 13017 raft_consensus.cc:740] T e2a2b34772f84ad0ab403717c4c462b1 P 20418ece0eb04d69a75e24766479948f [term 0 FOLLOWER]: Becoming Follower/Learner. State: Replica: 20418ece0eb04d69a75e24766479948f, State: Initialized, Role: FOLLOWER
I20260710 11:04:09.567641 13015 ts_tablet_manager.cc:1434] T 8b0d68cdf0984804821b2d172f01f91d P 502a476892a0440fb6cf32368a07d064: Time spent starting tablet: real 0.006s	user 0.005s	sys 0.000s
I20260710 11:04:09.580082 13033 raft_consensus.cc:2804] T 6270fbaa002c4826b014643062ea7aab P 63847b928cc74389b95dda0f76494241 [term 0 FOLLOWER]: Leader pre-election won for term 1
I20260710 11:04:09.580448 13033 raft_consensus.cc:493] T 6270fbaa002c4826b014643062ea7aab P 63847b928cc74389b95dda0f76494241 [term 0 FOLLOWER]: Starting leader election (no leader contacted us within the election timeout)
I20260710 11:04:09.580809 13033 raft_consensus.cc:3060] T 6270fbaa002c4826b014643062ea7aab P 63847b928cc74389b95dda0f76494241 [term 0 FOLLOWER]: Advancing to term 1
I20260710 11:04:09.581207 13017 consensus_queue.cc:260] T e2a2b34772f84ad0ab403717c4c462b1 P 20418ece0eb04d69a75e24766479948f [NON_LEADER]: Queue going to NON_LEADER mode. State: All replicated index: 0, Majority replicated index: 0, Committed index: 0, Last appended: 0.0, Last appended by leader: 0, Current term: 0, Majority size: -1, State: 0, Mode: NON_LEADER, active raft config: opid_index: -1 OBSOLETE_local: false peers { permanent_uuid: "63847b928cc74389b95dda0f76494241" member_type: VOTER last_known_addr { host: "127.11.113.129" port: 41891 } } peers { permanent_uuid: "20418ece0eb04d69a75e24766479948f" member_type: VOTER last_known_addr { host: "127.11.113.130" port: 38791 } } peers { permanent_uuid: "502a476892a0440fb6cf32368a07d064" member_type: VOTER last_known_addr { host: "127.11.113.131" port: 42465 } }
I20260710 11:04:09.583250 13017 ts_tablet_manager.cc:1434] T e2a2b34772f84ad0ab403717c4c462b1 P 20418ece0eb04d69a75e24766479948f: Time spent starting tablet: real 0.008s	user 0.004s	sys 0.000s
I20260710 11:04:09.583822 13015 tablet_bootstrap.cc:492] T dbedb693377e4aa4a60d4377e9ef6156 P 502a476892a0440fb6cf32368a07d064: Bootstrap starting.
I20260710 11:04:09.585695 13017 tablet_bootstrap.cc:492] T a74e858a022e4472bed576950aaef1e8 P 20418ece0eb04d69a75e24766479948f: Bootstrap starting.
I20260710 11:04:09.590265 13015 tablet_bootstrap.cc:654] T dbedb693377e4aa4a60d4377e9ef6156 P 502a476892a0440fb6cf32368a07d064: Neither blocks nor log segments found. Creating new log.
I20260710 11:04:09.591445 13016 tablet_bootstrap.cc:492] T 1abe7082d06b4873a52987b39644b631 P 63847b928cc74389b95dda0f76494241: No bootstrap required, opened a new log
I20260710 11:04:09.591931 13016 ts_tablet_manager.cc:1403] T 1abe7082d06b4873a52987b39644b631 P 63847b928cc74389b95dda0f76494241: Time spent bootstrapping tablet: real 0.025s	user 0.010s	sys 0.005s
I20260710 11:04:09.591797 13059 raft_consensus.cc:493] T 1d77f5626c0147ff92aff49672df7927 P 20418ece0eb04d69a75e24766479948f [term 0 FOLLOWER]: Starting pre-election (no leader contacted us within the election timeout)
I20260710 11:04:09.592394 13059 raft_consensus.cc:515] T 1d77f5626c0147ff92aff49672df7927 P 20418ece0eb04d69a75e24766479948f [term 0 FOLLOWER]: Starting pre-election with config: opid_index: -1 OBSOLETE_local: false peers { permanent_uuid: "63847b928cc74389b95dda0f76494241" member_type: VOTER last_known_addr { host: "127.11.113.129" port: 41891 } } peers { permanent_uuid: "502a476892a0440fb6cf32368a07d064" member_type: VOTER last_known_addr { host: "127.11.113.131" port: 42465 } } peers { permanent_uuid: "20418ece0eb04d69a75e24766479948f" member_type: VOTER last_known_addr { host: "127.11.113.130" port: 38791 } }
I20260710 11:04:09.594455 13059 leader_election.cc:290] T 1d77f5626c0147ff92aff49672df7927 P 20418ece0eb04d69a75e24766479948f [CANDIDATE]: Term 1 pre-election: Requested pre-vote from peers 63847b928cc74389b95dda0f76494241 (127.11.113.129:41891), 502a476892a0440fb6cf32368a07d064 (127.11.113.131:42465)
I20260710 11:04:09.596689 12824 tablet_service.cc:1917] Received RequestConsensusVote() RPC: tablet_id: "1d77f5626c0147ff92aff49672df7927" candidate_uuid: "20418ece0eb04d69a75e24766479948f" candidate_term: 1 candidate_status { last_received { term: 0 index: 0 } } ignore_live_leader: false dest_uuid: "63847b928cc74389b95dda0f76494241" is_pre_election: true
I20260710 11:04:09.596706 12975 tablet_service.cc:1917] Received RequestConsensusVote() RPC: tablet_id: "1d77f5626c0147ff92aff49672df7927" candidate_uuid: "20418ece0eb04d69a75e24766479948f" candidate_term: 1 candidate_status { last_received { term: 0 index: 0 } } ignore_live_leader: false dest_uuid: "502a476892a0440fb6cf32368a07d064" is_pre_election: true
I20260710 11:04:09.599164 13016 raft_consensus.cc:359] T 1abe7082d06b4873a52987b39644b631 P 63847b928cc74389b95dda0f76494241 [term 0 FOLLOWER]: Replica starting. Triggering 0 pending ops. Active config: opid_index: -1 OBSOLETE_local: false peers { permanent_uuid: "63847b928cc74389b95dda0f76494241" member_type: VOTER last_known_addr { host: "127.11.113.129" port: 41891 } } peers { permanent_uuid: "20418ece0eb04d69a75e24766479948f" member_type: VOTER last_known_addr { host: "127.11.113.130" port: 38791 } } peers { permanent_uuid: "502a476892a0440fb6cf32368a07d064" member_type: VOTER last_known_addr { host: "127.11.113.131" port: 42465 } }
I20260710 11:04:09.601897 13033 raft_consensus.cc:515] T 6270fbaa002c4826b014643062ea7aab P 63847b928cc74389b95dda0f76494241 [term 1 FOLLOWER]: Starting leader election with config: opid_index: -1 OBSOLETE_local: false peers { permanent_uuid: "63847b928cc74389b95dda0f76494241" member_type: VOTER last_known_addr { host: "127.11.113.129" port: 41891 } } peers { permanent_uuid: "20418ece0eb04d69a75e24766479948f" member_type: VOTER last_known_addr { host: "127.11.113.130" port: 38791 } } peers { permanent_uuid: "502a476892a0440fb6cf32368a07d064" member_type: VOTER last_known_addr { host: "127.11.113.131" port: 42465 } }
I20260710 11:04:09.603024 13017 tablet_bootstrap.cc:654] T a74e858a022e4472bed576950aaef1e8 P 20418ece0eb04d69a75e24766479948f: Neither blocks nor log segments found. Creating new log.
I20260710 11:04:09.603561 12867 leader_election.cc:304] T 1d77f5626c0147ff92aff49672df7927 P 20418ece0eb04d69a75e24766479948f [CANDIDATE]: Term 1 pre-election: Election decided. Result: candidate lost. Election summary: received 3 responses out of 3 voters: 1 yes votes; 2 no votes. yes voters: 20418ece0eb04d69a75e24766479948f; no voters: 502a476892a0440fb6cf32368a07d064, 63847b928cc74389b95dda0f76494241
I20260710 11:04:09.605959 13059 raft_consensus.cc:2749] T 1d77f5626c0147ff92aff49672df7927 P 20418ece0eb04d69a75e24766479948f [term 0 FOLLOWER]: Leader pre-election lost for term 1. Reason: could not achieve majority
I20260710 11:04:09.604120 13016 raft_consensus.cc:385] T 1abe7082d06b4873a52987b39644b631 P 63847b928cc74389b95dda0f76494241 [term 0 FOLLOWER]: Consensus starting up: Expiring failure detector timer to make a prompt election more likely
I20260710 11:04:09.606586 13016 raft_consensus.cc:740] T 1abe7082d06b4873a52987b39644b631 P 63847b928cc74389b95dda0f76494241 [term 0 FOLLOWER]: Becoming Follower/Learner. State: Replica: 63847b928cc74389b95dda0f76494241, State: Initialized, Role: FOLLOWER
I20260710 11:04:09.607292 13016 consensus_queue.cc:260] T 1abe7082d06b4873a52987b39644b631 P 63847b928cc74389b95dda0f76494241 [NON_LEADER]: Queue going to NON_LEADER mode. State: All replicated index: 0, Majority replicated index: 0, Committed index: 0, Last appended: 0.0, Last appended by leader: 0, Current term: 0, Majority size: -1, State: 0, Mode: NON_LEADER, active raft config: opid_index: -1 OBSOLETE_local: false peers { permanent_uuid: "63847b928cc74389b95dda0f76494241" member_type: VOTER last_known_addr { host: "127.11.113.129" port: 41891 } } peers { permanent_uuid: "20418ece0eb04d69a75e24766479948f" member_type: VOTER last_known_addr { host: "127.11.113.130" port: 38791 } } peers { permanent_uuid: "502a476892a0440fb6cf32368a07d064" member_type: VOTER last_known_addr { host: "127.11.113.131" port: 42465 } }
I20260710 11:04:09.607708 12901 tablet_service.cc:1917] Received RequestConsensusVote() RPC: tablet_id: "6270fbaa002c4826b014643062ea7aab" candidate_uuid: "63847b928cc74389b95dda0f76494241" candidate_term: 1 candidate_status { last_received { term: 0 index: 0 } } ignore_live_leader: false dest_uuid: "20418ece0eb04d69a75e24766479948f"
I20260710 11:04:09.608223 12901 raft_consensus.cc:3060] T 6270fbaa002c4826b014643062ea7aab P 20418ece0eb04d69a75e24766479948f [term 0 FOLLOWER]: Advancing to term 1
I20260710 11:04:09.609071 12975 tablet_service.cc:1917] Received RequestConsensusVote() RPC: tablet_id: "6270fbaa002c4826b014643062ea7aab" candidate_uuid: "63847b928cc74389b95dda0f76494241" candidate_term: 1 candidate_status { last_received { term: 0 index: 0 } } ignore_live_leader: false dest_uuid: "502a476892a0440fb6cf32368a07d064"
W20260710 11:04:09.610747 12790 leader_election.cc:343] T 6270fbaa002c4826b014643062ea7aab P 63847b928cc74389b95dda0f76494241 [CANDIDATE]: Term 1 election: Tablet error from VoteRequest() call to peer 502a476892a0440fb6cf32368a07d064 (127.11.113.131:42465): Illegal state: must be running to vote when last-logged opid is not known
I20260710 11:04:09.611908 13016 ts_tablet_manager.cc:1434] T 1abe7082d06b4873a52987b39644b631 P 63847b928cc74389b95dda0f76494241: Time spent starting tablet: real 0.015s	user 0.005s	sys 0.000s
I20260710 11:04:09.612427 13033 leader_election.cc:290] T 6270fbaa002c4826b014643062ea7aab P 63847b928cc74389b95dda0f76494241 [CANDIDATE]: Term 1 election: Requested vote from peers 20418ece0eb04d69a75e24766479948f (127.11.113.130:38791), 502a476892a0440fb6cf32368a07d064 (127.11.113.131:42465)
I20260710 11:04:09.615530 12901 raft_consensus.cc:2468] T 6270fbaa002c4826b014643062ea7aab P 20418ece0eb04d69a75e24766479948f [term 1 FOLLOWER]: Leader election vote request: Granting yes vote for candidate 63847b928cc74389b95dda0f76494241 in term 1.
I20260710 11:04:09.616323 13017 tablet_bootstrap.cc:492] T a74e858a022e4472bed576950aaef1e8 P 20418ece0eb04d69a75e24766479948f: No bootstrap required, opened a new log
I20260710 11:04:09.616760 13017 ts_tablet_manager.cc:1403] T a74e858a022e4472bed576950aaef1e8 P 20418ece0eb04d69a75e24766479948f: Time spent bootstrapping tablet: real 0.031s	user 0.004s	sys 0.007s
I20260710 11:04:09.616662 12791 leader_election.cc:304] T 6270fbaa002c4826b014643062ea7aab P 63847b928cc74389b95dda0f76494241 [CANDIDATE]: Term 1 election: Election decided. Result: candidate won. Election summary: received 3 responses out of 3 voters: 2 yes votes; 1 no votes. yes voters: 20418ece0eb04d69a75e24766479948f, 63847b928cc74389b95dda0f76494241; no voters: 502a476892a0440fb6cf32368a07d064
I20260710 11:04:09.616945 13033 raft_consensus.cc:493] T e2a2b34772f84ad0ab403717c4c462b1 P 63847b928cc74389b95dda0f76494241 [term 0 FOLLOWER]: Starting pre-election (no leader contacted us within the election timeout)
I20260710 11:04:09.617108 13016 tablet_bootstrap.cc:492] T d517845f162b43af848ddd61872ec188 P 63847b928cc74389b95dda0f76494241: Bootstrap starting.
I20260710 11:04:09.617448 13021 raft_consensus.cc:2804] T 6270fbaa002c4826b014643062ea7aab P 63847b928cc74389b95dda0f76494241 [term 1 FOLLOWER]: Leader election won for term 1
I20260710 11:04:09.617431 13033 raft_consensus.cc:515] T e2a2b34772f84ad0ab403717c4c462b1 P 63847b928cc74389b95dda0f76494241 [term 0 FOLLOWER]: Starting pre-election with config: opid_index: -1 OBSOLETE_local: false peers { permanent_uuid: "63847b928cc74389b95dda0f76494241" member_type: VOTER last_known_addr { host: "127.11.113.129" port: 41891 } } peers { permanent_uuid: "20418ece0eb04d69a75e24766479948f" member_type: VOTER last_known_addr { host: "127.11.113.130" port: 38791 } } peers { permanent_uuid: "502a476892a0440fb6cf32368a07d064" member_type: VOTER last_known_addr { host: "127.11.113.131" port: 42465 } }
I20260710 11:04:09.618072 13021 raft_consensus.cc:697] T 6270fbaa002c4826b014643062ea7aab P 63847b928cc74389b95dda0f76494241 [term 1 LEADER]: Becoming Leader. State: Replica: 63847b928cc74389b95dda0f76494241, State: Running, Role: LEADER
I20260710 11:04:09.618914 13021 consensus_queue.cc:237] T 6270fbaa002c4826b014643062ea7aab P 63847b928cc74389b95dda0f76494241 [LEADER]: Queue going to LEADER mode. State: All replicated index: 0, Majority replicated index: 0, Committed index: 0, Last appended: 0.0, Last appended by leader: 0, Current term: 1, Majority size: 2, State: 0, Mode: LEADER, active raft config: opid_index: -1 OBSOLETE_local: false peers { permanent_uuid: "63847b928cc74389b95dda0f76494241" member_type: VOTER last_known_addr { host: "127.11.113.129" port: 41891 } } peers { permanent_uuid: "20418ece0eb04d69a75e24766479948f" member_type: VOTER last_known_addr { host: "127.11.113.130" port: 38791 } } peers { permanent_uuid: "502a476892a0440fb6cf32368a07d064" member_type: VOTER last_known_addr { host: "127.11.113.131" port: 42465 } }
I20260710 11:04:09.620277 12901 tablet_service.cc:1917] Received RequestConsensusVote() RPC: tablet_id: "e2a2b34772f84ad0ab403717c4c462b1" candidate_uuid: "63847b928cc74389b95dda0f76494241" candidate_term: 1 candidate_status { last_received { term: 0 index: 0 } } ignore_live_leader: false dest_uuid: "20418ece0eb04d69a75e24766479948f" is_pre_election: true
I20260710 11:04:09.620548 12975 tablet_service.cc:1917] Received RequestConsensusVote() RPC: tablet_id: "e2a2b34772f84ad0ab403717c4c462b1" candidate_uuid: "63847b928cc74389b95dda0f76494241" candidate_term: 1 candidate_status { last_received { term: 0 index: 0 } } ignore_live_leader: false dest_uuid: "502a476892a0440fb6cf32368a07d064" is_pre_election: true
I20260710 11:04:09.620962 12901 raft_consensus.cc:2468] T e2a2b34772f84ad0ab403717c4c462b1 P 20418ece0eb04d69a75e24766479948f [term 0 FOLLOWER]: Leader pre-election vote request: Granting yes vote for candidate 63847b928cc74389b95dda0f76494241 in term 0.
I20260710 11:04:09.622326 12791 leader_election.cc:304] T e2a2b34772f84ad0ab403717c4c462b1 P 63847b928cc74389b95dda0f76494241 [CANDIDATE]: Term 1 pre-election: Election decided. Result: candidate won. Election summary: received 2 responses out of 3 voters: 2 yes votes; 0 no votes. yes voters: 20418ece0eb04d69a75e24766479948f, 63847b928cc74389b95dda0f76494241; no voters: 
W20260710 11:04:09.623088 12790 leader_election.cc:343] T e2a2b34772f84ad0ab403717c4c462b1 P 63847b928cc74389b95dda0f76494241 [CANDIDATE]: Term 1 pre-election: Tablet error from VoteRequest() call to peer 502a476892a0440fb6cf32368a07d064 (127.11.113.131:42465): Illegal state: must be running to vote when last-logged opid is not known
I20260710 11:04:09.623281 13055 raft_consensus.cc:2804] T e2a2b34772f84ad0ab403717c4c462b1 P 63847b928cc74389b95dda0f76494241 [term 0 FOLLOWER]: Leader pre-election won for term 1
I20260710 11:04:09.623668 13055 raft_consensus.cc:493] T e2a2b34772f84ad0ab403717c4c462b1 P 63847b928cc74389b95dda0f76494241 [term 0 FOLLOWER]: Starting leader election (no leader contacted us within the election timeout)
I20260710 11:04:09.624012 13055 raft_consensus.cc:3060] T e2a2b34772f84ad0ab403717c4c462b1 P 63847b928cc74389b95dda0f76494241 [term 0 FOLLOWER]: Advancing to term 1
I20260710 11:04:09.620404 13033 leader_election.cc:290] T e2a2b34772f84ad0ab403717c4c462b1 P 63847b928cc74389b95dda0f76494241 [CANDIDATE]: Term 1 pre-election: Requested pre-vote from peers 20418ece0eb04d69a75e24766479948f (127.11.113.130:38791), 502a476892a0440fb6cf32368a07d064 (127.11.113.131:42465)
I20260710 11:04:09.627583 13017 raft_consensus.cc:359] T a74e858a022e4472bed576950aaef1e8 P 20418ece0eb04d69a75e24766479948f [term 0 FOLLOWER]: Replica starting. Triggering 0 pending ops. Active config: opid_index: -1 OBSOLETE_local: false peers { permanent_uuid: "63847b928cc74389b95dda0f76494241" member_type: VOTER last_known_addr { host: "127.11.113.129" port: 41891 } } peers { permanent_uuid: "20418ece0eb04d69a75e24766479948f" member_type: VOTER last_known_addr { host: "127.11.113.130" port: 38791 } } peers { permanent_uuid: "502a476892a0440fb6cf32368a07d064" member_type: VOTER last_known_addr { host: "127.11.113.131" port: 42465 } }
I20260710 11:04:09.628208 13017 raft_consensus.cc:385] T a74e858a022e4472bed576950aaef1e8 P 20418ece0eb04d69a75e24766479948f [term 0 FOLLOWER]: Consensus starting up: Expiring failure detector timer to make a prompt election more likely
I20260710 11:04:09.628495 13017 raft_consensus.cc:740] T a74e858a022e4472bed576950aaef1e8 P 20418ece0eb04d69a75e24766479948f [term 0 FOLLOWER]: Becoming Follower/Learner. State: Replica: 20418ece0eb04d69a75e24766479948f, State: Initialized, Role: FOLLOWER
I20260710 11:04:09.634178 13059 consensus_queue.cc:1048] T e9777e0ca29549ec9de39c1f39465502 P 20418ece0eb04d69a75e24766479948f [LEADER]: Connected to new peer: Peer: permanent_uuid: "63847b928cc74389b95dda0f76494241" member_type: VOTER last_known_addr { host: "127.11.113.129" port: 41891 }, Status: LMP_MISMATCH, Last received: 0.0, Next index: 1, Last known committed idx: 0, Time since last communication: 0.000s
I20260710 11:04:09.634501 13033 consensus_queue.cc:1048] T 72be26202a1d4ef1a7bac738845864f3 P 63847b928cc74389b95dda0f76494241 [LEADER]: Connected to new peer: Peer: permanent_uuid: "502a476892a0440fb6cf32368a07d064" member_type: VOTER last_known_addr { host: "127.11.113.131" port: 42465 }, Status: LMP_MISMATCH, Last received: 0.0, Next index: 1, Last known committed idx: 0, Time since last communication: 0.000s
I20260710 11:04:09.636269 13015 tablet_bootstrap.cc:492] T dbedb693377e4aa4a60d4377e9ef6156 P 502a476892a0440fb6cf32368a07d064: No bootstrap required, opened a new log
I20260710 11:04:09.636806 13015 ts_tablet_manager.cc:1403] T dbedb693377e4aa4a60d4377e9ef6156 P 502a476892a0440fb6cf32368a07d064: Time spent bootstrapping tablet: real 0.053s	user 0.013s	sys 0.034s
I20260710 11:04:09.637066 13016 tablet_bootstrap.cc:654] T d517845f162b43af848ddd61872ec188 P 63847b928cc74389b95dda0f76494241: Neither blocks nor log segments found. Creating new log.
I20260710 11:04:09.638278 13017 consensus_queue.cc:260] T a74e858a022e4472bed576950aaef1e8 P 20418ece0eb04d69a75e24766479948f [NON_LEADER]: Queue going to NON_LEADER mode. State: All replicated index: 0, Majority replicated index: 0, Committed index: 0, Last appended: 0.0, Last appended by leader: 0, Current term: 0, Majority size: -1, State: 0, Mode: NON_LEADER, active raft config: opid_index: -1 OBSOLETE_local: false peers { permanent_uuid: "63847b928cc74389b95dda0f76494241" member_type: VOTER last_known_addr { host: "127.11.113.129" port: 41891 } } peers { permanent_uuid: "20418ece0eb04d69a75e24766479948f" member_type: VOTER last_known_addr { host: "127.11.113.130" port: 38791 } } peers { permanent_uuid: "502a476892a0440fb6cf32368a07d064" member_type: VOTER last_known_addr { host: "127.11.113.131" port: 42465 } }
I20260710 11:04:09.640264 13015 raft_consensus.cc:359] T dbedb693377e4aa4a60d4377e9ef6156 P 502a476892a0440fb6cf32368a07d064 [term 0 FOLLOWER]: Replica starting. Triggering 0 pending ops. Active config: opid_index: -1 OBSOLETE_local: false peers { permanent_uuid: "63847b928cc74389b95dda0f76494241" member_type: VOTER last_known_addr { host: "127.11.113.129" port: 41891 } } peers { permanent_uuid: "20418ece0eb04d69a75e24766479948f" member_type: VOTER last_known_addr { host: "127.11.113.130" port: 38791 } } peers { permanent_uuid: "502a476892a0440fb6cf32368a07d064" member_type: VOTER last_known_addr { host: "127.11.113.131" port: 42465 } }
I20260710 11:04:09.640872 13015 raft_consensus.cc:385] T dbedb693377e4aa4a60d4377e9ef6156 P 502a476892a0440fb6cf32368a07d064 [term 0 FOLLOWER]: Consensus starting up: Expiring failure detector timer to make a prompt election more likely
I20260710 11:04:09.641181 13015 raft_consensus.cc:740] T dbedb693377e4aa4a60d4377e9ef6156 P 502a476892a0440fb6cf32368a07d064 [term 0 FOLLOWER]: Becoming Follower/Learner. State: Replica: 502a476892a0440fb6cf32368a07d064, State: Initialized, Role: FOLLOWER
I20260710 11:04:09.641819 13015 consensus_queue.cc:260] T dbedb693377e4aa4a60d4377e9ef6156 P 502a476892a0440fb6cf32368a07d064 [NON_LEADER]: Queue going to NON_LEADER mode. State: All replicated index: 0, Majority replicated index: 0, Committed index: 0, Last appended: 0.0, Last appended by leader: 0, Current term: 0, Majority size: -1, State: 0, Mode: NON_LEADER, active raft config: opid_index: -1 OBSOLETE_local: false peers { permanent_uuid: "63847b928cc74389b95dda0f76494241" member_type: VOTER last_known_addr { host: "127.11.113.129" port: 41891 } } peers { permanent_uuid: "20418ece0eb04d69a75e24766479948f" member_type: VOTER last_known_addr { host: "127.11.113.130" port: 38791 } } peers { permanent_uuid: "502a476892a0440fb6cf32368a07d064" member_type: VOTER last_known_addr { host: "127.11.113.131" port: 42465 } }
I20260710 11:04:09.642123 13055 raft_consensus.cc:515] T e2a2b34772f84ad0ab403717c4c462b1 P 63847b928cc74389b95dda0f76494241 [term 1 FOLLOWER]: Starting leader election with config: opid_index: -1 OBSOLETE_local: false peers { permanent_uuid: "63847b928cc74389b95dda0f76494241" member_type: VOTER last_known_addr { host: "127.11.113.129" port: 41891 } } peers { permanent_uuid: "20418ece0eb04d69a75e24766479948f" member_type: VOTER last_known_addr { host: "127.11.113.130" port: 38791 } } peers { permanent_uuid: "502a476892a0440fb6cf32368a07d064" member_type: VOTER last_known_addr { host: "127.11.113.131" port: 42465 } }
I20260710 11:04:09.643766 13015 ts_tablet_manager.cc:1434] T dbedb693377e4aa4a60d4377e9ef6156 P 502a476892a0440fb6cf32368a07d064: Time spent starting tablet: real 0.006s	user 0.001s	sys 0.002s
I20260710 11:04:09.644811 12901 tablet_service.cc:1917] Received RequestConsensusVote() RPC: tablet_id: "e2a2b34772f84ad0ab403717c4c462b1" candidate_uuid: "63847b928cc74389b95dda0f76494241" candidate_term: 1 candidate_status { last_received { term: 0 index: 0 } } ignore_live_leader: false dest_uuid: "20418ece0eb04d69a75e24766479948f"
I20260710 11:04:09.645110 13015 tablet_bootstrap.cc:492] T e2a2b34772f84ad0ab403717c4c462b1 P 502a476892a0440fb6cf32368a07d064: Bootstrap starting.
I20260710 11:04:09.645390 12901 raft_consensus.cc:3060] T e2a2b34772f84ad0ab403717c4c462b1 P 20418ece0eb04d69a75e24766479948f [term 0 FOLLOWER]: Advancing to term 1
I20260710 11:04:09.650985 13015 tablet_bootstrap.cc:654] T e2a2b34772f84ad0ab403717c4c462b1 P 502a476892a0440fb6cf32368a07d064: Neither blocks nor log segments found. Creating new log.
I20260710 11:04:09.652419 12901 raft_consensus.cc:2468] T e2a2b34772f84ad0ab403717c4c462b1 P 20418ece0eb04d69a75e24766479948f [term 1 FOLLOWER]: Leader election vote request: Granting yes vote for candidate 63847b928cc74389b95dda0f76494241 in term 1.
I20260710 11:04:09.653731 12791 leader_election.cc:304] T e2a2b34772f84ad0ab403717c4c462b1 P 63847b928cc74389b95dda0f76494241 [CANDIDATE]: Term 1 election: Election decided. Result: candidate won. Election summary: received 2 responses out of 3 voters: 2 yes votes; 0 no votes. yes voters: 20418ece0eb04d69a75e24766479948f, 63847b928cc74389b95dda0f76494241; no voters: 
I20260710 11:04:09.654896 13033 raft_consensus.cc:2804] T e2a2b34772f84ad0ab403717c4c462b1 P 63847b928cc74389b95dda0f76494241 [term 1 FOLLOWER]: Leader election won for term 1
I20260710 11:04:09.656510 13033 raft_consensus.cc:697] T e2a2b34772f84ad0ab403717c4c462b1 P 63847b928cc74389b95dda0f76494241 [term 1 LEADER]: Becoming Leader. State: Replica: 63847b928cc74389b95dda0f76494241, State: Running, Role: LEADER
I20260710 11:04:09.666698 13017 ts_tablet_manager.cc:1434] T a74e858a022e4472bed576950aaef1e8 P 20418ece0eb04d69a75e24766479948f: Time spent starting tablet: real 0.050s	user 0.004s	sys 0.001s
I20260710 11:04:09.677220 13017 tablet_bootstrap.cc:492] T abd22e94aeff42d7926d86ec4af64b73 P 20418ece0eb04d69a75e24766479948f: Bootstrap starting.
I20260710 11:04:09.682893 13017 tablet_bootstrap.cc:654] T abd22e94aeff42d7926d86ec4af64b73 P 20418ece0eb04d69a75e24766479948f: Neither blocks nor log segments found. Creating new log.
I20260710 11:04:09.684793 13056 consensus_queue.cc:1048] T e9ffea85236c4c7faa03a613b99d90b9 P 502a476892a0440fb6cf32368a07d064 [LEADER]: Connected to new peer: Peer: permanent_uuid: "63847b928cc74389b95dda0f76494241" member_type: VOTER last_known_addr { host: "127.11.113.129" port: 41891 }, Status: LMP_MISMATCH, Last received: 0.0, Next index: 1, Last known committed idx: 0, Time since last communication: 0.000s
I20260710 11:04:09.686950 12974 tablet_service.cc:1917] Received RequestConsensusVote() RPC: tablet_id: "e2a2b34772f84ad0ab403717c4c462b1" candidate_uuid: "63847b928cc74389b95dda0f76494241" candidate_term: 1 candidate_status { last_received { term: 0 index: 0 } } ignore_live_leader: false dest_uuid: "502a476892a0440fb6cf32368a07d064"
I20260710 11:04:09.686386 12722 catalog_manager.cc:5697] T 6270fbaa002c4826b014643062ea7aab P 63847b928cc74389b95dda0f76494241 reported cstate change: term changed from 0 to 1, leader changed from <none> to 63847b928cc74389b95dda0f76494241 (127.11.113.129). New cstate: current_term: 1 leader_uuid: "63847b928cc74389b95dda0f76494241" committed_config { opid_index: -1 OBSOLETE_local: false peers { permanent_uuid: "63847b928cc74389b95dda0f76494241" member_type: VOTER last_known_addr { host: "127.11.113.129" port: 41891 } health_report { overall_health: HEALTHY } } peers { permanent_uuid: "20418ece0eb04d69a75e24766479948f" member_type: VOTER last_known_addr { host: "127.11.113.130" port: 38791 } health_report { overall_health: UNKNOWN } } peers { permanent_uuid: "502a476892a0440fb6cf32368a07d064" member_type: VOTER last_known_addr { host: "127.11.113.131" port: 42465 } health_report { overall_health: UNKNOWN } } }
I20260710 11:04:09.687914 13021 consensus_queue.cc:1048] T 8a4e158b92d647e59072ff09106dd7ea P 63847b928cc74389b95dda0f76494241 [LEADER]: Connected to new peer: Peer: permanent_uuid: "502a476892a0440fb6cf32368a07d064" member_type: VOTER last_known_addr { host: "127.11.113.131" port: 42465 }, Status: LMP_MISMATCH, Last received: 0.0, Next index: 1, Last known committed idx: 0, Time since last communication: 0.000s
I20260710 11:04:09.660362 13033 consensus_queue.cc:237] T e2a2b34772f84ad0ab403717c4c462b1 P 63847b928cc74389b95dda0f76494241 [LEADER]: Queue going to LEADER mode. State: All replicated index: 0, Majority replicated index: 0, Committed index: 0, Last appended: 0.0, Last appended by leader: 0, Current term: 1, Majority size: 2, State: 0, Mode: LEADER, active raft config: opid_index: -1 OBSOLETE_local: false peers { permanent_uuid: "63847b928cc74389b95dda0f76494241" member_type: VOTER last_known_addr { host: "127.11.113.129" port: 41891 } } peers { permanent_uuid: "20418ece0eb04d69a75e24766479948f" member_type: VOTER last_known_addr { host: "127.11.113.130" port: 38791 } } peers { permanent_uuid: "502a476892a0440fb6cf32368a07d064" member_type: VOTER last_known_addr { host: "127.11.113.131" port: 42465 } }
W20260710 11:04:09.692906 12790 leader_election.cc:343] T e2a2b34772f84ad0ab403717c4c462b1 P 63847b928cc74389b95dda0f76494241 [CANDIDATE]: Term 1 election: Tablet error from VoteRequest() call to peer 502a476892a0440fb6cf32368a07d064 (127.11.113.131:42465): Illegal state: must be running to vote when last-logged opid is not known
I20260710 11:04:09.696609 13059 consensus_queue.cc:1048] T 7870aa1c63004ecbac4089cef3811404 P 20418ece0eb04d69a75e24766479948f [LEADER]: Connected to new peer: Peer: permanent_uuid: "63847b928cc74389b95dda0f76494241" member_type: VOTER last_known_addr { host: "127.11.113.129" port: 41891 }, Status: LMP_MISMATCH, Last received: 0.0, Next index: 1, Last known committed idx: 0, Time since last communication: 0.000s
I20260710 11:04:09.708182 13055 leader_election.cc:290] T e2a2b34772f84ad0ab403717c4c462b1 P 63847b928cc74389b95dda0f76494241 [CANDIDATE]: Term 1 election: Requested vote from peers 20418ece0eb04d69a75e24766479948f (127.11.113.130:38791), 502a476892a0440fb6cf32368a07d064 (127.11.113.131:42465)
I20260710 11:04:09.709503 13059 raft_consensus.cc:493] T 8b0d68cdf0984804821b2d172f01f91d P 20418ece0eb04d69a75e24766479948f [term 0 FOLLOWER]: Starting pre-election (no leader contacted us within the election timeout)
I20260710 11:04:09.710089 13059 raft_consensus.cc:515] T 8b0d68cdf0984804821b2d172f01f91d P 20418ece0eb04d69a75e24766479948f [term 0 FOLLOWER]: Starting pre-election with config: opid_index: -1 OBSOLETE_local: false peers { permanent_uuid: "63847b928cc74389b95dda0f76494241" member_type: VOTER last_known_addr { host: "127.11.113.129" port: 41891 } } peers { permanent_uuid: "20418ece0eb04d69a75e24766479948f" member_type: VOTER last_known_addr { host: "127.11.113.130" port: 38791 } } peers { permanent_uuid: "502a476892a0440fb6cf32368a07d064" member_type: VOTER last_known_addr { host: "127.11.113.131" port: 42465 } }
I20260710 11:04:09.720558 13021 raft_consensus.cc:493] T a74e858a022e4472bed576950aaef1e8 P 63847b928cc74389b95dda0f76494241 [term 0 FOLLOWER]: Starting pre-election (no leader contacted us within the election timeout)
I20260710 11:04:09.731914 13059 leader_election.cc:290] T 8b0d68cdf0984804821b2d172f01f91d P 20418ece0eb04d69a75e24766479948f [CANDIDATE]: Term 1 pre-election: Requested pre-vote from peers 63847b928cc74389b95dda0f76494241 (127.11.113.129:41891), 502a476892a0440fb6cf32368a07d064 (127.11.113.131:42465)
I20260710 11:04:09.733104 12973 tablet_service.cc:1917] Received RequestConsensusVote() RPC: tablet_id: "8b0d68cdf0984804821b2d172f01f91d" candidate_uuid: "20418ece0eb04d69a75e24766479948f" candidate_term: 1 candidate_status { last_received { term: 0 index: 0 } } ignore_live_leader: false dest_uuid: "502a476892a0440fb6cf32368a07d064" is_pre_election: true
I20260710 11:04:09.733727 12973 raft_consensus.cc:2468] T 8b0d68cdf0984804821b2d172f01f91d P 502a476892a0440fb6cf32368a07d064 [term 0 FOLLOWER]: Leader pre-election vote request: Granting yes vote for candidate 20418ece0eb04d69a75e24766479948f in term 0.
