I20260710 11:03:46.112773 28705 consensus_queue.cc:260] T 8cd1e1c37d6043b4a0c3ba7e4fe2c6e5 P 2a89e279c8294e01af1fcff5ad4e81a3 [NON_LEADER]: Queue going to NON_LEADER mode. State: All replicated index: 0, Majority replicated index: 0, Committed index: 0, Last appended: 0.0, Last appended by leader: 0, Current term: 0, Majority size: -1, State: 0, Mode: NON_LEADER, active raft config: opid_index: -1 OBSOLETE_local: false peers { permanent_uuid: "faa3029409854ea1bf123b026f1a3b52" member_type: VOTER last_known_addr { host: "127.27.182.65" port: 34273 } } peers { permanent_uuid: "76d34b6bd82644afba067e5be9ee84bf" member_type: VOTER last_known_addr { host: "127.27.182.66" port: 36145 } } peers { permanent_uuid: "2a89e279c8294e01af1fcff5ad4e81a3" member_type: VOTER last_known_addr { host: "127.27.182.67" port: 40031 } }
I20260710 11:03:46.106338 28706 raft_consensus.cc:740] T ac7ae16d879047b3a93dac501196fefe P 76d34b6bd82644afba067e5be9ee84bf [term 0 FOLLOWER]: Becoming Follower/Learner. State: Replica: 76d34b6bd82644afba067e5be9ee84bf, State: Initialized, Role: FOLLOWER
I20260710 11:03:46.116060 28706 consensus_queue.cc:260] T ac7ae16d879047b3a93dac501196fefe P 76d34b6bd82644afba067e5be9ee84bf [NON_LEADER]: Queue going to NON_LEADER mode. State: All replicated index: 0, Majority replicated index: 0, Committed index: 0, Last appended: 0.0, Last appended by leader: 0, Current term: 0, Majority size: -1, State: 0, Mode: NON_LEADER, active raft config: opid_index: -1 OBSOLETE_local: false peers { permanent_uuid: "faa3029409854ea1bf123b026f1a3b52" member_type: VOTER last_known_addr { host: "127.27.182.65" port: 34273 } } peers { permanent_uuid: "76d34b6bd82644afba067e5be9ee84bf" member_type: VOTER last_known_addr { host: "127.27.182.66" port: 36145 } } peers { permanent_uuid: "2a89e279c8294e01af1fcff5ad4e81a3" member_type: VOTER last_known_addr { host: "127.27.182.67" port: 40031 } }
I20260710 11:03:46.128985 28686 heartbeater.cc:499] Master 127.27.182.126:41369 was elected leader, sending a full tablet report...
I20260710 11:03:46.129511 28705 ts_tablet_manager.cc:1434] T 8cd1e1c37d6043b4a0c3ba7e4fe2c6e5 P 2a89e279c8294e01af1fcff5ad4e81a3: Time spent starting tablet: real 0.021s	user 0.013s	sys 0.007s
I20260710 11:03:46.130326 28705 tablet_bootstrap.cc:492] T 4f619a0a85bc4880b7ff584b512fd90b P 2a89e279c8294e01af1fcff5ad4e81a3: Bootstrap starting.
I20260710 11:03:46.134116 28612 heartbeater.cc:499] Master 127.27.182.126:41369 was elected leader, sending a full tablet report...
I20260710 11:03:46.134603 28706 ts_tablet_manager.cc:1434] T ac7ae16d879047b3a93dac501196fefe P 76d34b6bd82644afba067e5be9ee84bf: Time spent starting tablet: real 0.032s	user 0.007s	sys 0.008s
I20260710 11:03:46.135406 28706 tablet_bootstrap.cc:492] T 93efc537af85418681276c424ec27174 P 76d34b6bd82644afba067e5be9ee84bf: Bootstrap starting.
I20260710 11:03:46.136395 28705 tablet_bootstrap.cc:654] T 4f619a0a85bc4880b7ff584b512fd90b P 2a89e279c8294e01af1fcff5ad4e81a3: Neither blocks nor log segments found. Creating new log.
I20260710 11:03:46.141534 28706 tablet_bootstrap.cc:654] T 93efc537af85418681276c424ec27174 P 76d34b6bd82644afba067e5be9ee84bf: Neither blocks nor log segments found. Creating new log.
W20260710 11:03:46.141770 28687 tablet.cc:2406] T 8cd1e1c37d6043b4a0c3ba7e4fe2c6e5 P 2a89e279c8294e01af1fcff5ad4e81a3: Can't schedule compaction. Clean time has not been advanced past its initial value.
I20260710 11:03:46.145953 28704 tablet_bootstrap.cc:492] T ac7ae16d879047b3a93dac501196fefe P faa3029409854ea1bf123b026f1a3b52: No bootstrap required, opened a new log
I20260710 11:03:46.146425 28704 ts_tablet_manager.cc:1403] T ac7ae16d879047b3a93dac501196fefe P faa3029409854ea1bf123b026f1a3b52: Time spent bootstrapping tablet: real 0.040s	user 0.008s	sys 0.008s
I20260710 11:03:46.149274 28704 raft_consensus.cc:359] T ac7ae16d879047b3a93dac501196fefe P faa3029409854ea1bf123b026f1a3b52 [term 0 FOLLOWER]: Replica starting. Triggering 0 pending ops. Active config: opid_index: -1 OBSOLETE_local: false peers { permanent_uuid: "faa3029409854ea1bf123b026f1a3b52" member_type: VOTER last_known_addr { host: "127.27.182.65" port: 34273 } } peers { permanent_uuid: "76d34b6bd82644afba067e5be9ee84bf" member_type: VOTER last_known_addr { host: "127.27.182.66" port: 36145 } } peers { permanent_uuid: "2a89e279c8294e01af1fcff5ad4e81a3" member_type: VOTER last_known_addr { host: "127.27.182.67" port: 40031 } }
I20260710 11:03:46.149982 28704 raft_consensus.cc:385] T ac7ae16d879047b3a93dac501196fefe P faa3029409854ea1bf123b026f1a3b52 [term 0 FOLLOWER]: Consensus starting up: Expiring failure detector timer to make a prompt election more likely
I20260710 11:03:46.150271 28704 raft_consensus.cc:740] T ac7ae16d879047b3a93dac501196fefe P faa3029409854ea1bf123b026f1a3b52 [term 0 FOLLOWER]: Becoming Follower/Learner. State: Replica: faa3029409854ea1bf123b026f1a3b52, State: Initialized, Role: FOLLOWER
I20260710 11:03:46.150969 28704 consensus_queue.cc:260] T ac7ae16d879047b3a93dac501196fefe P faa3029409854ea1bf123b026f1a3b52 [NON_LEADER]: Queue going to NON_LEADER mode. State: All replicated index: 0, Majority replicated index: 0, Committed index: 0, Last appended: 0.0, Last appended by leader: 0, Current term: 0, Majority size: -1, State: 0, Mode: NON_LEADER, active raft config: opid_index: -1 OBSOLETE_local: false peers { permanent_uuid: "faa3029409854ea1bf123b026f1a3b52" member_type: VOTER last_known_addr { host: "127.27.182.65" port: 34273 } } peers { permanent_uuid: "76d34b6bd82644afba067e5be9ee84bf" member_type: VOTER last_known_addr { host: "127.27.182.66" port: 36145 } } peers { permanent_uuid: "2a89e279c8294e01af1fcff5ad4e81a3" member_type: VOTER last_known_addr { host: "127.27.182.67" port: 40031 } }
I20260710 11:03:46.153585 28704 ts_tablet_manager.cc:1434] T ac7ae16d879047b3a93dac501196fefe P faa3029409854ea1bf123b026f1a3b52: Time spent starting tablet: real 0.007s	user 0.008s	sys 0.000s
I20260710 11:03:46.154430 28704 tablet_bootstrap.cc:492] T 0e102c8f1b8f4af9abe9ebfafa73c46d P faa3029409854ea1bf123b026f1a3b52: Bootstrap starting.
I20260710 11:03:46.160392 28704 tablet_bootstrap.cc:654] T 0e102c8f1b8f4af9abe9ebfafa73c46d P faa3029409854ea1bf123b026f1a3b52: Neither blocks nor log segments found. Creating new log.
I20260710 11:03:46.162398 28710 raft_consensus.cc:493] T aabeeaafb0e84a48be5f465264dabb38 P faa3029409854ea1bf123b026f1a3b52 [term 0 FOLLOWER]: Starting pre-election (no leader contacted us within the election timeout)
I20260710 11:03:46.162860 28710 raft_consensus.cc:515] T aabeeaafb0e84a48be5f465264dabb38 P faa3029409854ea1bf123b026f1a3b52 [term 0 FOLLOWER]: Starting pre-election with config: opid_index: -1 OBSOLETE_local: false peers { permanent_uuid: "faa3029409854ea1bf123b026f1a3b52" member_type: VOTER last_known_addr { host: "127.27.182.65" port: 34273 } } peers { permanent_uuid: "76d34b6bd82644afba067e5be9ee84bf" member_type: VOTER last_known_addr { host: "127.27.182.66" port: 36145 } } peers { permanent_uuid: "2a89e279c8294e01af1fcff5ad4e81a3" member_type: VOTER last_known_addr { host: "127.27.182.67" port: 40031 } }
I20260710 11:03:46.177191 28705 tablet_bootstrap.cc:492] T 4f619a0a85bc4880b7ff584b512fd90b P 2a89e279c8294e01af1fcff5ad4e81a3: No bootstrap required, opened a new log
I20260710 11:03:46.177626 28705 ts_tablet_manager.cc:1403] T 4f619a0a85bc4880b7ff584b512fd90b P 2a89e279c8294e01af1fcff5ad4e81a3: Time spent bootstrapping tablet: real 0.047s	user 0.023s	sys 0.020s
I20260710 11:03:46.180331 28705 raft_consensus.cc:359] T 4f619a0a85bc4880b7ff584b512fd90b P 2a89e279c8294e01af1fcff5ad4e81a3 [term 0 FOLLOWER]: Replica starting. Triggering 0 pending ops. Active config: opid_index: -1 OBSOLETE_local: false peers { permanent_uuid: "faa3029409854ea1bf123b026f1a3b52" member_type: VOTER last_known_addr { host: "127.27.182.65" port: 34273 } } peers { permanent_uuid: "76d34b6bd82644afba067e5be9ee84bf" member_type: VOTER last_known_addr { host: "127.27.182.66" port: 36145 } } peers { permanent_uuid: "2a89e279c8294e01af1fcff5ad4e81a3" member_type: VOTER last_known_addr { host: "127.27.182.67" port: 40031 } }
I20260710 11:03:46.181000 28705 raft_consensus.cc:385] T 4f619a0a85bc4880b7ff584b512fd90b P 2a89e279c8294e01af1fcff5ad4e81a3 [term 0 FOLLOWER]: Consensus starting up: Expiring failure detector timer to make a prompt election more likely
I20260710 11:03:46.181272 28705 raft_consensus.cc:740] T 4f619a0a85bc4880b7ff584b512fd90b P 2a89e279c8294e01af1fcff5ad4e81a3 [term 0 FOLLOWER]: Becoming Follower/Learner. State: Replica: 2a89e279c8294e01af1fcff5ad4e81a3, State: Initialized, Role: FOLLOWER
I20260710 11:03:46.181941 28705 consensus_queue.cc:260] T 4f619a0a85bc4880b7ff584b512fd90b P 2a89e279c8294e01af1fcff5ad4e81a3 [NON_LEADER]: Queue going to NON_LEADER mode. State: All replicated index: 0, Majority replicated index: 0, Committed index: 0, Last appended: 0.0, Last appended by leader: 0, Current term: 0, Majority size: -1, State: 0, Mode: NON_LEADER, active raft config: opid_index: -1 OBSOLETE_local: false peers { permanent_uuid: "faa3029409854ea1bf123b026f1a3b52" member_type: VOTER last_known_addr { host: "127.27.182.65" port: 34273 } } peers { permanent_uuid: "76d34b6bd82644afba067e5be9ee84bf" member_type: VOTER last_known_addr { host: "127.27.182.66" port: 36145 } } peers { permanent_uuid: "2a89e279c8294e01af1fcff5ad4e81a3" member_type: VOTER last_known_addr { host: "127.27.182.67" port: 40031 } }
I20260710 11:03:46.182502 28710 leader_election.cc:290] T aabeeaafb0e84a48be5f465264dabb38 P faa3029409854ea1bf123b026f1a3b52 [CANDIDATE]: Term 1 pre-election: Requested pre-vote from peers 76d34b6bd82644afba067e5be9ee84bf (127.27.182.66:36145), 2a89e279c8294e01af1fcff5ad4e81a3 (127.27.182.67:40031)
I20260710 11:03:46.184209 28705 ts_tablet_manager.cc:1434] T 4f619a0a85bc4880b7ff584b512fd90b P 2a89e279c8294e01af1fcff5ad4e81a3: Time spent starting tablet: real 0.006s	user 0.004s	sys 0.003s
I20260710 11:03:46.185102 28705 tablet_bootstrap.cc:492] T aabeeaafb0e84a48be5f465264dabb38 P 2a89e279c8294e01af1fcff5ad4e81a3: Bootstrap starting.
I20260710 11:03:46.190824 28705 tablet_bootstrap.cc:654] T aabeeaafb0e84a48be5f465264dabb38 P 2a89e279c8294e01af1fcff5ad4e81a3: Neither blocks nor log segments found. Creating new log.
I20260710 11:03:46.195638 28706 tablet_bootstrap.cc:492] T 93efc537af85418681276c424ec27174 P 76d34b6bd82644afba067e5be9ee84bf: No bootstrap required, opened a new log
I20260710 11:03:46.196125 28706 ts_tablet_manager.cc:1403] T 93efc537af85418681276c424ec27174 P 76d34b6bd82644afba067e5be9ee84bf: Time spent bootstrapping tablet: real 0.061s	user 0.013s	sys 0.016s
I20260710 11:03:46.198788 28706 raft_consensus.cc:359] T 93efc537af85418681276c424ec27174 P 76d34b6bd82644afba067e5be9ee84bf [term 0 FOLLOWER]: Replica starting. Triggering 0 pending ops. Active config: opid_index: -1 OBSOLETE_local: false peers { permanent_uuid: "faa3029409854ea1bf123b026f1a3b52" member_type: VOTER last_known_addr { host: "127.27.182.65" port: 34273 } } peers { permanent_uuid: "76d34b6bd82644afba067e5be9ee84bf" member_type: VOTER last_known_addr { host: "127.27.182.66" port: 36145 } } peers { permanent_uuid: "2a89e279c8294e01af1fcff5ad4e81a3" member_type: VOTER last_known_addr { host: "127.27.182.67" port: 40031 } }
I20260710 11:03:46.199456 28706 raft_consensus.cc:385] T 93efc537af85418681276c424ec27174 P 76d34b6bd82644afba067e5be9ee84bf [term 0 FOLLOWER]: Consensus starting up: Expiring failure detector timer to make a prompt election more likely
I20260710 11:03:46.199749 28706 raft_consensus.cc:740] T 93efc537af85418681276c424ec27174 P 76d34b6bd82644afba067e5be9ee84bf [term 0 FOLLOWER]: Becoming Follower/Learner. State: Replica: 76d34b6bd82644afba067e5be9ee84bf, State: Initialized, Role: FOLLOWER
I20260710 11:03:46.200470 28706 consensus_queue.cc:260] T 93efc537af85418681276c424ec27174 P 76d34b6bd82644afba067e5be9ee84bf [NON_LEADER]: Queue going to NON_LEADER mode. State: All replicated index: 0, Majority replicated index: 0, Committed index: 0, Last appended: 0.0, Last appended by leader: 0, Current term: 0, Majority size: -1, State: 0, Mode: NON_LEADER, active raft config: opid_index: -1 OBSOLETE_local: false peers { permanent_uuid: "faa3029409854ea1bf123b026f1a3b52" member_type: VOTER last_known_addr { host: "127.27.182.65" port: 34273 } } peers { permanent_uuid: "76d34b6bd82644afba067e5be9ee84bf" member_type: VOTER last_known_addr { host: "127.27.182.66" port: 36145 } } peers { permanent_uuid: "2a89e279c8294e01af1fcff5ad4e81a3" member_type: VOTER last_known_addr { host: "127.27.182.67" port: 40031 } }
I20260710 11:03:46.201761 28705 tablet_bootstrap.cc:492] T aabeeaafb0e84a48be5f465264dabb38 P 2a89e279c8294e01af1fcff5ad4e81a3: No bootstrap required, opened a new log
I20260710 11:03:46.202179 28705 ts_tablet_manager.cc:1403] T aabeeaafb0e84a48be5f465264dabb38 P 2a89e279c8294e01af1fcff5ad4e81a3: Time spent bootstrapping tablet: real 0.017s	user 0.006s	sys 0.008s
I20260710 11:03:46.202435 28706 ts_tablet_manager.cc:1434] T 93efc537af85418681276c424ec27174 P 76d34b6bd82644afba067e5be9ee84bf: Time spent starting tablet: real 0.006s	user 0.004s	sys 0.000s
I20260710 11:03:46.203269 28706 tablet_bootstrap.cc:492] T 0e102c8f1b8f4af9abe9ebfafa73c46d P 76d34b6bd82644afba067e5be9ee84bf: Bootstrap starting.
I20260710 11:03:46.205842 28705 raft_consensus.cc:359] T aabeeaafb0e84a48be5f465264dabb38 P 2a89e279c8294e01af1fcff5ad4e81a3 [term 0 FOLLOWER]: Replica starting. Triggering 0 pending ops. Active config: opid_index: -1 OBSOLETE_local: false peers { permanent_uuid: "faa3029409854ea1bf123b026f1a3b52" member_type: VOTER last_known_addr { host: "127.27.182.65" port: 34273 } } peers { permanent_uuid: "76d34b6bd82644afba067e5be9ee84bf" member_type: VOTER last_known_addr { host: "127.27.182.66" port: 36145 } } peers { permanent_uuid: "2a89e279c8294e01af1fcff5ad4e81a3" member_type: VOTER last_known_addr { host: "127.27.182.67" port: 40031 } }
I20260710 11:03:46.206477 28705 raft_consensus.cc:385] T aabeeaafb0e84a48be5f465264dabb38 P 2a89e279c8294e01af1fcff5ad4e81a3 [term 0 FOLLOWER]: Consensus starting up: Expiring failure detector timer to make a prompt election more likely
I20260710 11:03:46.206759 28705 raft_consensus.cc:740] T aabeeaafb0e84a48be5f465264dabb38 P 2a89e279c8294e01af1fcff5ad4e81a3 [term 0 FOLLOWER]: Becoming Follower/Learner. State: Replica: 2a89e279c8294e01af1fcff5ad4e81a3, State: Initialized, Role: FOLLOWER
I20260710 11:03:46.207443 28705 consensus_queue.cc:260] T aabeeaafb0e84a48be5f465264dabb38 P 2a89e279c8294e01af1fcff5ad4e81a3 [NON_LEADER]: Queue going to NON_LEADER mode. State: All replicated index: 0, Majority replicated index: 0, Committed index: 0, Last appended: 0.0, Last appended by leader: 0, Current term: 0, Majority size: -1, State: 0, Mode: NON_LEADER, active raft config: opid_index: -1 OBSOLETE_local: false peers { permanent_uuid: "faa3029409854ea1bf123b026f1a3b52" member_type: VOTER last_known_addr { host: "127.27.182.65" port: 34273 } } peers { permanent_uuid: "76d34b6bd82644afba067e5be9ee84bf" member_type: VOTER last_known_addr { host: "127.27.182.66" port: 36145 } } peers { permanent_uuid: "2a89e279c8294e01af1fcff5ad4e81a3" member_type: VOTER last_known_addr { host: "127.27.182.67" port: 40031 } }
I20260710 11:03:46.210781 28705 ts_tablet_manager.cc:1434] T aabeeaafb0e84a48be5f465264dabb38 P 2a89e279c8294e01af1fcff5ad4e81a3: Time spent starting tablet: real 0.008s	user 0.007s	sys 0.000s
I20260710 11:03:46.211592 28705 tablet_bootstrap.cc:492] T 0e102c8f1b8f4af9abe9ebfafa73c46d P 2a89e279c8294e01af1fcff5ad4e81a3: Bootstrap starting.
I20260710 11:03:46.212704 28706 tablet_bootstrap.cc:654] T 0e102c8f1b8f4af9abe9ebfafa73c46d P 76d34b6bd82644afba067e5be9ee84bf: Neither blocks nor log segments found. Creating new log.
I20260710 11:03:46.221072 28661 tablet_service.cc:1917] Received RequestConsensusVote() RPC: tablet_id: "aabeeaafb0e84a48be5f465264dabb38" candidate_uuid: "faa3029409854ea1bf123b026f1a3b52" candidate_term: 1 candidate_status { last_received { term: 0 index: 0 } } ignore_live_leader: false dest_uuid: "2a89e279c8294e01af1fcff5ad4e81a3" is_pre_election: true
I20260710 11:03:46.221979 28661 raft_consensus.cc:2468] T aabeeaafb0e84a48be5f465264dabb38 P 2a89e279c8294e01af1fcff5ad4e81a3 [term 0 FOLLOWER]: Leader pre-election vote request: Granting yes vote for candidate faa3029409854ea1bf123b026f1a3b52 in term 0.
I20260710 11:03:46.223879 28476 leader_election.cc:304] T aabeeaafb0e84a48be5f465264dabb38 P faa3029409854ea1bf123b026f1a3b52 [CANDIDATE]: Term 1 pre-election: Election decided. Result: candidate won. Election summary: received 2 responses out of 3 voters: 2 yes votes; 0 no votes. yes voters: 2a89e279c8294e01af1fcff5ad4e81a3, faa3029409854ea1bf123b026f1a3b52; no voters: 
I20260710 11:03:46.224787 28710 raft_consensus.cc:2804] T aabeeaafb0e84a48be5f465264dabb38 P faa3029409854ea1bf123b026f1a3b52 [term 0 FOLLOWER]: Leader pre-election won for term 1
I20260710 11:03:46.224879 28705 tablet_bootstrap.cc:654] T 0e102c8f1b8f4af9abe9ebfafa73c46d P 2a89e279c8294e01af1fcff5ad4e81a3: Neither blocks nor log segments found. Creating new log.
I20260710 11:03:46.225194 28710 raft_consensus.cc:493] T aabeeaafb0e84a48be5f465264dabb38 P faa3029409854ea1bf123b026f1a3b52 [term 0 FOLLOWER]: Starting leader election (no leader contacted us within the election timeout)
I20260710 11:03:46.225546 28710 raft_consensus.cc:3060] T aabeeaafb0e84a48be5f465264dabb38 P faa3029409854ea1bf123b026f1a3b52 [term 0 FOLLOWER]: Advancing to term 1
I20260710 11:03:46.228740 28706 tablet_bootstrap.cc:492] T 0e102c8f1b8f4af9abe9ebfafa73c46d P 76d34b6bd82644afba067e5be9ee84bf: No bootstrap required, opened a new log
I20260710 11:03:46.229171 28706 ts_tablet_manager.cc:1403] T 0e102c8f1b8f4af9abe9ebfafa73c46d P 76d34b6bd82644afba067e5be9ee84bf: Time spent bootstrapping tablet: real 0.026s	user 0.010s	sys 0.001s
I20260710 11:03:46.231825 28706 raft_consensus.cc:359] T 0e102c8f1b8f4af9abe9ebfafa73c46d P 76d34b6bd82644afba067e5be9ee84bf [term 0 FOLLOWER]: Replica starting. Triggering 0 pending ops. Active config: opid_index: -1 OBSOLETE_local: false peers { permanent_uuid: "faa3029409854ea1bf123b026f1a3b52" member_type: VOTER last_known_addr { host: "127.27.182.65" port: 34273 } } peers { permanent_uuid: "2a89e279c8294e01af1fcff5ad4e81a3" member_type: VOTER last_known_addr { host: "127.27.182.67" port: 40031 } } peers { permanent_uuid: "76d34b6bd82644afba067e5be9ee84bf" member_type: VOTER last_known_addr { host: "127.27.182.66" port: 36145 } }
I20260710 11:03:46.231909 28710 raft_consensus.cc:515] T aabeeaafb0e84a48be5f465264dabb38 P faa3029409854ea1bf123b026f1a3b52 [term 1 FOLLOWER]: Starting leader election with config: opid_index: -1 OBSOLETE_local: false peers { permanent_uuid: "faa3029409854ea1bf123b026f1a3b52" member_type: VOTER last_known_addr { host: "127.27.182.65" port: 34273 } } peers { permanent_uuid: "76d34b6bd82644afba067e5be9ee84bf" member_type: VOTER last_known_addr { host: "127.27.182.66" port: 36145 } } peers { permanent_uuid: "2a89e279c8294e01af1fcff5ad4e81a3" member_type: VOTER last_known_addr { host: "127.27.182.67" port: 40031 } }
I20260710 11:03:46.235476 28661 tablet_service.cc:1917] Received RequestConsensusVote() RPC: tablet_id: "aabeeaafb0e84a48be5f465264dabb38" candidate_uuid: "faa3029409854ea1bf123b026f1a3b52" candidate_term: 1 candidate_status { last_received { term: 0 index: 0 } } ignore_live_leader: false dest_uuid: "2a89e279c8294e01af1fcff5ad4e81a3"
I20260710 11:03:46.236049 28661 raft_consensus.cc:3060] T aabeeaafb0e84a48be5f465264dabb38 P 2a89e279c8294e01af1fcff5ad4e81a3 [term 0 FOLLOWER]: Advancing to term 1
I20260710 11:03:46.232556 28706 raft_consensus.cc:385] T 0e102c8f1b8f4af9abe9ebfafa73c46d P 76d34b6bd82644afba067e5be9ee84bf [term 0 FOLLOWER]: Consensus starting up: Expiring failure detector timer to make a prompt election more likely
I20260710 11:03:46.237933 28706 raft_consensus.cc:740] T 0e102c8f1b8f4af9abe9ebfafa73c46d P 76d34b6bd82644afba067e5be9ee84bf [term 0 FOLLOWER]: Becoming Follower/Learner. State: Replica: 76d34b6bd82644afba067e5be9ee84bf, State: Initialized, Role: FOLLOWER
I20260710 11:03:46.239879 28713 raft_consensus.cc:493] T ac7ae16d879047b3a93dac501196fefe P 76d34b6bd82644afba067e5be9ee84bf [term 0 FOLLOWER]: Starting pre-election (no leader contacted us within the election timeout)
I20260710 11:03:46.238667 28706 consensus_queue.cc:260] T 0e102c8f1b8f4af9abe9ebfafa73c46d P 76d34b6bd82644afba067e5be9ee84bf [NON_LEADER]: Queue going to NON_LEADER mode. State: All replicated index: 0, Majority replicated index: 0, Committed index: 0, Last appended: 0.0, Last appended by leader: 0, Current term: 0, Majority size: -1, State: 0, Mode: NON_LEADER, active raft config: opid_index: -1 OBSOLETE_local: false peers { permanent_uuid: "faa3029409854ea1bf123b026f1a3b52" member_type: VOTER last_known_addr { host: "127.27.182.65" port: 34273 } } peers { permanent_uuid: "2a89e279c8294e01af1fcff5ad4e81a3" member_type: VOTER last_known_addr { host: "127.27.182.67" port: 40031 } } peers { permanent_uuid: "76d34b6bd82644afba067e5be9ee84bf" member_type: VOTER last_known_addr { host: "127.27.182.66" port: 36145 } }
I20260710 11:03:46.240305 28713 raft_consensus.cc:515] T ac7ae16d879047b3a93dac501196fefe P 76d34b6bd82644afba067e5be9ee84bf [term 0 FOLLOWER]: Starting pre-election with config: opid_index: -1 OBSOLETE_local: false peers { permanent_uuid: "faa3029409854ea1bf123b026f1a3b52" member_type: VOTER last_known_addr { host: "127.27.182.65" port: 34273 } } peers { permanent_uuid: "76d34b6bd82644afba067e5be9ee84bf" member_type: VOTER last_known_addr { host: "127.27.182.66" port: 36145 } } peers { permanent_uuid: "2a89e279c8294e01af1fcff5ad4e81a3" member_type: VOTER last_known_addr { host: "127.27.182.67" port: 40031 } }
I20260710 11:03:46.242378 28705 tablet_bootstrap.cc:492] T 0e102c8f1b8f4af9abe9ebfafa73c46d P 2a89e279c8294e01af1fcff5ad4e81a3: No bootstrap required, opened a new log
I20260710 11:03:46.242822 28705 ts_tablet_manager.cc:1403] T 0e102c8f1b8f4af9abe9ebfafa73c46d P 2a89e279c8294e01af1fcff5ad4e81a3: Time spent bootstrapping tablet: real 0.031s	user 0.009s	sys 0.012s
I20260710 11:03:46.245604 28705 raft_consensus.cc:359] T 0e102c8f1b8f4af9abe9ebfafa73c46d P 2a89e279c8294e01af1fcff5ad4e81a3 [term 0 FOLLOWER]: Replica starting. Triggering 0 pending ops. Active config: opid_index: -1 OBSOLETE_local: false peers { permanent_uuid: "faa3029409854ea1bf123b026f1a3b52" member_type: VOTER last_known_addr { host: "127.27.182.65" port: 34273 } } peers { permanent_uuid: "2a89e279c8294e01af1fcff5ad4e81a3" member_type: VOTER last_known_addr { host: "127.27.182.67" port: 40031 } } peers { permanent_uuid: "76d34b6bd82644afba067e5be9ee84bf" member_type: VOTER last_known_addr { host: "127.27.182.66" port: 36145 } }
I20260710 11:03:46.246253 28705 raft_consensus.cc:385] T 0e102c8f1b8f4af9abe9ebfafa73c46d P 2a89e279c8294e01af1fcff5ad4e81a3 [term 0 FOLLOWER]: Consensus starting up: Expiring failure detector timer to make a prompt election more likely
I20260710 11:03:46.246520 28705 raft_consensus.cc:740] T 0e102c8f1b8f4af9abe9ebfafa73c46d P 2a89e279c8294e01af1fcff5ad4e81a3 [term 0 FOLLOWER]: Becoming Follower/Learner. State: Replica: 2a89e279c8294e01af1fcff5ad4e81a3, State: Initialized, Role: FOLLOWER
I20260710 11:03:46.247149 28705 consensus_queue.cc:260] T 0e102c8f1b8f4af9abe9ebfafa73c46d P 2a89e279c8294e01af1fcff5ad4e81a3 [NON_LEADER]: Queue going to NON_LEADER mode. State: All replicated index: 0, Majority replicated index: 0, Committed index: 0, Last appended: 0.0, Last appended by leader: 0, Current term: 0, Majority size: -1, State: 0, Mode: NON_LEADER, active raft config: opid_index: -1 OBSOLETE_local: false peers { permanent_uuid: "faa3029409854ea1bf123b026f1a3b52" member_type: VOTER last_known_addr { host: "127.27.182.65" port: 34273 } } peers { permanent_uuid: "2a89e279c8294e01af1fcff5ad4e81a3" member_type: VOTER last_known_addr { host: "127.27.182.67" port: 40031 } } peers { permanent_uuid: "76d34b6bd82644afba067e5be9ee84bf" member_type: VOTER last_known_addr { host: "127.27.182.66" port: 36145 } }
I20260710 11:03:46.248667 28706 ts_tablet_manager.cc:1434] T 0e102c8f1b8f4af9abe9ebfafa73c46d P 76d34b6bd82644afba067e5be9ee84bf: Time spent starting tablet: real 0.019s	user 0.001s	sys 0.009s
I20260710 11:03:46.249439 28713 leader_election.cc:290] T ac7ae16d879047b3a93dac501196fefe P 76d34b6bd82644afba067e5be9ee84bf [CANDIDATE]: Term 1 pre-election: Requested pre-vote from peers faa3029409854ea1bf123b026f1a3b52 (127.27.182.65:34273), 2a89e279c8294e01af1fcff5ad4e81a3 (127.27.182.67:40031)
I20260710 11:03:46.249789 28705 ts_tablet_manager.cc:1434] T 0e102c8f1b8f4af9abe9ebfafa73c46d P 2a89e279c8294e01af1fcff5ad4e81a3: Time spent starting tablet: real 0.007s	user 0.007s	sys 0.000s
I20260710 11:03:46.251317 28705 tablet_bootstrap.cc:492] T 4692d0ff5b2848f9bf4717c0dbc49dee P 2a89e279c8294e01af1fcff5ad4e81a3: Bootstrap starting.
I20260710 11:03:46.257272 28705 tablet_bootstrap.cc:654] T 4692d0ff5b2848f9bf4717c0dbc49dee P 2a89e279c8294e01af1fcff5ad4e81a3: Neither blocks nor log segments found. Creating new log.
I20260710 11:03:46.265710 28661 raft_consensus.cc:2468] T aabeeaafb0e84a48be5f465264dabb38 P 2a89e279c8294e01af1fcff5ad4e81a3 [term 1 FOLLOWER]: Leader election vote request: Granting yes vote for candidate faa3029409854ea1bf123b026f1a3b52 in term 1.
I20260710 11:03:46.268154 28476 leader_election.cc:304] T aabeeaafb0e84a48be5f465264dabb38 P faa3029409854ea1bf123b026f1a3b52 [CANDIDATE]: Term 1 election: Election decided. Result: candidate won. Election summary: received 2 responses out of 3 voters: 2 yes votes; 0 no votes. yes voters: 2a89e279c8294e01af1fcff5ad4e81a3, faa3029409854ea1bf123b026f1a3b52; no voters: 
I20260710 11:03:46.273183 28705 tablet_bootstrap.cc:492] T 4692d0ff5b2848f9bf4717c0dbc49dee P 2a89e279c8294e01af1fcff5ad4e81a3: No bootstrap required, opened a new log
I20260710 11:03:46.273626 28705 ts_tablet_manager.cc:1403] T 4692d0ff5b2848f9bf4717c0dbc49dee P 2a89e279c8294e01af1fcff5ad4e81a3: Time spent bootstrapping tablet: real 0.023s	user 0.012s	sys 0.008s
I20260710 11:03:46.276312 28705 raft_consensus.cc:359] T 4692d0ff5b2848f9bf4717c0dbc49dee P 2a89e279c8294e01af1fcff5ad4e81a3 [term 0 FOLLOWER]: Replica starting. Triggering 0 pending ops. Active config: opid_index: -1 OBSOLETE_local: false peers { permanent_uuid: "faa3029409854ea1bf123b026f1a3b52" member_type: VOTER last_known_addr { host: "127.27.182.65" port: 34273 } } peers { permanent_uuid: "76d34b6bd82644afba067e5be9ee84bf" member_type: VOTER last_known_addr { host: "127.27.182.66" port: 36145 } } peers { permanent_uuid: "2a89e279c8294e01af1fcff5ad4e81a3" member_type: VOTER last_known_addr { host: "127.27.182.67" port: 40031 } }
I20260710 11:03:46.277006 28705 raft_consensus.cc:385] T 4692d0ff5b2848f9bf4717c0dbc49dee P 2a89e279c8294e01af1fcff5ad4e81a3 [term 0 FOLLOWER]: Consensus starting up: Expiring failure detector timer to make a prompt election more likely
I20260710 11:03:46.277280 28705 raft_consensus.cc:740] T 4692d0ff5b2848f9bf4717c0dbc49dee P 2a89e279c8294e01af1fcff5ad4e81a3 [term 0 FOLLOWER]: Becoming Follower/Learner. State: Replica: 2a89e279c8294e01af1fcff5ad4e81a3, State: Initialized, Role: FOLLOWER
I20260710 11:03:46.277945 28705 consensus_queue.cc:260] T 4692d0ff5b2848f9bf4717c0dbc49dee P 2a89e279c8294e01af1fcff5ad4e81a3 [NON_LEADER]: Queue going to NON_LEADER mode. State: All replicated index: 0, Majority replicated index: 0, Committed index: 0, Last appended: 0.0, Last appended by leader: 0, Current term: 0, Majority size: -1, State: 0, Mode: NON_LEADER, active raft config: opid_index: -1 OBSOLETE_local: false peers { permanent_uuid: "faa3029409854ea1bf123b026f1a3b52" member_type: VOTER last_known_addr { host: "127.27.182.65" port: 34273 } } peers { permanent_uuid: "76d34b6bd82644afba067e5be9ee84bf" member_type: VOTER last_known_addr { host: "127.27.182.66" port: 36145 } } peers { permanent_uuid: "2a89e279c8294e01af1fcff5ad4e81a3" member_type: VOTER last_known_addr { host: "127.27.182.67" port: 40031 } }
I20260710 11:03:46.278331 28587 tablet_service.cc:1917] Received RequestConsensusVote() RPC: tablet_id: "aabeeaafb0e84a48be5f465264dabb38" candidate_uuid: "faa3029409854ea1bf123b026f1a3b52" candidate_term: 1 candidate_status { last_received { term: 0 index: 0 } } ignore_live_leader: false dest_uuid: "76d34b6bd82644afba067e5be9ee84bf" is_pre_election: true
I20260710 11:03:46.278755 28586 tablet_service.cc:1917] Received RequestConsensusVote() RPC: tablet_id: "aabeeaafb0e84a48be5f465264dabb38" candidate_uuid: "faa3029409854ea1bf123b026f1a3b52" candidate_term: 1 candidate_status { last_received { term: 0 index: 0 } } ignore_live_leader: false dest_uuid: "76d34b6bd82644afba067e5be9ee84bf"
I20260710 11:03:46.279410 28710 leader_election.cc:290] T aabeeaafb0e84a48be5f465264dabb38 P faa3029409854ea1bf123b026f1a3b52 [CANDIDATE]: Term 1 election: Requested vote from peers 76d34b6bd82644afba067e5be9ee84bf (127.27.182.66:36145), 2a89e279c8294e01af1fcff5ad4e81a3 (127.27.182.67:40031)
I20260710 11:03:46.279911 28710 raft_consensus.cc:2804] T aabeeaafb0e84a48be5f465264dabb38 P faa3029409854ea1bf123b026f1a3b52 [term 1 FOLLOWER]: Leader election won for term 1
W20260710 11:03:46.280905 28475 leader_election.cc:343] T aabeeaafb0e84a48be5f465264dabb38 P faa3029409854ea1bf123b026f1a3b52 [CANDIDATE]: Term 1 pre-election: Tablet error from VoteRequest() call to peer 76d34b6bd82644afba067e5be9ee84bf (127.27.182.66:36145): Illegal state: must be running to vote when last-logged opid is not known
W20260710 11:03:46.281884 28475 leader_election.cc:343] T aabeeaafb0e84a48be5f465264dabb38 P faa3029409854ea1bf123b026f1a3b52 [CANDIDATE]: Term 1 election: Tablet error from VoteRequest() call to peer 76d34b6bd82644afba067e5be9ee84bf (127.27.182.66:36145): Illegal state: must be running to vote when last-logged opid is not known
I20260710 11:03:46.280298 28705 ts_tablet_manager.cc:1434] T 4692d0ff5b2848f9bf4717c0dbc49dee P 2a89e279c8294e01af1fcff5ad4e81a3: Time spent starting tablet: real 0.006s	user 0.008s	sys 0.000s
I20260710 11:03:46.283183 28705 tablet_bootstrap.cc:492] T ac7ae16d879047b3a93dac501196fefe P 2a89e279c8294e01af1fcff5ad4e81a3: Bootstrap starting.
I20260710 11:03:46.280357 28710 raft_consensus.cc:697] T aabeeaafb0e84a48be5f465264dabb38 P faa3029409854ea1bf123b026f1a3b52 [term 1 LEADER]: Becoming Leader. State: Replica: faa3029409854ea1bf123b026f1a3b52, State: Running, Role: LEADER
I20260710 11:03:46.249595 28706 tablet_bootstrap.cc:492] T 8cd1e1c37d6043b4a0c3ba7e4fe2c6e5 P 76d34b6bd82644afba067e5be9ee84bf: Bootstrap starting.
I20260710 11:03:46.294325 28713 raft_consensus.cc:493] T 0e102c8f1b8f4af9abe9ebfafa73c46d P 76d34b6bd82644afba067e5be9ee84bf [term 0 FOLLOWER]: Starting pre-election (no leader contacted us within the election timeout)
I20260710 11:03:46.286039 28710 consensus_queue.cc:237] T aabeeaafb0e84a48be5f465264dabb38 P faa3029409854ea1bf123b026f1a3b52 [LEADER]: Queue going to LEADER mode. State: All replicated index: 0, Majority replicated index: 0, Committed index: 0, Last appended: 0.0, Last appended by leader: 0, Current term: 1, Majority size: 2, State: 0, Mode: LEADER, active raft config: opid_index: -1 OBSOLETE_local: false peers { permanent_uuid: "faa3029409854ea1bf123b026f1a3b52" member_type: VOTER last_known_addr { host: "127.27.182.65" port: 34273 } } peers { permanent_uuid: "76d34b6bd82644afba067e5be9ee84bf" member_type: VOTER last_known_addr { host: "127.27.182.66" port: 36145 } } peers { permanent_uuid: "2a89e279c8294e01af1fcff5ad4e81a3" member_type: VOTER last_known_addr { host: "127.27.182.67" port: 40031 } }
I20260710 11:03:46.294570 28705 tablet_bootstrap.cc:654] T ac7ae16d879047b3a93dac501196fefe P 2a89e279c8294e01af1fcff5ad4e81a3: Neither blocks nor log segments found. Creating new log.
I20260710 11:03:46.296912 28713 raft_consensus.cc:515] T 0e102c8f1b8f4af9abe9ebfafa73c46d P 76d34b6bd82644afba067e5be9ee84bf [term 0 FOLLOWER]: Starting pre-election with config: opid_index: -1 OBSOLETE_local: false peers { permanent_uuid: "faa3029409854ea1bf123b026f1a3b52" member_type: VOTER last_known_addr { host: "127.27.182.65" port: 34273 } } peers { permanent_uuid: "2a89e279c8294e01af1fcff5ad4e81a3" member_type: VOTER last_known_addr { host: "127.27.182.67" port: 40031 } } peers { permanent_uuid: "76d34b6bd82644afba067e5be9ee84bf" member_type: VOTER last_known_addr { host: "127.27.182.66" port: 36145 } }
I20260710 11:03:46.299456 28713 leader_election.cc:290] T 0e102c8f1b8f4af9abe9ebfafa73c46d P 76d34b6bd82644afba067e5be9ee84bf [CANDIDATE]: Term 1 pre-election: Requested pre-vote from peers faa3029409854ea1bf123b026f1a3b52 (127.27.182.65:34273), 2a89e279c8294e01af1fcff5ad4e81a3 (127.27.182.67:40031)
I20260710 11:03:46.312215 28706 tablet_bootstrap.cc:654] T 8cd1e1c37d6043b4a0c3ba7e4fe2c6e5 P 76d34b6bd82644afba067e5be9ee84bf: Neither blocks nor log segments found. Creating new log.
I20260710 11:03:46.315333 28711 raft_consensus.cc:493] T 4692d0ff5b2848f9bf4717c0dbc49dee P 2a89e279c8294e01af1fcff5ad4e81a3 [term 0 FOLLOWER]: Starting pre-election (no leader contacted us within the election timeout)
I20260710 11:03:46.315795 28711 raft_consensus.cc:515] T 4692d0ff5b2848f9bf4717c0dbc49dee P 2a89e279c8294e01af1fcff5ad4e81a3 [term 0 FOLLOWER]: Starting pre-election with config: opid_index: -1 OBSOLETE_local: false peers { permanent_uuid: "faa3029409854ea1bf123b026f1a3b52" member_type: VOTER last_known_addr { host: "127.27.182.65" port: 34273 } } peers { permanent_uuid: "76d34b6bd82644afba067e5be9ee84bf" member_type: VOTER last_known_addr { host: "127.27.182.66" port: 36145 } } peers { permanent_uuid: "2a89e279c8294e01af1fcff5ad4e81a3" member_type: VOTER last_known_addr { host: "127.27.182.67" port: 40031 } }
I20260710 11:03:46.318665 28711 leader_election.cc:290] T 4692d0ff5b2848f9bf4717c0dbc49dee P 2a89e279c8294e01af1fcff5ad4e81a3 [CANDIDATE]: Term 1 pre-election: Requested pre-vote from peers faa3029409854ea1bf123b026f1a3b52 (127.27.182.65:34273), 76d34b6bd82644afba067e5be9ee84bf (127.27.182.66:36145)
I20260710 11:03:46.322369 28512 tablet_service.cc:1917] Received RequestConsensusVote() RPC: tablet_id: "ac7ae16d879047b3a93dac501196fefe" candidate_uuid: "76d34b6bd82644afba067e5be9ee84bf" candidate_term: 1 candidate_status { last_received { term: 0 index: 0 } } ignore_live_leader: false dest_uuid: "faa3029409854ea1bf123b026f1a3b52" is_pre_election: true
I20260710 11:03:46.323134 28512 raft_consensus.cc:2468] T ac7ae16d879047b3a93dac501196fefe P faa3029409854ea1bf123b026f1a3b52 [term 0 FOLLOWER]: Leader pre-election vote request: Granting yes vote for candidate 76d34b6bd82644afba067e5be9ee84bf in term 0.
I20260710 11:03:46.324810 28512 tablet_service.cc:1917] Received RequestConsensusVote() RPC: tablet_id: "0e102c8f1b8f4af9abe9ebfafa73c46d" candidate_uuid: "76d34b6bd82644afba067e5be9ee84bf" candidate_term: 1 candidate_status { last_received { term: 0 index: 0 } } ignore_live_leader: false dest_uuid: "faa3029409854ea1bf123b026f1a3b52" is_pre_election: true
I20260710 11:03:46.325716 28661 tablet_service.cc:1917] Received RequestConsensusVote() RPC: tablet_id: "ac7ae16d879047b3a93dac501196fefe" candidate_uuid: "76d34b6bd82644afba067e5be9ee84bf" candidate_term: 1 candidate_status { last_received { term: 0 index: 0 } } ignore_live_leader: false dest_uuid: "2a89e279c8294e01af1fcff5ad4e81a3" is_pre_election: true
I20260710 11:03:46.326381 28660 tablet_service.cc:1917] Received RequestConsensusVote() RPC: tablet_id: "0e102c8f1b8f4af9abe9ebfafa73c46d" candidate_uuid: "76d34b6bd82644afba067e5be9ee84bf" candidate_term: 1 candidate_status { last_received { term: 0 index: 0 } } ignore_live_leader: false dest_uuid: "2a89e279c8294e01af1fcff5ad4e81a3" is_pre_election: true
I20260710 11:03:46.327046 28660 raft_consensus.cc:2468] T 0e102c8f1b8f4af9abe9ebfafa73c46d P 2a89e279c8294e01af1fcff5ad4e81a3 [term 0 FOLLOWER]: Leader pre-election vote request: Granting yes vote for candidate 76d34b6bd82644afba067e5be9ee84bf in term 0.
I20260710 11:03:46.328014 28553 leader_election.cc:304] T ac7ae16d879047b3a93dac501196fefe P 76d34b6bd82644afba067e5be9ee84bf [CANDIDATE]: Term 1 pre-election: Election decided. Result: candidate won. Election summary: received 2 responses out of 3 voters: 2 yes votes; 0 no votes. yes voters: 76d34b6bd82644afba067e5be9ee84bf, faa3029409854ea1bf123b026f1a3b52; no voters: 
I20260710 11:03:46.331480 28713 raft_consensus.cc:2804] T ac7ae16d879047b3a93dac501196fefe P 76d34b6bd82644afba067e5be9ee84bf [term 0 FOLLOWER]: Leader pre-election won for term 1
I20260710 11:03:46.331861 28713 raft_consensus.cc:493] T ac7ae16d879047b3a93dac501196fefe P 76d34b6bd82644afba067e5be9ee84bf [term 0 FOLLOWER]: Starting leader election (no leader contacted us within the election timeout)
I20260710 11:03:46.332235 28713 raft_consensus.cc:3060] T ac7ae16d879047b3a93dac501196fefe P 76d34b6bd82644afba067e5be9ee84bf [term 0 FOLLOWER]: Advancing to term 1
W20260710 11:03:46.335168 28551 leader_election.cc:343] T ac7ae16d879047b3a93dac501196fefe P 76d34b6bd82644afba067e5be9ee84bf [CANDIDATE]: Term 1 pre-election: Tablet error from VoteRequest() call to peer 2a89e279c8294e01af1fcff5ad4e81a3 (127.27.182.67:40031): Illegal state: must be running to vote when last-logged opid is not known
I20260710 11:03:46.338294 28551 leader_election.cc:304] T 0e102c8f1b8f4af9abe9ebfafa73c46d P 76d34b6bd82644afba067e5be9ee84bf [CANDIDATE]: Term 1 pre-election: Election decided. Result: candidate won. Election summary: received 2 responses out of 3 voters: 2 yes votes; 0 no votes. yes voters: 2a89e279c8294e01af1fcff5ad4e81a3, 76d34b6bd82644afba067e5be9ee84bf; no voters: 
I20260710 11:03:46.340207 28713 raft_consensus.cc:515] T ac7ae16d879047b3a93dac501196fefe P 76d34b6bd82644afba067e5be9ee84bf [term 1 FOLLOWER]: Starting leader election with config: opid_index: -1 OBSOLETE_local: false peers { permanent_uuid: "faa3029409854ea1bf123b026f1a3b52" member_type: VOTER last_known_addr { host: "127.27.182.65" port: 34273 } } peers { permanent_uuid: "76d34b6bd82644afba067e5be9ee84bf" member_type: VOTER last_known_addr { host: "127.27.182.66" port: 36145 } } peers { permanent_uuid: "2a89e279c8294e01af1fcff5ad4e81a3" member_type: VOTER last_known_addr { host: "127.27.182.67" port: 40031 } }
I20260710 11:03:46.339923 28407 catalog_manager.cc:5697] T aabeeaafb0e84a48be5f465264dabb38 P faa3029409854ea1bf123b026f1a3b52 reported cstate change: term changed from 0 to 1, leader changed from <none> to faa3029409854ea1bf123b026f1a3b52 (127.27.182.65). New cstate: current_term: 1 leader_uuid: "faa3029409854ea1bf123b026f1a3b52" committed_config { opid_index: -1 OBSOLETE_local: false peers { permanent_uuid: "faa3029409854ea1bf123b026f1a3b52" member_type: VOTER last_known_addr { host: "127.27.182.65" port: 34273 } health_report { overall_health: HEALTHY } } peers { permanent_uuid: "76d34b6bd82644afba067e5be9ee84bf" member_type: VOTER last_known_addr { host: "127.27.182.66" port: 36145 } health_report { overall_health: UNKNOWN } } peers { permanent_uuid: "2a89e279c8294e01af1fcff5ad4e81a3" member_type: VOTER last_known_addr { host: "127.27.182.67" port: 40031 } health_report { overall_health: UNKNOWN } } }
I20260710 11:03:46.341938 28512 tablet_service.cc:1917] Received RequestConsensusVote() RPC: tablet_id: "4692d0ff5b2848f9bf4717c0dbc49dee" candidate_uuid: "2a89e279c8294e01af1fcff5ad4e81a3" candidate_term: 1 candidate_status { last_received { term: 0 index: 0 } } ignore_live_leader: false dest_uuid: "faa3029409854ea1bf123b026f1a3b52" is_pre_election: true
I20260710 11:03:46.342772 28722 raft_consensus.cc:2804] T 0e102c8f1b8f4af9abe9ebfafa73c46d P 76d34b6bd82644afba067e5be9ee84bf [term 0 FOLLOWER]: Leader pre-election won for term 1
I20260710 11:03:46.343204 28722 raft_consensus.cc:493] T 0e102c8f1b8f4af9abe9ebfafa73c46d P 76d34b6bd82644afba067e5be9ee84bf [term 0 FOLLOWER]: Starting leader election (no leader contacted us within the election timeout)
W20260710 11:03:46.343390 28627 leader_election.cc:343] T 4692d0ff5b2848f9bf4717c0dbc49dee P 2a89e279c8294e01af1fcff5ad4e81a3 [CANDIDATE]: Term 1 pre-election: Tablet error from VoteRequest() call to peer faa3029409854ea1bf123b026f1a3b52 (127.27.182.65:34273): Illegal state: must be running to vote when last-logged opid is not known
I20260710 11:03:46.343580 28722 raft_consensus.cc:3060] T 0e102c8f1b8f4af9abe9ebfafa73c46d P 76d34b6bd82644afba067e5be9ee84bf [term 0 FOLLOWER]: Advancing to term 1
I20260710 11:03:46.343741 28706 tablet_bootstrap.cc:492] T 8cd1e1c37d6043b4a0c3ba7e4fe2c6e5 P 76d34b6bd82644afba067e5be9ee84bf: No bootstrap required, opened a new log
I20260710 11:03:46.344257 28706 ts_tablet_manager.cc:1403] T 8cd1e1c37d6043b4a0c3ba7e4fe2c6e5 P 76d34b6bd82644afba067e5be9ee84bf: Time spent bootstrapping tablet: real 0.095s	user 0.009s	sys 0.011s
I20260710 11:03:46.345115 28713 leader_election.cc:290] T ac7ae16d879047b3a93dac501196fefe P 76d34b6bd82644afba067e5be9ee84bf [CANDIDATE]: Term 1 election: Requested vote from peers faa3029409854ea1bf123b026f1a3b52 (127.27.182.65:34273), 2a89e279c8294e01af1fcff5ad4e81a3 (127.27.182.67:40031)
I20260710 11:03:46.350014 28722 raft_consensus.cc:515] T 0e102c8f1b8f4af9abe9ebfafa73c46d P 76d34b6bd82644afba067e5be9ee84bf [term 1 FOLLOWER]: Starting leader election with config: opid_index: -1 OBSOLETE_local: false peers { permanent_uuid: "faa3029409854ea1bf123b026f1a3b52" member_type: VOTER last_known_addr { host: "127.27.182.65" port: 34273 } } peers { permanent_uuid: "2a89e279c8294e01af1fcff5ad4e81a3" member_type: VOTER last_known_addr { host: "127.27.182.67" port: 40031 } } peers { permanent_uuid: "76d34b6bd82644afba067e5be9ee84bf" member_type: VOTER last_known_addr { host: "127.27.182.66" port: 36145 } }
I20260710 11:03:46.350648 28705 tablet_bootstrap.cc:492] T ac7ae16d879047b3a93dac501196fefe P 2a89e279c8294e01af1fcff5ad4e81a3: No bootstrap required, opened a new log
I20260710 11:03:46.351068 28705 ts_tablet_manager.cc:1403] T ac7ae16d879047b3a93dac501196fefe P 2a89e279c8294e01af1fcff5ad4e81a3: Time spent bootstrapping tablet: real 0.068s	user 0.018s	sys 0.013s
W20260710 11:03:46.345927 28553 leader_election.cc:343] T 0e102c8f1b8f4af9abe9ebfafa73c46d P 76d34b6bd82644afba067e5be9ee84bf [CANDIDATE]: Term 1 pre-election: Tablet error from VoteRequest() call to peer faa3029409854ea1bf123b026f1a3b52 (127.27.182.65:34273): Illegal state: must be running to vote when last-logged opid is not known
I20260710 11:03:46.347021 28706 raft_consensus.cc:359] T 8cd1e1c37d6043b4a0c3ba7e4fe2c6e5 P 76d34b6bd82644afba067e5be9ee84bf [term 0 FOLLOWER]: Replica starting. Triggering 0 pending ops. Active config: opid_index: -1 OBSOLETE_local: false peers { permanent_uuid: "faa3029409854ea1bf123b026f1a3b52" member_type: VOTER last_known_addr { host: "127.27.182.65" port: 34273 } } peers { permanent_uuid: "76d34b6bd82644afba067e5be9ee84bf" member_type: VOTER last_known_addr { host: "127.27.182.66" port: 36145 } } peers { permanent_uuid: "2a89e279c8294e01af1fcff5ad4e81a3" member_type: VOTER last_known_addr { host: "127.27.182.67" port: 40031 } }
I20260710 11:03:46.352200 28706 raft_consensus.cc:385] T 8cd1e1c37d6043b4a0c3ba7e4fe2c6e5 P 76d34b6bd82644afba067e5be9ee84bf [term 0 FOLLOWER]: Consensus starting up: Expiring failure detector timer to make a prompt election more likely
I20260710 11:03:46.352504 28706 raft_consensus.cc:740] T 8cd1e1c37d6043b4a0c3ba7e4fe2c6e5 P 76d34b6bd82644afba067e5be9ee84bf [term 0 FOLLOWER]: Becoming Follower/Learner. State: Replica: 76d34b6bd82644afba067e5be9ee84bf, State: Initialized, Role: FOLLOWER
I20260710 11:03:46.353016 28660 tablet_service.cc:1917] Received RequestConsensusVote() RPC: tablet_id: "ac7ae16d879047b3a93dac501196fefe" candidate_uuid: "76d34b6bd82644afba067e5be9ee84bf" candidate_term: 1 candidate_status { last_received { term: 0 index: 0 } } ignore_live_leader: false dest_uuid: "2a89e279c8294e01af1fcff5ad4e81a3"
I20260710 11:03:46.353158 28706 consensus_queue.cc:260] T 8cd1e1c37d6043b4a0c3ba7e4fe2c6e5 P 76d34b6bd82644afba067e5be9ee84bf [NON_LEADER]: Queue going to NON_LEADER mode. State: All replicated index: 0, Majority replicated index: 0, Committed index: 0, Last appended: 0.0, Last appended by leader: 0, Current term: 0, Majority size: -1, State: 0, Mode: NON_LEADER, active raft config: opid_index: -1 OBSOLETE_local: false peers { permanent_uuid: "faa3029409854ea1bf123b026f1a3b52" member_type: VOTER last_known_addr { host: "127.27.182.65" port: 34273 } } peers { permanent_uuid: "76d34b6bd82644afba067e5be9ee84bf" member_type: VOTER last_known_addr { host: "127.27.182.66" port: 36145 } } peers { permanent_uuid: "2a89e279c8294e01af1fcff5ad4e81a3" member_type: VOTER last_known_addr { host: "127.27.182.67" port: 40031 } }
I20260710 11:03:46.353523 28512 tablet_service.cc:1917] Received RequestConsensusVote() RPC: tablet_id: "ac7ae16d879047b3a93dac501196fefe" candidate_uuid: "76d34b6bd82644afba067e5be9ee84bf" candidate_term: 1 candidate_status { last_received { term: 0 index: 0 } } ignore_live_leader: false dest_uuid: "faa3029409854ea1bf123b026f1a3b52"
I20260710 11:03:46.354038 28512 raft_consensus.cc:3060] T ac7ae16d879047b3a93dac501196fefe P faa3029409854ea1bf123b026f1a3b52 [term 0 FOLLOWER]: Advancing to term 1
I20260710 11:03:46.354956 28705 raft_consensus.cc:359] T ac7ae16d879047b3a93dac501196fefe P 2a89e279c8294e01af1fcff5ad4e81a3 [term 0 FOLLOWER]: Replica starting. Triggering 0 pending ops. Active config: opid_index: -1 OBSOLETE_local: false peers { permanent_uuid: "faa3029409854ea1bf123b026f1a3b52" member_type: VOTER last_known_addr { host: "127.27.182.65" port: 34273 } } peers { permanent_uuid: "76d34b6bd82644afba067e5be9ee84bf" member_type: VOTER last_known_addr { host: "127.27.182.66" port: 36145 } } peers { permanent_uuid: "2a89e279c8294e01af1fcff5ad4e81a3" member_type: VOTER last_known_addr { host: "127.27.182.67" port: 40031 } }
I20260710 11:03:46.355684 28705 raft_consensus.cc:385] T ac7ae16d879047b3a93dac501196fefe P 2a89e279c8294e01af1fcff5ad4e81a3 [term 0 FOLLOWER]: Consensus starting up: Expiring failure detector timer to make a prompt election more likely
I20260710 11:03:46.356004 28705 raft_consensus.cc:740] T ac7ae16d879047b3a93dac501196fefe P 2a89e279c8294e01af1fcff5ad4e81a3 [term 0 FOLLOWER]: Becoming Follower/Learner. State: Replica: 2a89e279c8294e01af1fcff5ad4e81a3, State: Initialized, Role: FOLLOWER
I20260710 11:03:46.356693 28705 consensus_queue.cc:260] T ac7ae16d879047b3a93dac501196fefe P 2a89e279c8294e01af1fcff5ad4e81a3 [NON_LEADER]: Queue going to NON_LEADER mode. State: All replicated index: 0, Majority replicated index: 0, Committed index: 0, Last appended: 0.0, Last appended by leader: 0, Current term: 0, Majority size: -1, State: 0, Mode: NON_LEADER, active raft config: opid_index: -1 OBSOLETE_local: false peers { permanent_uuid: "faa3029409854ea1bf123b026f1a3b52" member_type: VOTER last_known_addr { host: "127.27.182.65" port: 34273 } } peers { permanent_uuid: "76d34b6bd82644afba067e5be9ee84bf" member_type: VOTER last_known_addr { host: "127.27.182.66" port: 36145 } } peers { permanent_uuid: "2a89e279c8294e01af1fcff5ad4e81a3" member_type: VOTER last_known_addr { host: "127.27.182.67" port: 40031 } }
I20260710 11:03:46.355332 28660 tablet_service.cc:1917] Received RequestConsensusVote() RPC: tablet_id: "0e102c8f1b8f4af9abe9ebfafa73c46d" candidate_uuid: "76d34b6bd82644afba067e5be9ee84bf" candidate_term: 1 candidate_status { last_received { term: 0 index: 0 } } ignore_live_leader: false dest_uuid: "2a89e279c8294e01af1fcff5ad4e81a3"
I20260710 11:03:46.357642 28660 raft_consensus.cc:3060] T 0e102c8f1b8f4af9abe9ebfafa73c46d P 2a89e279c8294e01af1fcff5ad4e81a3 [term 0 FOLLOWER]: Advancing to term 1
I20260710 11:03:46.355296 28706 ts_tablet_manager.cc:1434] T 8cd1e1c37d6043b4a0c3ba7e4fe2c6e5 P 76d34b6bd82644afba067e5be9ee84bf: Time spent starting tablet: real 0.011s	user 0.004s	sys 0.002s
I20260710 11:03:46.359409 28706 tablet_bootstrap.cc:492] T 4f619a0a85bc4880b7ff584b512fd90b P 76d34b6bd82644afba067e5be9ee84bf: Bootstrap starting.
I20260710 11:03:46.360877 28512 raft_consensus.cc:2468] T ac7ae16d879047b3a93dac501196fefe P faa3029409854ea1bf123b026f1a3b52 [term 1 FOLLOWER]: Leader election vote request: Granting yes vote for candidate 76d34b6bd82644afba067e5be9ee84bf in term 1.
I20260710 11:03:46.362355 28511 tablet_service.cc:1917] Received RequestConsensusVote() RPC: tablet_id: "0e102c8f1b8f4af9abe9ebfafa73c46d" candidate_uuid: "76d34b6bd82644afba067e5be9ee84bf" candidate_term: 1 candidate_status { last_received { term: 0 index: 0 } } ignore_live_leader: false dest_uuid: "faa3029409854ea1bf123b026f1a3b52"
I20260710 11:03:46.363345 28586 tablet_service.cc:1917] Received RequestConsensusVote() RPC: tablet_id: "4692d0ff5b2848f9bf4717c0dbc49dee" candidate_uuid: "2a89e279c8294e01af1fcff5ad4e81a3" candidate_term: 1 candidate_status { last_received { term: 0 index: 0 } } ignore_live_leader: false dest_uuid: "76d34b6bd82644afba067e5be9ee84bf" is_pre_election: true
I20260710 11:03:46.328996 28704 tablet_bootstrap.cc:492] T 0e102c8f1b8f4af9abe9ebfafa73c46d P faa3029409854ea1bf123b026f1a3b52: No bootstrap required, opened a new log
W20260710 11:03:46.364665 28624 leader_election.cc:343] T 4692d0ff5b2848f9bf4717c0dbc49dee P 2a89e279c8294e01af1fcff5ad4e81a3 [CANDIDATE]: Term 1 pre-election: Tablet error from VoteRequest() call to peer 76d34b6bd82644afba067e5be9ee84bf (127.27.182.66:36145): Illegal state: must be running to vote when last-logged opid is not known
I20260710 11:03:46.364704 28553 leader_election.cc:304] T ac7ae16d879047b3a93dac501196fefe P 76d34b6bd82644afba067e5be9ee84bf [CANDIDATE]: Term 1 election: Election decided. Result: candidate won. Election summary: received 2 responses out of 3 voters: 2 yes votes; 0 no votes. yes voters: 76d34b6bd82644afba067e5be9ee84bf, faa3029409854ea1bf123b026f1a3b52; no voters: 
