I20260710 11:00:12.231299 13037 raft_consensus.cc:2955] T e4ebb670b3b541e39601c2c5810066ef P f90c36edd0fc4badbb1805d83461dc77 [term 1 FOLLOWER]: Committing config change with OpId 1.2: config changed from index -1 to 2, NON_VOTER 309b25fe51aa4182af750ca1ac17aa12 (127.11.128.4) added. New config: { opid_index: 2 OBSOLETE_local: false peers { permanent_uuid: "6f71ddc61a2b4a2aa05cbf487becb162" member_type: VOTER last_known_addr { host: "127.11.128.1" port: 45091 } } peers { permanent_uuid: "2efa5fddec244f9b804012deb0a486e4" member_type: VOTER last_known_addr { host: "127.11.128.2" port: 42487 } } peers { permanent_uuid: "f90c36edd0fc4badbb1805d83461dc77" member_type: VOTER last_known_addr { host: "127.11.128.3" port: 33223 } attrs { replace: true } } peers { permanent_uuid: "309b25fe51aa4182af750ca1ac17aa12" member_type: NON_VOTER last_known_addr { host: "127.11.128.4" port: 39979 } attrs { promote: true } } }
I20260710 11:00:12.235719 12783 catalog_manager.cc:5697] T e4ebb670b3b541e39601c2c5810066ef P 6f71ddc61a2b4a2aa05cbf487becb162 reported cstate change: config changed from index -1 to 2, NON_VOTER 309b25fe51aa4182af750ca1ac17aa12 (127.11.128.4) added. New cstate: current_term: 1 leader_uuid: "2efa5fddec244f9b804012deb0a486e4" committed_config { opid_index: 2 OBSOLETE_local: false peers { permanent_uuid: "6f71ddc61a2b4a2aa05cbf487becb162" member_type: VOTER last_known_addr { host: "127.11.128.1" port: 45091 } } peers { permanent_uuid: "2efa5fddec244f9b804012deb0a486e4" member_type: VOTER last_known_addr { host: "127.11.128.2" port: 42487 } } peers { permanent_uuid: "f90c36edd0fc4badbb1805d83461dc77" member_type: VOTER last_known_addr { host: "127.11.128.3" port: 33223 } attrs { replace: true } } peers { permanent_uuid: "309b25fe51aa4182af750ca1ac17aa12" member_type: NON_VOTER last_known_addr { host: "127.11.128.4" port: 39979 } attrs { promote: true } } }
I20260710 11:00:12.238147 13034 consensus_queue.cc:237] T a4811a5abc9c4f029040e18f91637cc5 P f90c36edd0fc4badbb1805d83461dc77 [LEADER]: Queue going to LEADER mode. State: All replicated index: 0, Majority replicated index: 1, Committed index: 1, Last appended: 2.1, Last appended by leader: 0, Current term: 2, Majority size: 2, State: 0, Mode: LEADER, active raft config: opid_index: 2 OBSOLETE_local: false peers { permanent_uuid: "6f71ddc61a2b4a2aa05cbf487becb162" member_type: VOTER last_known_addr { host: "127.11.128.1" port: 45091 } } peers { permanent_uuid: "2efa5fddec244f9b804012deb0a486e4" member_type: VOTER last_known_addr { host: "127.11.128.2" port: 42487 } attrs { replace: true } } peers { permanent_uuid: "f90c36edd0fc4badbb1805d83461dc77" member_type: VOTER last_known_addr { host: "127.11.128.3" port: 33223 } } peers { permanent_uuid: "309b25fe51aa4182af750ca1ac17aa12" member_type: NON_VOTER last_known_addr { host: "127.11.128.4" port: 39979 } attrs { promote: true } }
I20260710 11:00:12.256367 12960 raft_consensus.cc:1275] T a4811a5abc9c4f029040e18f91637cc5 P 2efa5fddec244f9b804012deb0a486e4 [term 2 FOLLOWER]: Refusing update from remote peer f90c36edd0fc4badbb1805d83461dc77: Log matching property violated. Preceding OpId in replica: term: 2 index: 1. Preceding OpId from leader: term: 2 index: 2. (index mismatch)
I20260710 11:00:12.256719 12885 raft_consensus.cc:1275] T a4811a5abc9c4f029040e18f91637cc5 P 6f71ddc61a2b4a2aa05cbf487becb162 [term 2 FOLLOWER]: Refusing update from remote peer f90c36edd0fc4badbb1805d83461dc77: Log matching property violated. Preceding OpId in replica: term: 2 index: 1. Preceding OpId from leader: term: 2 index: 2. (index mismatch)
W20260710 11:00:12.257303 13002 consensus_peers.cc:597] T a4811a5abc9c4f029040e18f91637cc5 P f90c36edd0fc4badbb1805d83461dc77 -> Peer 309b25fe51aa4182af750ca1ac17aa12 (127.11.128.4:39979): Couldn't send request to peer 309b25fe51aa4182af750ca1ac17aa12. Error code: TABLET_NOT_FOUND (6). Status: Not found: Tablet not found: a4811a5abc9c4f029040e18f91637cc5. This is attempt 1: this message will repeat every 5th retry.
I20260710 11:00:12.258009 13384 consensus_queue.cc:1048] T a4811a5abc9c4f029040e18f91637cc5 P f90c36edd0fc4badbb1805d83461dc77 [LEADER]: Connected to new peer: Peer: permanent_uuid: "2efa5fddec244f9b804012deb0a486e4" member_type: VOTER last_known_addr { host: "127.11.128.2" port: 42487 } attrs { replace: true }, Status: LMP_MISMATCH, Last received: 0.0, Next index: 2, Last known committed idx: 1, Time since last communication: 0.000s
I20260710 11:00:12.259575 13435 consensus_queue.cc:1048] T a4811a5abc9c4f029040e18f91637cc5 P f90c36edd0fc4badbb1805d83461dc77 [LEADER]: Connected to new peer: Peer: permanent_uuid: "6f71ddc61a2b4a2aa05cbf487becb162" member_type: VOTER last_known_addr { host: "127.11.128.1" port: 45091 }, Status: LMP_MISMATCH, Last received: 0.0, Next index: 2, Last known committed idx: 1, Time since last communication: 0.000s
I20260710 11:00:12.268047 13435 raft_consensus.cc:2955] T a4811a5abc9c4f029040e18f91637cc5 P f90c36edd0fc4badbb1805d83461dc77 [term 2 LEADER]: Committing config change with OpId 2.2: config changed from index -1 to 2, NON_VOTER 309b25fe51aa4182af750ca1ac17aa12 (127.11.128.4) added. New config: { opid_index: 2 OBSOLETE_local: false peers { permanent_uuid: "6f71ddc61a2b4a2aa05cbf487becb162" member_type: VOTER last_known_addr { host: "127.11.128.1" port: 45091 } } peers { permanent_uuid: "2efa5fddec244f9b804012deb0a486e4" member_type: VOTER last_known_addr { host: "127.11.128.2" port: 42487 } attrs { replace: true } } peers { permanent_uuid: "f90c36edd0fc4badbb1805d83461dc77" member_type: VOTER last_known_addr { host: "127.11.128.3" port: 33223 } } peers { permanent_uuid: "309b25fe51aa4182af750ca1ac17aa12" member_type: NON_VOTER last_known_addr { host: "127.11.128.4" port: 39979 } attrs { promote: true } } }
I20260710 11:00:12.270195 12960 raft_consensus.cc:2955] T a4811a5abc9c4f029040e18f91637cc5 P 2efa5fddec244f9b804012deb0a486e4 [term 2 FOLLOWER]: Committing config change with OpId 2.2: config changed from index -1 to 2, NON_VOTER 309b25fe51aa4182af750ca1ac17aa12 (127.11.128.4) added. New config: { opid_index: 2 OBSOLETE_local: false peers { permanent_uuid: "6f71ddc61a2b4a2aa05cbf487becb162" member_type: VOTER last_known_addr { host: "127.11.128.1" port: 45091 } } peers { permanent_uuid: "2efa5fddec244f9b804012deb0a486e4" member_type: VOTER last_known_addr { host: "127.11.128.2" port: 42487 } attrs { replace: true } } peers { permanent_uuid: "f90c36edd0fc4badbb1805d83461dc77" member_type: VOTER last_known_addr { host: "127.11.128.3" port: 33223 } } peers { permanent_uuid: "309b25fe51aa4182af750ca1ac17aa12" member_type: NON_VOTER last_known_addr { host: "127.11.128.4" port: 39979 } attrs { promote: true } } }
I20260710 11:00:12.272317 12885 raft_consensus.cc:2955] T a4811a5abc9c4f029040e18f91637cc5 P 6f71ddc61a2b4a2aa05cbf487becb162 [term 2 FOLLOWER]: Committing config change with OpId 2.2: config changed from index -1 to 2, NON_VOTER 309b25fe51aa4182af750ca1ac17aa12 (127.11.128.4) added. New config: { opid_index: 2 OBSOLETE_local: false peers { permanent_uuid: "6f71ddc61a2b4a2aa05cbf487becb162" member_type: VOTER last_known_addr { host: "127.11.128.1" port: 45091 } } peers { permanent_uuid: "2efa5fddec244f9b804012deb0a486e4" member_type: VOTER last_known_addr { host: "127.11.128.2" port: 42487 } attrs { replace: true } } peers { permanent_uuid: "f90c36edd0fc4badbb1805d83461dc77" member_type: VOTER last_known_addr { host: "127.11.128.3" port: 33223 } } peers { permanent_uuid: "309b25fe51aa4182af750ca1ac17aa12" member_type: NON_VOTER last_known_addr { host: "127.11.128.4" port: 39979 } attrs { promote: true } } }
I20260710 11:00:12.283355 12783 catalog_manager.cc:5697] T a4811a5abc9c4f029040e18f91637cc5 P f90c36edd0fc4badbb1805d83461dc77 reported cstate change: config changed from index -1 to 2, NON_VOTER 309b25fe51aa4182af750ca1ac17aa12 (127.11.128.4) added. New cstate: current_term: 2 leader_uuid: "f90c36edd0fc4badbb1805d83461dc77" committed_config { opid_index: 2 OBSOLETE_local: false peers { permanent_uuid: "6f71ddc61a2b4a2aa05cbf487becb162" member_type: VOTER last_known_addr { host: "127.11.128.1" port: 45091 } health_report { overall_health: HEALTHY } } peers { permanent_uuid: "2efa5fddec244f9b804012deb0a486e4" member_type: VOTER last_known_addr { host: "127.11.128.2" port: 42487 } attrs { replace: true } health_report { overall_health: HEALTHY } } peers { permanent_uuid: "f90c36edd0fc4badbb1805d83461dc77" member_type: VOTER last_known_addr { host: "127.11.128.3" port: 33223 } health_report { overall_health: HEALTHY } } peers { permanent_uuid: "309b25fe51aa4182af750ca1ac17aa12" member_type: NON_VOTER last_known_addr { host: "127.11.128.4" port: 39979 } attrs { promote: true } health_report { overall_health: UNKNOWN } } }
I20260710 11:00:12.285607 12885 consensus_queue.cc:237] T 373bf974e4d947428f9f9fa72273cc49 P 6f71ddc61a2b4a2aa05cbf487becb162 [LEADER]: Queue going to LEADER mode. State: All replicated index: 0, Majority replicated index: 1, Committed index: 1, Last appended: 1.1, Last appended by leader: 0, Current term: 1, Majority size: 2, State: 0, Mode: LEADER, active raft config: opid_index: 2 OBSOLETE_local: false peers { permanent_uuid: "6f71ddc61a2b4a2aa05cbf487becb162" member_type: VOTER last_known_addr { host: "127.11.128.1" port: 45091 } } peers { permanent_uuid: "2efa5fddec244f9b804012deb0a486e4" member_type: VOTER last_known_addr { host: "127.11.128.2" port: 42487 } } peers { permanent_uuid: "f90c36edd0fc4badbb1805d83461dc77" member_type: VOTER last_known_addr { host: "127.11.128.3" port: 33223 } attrs { replace: true } } peers { permanent_uuid: "309b25fe51aa4182af750ca1ac17aa12" member_type: NON_VOTER last_known_addr { host: "127.11.128.4" port: 39979 } attrs { promote: true } }
I20260710 11:00:12.291355 12960 raft_consensus.cc:1275] T 373bf974e4d947428f9f9fa72273cc49 P 2efa5fddec244f9b804012deb0a486e4 [term 1 FOLLOWER]: Refusing update from remote peer 6f71ddc61a2b4a2aa05cbf487becb162: Log matching property violated. Preceding OpId in replica: term: 1 index: 1. Preceding OpId from leader: term: 1 index: 2. (index mismatch)
W20260710 11:00:12.292004 12853 consensus_peers.cc:597] T 373bf974e4d947428f9f9fa72273cc49 P 6f71ddc61a2b4a2aa05cbf487becb162 -> Peer 309b25fe51aa4182af750ca1ac17aa12 (127.11.128.4:39979): Couldn't send request to peer 309b25fe51aa4182af750ca1ac17aa12. Error code: TABLET_NOT_FOUND (6). Status: Not found: Tablet not found: 373bf974e4d947428f9f9fa72273cc49. This is attempt 1: this message will repeat every 5th retry.
I20260710 11:00:12.292574 13369 consensus_queue.cc:1048] T 373bf974e4d947428f9f9fa72273cc49 P 6f71ddc61a2b4a2aa05cbf487becb162 [LEADER]: Connected to new peer: Peer: permanent_uuid: "2efa5fddec244f9b804012deb0a486e4" member_type: VOTER last_known_addr { host: "127.11.128.2" port: 42487 }, Status: LMP_MISMATCH, Last received: 0.0, Next index: 2, Last known committed idx: 1, Time since last communication: 0.000s
I20260710 11:00:12.294245 13034 raft_consensus.cc:1275] T 373bf974e4d947428f9f9fa72273cc49 P f90c36edd0fc4badbb1805d83461dc77 [term 1 FOLLOWER]: Refusing update from remote peer 6f71ddc61a2b4a2aa05cbf487becb162: Log matching property violated. Preceding OpId in replica: term: 1 index: 1. Preceding OpId from leader: term: 1 index: 2. (index mismatch)
I20260710 11:00:12.295536 13369 consensus_queue.cc:1048] T 373bf974e4d947428f9f9fa72273cc49 P 6f71ddc61a2b4a2aa05cbf487becb162 [LEADER]: Connected to new peer: Peer: permanent_uuid: "f90c36edd0fc4badbb1805d83461dc77" member_type: VOTER last_known_addr { host: "127.11.128.3" port: 33223 } attrs { replace: true }, Status: LMP_MISMATCH, Last received: 0.0, Next index: 2, Last known committed idx: 1, Time since last communication: 0.000s
I20260710 11:00:12.303099 13420 raft_consensus.cc:2955] T 373bf974e4d947428f9f9fa72273cc49 P 6f71ddc61a2b4a2aa05cbf487becb162 [term 1 LEADER]: Committing config change with OpId 1.2: config changed from index -1 to 2, NON_VOTER 309b25fe51aa4182af750ca1ac17aa12 (127.11.128.4) added. New config: { opid_index: 2 OBSOLETE_local: false peers { permanent_uuid: "6f71ddc61a2b4a2aa05cbf487becb162" member_type: VOTER last_known_addr { host: "127.11.128.1" port: 45091 } } peers { permanent_uuid: "2efa5fddec244f9b804012deb0a486e4" member_type: VOTER last_known_addr { host: "127.11.128.2" port: 42487 } } peers { permanent_uuid: "f90c36edd0fc4badbb1805d83461dc77" member_type: VOTER last_known_addr { host: "127.11.128.3" port: 33223 } attrs { replace: true } } peers { permanent_uuid: "309b25fe51aa4182af750ca1ac17aa12" member_type: NON_VOTER last_known_addr { host: "127.11.128.4" port: 39979 } attrs { promote: true } } }
I20260710 11:00:12.304680 13034 raft_consensus.cc:2955] T 373bf974e4d947428f9f9fa72273cc49 P f90c36edd0fc4badbb1805d83461dc77 [term 1 FOLLOWER]: Committing config change with OpId 1.2: config changed from index -1 to 2, NON_VOTER 309b25fe51aa4182af750ca1ac17aa12 (127.11.128.4) added. New config: { opid_index: 2 OBSOLETE_local: false peers { permanent_uuid: "6f71ddc61a2b4a2aa05cbf487becb162" member_type: VOTER last_known_addr { host: "127.11.128.1" port: 45091 } } peers { permanent_uuid: "2efa5fddec244f9b804012deb0a486e4" member_type: VOTER last_known_addr { host: "127.11.128.2" port: 42487 } } peers { permanent_uuid: "f90c36edd0fc4badbb1805d83461dc77" member_type: VOTER last_known_addr { host: "127.11.128.3" port: 33223 } attrs { replace: true } } peers { permanent_uuid: "309b25fe51aa4182af750ca1ac17aa12" member_type: NON_VOTER last_known_addr { host: "127.11.128.4" port: 39979 } attrs { promote: true } } }
I20260710 11:00:12.304939 12963 raft_consensus.cc:2955] T 373bf974e4d947428f9f9fa72273cc49 P 2efa5fddec244f9b804012deb0a486e4 [term 1 FOLLOWER]: Committing config change with OpId 1.2: config changed from index -1 to 2, NON_VOTER 309b25fe51aa4182af750ca1ac17aa12 (127.11.128.4) added. New config: { opid_index: 2 OBSOLETE_local: false peers { permanent_uuid: "6f71ddc61a2b4a2aa05cbf487becb162" member_type: VOTER last_known_addr { host: "127.11.128.1" port: 45091 } } peers { permanent_uuid: "2efa5fddec244f9b804012deb0a486e4" member_type: VOTER last_known_addr { host: "127.11.128.2" port: 42487 } } peers { permanent_uuid: "f90c36edd0fc4badbb1805d83461dc77" member_type: VOTER last_known_addr { host: "127.11.128.3" port: 33223 } attrs { replace: true } } peers { permanent_uuid: "309b25fe51aa4182af750ca1ac17aa12" member_type: NON_VOTER last_known_addr { host: "127.11.128.4" port: 39979 } attrs { promote: true } } }
I20260710 11:00:12.315274 12783 catalog_manager.cc:5697] T 373bf974e4d947428f9f9fa72273cc49 P 2efa5fddec244f9b804012deb0a486e4 reported cstate change: config changed from index -1 to 2, NON_VOTER 309b25fe51aa4182af750ca1ac17aa12 (127.11.128.4) added. New cstate: current_term: 1 leader_uuid: "6f71ddc61a2b4a2aa05cbf487becb162" committed_config { opid_index: 2 OBSOLETE_local: false peers { permanent_uuid: "6f71ddc61a2b4a2aa05cbf487becb162" member_type: VOTER last_known_addr { host: "127.11.128.1" port: 45091 } } peers { permanent_uuid: "2efa5fddec244f9b804012deb0a486e4" member_type: VOTER last_known_addr { host: "127.11.128.2" port: 42487 } } peers { permanent_uuid: "f90c36edd0fc4badbb1805d83461dc77" member_type: VOTER last_known_addr { host: "127.11.128.3" port: 33223 } attrs { replace: true } } peers { permanent_uuid: "309b25fe51aa4182af750ca1ac17aa12" member_type: NON_VOTER last_known_addr { host: "127.11.128.4" port: 39979 } attrs { promote: true } } }
I20260710 11:00:12.661702 13441 ts_tablet_manager.cc:933] T 11801dd3883b41179da673ac60af6ef5 P 309b25fe51aa4182af750ca1ac17aa12: Initiating tablet copy from peer 6f71ddc61a2b4a2aa05cbf487becb162 (127.11.128.1:45091)
I20260710 11:00:12.663125 13441 tablet_copy_client.cc:323] T 11801dd3883b41179da673ac60af6ef5 P 309b25fe51aa4182af750ca1ac17aa12: tablet copy: Beginning tablet copy session from remote peer at address 127.11.128.1:45091
I20260710 11:00:12.676743 12898 tablet_copy_service.cc:140] P 6f71ddc61a2b4a2aa05cbf487becb162: Received BeginTabletCopySession request for tablet 11801dd3883b41179da673ac60af6ef5 from peer 309b25fe51aa4182af750ca1ac17aa12 ({username='slave'} at 127.0.0.1:40014)
I20260710 11:00:12.677151 12898 tablet_copy_service.cc:161] P 6f71ddc61a2b4a2aa05cbf487becb162: Beginning new tablet copy session on tablet 11801dd3883b41179da673ac60af6ef5 from peer 309b25fe51aa4182af750ca1ac17aa12 at {username='slave'} at 127.0.0.1:40014: session id = 309b25fe51aa4182af750ca1ac17aa12-11801dd3883b41179da673ac60af6ef5
I20260710 11:00:12.681900 12898 tablet_copy_source_session.cc:215] T 11801dd3883b41179da673ac60af6ef5 P 6f71ddc61a2b4a2aa05cbf487becb162: Tablet Copy: opened 0 blocks and 1 log segments
I20260710 11:00:12.684437 13441 data_dirs.cc:400] Could only allocate 1 dirs of requested 3 for tablet 11801dd3883b41179da673ac60af6ef5. 1 dirs total, 0 dirs full, 0 dirs failed
I20260710 11:00:12.693301 13441 tablet_copy_client.cc:806] T 11801dd3883b41179da673ac60af6ef5 P 309b25fe51aa4182af750ca1ac17aa12: tablet copy: Starting download of 0 data blocks...
I20260710 11:00:12.693761 13441 tablet_copy_client.cc:670] T 11801dd3883b41179da673ac60af6ef5 P 309b25fe51aa4182af750ca1ac17aa12: tablet copy: Starting download of 1 WAL segments...
I20260710 11:00:12.696537 13441 tablet_copy_client.cc:538] T 11801dd3883b41179da673ac60af6ef5 P 309b25fe51aa4182af750ca1ac17aa12: tablet copy: Tablet Copy complete. Replacing tablet superblock.
I20260710 11:00:12.701681 13441 tablet_bootstrap.cc:492] T 11801dd3883b41179da673ac60af6ef5 P 309b25fe51aa4182af750ca1ac17aa12: Bootstrap starting.
I20260710 11:00:12.717483 13441 tablet_bootstrap.cc:492] T 11801dd3883b41179da673ac60af6ef5 P 309b25fe51aa4182af750ca1ac17aa12: Bootstrap replayed 1/1 log segments. Stats: ops{read=2 overwritten=0 applied=2 ignored=0} inserts{seen=0 ignored=0} mutations{seen=0 ignored=0} orphaned_commits=0. Pending: 0 replicates
I20260710 11:00:12.718052 13441 tablet_bootstrap.cc:492] T 11801dd3883b41179da673ac60af6ef5 P 309b25fe51aa4182af750ca1ac17aa12: Bootstrap complete.
I20260710 11:00:12.718480 13441 ts_tablet_manager.cc:1403] T 11801dd3883b41179da673ac60af6ef5 P 309b25fe51aa4182af750ca1ac17aa12: Time spent bootstrapping tablet: real 0.017s	user 0.011s	sys 0.005s
I20260710 11:00:12.724674 13441 raft_consensus.cc:359] T 11801dd3883b41179da673ac60af6ef5 P 309b25fe51aa4182af750ca1ac17aa12 [term 1 LEARNER]: Replica starting. Triggering 0 pending ops. Active config: opid_index: 2 OBSOLETE_local: false peers { permanent_uuid: "6f71ddc61a2b4a2aa05cbf487becb162" member_type: VOTER last_known_addr { host: "127.11.128.1" port: 45091 } } peers { permanent_uuid: "2efa5fddec244f9b804012deb0a486e4" member_type: VOTER last_known_addr { host: "127.11.128.2" port: 42487 } attrs { replace: true } } peers { permanent_uuid: "f90c36edd0fc4badbb1805d83461dc77" member_type: VOTER last_known_addr { host: "127.11.128.3" port: 33223 } } peers { permanent_uuid: "309b25fe51aa4182af750ca1ac17aa12" member_type: NON_VOTER last_known_addr { host: "127.11.128.4" port: 39979 } attrs { promote: true } }
I20260710 11:00:12.725438 13441 raft_consensus.cc:740] T 11801dd3883b41179da673ac60af6ef5 P 309b25fe51aa4182af750ca1ac17aa12 [term 1 LEARNER]: Becoming Follower/Learner. State: Replica: 309b25fe51aa4182af750ca1ac17aa12, State: Initialized, Role: LEARNER
I20260710 11:00:12.726042 13441 consensus_queue.cc:260] T 11801dd3883b41179da673ac60af6ef5 P 309b25fe51aa4182af750ca1ac17aa12 [NON_LEADER]: Queue going to NON_LEADER mode. State: All replicated index: 0, Majority replicated index: 0, Committed index: 2, Last appended: 1.2, Last appended by leader: 2, Current term: 0, Majority size: -1, State: 0, Mode: NON_LEADER, active raft config: opid_index: 2 OBSOLETE_local: false peers { permanent_uuid: "6f71ddc61a2b4a2aa05cbf487becb162" member_type: VOTER last_known_addr { host: "127.11.128.1" port: 45091 } } peers { permanent_uuid: "2efa5fddec244f9b804012deb0a486e4" member_type: VOTER last_known_addr { host: "127.11.128.2" port: 42487 } attrs { replace: true } } peers { permanent_uuid: "f90c36edd0fc4badbb1805d83461dc77" member_type: VOTER last_known_addr { host: "127.11.128.3" port: 33223 } } peers { permanent_uuid: "309b25fe51aa4182af750ca1ac17aa12" member_type: NON_VOTER last_known_addr { host: "127.11.128.4" port: 39979 } attrs { promote: true } }
I20260710 11:00:12.728689 13441 ts_tablet_manager.cc:1434] T 11801dd3883b41179da673ac60af6ef5 P 309b25fe51aa4182af750ca1ac17aa12: Time spent starting tablet: real 0.006s	user 0.002s	sys 0.003s
I20260710 11:00:12.730033 12898 tablet_copy_service.cc:342] P 6f71ddc61a2b4a2aa05cbf487becb162: Request end of tablet copy session 309b25fe51aa4182af750ca1ac17aa12-11801dd3883b41179da673ac60af6ef5 received from {username='slave'} at 127.0.0.1:40014
I20260710 11:00:12.730387 12898 tablet_copy_service.cc:434] P 6f71ddc61a2b4a2aa05cbf487becb162: ending tablet copy session 309b25fe51aa4182af750ca1ac17aa12-11801dd3883b41179da673ac60af6ef5 on tablet 11801dd3883b41179da673ac60af6ef5 with peer 309b25fe51aa4182af750ca1ac17aa12
I20260710 11:00:12.805204 13441 ts_tablet_manager.cc:933] T e4ebb670b3b541e39601c2c5810066ef P 309b25fe51aa4182af750ca1ac17aa12: Initiating tablet copy from peer 2efa5fddec244f9b804012deb0a486e4 (127.11.128.2:42487)
I20260710 11:00:12.806581 13441 tablet_copy_client.cc:323] T e4ebb670b3b541e39601c2c5810066ef P 309b25fe51aa4182af750ca1ac17aa12: tablet copy: Beginning tablet copy session from remote peer at address 127.11.128.2:42487
I20260710 11:00:12.807862 12973 tablet_copy_service.cc:140] P 2efa5fddec244f9b804012deb0a486e4: Received BeginTabletCopySession request for tablet e4ebb670b3b541e39601c2c5810066ef from peer 309b25fe51aa4182af750ca1ac17aa12 ({username='slave'} at 127.0.0.1:54172)
I20260710 11:00:12.808249 12973 tablet_copy_service.cc:161] P 2efa5fddec244f9b804012deb0a486e4: Beginning new tablet copy session on tablet e4ebb670b3b541e39601c2c5810066ef from peer 309b25fe51aa4182af750ca1ac17aa12 at {username='slave'} at 127.0.0.1:54172: session id = 309b25fe51aa4182af750ca1ac17aa12-e4ebb670b3b541e39601c2c5810066ef
I20260710 11:00:12.812561 12973 tablet_copy_source_session.cc:215] T e4ebb670b3b541e39601c2c5810066ef P 2efa5fddec244f9b804012deb0a486e4: Tablet Copy: opened 0 blocks and 1 log segments
I20260710 11:00:12.815936 13441 data_dirs.cc:400] Could only allocate 1 dirs of requested 3 for tablet e4ebb670b3b541e39601c2c5810066ef. 1 dirs total, 0 dirs full, 0 dirs failed
I20260710 11:00:12.826756 13441 tablet_copy_client.cc:806] T e4ebb670b3b541e39601c2c5810066ef P 309b25fe51aa4182af750ca1ac17aa12: tablet copy: Starting download of 0 data blocks...
I20260710 11:00:12.827240 13441 tablet_copy_client.cc:670] T e4ebb670b3b541e39601c2c5810066ef P 309b25fe51aa4182af750ca1ac17aa12: tablet copy: Starting download of 1 WAL segments...
I20260710 11:00:12.830701 13441 tablet_copy_client.cc:538] T e4ebb670b3b541e39601c2c5810066ef P 309b25fe51aa4182af750ca1ac17aa12: tablet copy: Tablet Copy complete. Replacing tablet superblock.
I20260710 11:00:12.838570 13441 tablet_bootstrap.cc:492] T e4ebb670b3b541e39601c2c5810066ef P 309b25fe51aa4182af750ca1ac17aa12: Bootstrap starting.
I20260710 11:00:12.853926 13449 ts_tablet_manager.cc:933] T 373bf974e4d947428f9f9fa72273cc49 P 309b25fe51aa4182af750ca1ac17aa12: Initiating tablet copy from peer 6f71ddc61a2b4a2aa05cbf487becb162 (127.11.128.1:45091)
I20260710 11:00:12.855489 13449 tablet_copy_client.cc:323] T 373bf974e4d947428f9f9fa72273cc49 P 309b25fe51aa4182af750ca1ac17aa12: tablet copy: Beginning tablet copy session from remote peer at address 127.11.128.1:45091
I20260710 11:00:12.856580 13441 tablet_bootstrap.cc:492] T e4ebb670b3b541e39601c2c5810066ef P 309b25fe51aa4182af750ca1ac17aa12: Bootstrap replayed 1/1 log segments. Stats: ops{read=2 overwritten=0 applied=2 ignored=0} inserts{seen=0 ignored=0} mutations{seen=0 ignored=0} orphaned_commits=0. Pending: 0 replicates
I20260710 11:00:12.857388 13441 tablet_bootstrap.cc:492] T e4ebb670b3b541e39601c2c5810066ef P 309b25fe51aa4182af750ca1ac17aa12: Bootstrap complete.
I20260710 11:00:12.857304 12898 tablet_copy_service.cc:140] P 6f71ddc61a2b4a2aa05cbf487becb162: Received BeginTabletCopySession request for tablet 373bf974e4d947428f9f9fa72273cc49 from peer 309b25fe51aa4182af750ca1ac17aa12 ({username='slave'} at 127.0.0.1:40014)
I20260710 11:00:12.857894 12898 tablet_copy_service.cc:161] P 6f71ddc61a2b4a2aa05cbf487becb162: Beginning new tablet copy session on tablet 373bf974e4d947428f9f9fa72273cc49 from peer 309b25fe51aa4182af750ca1ac17aa12 at {username='slave'} at 127.0.0.1:40014: session id = 309b25fe51aa4182af750ca1ac17aa12-373bf974e4d947428f9f9fa72273cc49
I20260710 11:00:12.858068 13441 ts_tablet_manager.cc:1403] T e4ebb670b3b541e39601c2c5810066ef P 309b25fe51aa4182af750ca1ac17aa12: Time spent bootstrapping tablet: real 0.020s	user 0.018s	sys 0.004s
I20260710 11:00:12.860951 13441 raft_consensus.cc:359] T e4ebb670b3b541e39601c2c5810066ef P 309b25fe51aa4182af750ca1ac17aa12 [term 1 LEARNER]: Replica starting. Triggering 0 pending ops. Active config: opid_index: 2 OBSOLETE_local: false peers { permanent_uuid: "6f71ddc61a2b4a2aa05cbf487becb162" member_type: VOTER last_known_addr { host: "127.11.128.1" port: 45091 } } peers { permanent_uuid: "2efa5fddec244f9b804012deb0a486e4" member_type: VOTER last_known_addr { host: "127.11.128.2" port: 42487 } } peers { permanent_uuid: "f90c36edd0fc4badbb1805d83461dc77" member_type: VOTER last_known_addr { host: "127.11.128.3" port: 33223 } attrs { replace: true } } peers { permanent_uuid: "309b25fe51aa4182af750ca1ac17aa12" member_type: NON_VOTER last_known_addr { host: "127.11.128.4" port: 39979 } attrs { promote: true } }
I20260710 11:00:12.861523 13441 raft_consensus.cc:740] T e4ebb670b3b541e39601c2c5810066ef P 309b25fe51aa4182af750ca1ac17aa12 [term 1 LEARNER]: Becoming Follower/Learner. State: Replica: 309b25fe51aa4182af750ca1ac17aa12, State: Initialized, Role: LEARNER
I20260710 11:00:12.861967 13441 consensus_queue.cc:260] T e4ebb670b3b541e39601c2c5810066ef P 309b25fe51aa4182af750ca1ac17aa12 [NON_LEADER]: Queue going to NON_LEADER mode. State: All replicated index: 0, Majority replicated index: 0, Committed index: 2, Last appended: 1.2, Last appended by leader: 2, Current term: 0, Majority size: -1, State: 0, Mode: NON_LEADER, active raft config: opid_index: 2 OBSOLETE_local: false peers { permanent_uuid: "6f71ddc61a2b4a2aa05cbf487becb162" member_type: VOTER last_known_addr { host: "127.11.128.1" port: 45091 } } peers { permanent_uuid: "2efa5fddec244f9b804012deb0a486e4" member_type: VOTER last_known_addr { host: "127.11.128.2" port: 42487 } } peers { permanent_uuid: "f90c36edd0fc4badbb1805d83461dc77" member_type: VOTER last_known_addr { host: "127.11.128.3" port: 33223 } attrs { replace: true } } peers { permanent_uuid: "309b25fe51aa4182af750ca1ac17aa12" member_type: NON_VOTER last_known_addr { host: "127.11.128.4" port: 39979 } attrs { promote: true } }
I20260710 11:00:12.863562 13441 ts_tablet_manager.cc:1434] T e4ebb670b3b541e39601c2c5810066ef P 309b25fe51aa4182af750ca1ac17aa12: Time spent starting tablet: real 0.005s	user 0.004s	sys 0.000s
I20260710 11:00:12.865629 12898 tablet_copy_source_session.cc:215] T 373bf974e4d947428f9f9fa72273cc49 P 6f71ddc61a2b4a2aa05cbf487becb162: Tablet Copy: opened 0 blocks and 1 log segments
I20260710 11:00:12.865590 12973 tablet_copy_service.cc:342] P 2efa5fddec244f9b804012deb0a486e4: Request end of tablet copy session 309b25fe51aa4182af750ca1ac17aa12-e4ebb670b3b541e39601c2c5810066ef received from {username='slave'} at 127.0.0.1:54172
I20260710 11:00:12.866220 12973 tablet_copy_service.cc:434] P 2efa5fddec244f9b804012deb0a486e4: ending tablet copy session 309b25fe51aa4182af750ca1ac17aa12-e4ebb670b3b541e39601c2c5810066ef on tablet e4ebb670b3b541e39601c2c5810066ef with peer 309b25fe51aa4182af750ca1ac17aa12
I20260710 11:00:12.868811 13449 data_dirs.cc:400] Could only allocate 1 dirs of requested 3 for tablet 373bf974e4d947428f9f9fa72273cc49. 1 dirs total, 0 dirs full, 0 dirs failed
I20260710 11:00:12.878381 13441 ts_tablet_manager.cc:933] T a4811a5abc9c4f029040e18f91637cc5 P 309b25fe51aa4182af750ca1ac17aa12: Initiating tablet copy from peer f90c36edd0fc4badbb1805d83461dc77 (127.11.128.3:33223)
I20260710 11:00:12.881582 13449 tablet_copy_client.cc:806] T 373bf974e4d947428f9f9fa72273cc49 P 309b25fe51aa4182af750ca1ac17aa12: tablet copy: Starting download of 0 data blocks...
I20260710 11:00:12.881669 13441 tablet_copy_client.cc:323] T a4811a5abc9c4f029040e18f91637cc5 P 309b25fe51aa4182af750ca1ac17aa12: tablet copy: Beginning tablet copy session from remote peer at address 127.11.128.3:33223
I20260710 11:00:12.882009 13449 tablet_copy_client.cc:670] T 373bf974e4d947428f9f9fa72273cc49 P 309b25fe51aa4182af750ca1ac17aa12: tablet copy: Starting download of 1 WAL segments...
I20260710 11:00:12.883208 13047 tablet_copy_service.cc:140] P f90c36edd0fc4badbb1805d83461dc77: Received BeginTabletCopySession request for tablet a4811a5abc9c4f029040e18f91637cc5 from peer 309b25fe51aa4182af750ca1ac17aa12 ({username='slave'} at 127.0.0.1:38244)
I20260710 11:00:12.883680 13047 tablet_copy_service.cc:161] P f90c36edd0fc4badbb1805d83461dc77: Beginning new tablet copy session on tablet a4811a5abc9c4f029040e18f91637cc5 from peer 309b25fe51aa4182af750ca1ac17aa12 at {username='slave'} at 127.0.0.1:38244: session id = 309b25fe51aa4182af750ca1ac17aa12-a4811a5abc9c4f029040e18f91637cc5
I20260710 11:00:12.886886 13449 tablet_copy_client.cc:538] T 373bf974e4d947428f9f9fa72273cc49 P 309b25fe51aa4182af750ca1ac17aa12: tablet copy: Tablet Copy complete. Replacing tablet superblock.
I20260710 11:00:12.889038 13047 tablet_copy_source_session.cc:215] T a4811a5abc9c4f029040e18f91637cc5 P f90c36edd0fc4badbb1805d83461dc77: Tablet Copy: opened 0 blocks and 1 log segments
I20260710 11:00:12.891233 13441 data_dirs.cc:400] Could only allocate 1 dirs of requested 3 for tablet a4811a5abc9c4f029040e18f91637cc5. 1 dirs total, 0 dirs full, 0 dirs failed
I20260710 11:00:12.894495 13449 tablet_bootstrap.cc:492] T 373bf974e4d947428f9f9fa72273cc49 P 309b25fe51aa4182af750ca1ac17aa12: Bootstrap starting.
I20260710 11:00:12.899887 13441 tablet_copy_client.cc:806] T a4811a5abc9c4f029040e18f91637cc5 P 309b25fe51aa4182af750ca1ac17aa12: tablet copy: Starting download of 0 data blocks...
I20260710 11:00:12.900478 13441 tablet_copy_client.cc:670] T a4811a5abc9c4f029040e18f91637cc5 P 309b25fe51aa4182af750ca1ac17aa12: tablet copy: Starting download of 1 WAL segments...
I20260710 11:00:12.906525 13441 tablet_copy_client.cc:538] T a4811a5abc9c4f029040e18f91637cc5 P 309b25fe51aa4182af750ca1ac17aa12: tablet copy: Tablet Copy complete. Replacing tablet superblock.
I20260710 11:00:12.911381 13441 tablet_bootstrap.cc:492] T a4811a5abc9c4f029040e18f91637cc5 P 309b25fe51aa4182af750ca1ac17aa12: Bootstrap starting.
I20260710 11:00:12.913625 13449 tablet_bootstrap.cc:492] T 373bf974e4d947428f9f9fa72273cc49 P 309b25fe51aa4182af750ca1ac17aa12: Bootstrap replayed 1/1 log segments. Stats: ops{read=2 overwritten=0 applied=2 ignored=0} inserts{seen=0 ignored=0} mutations{seen=0 ignored=0} orphaned_commits=0. Pending: 0 replicates
I20260710 11:00:12.914407 13449 tablet_bootstrap.cc:492] T 373bf974e4d947428f9f9fa72273cc49 P 309b25fe51aa4182af750ca1ac17aa12: Bootstrap complete.
I20260710 11:00:12.915035 13449 ts_tablet_manager.cc:1403] T 373bf974e4d947428f9f9fa72273cc49 P 309b25fe51aa4182af750ca1ac17aa12: Time spent bootstrapping tablet: real 0.021s	user 0.019s	sys 0.005s
I20260710 11:00:12.917721 13449 raft_consensus.cc:359] T 373bf974e4d947428f9f9fa72273cc49 P 309b25fe51aa4182af750ca1ac17aa12 [term 1 LEARNER]: Replica starting. Triggering 0 pending ops. Active config: opid_index: 2 OBSOLETE_local: false peers { permanent_uuid: "6f71ddc61a2b4a2aa05cbf487becb162" member_type: VOTER last_known_addr { host: "127.11.128.1" port: 45091 } } peers { permanent_uuid: "2efa5fddec244f9b804012deb0a486e4" member_type: VOTER last_known_addr { host: "127.11.128.2" port: 42487 } } peers { permanent_uuid: "f90c36edd0fc4badbb1805d83461dc77" member_type: VOTER last_known_addr { host: "127.11.128.3" port: 33223 } attrs { replace: true } } peers { permanent_uuid: "309b25fe51aa4182af750ca1ac17aa12" member_type: NON_VOTER last_known_addr { host: "127.11.128.4" port: 39979 } attrs { promote: true } }
I20260710 11:00:12.918509 13449 raft_consensus.cc:740] T 373bf974e4d947428f9f9fa72273cc49 P 309b25fe51aa4182af750ca1ac17aa12 [term 1 LEARNER]: Becoming Follower/Learner. State: Replica: 309b25fe51aa4182af750ca1ac17aa12, State: Initialized, Role: LEARNER
I20260710 11:00:12.919102 13449 consensus_queue.cc:260] T 373bf974e4d947428f9f9fa72273cc49 P 309b25fe51aa4182af750ca1ac17aa12 [NON_LEADER]: Queue going to NON_LEADER mode. State: All replicated index: 0, Majority replicated index: 0, Committed index: 2, Last appended: 1.2, Last appended by leader: 2, Current term: 0, Majority size: -1, State: 0, Mode: NON_LEADER, active raft config: opid_index: 2 OBSOLETE_local: false peers { permanent_uuid: "6f71ddc61a2b4a2aa05cbf487becb162" member_type: VOTER last_known_addr { host: "127.11.128.1" port: 45091 } } peers { permanent_uuid: "2efa5fddec244f9b804012deb0a486e4" member_type: VOTER last_known_addr { host: "127.11.128.2" port: 42487 } } peers { permanent_uuid: "f90c36edd0fc4badbb1805d83461dc77" member_type: VOTER last_known_addr { host: "127.11.128.3" port: 33223 } attrs { replace: true } } peers { permanent_uuid: "309b25fe51aa4182af750ca1ac17aa12" member_type: NON_VOTER last_known_addr { host: "127.11.128.4" port: 39979 } attrs { promote: true } }
I20260710 11:00:12.921239 13449 ts_tablet_manager.cc:1434] T 373bf974e4d947428f9f9fa72273cc49 P 309b25fe51aa4182af750ca1ac17aa12: Time spent starting tablet: real 0.006s	user 0.004s	sys 0.000s
I20260710 11:00:12.924250 12898 tablet_copy_service.cc:342] P 6f71ddc61a2b4a2aa05cbf487becb162: Request end of tablet copy session 309b25fe51aa4182af750ca1ac17aa12-373bf974e4d947428f9f9fa72273cc49 received from {username='slave'} at 127.0.0.1:40014
I20260710 11:00:12.924635 12898 tablet_copy_service.cc:434] P 6f71ddc61a2b4a2aa05cbf487becb162: ending tablet copy session 309b25fe51aa4182af750ca1ac17aa12-373bf974e4d947428f9f9fa72273cc49 on tablet 373bf974e4d947428f9f9fa72273cc49 with peer 309b25fe51aa4182af750ca1ac17aa12
I20260710 11:00:12.925086 13441 tablet_bootstrap.cc:492] T a4811a5abc9c4f029040e18f91637cc5 P 309b25fe51aa4182af750ca1ac17aa12: Bootstrap replayed 1/1 log segments. Stats: ops{read=2 overwritten=0 applied=2 ignored=0} inserts{seen=0 ignored=0} mutations{seen=0 ignored=0} orphaned_commits=0. Pending: 0 replicates
I20260710 11:00:12.925783 13441 tablet_bootstrap.cc:492] T a4811a5abc9c4f029040e18f91637cc5 P 309b25fe51aa4182af750ca1ac17aa12: Bootstrap complete.
I20260710 11:00:12.926326 13441 ts_tablet_manager.cc:1403] T a4811a5abc9c4f029040e18f91637cc5 P 309b25fe51aa4182af750ca1ac17aa12: Time spent bootstrapping tablet: real 0.015s	user 0.014s	sys 0.000s
I20260710 11:00:12.929009 13441 raft_consensus.cc:359] T a4811a5abc9c4f029040e18f91637cc5 P 309b25fe51aa4182af750ca1ac17aa12 [term 2 LEARNER]: Replica starting. Triggering 0 pending ops. Active config: opid_index: 2 OBSOLETE_local: false peers { permanent_uuid: "6f71ddc61a2b4a2aa05cbf487becb162" member_type: VOTER last_known_addr { host: "127.11.128.1" port: 45091 } } peers { permanent_uuid: "2efa5fddec244f9b804012deb0a486e4" member_type: VOTER last_known_addr { host: "127.11.128.2" port: 42487 } attrs { replace: true } } peers { permanent_uuid: "f90c36edd0fc4badbb1805d83461dc77" member_type: VOTER last_known_addr { host: "127.11.128.3" port: 33223 } } peers { permanent_uuid: "309b25fe51aa4182af750ca1ac17aa12" member_type: NON_VOTER last_known_addr { host: "127.11.128.4" port: 39979 } attrs { promote: true } }
I20260710 11:00:12.929499 13441 raft_consensus.cc:740] T a4811a5abc9c4f029040e18f91637cc5 P 309b25fe51aa4182af750ca1ac17aa12 [term 2 LEARNER]: Becoming Follower/Learner. State: Replica: 309b25fe51aa4182af750ca1ac17aa12, State: Initialized, Role: LEARNER
I20260710 11:00:12.929960 13441 consensus_queue.cc:260] T a4811a5abc9c4f029040e18f91637cc5 P 309b25fe51aa4182af750ca1ac17aa12 [NON_LEADER]: Queue going to NON_LEADER mode. State: All replicated index: 0, Majority replicated index: 0, Committed index: 2, Last appended: 2.2, Last appended by leader: 2, Current term: 0, Majority size: -1, State: 0, Mode: NON_LEADER, active raft config: opid_index: 2 OBSOLETE_local: false peers { permanent_uuid: "6f71ddc61a2b4a2aa05cbf487becb162" member_type: VOTER last_known_addr { host: "127.11.128.1" port: 45091 } } peers { permanent_uuid: "2efa5fddec244f9b804012deb0a486e4" member_type: VOTER last_known_addr { host: "127.11.128.2" port: 42487 } attrs { replace: true } } peers { permanent_uuid: "f90c36edd0fc4badbb1805d83461dc77" member_type: VOTER last_known_addr { host: "127.11.128.3" port: 33223 } } peers { permanent_uuid: "309b25fe51aa4182af750ca1ac17aa12" member_type: NON_VOTER last_known_addr { host: "127.11.128.4" port: 39979 } attrs { promote: true } }
I20260710 11:00:12.931599 13441 ts_tablet_manager.cc:1434] T a4811a5abc9c4f029040e18f91637cc5 P 309b25fe51aa4182af750ca1ac17aa12: Time spent starting tablet: real 0.005s	user 0.004s	sys 0.000s
I20260710 11:00:12.932756 13047 tablet_copy_service.cc:342] P f90c36edd0fc4badbb1805d83461dc77: Request end of tablet copy session 309b25fe51aa4182af750ca1ac17aa12-a4811a5abc9c4f029040e18f91637cc5 received from {username='slave'} at 127.0.0.1:38244
I20260710 11:00:12.933060 13047 tablet_copy_service.cc:434] P f90c36edd0fc4badbb1805d83461dc77: ending tablet copy session 309b25fe51aa4182af750ca1ac17aa12-a4811a5abc9c4f029040e18f91637cc5 on tablet a4811a5abc9c4f029040e18f91637cc5 with peer 309b25fe51aa4182af750ca1ac17aa12
I20260710 11:00:13.164350 13312 raft_consensus.cc:1217] T 11801dd3883b41179da673ac60af6ef5 P 309b25fe51aa4182af750ca1ac17aa12 [term 1 LEARNER]: Deduplicated request from leader. Original: 1.1->[1.2-1.2]   Dedup: 1.2->[]
I20260710 11:00:13.182510 13312 raft_consensus.cc:1217] T e4ebb670b3b541e39601c2c5810066ef P 309b25fe51aa4182af750ca1ac17aa12 [term 1 LEARNER]: Deduplicated request from leader. Original: 1.1->[1.2-1.2]   Dedup: 1.2->[]
I20260710 11:00:13.321446 13312 raft_consensus.cc:1217] T a4811a5abc9c4f029040e18f91637cc5 P 309b25fe51aa4182af750ca1ac17aa12 [term 2 LEARNER]: Deduplicated request from leader. Original: 2.1->[2.2-2.2]   Dedup: 2.2->[]
I20260710 11:00:13.368121 13312 raft_consensus.cc:1217] T 373bf974e4d947428f9f9fa72273cc49 P 309b25fe51aa4182af750ca1ac17aa12 [term 1 LEARNER]: Deduplicated request from leader. Original: 1.1->[1.2-1.2]   Dedup: 1.2->[]
I20260710 11:00:13.609596 13456 raft_consensus.cc:1064] T 11801dd3883b41179da673ac60af6ef5 P 6f71ddc61a2b4a2aa05cbf487becb162: attempting to promote NON_VOTER 309b25fe51aa4182af750ca1ac17aa12 to VOTER
I20260710 11:00:13.611336 13456 consensus_queue.cc:237] T 11801dd3883b41179da673ac60af6ef5 P 6f71ddc61a2b4a2aa05cbf487becb162 [LEADER]: Queue going to LEADER mode. State: All replicated index: 0, Majority replicated index: 2, Committed index: 2, Last appended: 1.2, Last appended by leader: 0, Current term: 1, Majority size: 3, State: 0, Mode: LEADER, active raft config: opid_index: 3 OBSOLETE_local: false peers { permanent_uuid: "6f71ddc61a2b4a2aa05cbf487becb162" member_type: VOTER last_known_addr { host: "127.11.128.1" port: 45091 } } peers { permanent_uuid: "2efa5fddec244f9b804012deb0a486e4" member_type: VOTER last_known_addr { host: "127.11.128.2" port: 42487 } attrs { replace: true } } peers { permanent_uuid: "f90c36edd0fc4badbb1805d83461dc77" member_type: VOTER last_known_addr { host: "127.11.128.3" port: 33223 } } peers { permanent_uuid: "309b25fe51aa4182af750ca1ac17aa12" member_type: VOTER last_known_addr { host: "127.11.128.4" port: 39979 } attrs { promote: false } }
I20260710 11:00:13.616758 13037 raft_consensus.cc:1275] T 11801dd3883b41179da673ac60af6ef5 P f90c36edd0fc4badbb1805d83461dc77 [term 1 FOLLOWER]: Refusing update from remote peer 6f71ddc61a2b4a2aa05cbf487becb162: Log matching property violated. Preceding OpId in replica: term: 1 index: 2. Preceding OpId from leader: term: 1 index: 3. (index mismatch)
I20260710 11:00:13.618040 13312 raft_consensus.cc:1275] T 11801dd3883b41179da673ac60af6ef5 P 309b25fe51aa4182af750ca1ac17aa12 [term 1 LEARNER]: Refusing update from remote peer 6f71ddc61a2b4a2aa05cbf487becb162: Log matching property violated. Preceding OpId in replica: term: 1 index: 2. Preceding OpId from leader: term: 1 index: 3. (index mismatch)
I20260710 11:00:13.618332 12963 raft_consensus.cc:1275] T 11801dd3883b41179da673ac60af6ef5 P 2efa5fddec244f9b804012deb0a486e4 [term 1 FOLLOWER]: Refusing update from remote peer 6f71ddc61a2b4a2aa05cbf487becb162: Log matching property violated. Preceding OpId in replica: term: 1 index: 2. Preceding OpId from leader: term: 1 index: 3. (index mismatch)
I20260710 11:00:13.619656 13416 consensus_queue.cc:1048] T 11801dd3883b41179da673ac60af6ef5 P 6f71ddc61a2b4a2aa05cbf487becb162 [LEADER]: Connected to new peer: Peer: permanent_uuid: "f90c36edd0fc4badbb1805d83461dc77" member_type: VOTER last_known_addr { host: "127.11.128.3" port: 33223 }, Status: LMP_MISMATCH, Last received: 0.0, Next index: 3, Last known committed idx: 2, Time since last communication: 0.000s
I20260710 11:00:13.620399 13454 consensus_queue.cc:1048] T 11801dd3883b41179da673ac60af6ef5 P 6f71ddc61a2b4a2aa05cbf487becb162 [LEADER]: Connected to new peer: Peer: permanent_uuid: "2efa5fddec244f9b804012deb0a486e4" member_type: VOTER last_known_addr { host: "127.11.128.2" port: 42487 } attrs { replace: true }, Status: LMP_MISMATCH, Last received: 0.0, Next index: 3, Last known committed idx: 2, Time since last communication: 0.000s
I20260710 11:00:13.621153 13456 consensus_queue.cc:1048] T 11801dd3883b41179da673ac60af6ef5 P 6f71ddc61a2b4a2aa05cbf487becb162 [LEADER]: Connected to new peer: Peer: permanent_uuid: "309b25fe51aa4182af750ca1ac17aa12" member_type: VOTER last_known_addr { host: "127.11.128.4" port: 39979 } attrs { promote: false }, Status: LMP_MISMATCH, Last received: 0.0, Next index: 3, Last known committed idx: 2, Time since last communication: 0.000s
I20260710 11:00:13.632828 13416 raft_consensus.cc:2955] T 11801dd3883b41179da673ac60af6ef5 P 6f71ddc61a2b4a2aa05cbf487becb162 [term 1 LEADER]: Committing config change with OpId 1.3: config changed from index 2 to 3, 309b25fe51aa4182af750ca1ac17aa12 (127.11.128.4) changed from NON_VOTER to VOTER. New config: { opid_index: 3 OBSOLETE_local: false peers { permanent_uuid: "6f71ddc61a2b4a2aa05cbf487becb162" member_type: VOTER last_known_addr { host: "127.11.128.1" port: 45091 } } peers { permanent_uuid: "2efa5fddec244f9b804012deb0a486e4" member_type: VOTER last_known_addr { host: "127.11.128.2" port: 42487 } attrs { replace: true } } peers { permanent_uuid: "f90c36edd0fc4badbb1805d83461dc77" member_type: VOTER last_known_addr { host: "127.11.128.3" port: 33223 } } peers { permanent_uuid: "309b25fe51aa4182af750ca1ac17aa12" member_type: VOTER last_known_addr { host: "127.11.128.4" port: 39979 } attrs { promote: false } } }
I20260710 11:00:13.642016 12963 raft_consensus.cc:2955] T 11801dd3883b41179da673ac60af6ef5 P 2efa5fddec244f9b804012deb0a486e4 [term 1 FOLLOWER]: Committing config change with OpId 1.3: config changed from index 2 to 3, 309b25fe51aa4182af750ca1ac17aa12 (127.11.128.4) changed from NON_VOTER to VOTER. New config: { opid_index: 3 OBSOLETE_local: false peers { permanent_uuid: "6f71ddc61a2b4a2aa05cbf487becb162" member_type: VOTER last_known_addr { host: "127.11.128.1" port: 45091 } } peers { permanent_uuid: "2efa5fddec244f9b804012deb0a486e4" member_type: VOTER last_known_addr { host: "127.11.128.2" port: 42487 } attrs { replace: true } } peers { permanent_uuid: "f90c36edd0fc4badbb1805d83461dc77" member_type: VOTER last_known_addr { host: "127.11.128.3" port: 33223 } } peers { permanent_uuid: "309b25fe51aa4182af750ca1ac17aa12" member_type: VOTER last_known_addr { host: "127.11.128.4" port: 39979 } attrs { promote: false } } }
I20260710 11:00:13.644332 13034 raft_consensus.cc:2955] T 11801dd3883b41179da673ac60af6ef5 P f90c36edd0fc4badbb1805d83461dc77 [term 1 FOLLOWER]: Committing config change with OpId 1.3: config changed from index 2 to 3, 309b25fe51aa4182af750ca1ac17aa12 (127.11.128.4) changed from NON_VOTER to VOTER. New config: { opid_index: 3 OBSOLETE_local: false peers { permanent_uuid: "6f71ddc61a2b4a2aa05cbf487becb162" member_type: VOTER last_known_addr { host: "127.11.128.1" port: 45091 } } peers { permanent_uuid: "2efa5fddec244f9b804012deb0a486e4" member_type: VOTER last_known_addr { host: "127.11.128.2" port: 42487 } attrs { replace: true } } peers { permanent_uuid: "f90c36edd0fc4badbb1805d83461dc77" member_type: VOTER last_known_addr { host: "127.11.128.3" port: 33223 } } peers { permanent_uuid: "309b25fe51aa4182af750ca1ac17aa12" member_type: VOTER last_known_addr { host: "127.11.128.4" port: 39979 } attrs { promote: false } } }
I20260710 11:00:13.646513 13313 raft_consensus.cc:2955] T 11801dd3883b41179da673ac60af6ef5 P 309b25fe51aa4182af750ca1ac17aa12 [term 1 FOLLOWER]: Committing config change with OpId 1.3: config changed from index 2 to 3, 309b25fe51aa4182af750ca1ac17aa12 (127.11.128.4) changed from NON_VOTER to VOTER. New config: { opid_index: 3 OBSOLETE_local: false peers { permanent_uuid: "6f71ddc61a2b4a2aa05cbf487becb162" member_type: VOTER last_known_addr { host: "127.11.128.1" port: 45091 } } peers { permanent_uuid: "2efa5fddec244f9b804012deb0a486e4" member_type: VOTER last_known_addr { host: "127.11.128.2" port: 42487 } attrs { replace: true } } peers { permanent_uuid: "f90c36edd0fc4badbb1805d83461dc77" member_type: VOTER last_known_addr { host: "127.11.128.3" port: 33223 } } peers { permanent_uuid: "309b25fe51aa4182af750ca1ac17aa12" member_type: VOTER last_known_addr { host: "127.11.128.4" port: 39979 } attrs { promote: false } } }
I20260710 11:00:13.649480 12782 catalog_manager.cc:5697] T 11801dd3883b41179da673ac60af6ef5 P 6f71ddc61a2b4a2aa05cbf487becb162 reported cstate change: config changed from index 2 to 3, 309b25fe51aa4182af750ca1ac17aa12 (127.11.128.4) changed from NON_VOTER to VOTER. New cstate: current_term: 1 leader_uuid: "6f71ddc61a2b4a2aa05cbf487becb162" committed_config { opid_index: 3 OBSOLETE_local: false peers { permanent_uuid: "6f71ddc61a2b4a2aa05cbf487becb162" member_type: VOTER last_known_addr { host: "127.11.128.1" port: 45091 } health_report { overall_health: HEALTHY } } peers { permanent_uuid: "2efa5fddec244f9b804012deb0a486e4" member_type: VOTER last_known_addr { host: "127.11.128.2" port: 42487 } attrs { replace: true } health_report { overall_health: HEALTHY } } peers { permanent_uuid: "f90c36edd0fc4badbb1805d83461dc77" member_type: VOTER last_known_addr { host: "127.11.128.3" port: 33223 } health_report { overall_health: HEALTHY } } peers { permanent_uuid: "309b25fe51aa4182af750ca1ac17aa12" member_type: VOTER last_known_addr { host: "127.11.128.4" port: 39979 } attrs { promote: false } health_report { overall_health: UNKNOWN } } }
I20260710 11:00:13.668180 13459 raft_consensus.cc:1064] T e4ebb670b3b541e39601c2c5810066ef P 2efa5fddec244f9b804012deb0a486e4: attempting to promote NON_VOTER 309b25fe51aa4182af750ca1ac17aa12 to VOTER
I20260710 11:00:13.670497 13459 consensus_queue.cc:237] T e4ebb670b3b541e39601c2c5810066ef P 2efa5fddec244f9b804012deb0a486e4 [LEADER]: Queue going to LEADER mode. State: All replicated index: 0, Majority replicated index: 2, Committed index: 2, Last appended: 1.2, Last appended by leader: 0, Current term: 1, Majority size: 3, State: 0, Mode: LEADER, active raft config: opid_index: 3 OBSOLETE_local: false peers { permanent_uuid: "6f71ddc61a2b4a2aa05cbf487becb162" member_type: VOTER last_known_addr { host: "127.11.128.1" port: 45091 } } peers { permanent_uuid: "2efa5fddec244f9b804012deb0a486e4" member_type: VOTER last_known_addr { host: "127.11.128.2" port: 42487 } } peers { permanent_uuid: "f90c36edd0fc4badbb1805d83461dc77" member_type: VOTER last_known_addr { host: "127.11.128.3" port: 33223 } attrs { replace: true } } peers { permanent_uuid: "309b25fe51aa4182af750ca1ac17aa12" member_type: VOTER last_known_addr { host: "127.11.128.4" port: 39979 } attrs { promote: false } }
I20260710 11:00:13.677244 13313 raft_consensus.cc:1275] T e4ebb670b3b541e39601c2c5810066ef P 309b25fe51aa4182af750ca1ac17aa12 [term 1 LEARNER]: Refusing update from remote peer 2efa5fddec244f9b804012deb0a486e4: Log matching property violated. Preceding OpId in replica: term: 1 index: 2. Preceding OpId from leader: term: 1 index: 3. (index mismatch)
I20260710 11:00:13.679541 13459 consensus_queue.cc:1048] T e4ebb670b3b541e39601c2c5810066ef P 2efa5fddec244f9b804012deb0a486e4 [LEADER]: Connected to new peer: Peer: permanent_uuid: "309b25fe51aa4182af750ca1ac17aa12" member_type: VOTER last_known_addr { host: "127.11.128.4" port: 39979 } attrs { promote: false }, Status: LMP_MISMATCH, Last received: 0.0, Next index: 3, Last known committed idx: 2, Time since last communication: 0.000s
I20260710 11:00:13.680615 12885 consensus_queue.cc:237] T 11801dd3883b41179da673ac60af6ef5 P 6f71ddc61a2b4a2aa05cbf487becb162 [LEADER]: Queue going to LEADER mode. State: All replicated index: 0, Majority replicated index: 3, Committed index: 3, Last appended: 1.3, Last appended by leader: 0, Current term: 1, Majority size: 2, State: 0, Mode: LEADER, active raft config: opid_index: 4 OBSOLETE_local: false peers { permanent_uuid: "6f71ddc61a2b4a2aa05cbf487becb162" member_type: VOTER last_known_addr { host: "127.11.128.1" port: 45091 } } peers { permanent_uuid: "f90c36edd0fc4badbb1805d83461dc77" member_type: VOTER last_known_addr { host: "127.11.128.3" port: 33223 } } peers { permanent_uuid: "309b25fe51aa4182af750ca1ac17aa12" member_type: VOTER last_known_addr { host: "127.11.128.4" port: 39979 } attrs { promote: false } }
