I20260710 11:04:08.790931 24512 data_dirs.cc:400] Could only allocate 1 dirs of requested 3 for tablet 8814754e22ed4bd281bc5bd0aa2e5a2c. 1 dirs total, 0 dirs full, 0 dirs failed
I20260710 11:04:08.803228 24641 tablet_bootstrap.cc:654] T 50d5ddcf5779466c844f770d5bf0a110 P 47bd9ebdff0048289c2b6a14edc09fb8: Neither blocks nor log segments found. Creating new log.
I20260710 11:04:08.804884 24645 tablet_bootstrap.cc:492] T a165dd6a50e04d95ac2f53511fb4402b P 6445c6244dc74fe9988655ace4563cae: Bootstrap starting.
I20260710 11:04:08.817102 24587 tablet_service.cc:1511] Processing CreateTablet for tablet d58204b130dd4cfc9232f3137bc6a103 (DEFAULT_TABLE table=test-workload [id=a331ea92bf444ea6a2d7307b7d3870cc]), partition=RANGE (key) PARTITION 1968526670 <= VALUES < 2058005155
I20260710 11:04:08.818794 24587 data_dirs.cc:400] Could only allocate 1 dirs of requested 3 for tablet d58204b130dd4cfc9232f3137bc6a103. 1 dirs total, 0 dirs full, 0 dirs failed
I20260710 11:04:08.807401 24438 tablet_service.cc:1511] Processing CreateTablet for tablet d58204b130dd4cfc9232f3137bc6a103 (DEFAULT_TABLE table=test-workload [id=a331ea92bf444ea6a2d7307b7d3870cc]), partition=RANGE (key) PARTITION 1968526670 <= VALUES < 2058005155
I20260710 11:04:08.808745 24517 data_dirs.cc:400] Could only allocate 1 dirs of requested 3 for tablet d58204b130dd4cfc9232f3137bc6a103. 1 dirs total, 0 dirs full, 0 dirs failed
I20260710 11:04:08.818410 24646 raft_consensus.cc:493] T 518971c77bd84ac987d8a09928739d6e P 47bd9ebdff0048289c2b6a14edc09fb8 [term 0 FOLLOWER]: Starting pre-election (no leader contacted us within the election timeout)
I20260710 11:04:08.820451 24646 raft_consensus.cc:515] T 518971c77bd84ac987d8a09928739d6e P 47bd9ebdff0048289c2b6a14edc09fb8 [term 0 FOLLOWER]: Starting pre-election with config: opid_index: -1 OBSOLETE_local: false peers { permanent_uuid: "6445c6244dc74fe9988655ace4563cae" member_type: VOTER last_known_addr { host: "127.22.196.1" port: 46721 } } peers { permanent_uuid: "47bd9ebdff0048289c2b6a14edc09fb8" member_type: VOTER last_known_addr { host: "127.22.196.2" port: 33913 } } peers { permanent_uuid: "20e9dabe59ea46728be8481f0325b093" member_type: VOTER last_known_addr { host: "127.22.196.3" port: 42643 } }
I20260710 11:04:08.821708 24586 tablet_service.cc:1511] Processing CreateTablet for tablet 8814754e22ed4bd281bc5bd0aa2e5a2c (DEFAULT_TABLE table=test-workload [id=a331ea92bf444ea6a2d7307b7d3870cc]), partition=RANGE (key) PARTITION 2058005155 <= VALUES
I20260710 11:04:08.825889 24586 data_dirs.cc:400] Could only allocate 1 dirs of requested 3 for tablet 8814754e22ed4bd281bc5bd0aa2e5a2c. 1 dirs total, 0 dirs full, 0 dirs failed
I20260710 11:04:08.827702 24452 tablet_service.cc:1917] Received RequestConsensusVote() RPC: tablet_id: "c2ba55f42f0a47e2b6db5d04d115de43" candidate_uuid: "20e9dabe59ea46728be8481f0325b093" candidate_term: 1 candidate_status { last_received { term: 0 index: 0 } } ignore_live_leader: false dest_uuid: "6445c6244dc74fe9988655ace4563cae" is_pre_election: true
I20260710 11:04:08.817790 24642 tablet_bootstrap.cc:492] T 50d5ddcf5779466c844f770d5bf0a110 P 20e9dabe59ea46728be8481f0325b093: No bootstrap required, opened a new log
W20260710 11:04:08.833585 24564 leader_election.cc:343] T c2ba55f42f0a47e2b6db5d04d115de43 P 20e9dabe59ea46728be8481f0325b093 [CANDIDATE]: Term 1 pre-election: Tablet error from VoteRequest() call to peer 6445c6244dc74fe9988655ace4563cae (127.22.196.1:46721): Illegal state: must be running to vote when last-logged opid is not known
I20260710 11:04:08.829578 24646 leader_election.cc:290] T 518971c77bd84ac987d8a09928739d6e P 47bd9ebdff0048289c2b6a14edc09fb8 [CANDIDATE]: Term 1 pre-election: Requested pre-vote from peers 6445c6244dc74fe9988655ace4563cae (127.22.196.1:46721), 20e9dabe59ea46728be8481f0325b093 (127.22.196.3:42643)
I20260710 11:04:08.840054 24438 data_dirs.cc:400] Could only allocate 1 dirs of requested 3 for tablet d58204b130dd4cfc9232f3137bc6a103. 1 dirs total, 0 dirs full, 0 dirs failed
I20260710 11:04:08.850999 24645 tablet_bootstrap.cc:654] T a165dd6a50e04d95ac2f53511fb4402b P 6445c6244dc74fe9988655ace4563cae: Neither blocks nor log segments found. Creating new log.
I20260710 11:04:08.835109 24642 ts_tablet_manager.cc:1403] T 50d5ddcf5779466c844f770d5bf0a110 P 20e9dabe59ea46728be8481f0325b093: Time spent bootstrapping tablet: real 0.211s	user 0.015s	sys 0.007s
I20260710 11:04:08.855855 24583 tablet_service.cc:1511] Processing CreateTablet for tablet b1a08fa97e9f4d49adf6c0cc500c110a (DEFAULT_TABLE table=test-workload [id=a331ea92bf444ea6a2d7307b7d3870cc]), partition=RANGE (key) PARTITION 1879048185 <= VALUES < 1968526670
I20260710 11:04:08.860956 24583 data_dirs.cc:400] Could only allocate 1 dirs of requested 3 for tablet b1a08fa97e9f4d49adf6c0cc500c110a. 1 dirs total, 0 dirs full, 0 dirs failed
I20260710 11:04:08.881451 24642 raft_consensus.cc:359] T 50d5ddcf5779466c844f770d5bf0a110 P 20e9dabe59ea46728be8481f0325b093 [term 0 FOLLOWER]: Replica starting. Triggering 0 pending ops. Active config: opid_index: -1 OBSOLETE_local: false peers { permanent_uuid: "6445c6244dc74fe9988655ace4563cae" member_type: VOTER last_known_addr { host: "127.22.196.1" port: 46721 } } peers { permanent_uuid: "47bd9ebdff0048289c2b6a14edc09fb8" member_type: VOTER last_known_addr { host: "127.22.196.2" port: 33913 } } peers { permanent_uuid: "20e9dabe59ea46728be8481f0325b093" member_type: VOTER last_known_addr { host: "127.22.196.3" port: 42643 } }
I20260710 11:04:08.882572 24642 raft_consensus.cc:385] T 50d5ddcf5779466c844f770d5bf0a110 P 20e9dabe59ea46728be8481f0325b093 [term 0 FOLLOWER]: Consensus starting up: Expiring failure detector timer to make a prompt election more likely
I20260710 11:04:08.883042 24642 raft_consensus.cc:740] T 50d5ddcf5779466c844f770d5bf0a110 P 20e9dabe59ea46728be8481f0325b093 [term 0 FOLLOWER]: Becoming Follower/Learner. State: Replica: 20e9dabe59ea46728be8481f0325b093, State: Initialized, Role: FOLLOWER
I20260710 11:04:08.884138 24642 consensus_queue.cc:260] T 50d5ddcf5779466c844f770d5bf0a110 P 20e9dabe59ea46728be8481f0325b093 [NON_LEADER]: Queue going to NON_LEADER mode. State: All replicated index: 0, Majority replicated index: 0, Committed index: 0, Last appended: 0.0, Last appended by leader: 0, Current term: 0, Majority size: -1, State: 0, Mode: NON_LEADER, active raft config: opid_index: -1 OBSOLETE_local: false peers { permanent_uuid: "6445c6244dc74fe9988655ace4563cae" member_type: VOTER last_known_addr { host: "127.22.196.1" port: 46721 } } peers { permanent_uuid: "47bd9ebdff0048289c2b6a14edc09fb8" member_type: VOTER last_known_addr { host: "127.22.196.2" port: 33913 } } peers { permanent_uuid: "20e9dabe59ea46728be8481f0325b093" member_type: VOTER last_known_addr { host: "127.22.196.3" port: 42643 } }
I20260710 11:04:08.935515 24452 tablet_service.cc:1917] Received RequestConsensusVote() RPC: tablet_id: "518971c77bd84ac987d8a09928739d6e" candidate_uuid: "47bd9ebdff0048289c2b6a14edc09fb8" candidate_term: 1 candidate_status { last_received { term: 0 index: 0 } } ignore_live_leader: false dest_uuid: "6445c6244dc74fe9988655ace4563cae" is_pre_election: true
I20260710 11:04:08.938024 24527 tablet_service.cc:1917] Received RequestConsensusVote() RPC: tablet_id: "c2ba55f42f0a47e2b6db5d04d115de43" candidate_uuid: "20e9dabe59ea46728be8481f0325b093" candidate_term: 1 candidate_status { last_received { term: 0 index: 0 } } ignore_live_leader: false dest_uuid: "47bd9ebdff0048289c2b6a14edc09fb8" is_pre_election: true
I20260710 11:04:08.938455 24650 raft_consensus.cc:493] T b2a2f554ac6f44e3be3f11b4ae12b6e3 P 6445c6244dc74fe9988655ace4563cae [term 0 FOLLOWER]: Starting pre-election (no leader contacted us within the election timeout)
I20260710 11:04:08.938982 24650 raft_consensus.cc:515] T b2a2f554ac6f44e3be3f11b4ae12b6e3 P 6445c6244dc74fe9988655ace4563cae [term 0 FOLLOWER]: Starting pre-election with config: opid_index: -1 OBSOLETE_local: false peers { permanent_uuid: "6445c6244dc74fe9988655ace4563cae" member_type: VOTER last_known_addr { host: "127.22.196.1" port: 46721 } } peers { permanent_uuid: "47bd9ebdff0048289c2b6a14edc09fb8" member_type: VOTER last_known_addr { host: "127.22.196.2" port: 33913 } } peers { permanent_uuid: "20e9dabe59ea46728be8481f0325b093" member_type: VOTER last_known_addr { host: "127.22.196.3" port: 42643 } }
W20260710 11:04:08.940737 24490 leader_election.cc:343] T 518971c77bd84ac987d8a09928739d6e P 47bd9ebdff0048289c2b6a14edc09fb8 [CANDIDATE]: Term 1 pre-election: Tablet error from VoteRequest() call to peer 6445c6244dc74fe9988655ace4563cae (127.22.196.1:46721): Illegal state: must be running to vote when last-logged opid is not known
W20260710 11:04:08.942037 24566 leader_election.cc:343] T c2ba55f42f0a47e2b6db5d04d115de43 P 20e9dabe59ea46728be8481f0325b093 [CANDIDATE]: Term 1 pre-election: Tablet error from VoteRequest() call to peer 47bd9ebdff0048289c2b6a14edc09fb8 (127.22.196.2:33913): Illegal state: must be running to vote when last-logged opid is not known
I20260710 11:04:08.942610 24566 leader_election.cc:304] T c2ba55f42f0a47e2b6db5d04d115de43 P 20e9dabe59ea46728be8481f0325b093 [CANDIDATE]: Term 1 pre-election: Election decided. Result: candidate lost. Election summary: received 3 responses out of 3 voters: 1 yes votes; 2 no votes. yes voters: 20e9dabe59ea46728be8481f0325b093; no voters: 47bd9ebdff0048289c2b6a14edc09fb8, 6445c6244dc74fe9988655ace4563cae
I20260710 11:04:08.944427 24648 raft_consensus.cc:2749] T c2ba55f42f0a47e2b6db5d04d115de43 P 20e9dabe59ea46728be8481f0325b093 [term 0 FOLLOWER]: Leader pre-election lost for term 1. Reason: could not achieve majority
I20260710 11:04:08.943013 24650 leader_election.cc:290] T b2a2f554ac6f44e3be3f11b4ae12b6e3 P 6445c6244dc74fe9988655ace4563cae [CANDIDATE]: Term 1 pre-election: Requested pre-vote from peers 47bd9ebdff0048289c2b6a14edc09fb8 (127.22.196.2:33913), 20e9dabe59ea46728be8481f0325b093 (127.22.196.3:42643)
I20260710 11:04:08.948400 24642 ts_tablet_manager.cc:1434] T 50d5ddcf5779466c844f770d5bf0a110 P 20e9dabe59ea46728be8481f0325b093: Time spent starting tablet: real 0.089s	user 0.001s	sys 0.008s
I20260710 11:04:08.951906 24601 tablet_service.cc:1917] Received RequestConsensusVote() RPC: tablet_id: "518971c77bd84ac987d8a09928739d6e" candidate_uuid: "47bd9ebdff0048289c2b6a14edc09fb8" candidate_term: 1 candidate_status { last_received { term: 0 index: 0 } } ignore_live_leader: false dest_uuid: "20e9dabe59ea46728be8481f0325b093" is_pre_election: true
I20260710 11:04:08.954116 24648 raft_consensus.cc:493] T 50d5ddcf5779466c844f770d5bf0a110 P 20e9dabe59ea46728be8481f0325b093 [term 0 FOLLOWER]: Starting pre-election (no leader contacted us within the election timeout)
W20260710 11:04:08.955111 24491 leader_election.cc:343] T 518971c77bd84ac987d8a09928739d6e P 47bd9ebdff0048289c2b6a14edc09fb8 [CANDIDATE]: Term 1 pre-election: Tablet error from VoteRequest() call to peer 20e9dabe59ea46728be8481f0325b093 (127.22.196.3:42643): Illegal state: must be running to vote when last-logged opid is not known
I20260710 11:04:08.954803 24648 raft_consensus.cc:515] T 50d5ddcf5779466c844f770d5bf0a110 P 20e9dabe59ea46728be8481f0325b093 [term 0 FOLLOWER]: Starting pre-election with config: opid_index: -1 OBSOLETE_local: false peers { permanent_uuid: "6445c6244dc74fe9988655ace4563cae" member_type: VOTER last_known_addr { host: "127.22.196.1" port: 46721 } } peers { permanent_uuid: "47bd9ebdff0048289c2b6a14edc09fb8" member_type: VOTER last_known_addr { host: "127.22.196.2" port: 33913 } } peers { permanent_uuid: "20e9dabe59ea46728be8481f0325b093" member_type: VOTER last_known_addr { host: "127.22.196.3" port: 42643 } }
I20260710 11:04:08.955612 24491 leader_election.cc:304] T 518971c77bd84ac987d8a09928739d6e P 47bd9ebdff0048289c2b6a14edc09fb8 [CANDIDATE]: Term 1 pre-election: Election decided. Result: candidate lost. Election summary: received 3 responses out of 3 voters: 1 yes votes; 2 no votes. yes voters: 47bd9ebdff0048289c2b6a14edc09fb8; no voters: 20e9dabe59ea46728be8481f0325b093, 6445c6244dc74fe9988655ace4563cae
I20260710 11:04:08.956157 24641 tablet_bootstrap.cc:492] T 50d5ddcf5779466c844f770d5bf0a110 P 47bd9ebdff0048289c2b6a14edc09fb8: No bootstrap required, opened a new log
I20260710 11:04:08.956693 24641 ts_tablet_manager.cc:1403] T 50d5ddcf5779466c844f770d5bf0a110 P 47bd9ebdff0048289c2b6a14edc09fb8: Time spent bootstrapping tablet: real 0.172s	user 0.030s	sys 0.039s
I20260710 11:04:08.956790 24646 raft_consensus.cc:2749] T 518971c77bd84ac987d8a09928739d6e P 47bd9ebdff0048289c2b6a14edc09fb8 [term 0 FOLLOWER]: Leader pre-election lost for term 1. Reason: could not achieve majority
I20260710 11:04:08.959976 24527 tablet_service.cc:1917] Received RequestConsensusVote() RPC: tablet_id: "50d5ddcf5779466c844f770d5bf0a110" candidate_uuid: "20e9dabe59ea46728be8481f0325b093" candidate_term: 1 candidate_status { last_received { term: 0 index: 0 } } ignore_live_leader: false dest_uuid: "47bd9ebdff0048289c2b6a14edc09fb8" is_pre_election: true
I20260710 11:04:08.959975 24642 tablet_bootstrap.cc:492] T b2a2f554ac6f44e3be3f11b4ae12b6e3 P 20e9dabe59ea46728be8481f0325b093: Bootstrap starting.
I20260710 11:04:08.960312 24641 raft_consensus.cc:359] T 50d5ddcf5779466c844f770d5bf0a110 P 47bd9ebdff0048289c2b6a14edc09fb8 [term 0 FOLLOWER]: Replica starting. Triggering 0 pending ops. Active config: opid_index: -1 OBSOLETE_local: false peers { permanent_uuid: "6445c6244dc74fe9988655ace4563cae" member_type: VOTER last_known_addr { host: "127.22.196.1" port: 46721 } } peers { permanent_uuid: "47bd9ebdff0048289c2b6a14edc09fb8" member_type: VOTER last_known_addr { host: "127.22.196.2" port: 33913 } } peers { permanent_uuid: "20e9dabe59ea46728be8481f0325b093" member_type: VOTER last_known_addr { host: "127.22.196.3" port: 42643 } }
I20260710 11:04:08.961273 24641 raft_consensus.cc:385] T 50d5ddcf5779466c844f770d5bf0a110 P 47bd9ebdff0048289c2b6a14edc09fb8 [term 0 FOLLOWER]: Consensus starting up: Expiring failure detector timer to make a prompt election more likely
I20260710 11:04:08.961658 24641 raft_consensus.cc:740] T 50d5ddcf5779466c844f770d5bf0a110 P 47bd9ebdff0048289c2b6a14edc09fb8 [term 0 FOLLOWER]: Becoming Follower/Learner. State: Replica: 47bd9ebdff0048289c2b6a14edc09fb8, State: Initialized, Role: FOLLOWER
I20260710 11:04:08.962468 24641 consensus_queue.cc:260] T 50d5ddcf5779466c844f770d5bf0a110 P 47bd9ebdff0048289c2b6a14edc09fb8 [NON_LEADER]: Queue going to NON_LEADER mode. State: All replicated index: 0, Majority replicated index: 0, Committed index: 0, Last appended: 0.0, Last appended by leader: 0, Current term: 0, Majority size: -1, State: 0, Mode: NON_LEADER, active raft config: opid_index: -1 OBSOLETE_local: false peers { permanent_uuid: "6445c6244dc74fe9988655ace4563cae" member_type: VOTER last_known_addr { host: "127.22.196.1" port: 46721 } } peers { permanent_uuid: "47bd9ebdff0048289c2b6a14edc09fb8" member_type: VOTER last_known_addr { host: "127.22.196.2" port: 33913 } } peers { permanent_uuid: "20e9dabe59ea46728be8481f0325b093" member_type: VOTER last_known_addr { host: "127.22.196.3" port: 42643 } }
I20260710 11:04:08.963536 24527 raft_consensus.cc:2468] T 50d5ddcf5779466c844f770d5bf0a110 P 47bd9ebdff0048289c2b6a14edc09fb8 [term 0 FOLLOWER]: Leader pre-election vote request: Granting yes vote for candidate 20e9dabe59ea46728be8481f0325b093 in term 0.
I20260710 11:04:08.964540 24648 leader_election.cc:290] T 50d5ddcf5779466c844f770d5bf0a110 P 20e9dabe59ea46728be8481f0325b093 [CANDIDATE]: Term 1 pre-election: Requested pre-vote from peers 6445c6244dc74fe9988655ace4563cae (127.22.196.1:46721), 47bd9ebdff0048289c2b6a14edc09fb8 (127.22.196.2:33913)
I20260710 11:04:08.965197 24641 ts_tablet_manager.cc:1434] T 50d5ddcf5779466c844f770d5bf0a110 P 47bd9ebdff0048289c2b6a14edc09fb8: Time spent starting tablet: real 0.008s	user 0.005s	sys 0.002s
I20260710 11:04:08.967834 24566 leader_election.cc:304] T 50d5ddcf5779466c844f770d5bf0a110 P 20e9dabe59ea46728be8481f0325b093 [CANDIDATE]: Term 1 pre-election: Election decided. Result: candidate won. Election summary: received 2 responses out of 3 voters: 2 yes votes; 0 no votes. yes voters: 20e9dabe59ea46728be8481f0325b093, 47bd9ebdff0048289c2b6a14edc09fb8; no voters: 
I20260710 11:04:08.970134 24646 raft_consensus.cc:493] T 27ce725e25ca47acaebce3fa8c2c1bdb P 47bd9ebdff0048289c2b6a14edc09fb8 [term 0 FOLLOWER]: Starting pre-election (no leader contacted us within the election timeout)
I20260710 11:04:08.970652 24646 raft_consensus.cc:515] T 27ce725e25ca47acaebce3fa8c2c1bdb P 47bd9ebdff0048289c2b6a14edc09fb8 [term 0 FOLLOWER]: Starting pre-election with config: opid_index: -1 OBSOLETE_local: false peers { permanent_uuid: "6445c6244dc74fe9988655ace4563cae" member_type: VOTER last_known_addr { host: "127.22.196.1" port: 46721 } } peers { permanent_uuid: "47bd9ebdff0048289c2b6a14edc09fb8" member_type: VOTER last_known_addr { host: "127.22.196.2" port: 33913 } } peers { permanent_uuid: "20e9dabe59ea46728be8481f0325b093" member_type: VOTER last_known_addr { host: "127.22.196.3" port: 42643 } }
I20260710 11:04:08.971215 24648 raft_consensus.cc:2804] T 50d5ddcf5779466c844f770d5bf0a110 P 20e9dabe59ea46728be8481f0325b093 [term 0 FOLLOWER]: Leader pre-election won for term 1
I20260710 11:04:08.971834 24648 raft_consensus.cc:493] T 50d5ddcf5779466c844f770d5bf0a110 P 20e9dabe59ea46728be8481f0325b093 [term 0 FOLLOWER]: Starting leader election (no leader contacted us within the election timeout)
I20260710 11:04:08.972512 24648 raft_consensus.cc:3060] T 50d5ddcf5779466c844f770d5bf0a110 P 20e9dabe59ea46728be8481f0325b093 [term 0 FOLLOWER]: Advancing to term 1
I20260710 11:04:08.973088 24646 leader_election.cc:290] T 27ce725e25ca47acaebce3fa8c2c1bdb P 47bd9ebdff0048289c2b6a14edc09fb8 [CANDIDATE]: Term 1 pre-election: Requested pre-vote from peers 6445c6244dc74fe9988655ace4563cae (127.22.196.1:46721), 20e9dabe59ea46728be8481f0325b093 (127.22.196.3:42643)
I20260710 11:04:08.974128 24452 tablet_service.cc:1917] Received RequestConsensusVote() RPC: tablet_id: "50d5ddcf5779466c844f770d5bf0a110" candidate_uuid: "20e9dabe59ea46728be8481f0325b093" candidate_term: 1 candidate_status { last_received { term: 0 index: 0 } } ignore_live_leader: false dest_uuid: "6445c6244dc74fe9988655ace4563cae" is_pre_election: true
I20260710 11:04:08.974396 24601 tablet_service.cc:1917] Received RequestConsensusVote() RPC: tablet_id: "27ce725e25ca47acaebce3fa8c2c1bdb" candidate_uuid: "47bd9ebdff0048289c2b6a14edc09fb8" candidate_term: 1 candidate_status { last_received { term: 0 index: 0 } } ignore_live_leader: false dest_uuid: "20e9dabe59ea46728be8481f0325b093" is_pre_election: true
I20260710 11:04:08.974931 24452 raft_consensus.cc:2468] T 50d5ddcf5779466c844f770d5bf0a110 P 6445c6244dc74fe9988655ace4563cae [term 0 FOLLOWER]: Leader pre-election vote request: Granting yes vote for candidate 20e9dabe59ea46728be8481f0325b093 in term 0.
W20260710 11:04:08.975718 24491 leader_election.cc:343] T 27ce725e25ca47acaebce3fa8c2c1bdb P 47bd9ebdff0048289c2b6a14edc09fb8 [CANDIDATE]: Term 1 pre-election: Tablet error from VoteRequest() call to peer 20e9dabe59ea46728be8481f0325b093 (127.22.196.3:42643): Illegal state: must be running to vote when last-logged opid is not known
I20260710 11:04:08.977442 24641 tablet_bootstrap.cc:492] T b2a2f554ac6f44e3be3f11b4ae12b6e3 P 47bd9ebdff0048289c2b6a14edc09fb8: Bootstrap starting.
I20260710 11:04:08.982309 24648 raft_consensus.cc:515] T 50d5ddcf5779466c844f770d5bf0a110 P 20e9dabe59ea46728be8481f0325b093 [term 1 FOLLOWER]: Starting leader election with config: opid_index: -1 OBSOLETE_local: false peers { permanent_uuid: "6445c6244dc74fe9988655ace4563cae" member_type: VOTER last_known_addr { host: "127.22.196.1" port: 46721 } } peers { permanent_uuid: "47bd9ebdff0048289c2b6a14edc09fb8" member_type: VOTER last_known_addr { host: "127.22.196.2" port: 33913 } } peers { permanent_uuid: "20e9dabe59ea46728be8481f0325b093" member_type: VOTER last_known_addr { host: "127.22.196.3" port: 42643 } }
I20260710 11:04:08.984447 24648 leader_election.cc:290] T 50d5ddcf5779466c844f770d5bf0a110 P 20e9dabe59ea46728be8481f0325b093 [CANDIDATE]: Term 1 election: Requested vote from peers 6445c6244dc74fe9988655ace4563cae (127.22.196.1:46721), 47bd9ebdff0048289c2b6a14edc09fb8 (127.22.196.2:33913)
I20260710 11:04:08.985109 24645 tablet_bootstrap.cc:492] T a165dd6a50e04d95ac2f53511fb4402b P 6445c6244dc74fe9988655ace4563cae: No bootstrap required, opened a new log
I20260710 11:04:08.985615 24645 ts_tablet_manager.cc:1403] T a165dd6a50e04d95ac2f53511fb4402b P 6445c6244dc74fe9988655ace4563cae: Time spent bootstrapping tablet: real 0.181s	user 0.014s	sys 0.024s
I20260710 11:04:08.988677 24527 tablet_service.cc:1917] Received RequestConsensusVote() RPC: tablet_id: "50d5ddcf5779466c844f770d5bf0a110" candidate_uuid: "20e9dabe59ea46728be8481f0325b093" candidate_term: 1 candidate_status { last_received { term: 0 index: 0 } } ignore_live_leader: false dest_uuid: "47bd9ebdff0048289c2b6a14edc09fb8"
I20260710 11:04:08.989554 24527 raft_consensus.cc:3060] T 50d5ddcf5779466c844f770d5bf0a110 P 47bd9ebdff0048289c2b6a14edc09fb8 [term 0 FOLLOWER]: Advancing to term 1
I20260710 11:04:08.989810 24645 raft_consensus.cc:359] T a165dd6a50e04d95ac2f53511fb4402b P 6445c6244dc74fe9988655ace4563cae [term 0 FOLLOWER]: Replica starting. Triggering 0 pending ops. Active config: opid_index: -1 OBSOLETE_local: false peers { permanent_uuid: "6445c6244dc74fe9988655ace4563cae" member_type: VOTER last_known_addr { host: "127.22.196.1" port: 46721 } } peers { permanent_uuid: "47bd9ebdff0048289c2b6a14edc09fb8" member_type: VOTER last_known_addr { host: "127.22.196.2" port: 33913 } } peers { permanent_uuid: "20e9dabe59ea46728be8481f0325b093" member_type: VOTER last_known_addr { host: "127.22.196.3" port: 42643 } }
I20260710 11:04:08.990660 24645 raft_consensus.cc:385] T a165dd6a50e04d95ac2f53511fb4402b P 6445c6244dc74fe9988655ace4563cae [term 0 FOLLOWER]: Consensus starting up: Expiring failure detector timer to make a prompt election more likely
I20260710 11:04:08.990979 24645 raft_consensus.cc:740] T a165dd6a50e04d95ac2f53511fb4402b P 6445c6244dc74fe9988655ace4563cae [term 0 FOLLOWER]: Becoming Follower/Learner. State: Replica: 6445c6244dc74fe9988655ace4563cae, State: Initialized, Role: FOLLOWER
I20260710 11:04:08.991623 24641 tablet_bootstrap.cc:654] T b2a2f554ac6f44e3be3f11b4ae12b6e3 P 47bd9ebdff0048289c2b6a14edc09fb8: Neither blocks nor log segments found. Creating new log.
I20260710 11:04:08.991762 24645 consensus_queue.cc:260] T a165dd6a50e04d95ac2f53511fb4402b P 6445c6244dc74fe9988655ace4563cae [NON_LEADER]: Queue going to NON_LEADER mode. State: All replicated index: 0, Majority replicated index: 0, Committed index: 0, Last appended: 0.0, Last appended by leader: 0, Current term: 0, Majority size: -1, State: 0, Mode: NON_LEADER, active raft config: opid_index: -1 OBSOLETE_local: false peers { permanent_uuid: "6445c6244dc74fe9988655ace4563cae" member_type: VOTER last_known_addr { host: "127.22.196.1" port: 46721 } } peers { permanent_uuid: "47bd9ebdff0048289c2b6a14edc09fb8" member_type: VOTER last_known_addr { host: "127.22.196.2" port: 33913 } } peers { permanent_uuid: "20e9dabe59ea46728be8481f0325b093" member_type: VOTER last_known_addr { host: "127.22.196.3" port: 42643 } }
I20260710 11:04:08.995016 24645 ts_tablet_manager.cc:1434] T a165dd6a50e04d95ac2f53511fb4402b P 6445c6244dc74fe9988655ace4563cae: Time spent starting tablet: real 0.009s	user 0.008s	sys 0.000s
I20260710 11:04:08.996088 24645 tablet_bootstrap.cc:492] T c2ba55f42f0a47e2b6db5d04d115de43 P 6445c6244dc74fe9988655ace4563cae: Bootstrap starting.
I20260710 11:04:08.997116 24452 tablet_service.cc:1917] Received RequestConsensusVote() RPC: tablet_id: "50d5ddcf5779466c844f770d5bf0a110" candidate_uuid: "20e9dabe59ea46728be8481f0325b093" candidate_term: 1 candidate_status { last_received { term: 0 index: 0 } } ignore_live_leader: false dest_uuid: "6445c6244dc74fe9988655ace4563cae"
I20260710 11:04:08.997737 24452 raft_consensus.cc:3060] T 50d5ddcf5779466c844f770d5bf0a110 P 6445c6244dc74fe9988655ace4563cae [term 0 FOLLOWER]: Advancing to term 1
I20260710 11:04:08.998356 24642 tablet_bootstrap.cc:654] T b2a2f554ac6f44e3be3f11b4ae12b6e3 P 20e9dabe59ea46728be8481f0325b093: Neither blocks nor log segments found. Creating new log.
I20260710 11:04:08.999006 24527 raft_consensus.cc:2468] T 50d5ddcf5779466c844f770d5bf0a110 P 47bd9ebdff0048289c2b6a14edc09fb8 [term 1 FOLLOWER]: Leader election vote request: Granting yes vote for candidate 20e9dabe59ea46728be8481f0325b093 in term 1.
I20260710 11:04:09.004019 24451 tablet_service.cc:1917] Received RequestConsensusVote() RPC: tablet_id: "27ce725e25ca47acaebce3fa8c2c1bdb" candidate_uuid: "47bd9ebdff0048289c2b6a14edc09fb8" candidate_term: 1 candidate_status { last_received { term: 0 index: 0 } } ignore_live_leader: false dest_uuid: "6445c6244dc74fe9988655ace4563cae" is_pre_election: true
I20260710 11:04:09.006574 24645 tablet_bootstrap.cc:654] T c2ba55f42f0a47e2b6db5d04d115de43 P 6445c6244dc74fe9988655ace4563cae: Neither blocks nor log segments found. Creating new log.
W20260710 11:04:09.006278 24490 leader_election.cc:343] T 27ce725e25ca47acaebce3fa8c2c1bdb P 47bd9ebdff0048289c2b6a14edc09fb8 [CANDIDATE]: Term 1 pre-election: Tablet error from VoteRequest() call to peer 6445c6244dc74fe9988655ace4563cae (127.22.196.1:46721): Illegal state: must be running to vote when last-logged opid is not known
I20260710 11:04:09.006978 24490 leader_election.cc:304] T 27ce725e25ca47acaebce3fa8c2c1bdb P 47bd9ebdff0048289c2b6a14edc09fb8 [CANDIDATE]: Term 1 pre-election: Election decided. Result: candidate lost. Election summary: received 3 responses out of 3 voters: 1 yes votes; 2 no votes. yes voters: 47bd9ebdff0048289c2b6a14edc09fb8; no voters: 20e9dabe59ea46728be8481f0325b093, 6445c6244dc74fe9988655ace4563cae
I20260710 11:04:09.008174 24646 raft_consensus.cc:2749] T 27ce725e25ca47acaebce3fa8c2c1bdb P 47bd9ebdff0048289c2b6a14edc09fb8 [term 0 FOLLOWER]: Leader pre-election lost for term 1. Reason: could not achieve majority
I20260710 11:04:09.009609 24566 leader_election.cc:304] T 50d5ddcf5779466c844f770d5bf0a110 P 20e9dabe59ea46728be8481f0325b093 [CANDIDATE]: Term 1 election: Election decided. Result: candidate won. Election summary: received 2 responses out of 3 voters: 2 yes votes; 0 no votes. yes voters: 20e9dabe59ea46728be8481f0325b093, 47bd9ebdff0048289c2b6a14edc09fb8; no voters: 
I20260710 11:04:09.010874 24648 raft_consensus.cc:2804] T 50d5ddcf5779466c844f770d5bf0a110 P 20e9dabe59ea46728be8481f0325b093 [term 1 FOLLOWER]: Leader election won for term 1
I20260710 11:04:09.013948 24648 raft_consensus.cc:697] T 50d5ddcf5779466c844f770d5bf0a110 P 20e9dabe59ea46728be8481f0325b093 [term 1 LEADER]: Becoming Leader. State: Replica: 20e9dabe59ea46728be8481f0325b093, State: Running, Role: LEADER
I20260710 11:04:09.015506 24648 consensus_queue.cc:237] T 50d5ddcf5779466c844f770d5bf0a110 P 20e9dabe59ea46728be8481f0325b093 [LEADER]: Queue going to LEADER mode. State: All replicated index: 0, Majority replicated index: 0, Committed index: 0, Last appended: 0.0, Last appended by leader: 0, Current term: 1, Majority size: 2, State: 0, Mode: LEADER, active raft config: opid_index: -1 OBSOLETE_local: false peers { permanent_uuid: "6445c6244dc74fe9988655ace4563cae" member_type: VOTER last_known_addr { host: "127.22.196.1" port: 46721 } } peers { permanent_uuid: "47bd9ebdff0048289c2b6a14edc09fb8" member_type: VOTER last_known_addr { host: "127.22.196.2" port: 33913 } } peers { permanent_uuid: "20e9dabe59ea46728be8481f0325b093" member_type: VOTER last_known_addr { host: "127.22.196.3" port: 42643 } }
I20260710 11:04:09.022080 24641 tablet_bootstrap.cc:492] T b2a2f554ac6f44e3be3f11b4ae12b6e3 P 47bd9ebdff0048289c2b6a14edc09fb8: No bootstrap required, opened a new log
I20260710 11:04:09.022866 24641 ts_tablet_manager.cc:1403] T b2a2f554ac6f44e3be3f11b4ae12b6e3 P 47bd9ebdff0048289c2b6a14edc09fb8: Time spent bootstrapping tablet: real 0.046s	user 0.010s	sys 0.011s
I20260710 11:04:09.026989 24641 raft_consensus.cc:359] T b2a2f554ac6f44e3be3f11b4ae12b6e3 P 47bd9ebdff0048289c2b6a14edc09fb8 [term 0 FOLLOWER]: Replica starting. Triggering 0 pending ops. Active config: opid_index: -1 OBSOLETE_local: false peers { permanent_uuid: "6445c6244dc74fe9988655ace4563cae" member_type: VOTER last_known_addr { host: "127.22.196.1" port: 46721 } } peers { permanent_uuid: "47bd9ebdff0048289c2b6a14edc09fb8" member_type: VOTER last_known_addr { host: "127.22.196.2" port: 33913 } } peers { permanent_uuid: "20e9dabe59ea46728be8481f0325b093" member_type: VOTER last_known_addr { host: "127.22.196.3" port: 42643 } }
I20260710 11:04:09.028108 24641 raft_consensus.cc:385] T b2a2f554ac6f44e3be3f11b4ae12b6e3 P 47bd9ebdff0048289c2b6a14edc09fb8 [term 0 FOLLOWER]: Consensus starting up: Expiring failure detector timer to make a prompt election more likely
I20260710 11:04:09.028522 24641 raft_consensus.cc:740] T b2a2f554ac6f44e3be3f11b4ae12b6e3 P 47bd9ebdff0048289c2b6a14edc09fb8 [term 0 FOLLOWER]: Becoming Follower/Learner. State: Replica: 47bd9ebdff0048289c2b6a14edc09fb8, State: Initialized, Role: FOLLOWER
I20260710 11:04:09.029294 24641 consensus_queue.cc:260] T b2a2f554ac6f44e3be3f11b4ae12b6e3 P 47bd9ebdff0048289c2b6a14edc09fb8 [NON_LEADER]: Queue going to NON_LEADER mode. State: All replicated index: 0, Majority replicated index: 0, Committed index: 0, Last appended: 0.0, Last appended by leader: 0, Current term: 0, Majority size: -1, State: 0, Mode: NON_LEADER, active raft config: opid_index: -1 OBSOLETE_local: false peers { permanent_uuid: "6445c6244dc74fe9988655ace4563cae" member_type: VOTER last_known_addr { host: "127.22.196.1" port: 46721 } } peers { permanent_uuid: "47bd9ebdff0048289c2b6a14edc09fb8" member_type: VOTER last_known_addr { host: "127.22.196.2" port: 33913 } } peers { permanent_uuid: "20e9dabe59ea46728be8481f0325b093" member_type: VOTER last_known_addr { host: "127.22.196.3" port: 42643 } }
I20260710 11:04:09.030321 24452 raft_consensus.cc:2468] T 50d5ddcf5779466c844f770d5bf0a110 P 6445c6244dc74fe9988655ace4563cae [term 1 FOLLOWER]: Leader election vote request: Granting yes vote for candidate 20e9dabe59ea46728be8481f0325b093 in term 1.
I20260710 11:04:09.030964 24641 ts_tablet_manager.cc:1434] T b2a2f554ac6f44e3be3f11b4ae12b6e3 P 47bd9ebdff0048289c2b6a14edc09fb8: Time spent starting tablet: real 0.007s	user 0.004s	sys 0.000s
I20260710 11:04:09.031944 24641 tablet_bootstrap.cc:492] T db4837037a3f4cd5bdfdbdca606e5039 P 47bd9ebdff0048289c2b6a14edc09fb8: Bootstrap starting.
I20260710 11:04:09.034641 24348 catalog_manager.cc:5697] T 50d5ddcf5779466c844f770d5bf0a110 P 20e9dabe59ea46728be8481f0325b093 reported cstate change: term changed from 0 to 1, leader changed from <none> to 20e9dabe59ea46728be8481f0325b093 (127.22.196.3). New cstate: current_term: 1 leader_uuid: "20e9dabe59ea46728be8481f0325b093" committed_config { opid_index: -1 OBSOLETE_local: false peers { permanent_uuid: "6445c6244dc74fe9988655ace4563cae" member_type: VOTER last_known_addr { host: "127.22.196.1" port: 46721 } health_report { overall_health: UNKNOWN } } peers { permanent_uuid: "47bd9ebdff0048289c2b6a14edc09fb8" member_type: VOTER last_known_addr { host: "127.22.196.2" port: 33913 } health_report { overall_health: UNKNOWN } } peers { permanent_uuid: "20e9dabe59ea46728be8481f0325b093" member_type: VOTER last_known_addr { host: "127.22.196.3" port: 42643 } health_report { overall_health: HEALTHY } } }
I20260710 11:04:09.037110 24641 tablet_bootstrap.cc:654] T db4837037a3f4cd5bdfdbdca606e5039 P 47bd9ebdff0048289c2b6a14edc09fb8: Neither blocks nor log segments found. Creating new log.
I20260710 11:04:09.040565 24645 tablet_bootstrap.cc:492] T c2ba55f42f0a47e2b6db5d04d115de43 P 6445c6244dc74fe9988655ace4563cae: No bootstrap required, opened a new log
I20260710 11:04:09.041316 24645 ts_tablet_manager.cc:1403] T c2ba55f42f0a47e2b6db5d04d115de43 P 6445c6244dc74fe9988655ace4563cae: Time spent bootstrapping tablet: real 0.045s	user 0.016s	sys 0.003s
I20260710 11:04:09.044639 24650 raft_consensus.cc:493] T dde5eec3fef34a2ab66aa615af090cfd P 6445c6244dc74fe9988655ace4563cae [term 0 FOLLOWER]: Starting pre-election (no leader contacted us within the election timeout)
I20260710 11:04:09.045158 24650 raft_consensus.cc:515] T dde5eec3fef34a2ab66aa615af090cfd P 6445c6244dc74fe9988655ace4563cae [term 0 FOLLOWER]: Starting pre-election with config: opid_index: -1 OBSOLETE_local: false peers { permanent_uuid: "6445c6244dc74fe9988655ace4563cae" member_type: VOTER last_known_addr { host: "127.22.196.1" port: 46721 } } peers { permanent_uuid: "47bd9ebdff0048289c2b6a14edc09fb8" member_type: VOTER last_known_addr { host: "127.22.196.2" port: 33913 } } peers { permanent_uuid: "20e9dabe59ea46728be8481f0325b093" member_type: VOTER last_known_addr { host: "127.22.196.3" port: 42643 } }
I20260710 11:04:09.045751 24645 raft_consensus.cc:359] T c2ba55f42f0a47e2b6db5d04d115de43 P 6445c6244dc74fe9988655ace4563cae [term 0 FOLLOWER]: Replica starting. Triggering 0 pending ops. Active config: opid_index: -1 OBSOLETE_local: false peers { permanent_uuid: "6445c6244dc74fe9988655ace4563cae" member_type: VOTER last_known_addr { host: "127.22.196.1" port: 46721 } } peers { permanent_uuid: "20e9dabe59ea46728be8481f0325b093" member_type: VOTER last_known_addr { host: "127.22.196.3" port: 42643 } } peers { permanent_uuid: "47bd9ebdff0048289c2b6a14edc09fb8" member_type: VOTER last_known_addr { host: "127.22.196.2" port: 33913 } }
I20260710 11:04:09.047237 24650 leader_election.cc:290] T dde5eec3fef34a2ab66aa615af090cfd P 6445c6244dc74fe9988655ace4563cae [CANDIDATE]: Term 1 pre-election: Requested pre-vote from peers 47bd9ebdff0048289c2b6a14edc09fb8 (127.22.196.2:33913), 20e9dabe59ea46728be8481f0325b093 (127.22.196.3:42643)
I20260710 11:04:09.047019 24645 raft_consensus.cc:385] T c2ba55f42f0a47e2b6db5d04d115de43 P 6445c6244dc74fe9988655ace4563cae [term 0 FOLLOWER]: Consensus starting up: Expiring failure detector timer to make a prompt election more likely
I20260710 11:04:09.048077 24645 raft_consensus.cc:740] T c2ba55f42f0a47e2b6db5d04d115de43 P 6445c6244dc74fe9988655ace4563cae [term 0 FOLLOWER]: Becoming Follower/Learner. State: Replica: 6445c6244dc74fe9988655ace4563cae, State: Initialized, Role: FOLLOWER
I20260710 11:04:09.049219 24645 consensus_queue.cc:260] T c2ba55f42f0a47e2b6db5d04d115de43 P 6445c6244dc74fe9988655ace4563cae [NON_LEADER]: Queue going to NON_LEADER mode. State: All replicated index: 0, Majority replicated index: 0, Committed index: 0, Last appended: 0.0, Last appended by leader: 0, Current term: 0, Majority size: -1, State: 0, Mode: NON_LEADER, active raft config: opid_index: -1 OBSOLETE_local: false peers { permanent_uuid: "6445c6244dc74fe9988655ace4563cae" member_type: VOTER last_known_addr { host: "127.22.196.1" port: 46721 } } peers { permanent_uuid: "20e9dabe59ea46728be8481f0325b093" member_type: VOTER last_known_addr { host: "127.22.196.3" port: 42643 } } peers { permanent_uuid: "47bd9ebdff0048289c2b6a14edc09fb8" member_type: VOTER last_known_addr { host: "127.22.196.2" port: 33913 } }
I20260710 11:04:09.052809 24645 ts_tablet_manager.cc:1434] T c2ba55f42f0a47e2b6db5d04d115de43 P 6445c6244dc74fe9988655ace4563cae: Time spent starting tablet: real 0.011s	user 0.007s	sys 0.001s
I20260710 11:04:09.058203 24645 tablet_bootstrap.cc:492] T db4837037a3f4cd5bdfdbdca606e5039 P 6445c6244dc74fe9988655ace4563cae: Bootstrap starting.
I20260710 11:04:09.067737 24527 tablet_service.cc:1917] Received RequestConsensusVote() RPC: tablet_id: "b2a2f554ac6f44e3be3f11b4ae12b6e3" candidate_uuid: "6445c6244dc74fe9988655ace4563cae" candidate_term: 1 candidate_status { last_received { term: 0 index: 0 } } ignore_live_leader: false dest_uuid: "47bd9ebdff0048289c2b6a14edc09fb8" is_pre_election: true
I20260710 11:04:09.068717 24527 raft_consensus.cc:2468] T b2a2f554ac6f44e3be3f11b4ae12b6e3 P 47bd9ebdff0048289c2b6a14edc09fb8 [term 0 FOLLOWER]: Leader pre-election vote request: Granting yes vote for candidate 6445c6244dc74fe9988655ace4563cae in term 0.
I20260710 11:04:09.067827 24526 tablet_service.cc:1917] Received RequestConsensusVote() RPC: tablet_id: "dde5eec3fef34a2ab66aa615af090cfd" candidate_uuid: "6445c6244dc74fe9988655ace4563cae" candidate_term: 1 candidate_status { last_received { term: 0 index: 0 } } ignore_live_leader: false dest_uuid: "47bd9ebdff0048289c2b6a14edc09fb8" is_pre_election: true
I20260710 11:04:09.072904 24645 tablet_bootstrap.cc:654] T db4837037a3f4cd5bdfdbdca606e5039 P 6445c6244dc74fe9988655ace4563cae: Neither blocks nor log segments found. Creating new log.
W20260710 11:04:09.073220 24417 leader_election.cc:343] T dde5eec3fef34a2ab66aa615af090cfd P 6445c6244dc74fe9988655ace4563cae [CANDIDATE]: Term 1 pre-election: Tablet error from VoteRequest() call to peer 47bd9ebdff0048289c2b6a14edc09fb8 (127.22.196.2:33913): Illegal state: must be running to vote when last-logged opid is not known
I20260710 11:04:09.076151 24417 leader_election.cc:304] T b2a2f554ac6f44e3be3f11b4ae12b6e3 P 6445c6244dc74fe9988655ace4563cae [CANDIDATE]: Term 1 pre-election: Election decided. Result: candidate won. Election summary: received 2 responses out of 3 voters: 2 yes votes; 0 no votes. yes voters: 47bd9ebdff0048289c2b6a14edc09fb8, 6445c6244dc74fe9988655ace4563cae; no voters: 
I20260710 11:04:09.076669 24642 tablet_bootstrap.cc:492] T b2a2f554ac6f44e3be3f11b4ae12b6e3 P 20e9dabe59ea46728be8481f0325b093: No bootstrap required, opened a new log
I20260710 11:04:09.076700 24641 tablet_bootstrap.cc:492] T db4837037a3f4cd5bdfdbdca606e5039 P 47bd9ebdff0048289c2b6a14edc09fb8: No bootstrap required, opened a new log
I20260710 11:04:09.077077 24650 raft_consensus.cc:2804] T b2a2f554ac6f44e3be3f11b4ae12b6e3 P 6445c6244dc74fe9988655ace4563cae [term 0 FOLLOWER]: Leader pre-election won for term 1
I20260710 11:04:09.077313 24642 ts_tablet_manager.cc:1403] T b2a2f554ac6f44e3be3f11b4ae12b6e3 P 20e9dabe59ea46728be8481f0325b093: Time spent bootstrapping tablet: real 0.118s	user 0.018s	sys 0.029s
I20260710 11:04:09.077467 24641 ts_tablet_manager.cc:1403] T db4837037a3f4cd5bdfdbdca606e5039 P 47bd9ebdff0048289c2b6a14edc09fb8: Time spent bootstrapping tablet: real 0.046s	user 0.023s	sys 0.019s
I20260710 11:04:09.077497 24650 raft_consensus.cc:493] T b2a2f554ac6f44e3be3f11b4ae12b6e3 P 6445c6244dc74fe9988655ace4563cae [term 0 FOLLOWER]: Starting leader election (no leader contacted us within the election timeout)
I20260710 11:04:09.078083 24650 raft_consensus.cc:3060] T b2a2f554ac6f44e3be3f11b4ae12b6e3 P 6445c6244dc74fe9988655ace4563cae [term 0 FOLLOWER]: Advancing to term 1
I20260710 11:04:09.080374 24642 raft_consensus.cc:359] T b2a2f554ac6f44e3be3f11b4ae12b6e3 P 20e9dabe59ea46728be8481f0325b093 [term 0 FOLLOWER]: Replica starting. Triggering 0 pending ops. Active config: opid_index: -1 OBSOLETE_local: false peers { permanent_uuid: "6445c6244dc74fe9988655ace4563cae" member_type: VOTER last_known_addr { host: "127.22.196.1" port: 46721 } } peers { permanent_uuid: "47bd9ebdff0048289c2b6a14edc09fb8" member_type: VOTER last_known_addr { host: "127.22.196.2" port: 33913 } } peers { permanent_uuid: "20e9dabe59ea46728be8481f0325b093" member_type: VOTER last_known_addr { host: "127.22.196.3" port: 42643 } }
I20260710 11:04:09.081128 24642 raft_consensus.cc:385] T b2a2f554ac6f44e3be3f11b4ae12b6e3 P 20e9dabe59ea46728be8481f0325b093 [term 0 FOLLOWER]: Consensus starting up: Expiring failure detector timer to make a prompt election more likely
I20260710 11:04:09.081434 24642 raft_consensus.cc:740] T b2a2f554ac6f44e3be3f11b4ae12b6e3 P 20e9dabe59ea46728be8481f0325b093 [term 0 FOLLOWER]: Becoming Follower/Learner. State: Replica: 20e9dabe59ea46728be8481f0325b093, State: Initialized, Role: FOLLOWER
I20260710 11:04:09.082188 24642 consensus_queue.cc:260] T b2a2f554ac6f44e3be3f11b4ae12b6e3 P 20e9dabe59ea46728be8481f0325b093 [NON_LEADER]: Queue going to NON_LEADER mode. State: All replicated index: 0, Majority replicated index: 0, Committed index: 0, Last appended: 0.0, Last appended by leader: 0, Current term: 0, Majority size: -1, State: 0, Mode: NON_LEADER, active raft config: opid_index: -1 OBSOLETE_local: false peers { permanent_uuid: "6445c6244dc74fe9988655ace4563cae" member_type: VOTER last_known_addr { host: "127.22.196.1" port: 46721 } } peers { permanent_uuid: "47bd9ebdff0048289c2b6a14edc09fb8" member_type: VOTER last_known_addr { host: "127.22.196.2" port: 33913 } } peers { permanent_uuid: "20e9dabe59ea46728be8481f0325b093" member_type: VOTER last_known_addr { host: "127.22.196.3" port: 42643 } }
I20260710 11:04:09.084869 24642 ts_tablet_manager.cc:1434] T b2a2f554ac6f44e3be3f11b4ae12b6e3 P 20e9dabe59ea46728be8481f0325b093: Time spent starting tablet: real 0.007s	user 0.008s	sys 0.000s
I20260710 11:04:09.085124 24601 tablet_service.cc:1917] Received RequestConsensusVote() RPC: tablet_id: "b2a2f554ac6f44e3be3f11b4ae12b6e3" candidate_uuid: "6445c6244dc74fe9988655ace4563cae" candidate_term: 1 candidate_status { last_received { term: 0 index: 0 } } ignore_live_leader: false dest_uuid: "20e9dabe59ea46728be8481f0325b093" is_pre_election: true
I20260710 11:04:09.085709 24601 raft_consensus.cc:2468] T b2a2f554ac6f44e3be3f11b4ae12b6e3 P 20e9dabe59ea46728be8481f0325b093 [term 0 FOLLOWER]: Leader pre-election vote request: Granting yes vote for candidate 6445c6244dc74fe9988655ace4563cae in term 0.
I20260710 11:04:09.085901 24642 tablet_bootstrap.cc:492] T 518971c77bd84ac987d8a09928739d6e P 20e9dabe59ea46728be8481f0325b093: Bootstrap starting.
I20260710 11:04:09.083297 24641 raft_consensus.cc:359] T db4837037a3f4cd5bdfdbdca606e5039 P 47bd9ebdff0048289c2b6a14edc09fb8 [term 0 FOLLOWER]: Replica starting. Triggering 0 pending ops. Active config: opid_index: -1 OBSOLETE_local: false peers { permanent_uuid: "6445c6244dc74fe9988655ace4563cae" member_type: VOTER last_known_addr { host: "127.22.196.1" port: 46721 } } peers { permanent_uuid: "47bd9ebdff0048289c2b6a14edc09fb8" member_type: VOTER last_known_addr { host: "127.22.196.2" port: 33913 } } peers { permanent_uuid: "20e9dabe59ea46728be8481f0325b093" member_type: VOTER last_known_addr { host: "127.22.196.3" port: 42643 } }
I20260710 11:04:09.086827 24600 tablet_service.cc:1917] Received RequestConsensusVote() RPC: tablet_id: "dde5eec3fef34a2ab66aa615af090cfd" candidate_uuid: "6445c6244dc74fe9988655ace4563cae" candidate_term: 1 candidate_status { last_received { term: 0 index: 0 } } ignore_live_leader: false dest_uuid: "20e9dabe59ea46728be8481f0325b093" is_pre_election: true
I20260710 11:04:09.092746 24642 tablet_bootstrap.cc:654] T 518971c77bd84ac987d8a09928739d6e P 20e9dabe59ea46728be8481f0325b093: Neither blocks nor log segments found. Creating new log.
W20260710 11:04:09.092727 24416 leader_election.cc:343] T dde5eec3fef34a2ab66aa615af090cfd P 6445c6244dc74fe9988655ace4563cae [CANDIDATE]: Term 1 pre-election: Tablet error from VoteRequest() call to peer 20e9dabe59ea46728be8481f0325b093 (127.22.196.3:42643): Illegal state: must be running to vote when last-logged opid is not known
I20260710 11:04:09.093313 24416 leader_election.cc:304] T dde5eec3fef34a2ab66aa615af090cfd P 6445c6244dc74fe9988655ace4563cae [CANDIDATE]: Term 1 pre-election: Election decided. Result: candidate lost. Election summary: received 3 responses out of 3 voters: 1 yes votes; 2 no votes. yes voters: 6445c6244dc74fe9988655ace4563cae; no voters: 20e9dabe59ea46728be8481f0325b093, 47bd9ebdff0048289c2b6a14edc09fb8
I20260710 11:04:09.096369 24645 tablet_bootstrap.cc:492] T db4837037a3f4cd5bdfdbdca606e5039 P 6445c6244dc74fe9988655ace4563cae: No bootstrap required, opened a new log
I20260710 11:04:09.097159 24645 ts_tablet_manager.cc:1403] T db4837037a3f4cd5bdfdbdca606e5039 P 6445c6244dc74fe9988655ace4563cae: Time spent bootstrapping tablet: real 0.039s	user 0.008s	sys 0.014s
I20260710 11:04:09.101398 24645 raft_consensus.cc:359] T db4837037a3f4cd5bdfdbdca606e5039 P 6445c6244dc74fe9988655ace4563cae [term 0 FOLLOWER]: Replica starting. Triggering 0 pending ops. Active config: opid_index: -1 OBSOLETE_local: false peers { permanent_uuid: "6445c6244dc74fe9988655ace4563cae" member_type: VOTER last_known_addr { host: "127.22.196.1" port: 46721 } } peers { permanent_uuid: "47bd9ebdff0048289c2b6a14edc09fb8" member_type: VOTER last_known_addr { host: "127.22.196.2" port: 33913 } } peers { permanent_uuid: "20e9dabe59ea46728be8481f0325b093" member_type: VOTER last_known_addr { host: "127.22.196.3" port: 42643 } }
I20260710 11:04:09.102043 24645 raft_consensus.cc:385] T db4837037a3f4cd5bdfdbdca606e5039 P 6445c6244dc74fe9988655ace4563cae [term 0 FOLLOWER]: Consensus starting up: Expiring failure detector timer to make a prompt election more likely
I20260710 11:04:09.102309 24645 raft_consensus.cc:740] T db4837037a3f4cd5bdfdbdca606e5039 P 6445c6244dc74fe9988655ace4563cae [term 0 FOLLOWER]: Becoming Follower/Learner. State: Replica: 6445c6244dc74fe9988655ace4563cae, State: Initialized, Role: FOLLOWER
I20260710 11:04:09.100903 24650 raft_consensus.cc:515] T b2a2f554ac6f44e3be3f11b4ae12b6e3 P 6445c6244dc74fe9988655ace4563cae [term 1 FOLLOWER]: Starting leader election with config: opid_index: -1 OBSOLETE_local: false peers { permanent_uuid: "6445c6244dc74fe9988655ace4563cae" member_type: VOTER last_known_addr { host: "127.22.196.1" port: 46721 } } peers { permanent_uuid: "47bd9ebdff0048289c2b6a14edc09fb8" member_type: VOTER last_known_addr { host: "127.22.196.2" port: 33913 } } peers { permanent_uuid: "20e9dabe59ea46728be8481f0325b093" member_type: VOTER last_known_addr { host: "127.22.196.3" port: 42643 } }
I20260710 11:04:09.086853 24641 raft_consensus.cc:385] T db4837037a3f4cd5bdfdbdca606e5039 P 47bd9ebdff0048289c2b6a14edc09fb8 [term 0 FOLLOWER]: Consensus starting up: Expiring failure detector timer to make a prompt election more likely
I20260710 11:04:09.104862 24641 raft_consensus.cc:740] T db4837037a3f4cd5bdfdbdca606e5039 P 47bd9ebdff0048289c2b6a14edc09fb8 [term 0 FOLLOWER]: Becoming Follower/Learner. State: Replica: 47bd9ebdff0048289c2b6a14edc09fb8, State: Initialized, Role: FOLLOWER
I20260710 11:04:09.105645 24641 consensus_queue.cc:260] T db4837037a3f4cd5bdfdbdca606e5039 P 47bd9ebdff0048289c2b6a14edc09fb8 [NON_LEADER]: Queue going to NON_LEADER mode. State: All replicated index: 0, Majority replicated index: 0, Committed index: 0, Last appended: 0.0, Last appended by leader: 0, Current term: 0, Majority size: -1, State: 0, Mode: NON_LEADER, active raft config: opid_index: -1 OBSOLETE_local: false peers { permanent_uuid: "6445c6244dc74fe9988655ace4563cae" member_type: VOTER last_known_addr { host: "127.22.196.1" port: 46721 } } peers { permanent_uuid: "47bd9ebdff0048289c2b6a14edc09fb8" member_type: VOTER last_known_addr { host: "127.22.196.2" port: 33913 } } peers { permanent_uuid: "20e9dabe59ea46728be8481f0325b093" member_type: VOTER last_known_addr { host: "127.22.196.3" port: 42643 } }
I20260710 11:04:09.106230 24527 tablet_service.cc:1917] Received RequestConsensusVote() RPC: tablet_id: "b2a2f554ac6f44e3be3f11b4ae12b6e3" candidate_uuid: "6445c6244dc74fe9988655ace4563cae" candidate_term: 1 candidate_status { last_received { term: 0 index: 0 } } ignore_live_leader: false dest_uuid: "47bd9ebdff0048289c2b6a14edc09fb8"
I20260710 11:04:09.106786 24527 raft_consensus.cc:3060] T b2a2f554ac6f44e3be3f11b4ae12b6e3 P 47bd9ebdff0048289c2b6a14edc09fb8 [term 0 FOLLOWER]: Advancing to term 1
I20260710 11:04:09.110504 24641 ts_tablet_manager.cc:1434] T db4837037a3f4cd5bdfdbdca606e5039 P 47bd9ebdff0048289c2b6a14edc09fb8: Time spent starting tablet: real 0.033s	user 0.007s	sys 0.000s
I20260710 11:04:09.111603 24641 tablet_bootstrap.cc:492] T dde5eec3fef34a2ab66aa615af090cfd P 47bd9ebdff0048289c2b6a14edc09fb8: Bootstrap starting.
I20260710 11:04:09.112164 24646 raft_consensus.cc:493] T 984cb0bd351b4daab5d8b49e3b7d5552 P 47bd9ebdff0048289c2b6a14edc09fb8 [term 0 FOLLOWER]: Starting pre-election (no leader contacted us within the election timeout)
I20260710 11:04:09.112411 24676 raft_consensus.cc:2749] T dde5eec3fef34a2ab66aa615af090cfd P 6445c6244dc74fe9988655ace4563cae [term 0 FOLLOWER]: Leader pre-election lost for term 1. Reason: could not achieve majority
I20260710 11:04:09.112694 24646 raft_consensus.cc:515] T 984cb0bd351b4daab5d8b49e3b7d5552 P 47bd9ebdff0048289c2b6a14edc09fb8 [term 0 FOLLOWER]: Starting pre-election with config: opid_index: -1 OBSOLETE_local: false peers { permanent_uuid: "6445c6244dc74fe9988655ace4563cae" member_type: VOTER last_known_addr { host: "127.22.196.1" port: 46721 } } peers { permanent_uuid: "47bd9ebdff0048289c2b6a14edc09fb8" member_type: VOTER last_known_addr { host: "127.22.196.2" port: 33913 } } peers { permanent_uuid: "20e9dabe59ea46728be8481f0325b093" member_type: VOTER last_known_addr { host: "127.22.196.3" port: 42643 } }
I20260710 11:04:09.113487 24645 consensus_queue.cc:260] T db4837037a3f4cd5bdfdbdca606e5039 P 6445c6244dc74fe9988655ace4563cae [NON_LEADER]: Queue going to NON_LEADER mode. State: All replicated index: 0, Majority replicated index: 0, Committed index: 0, Last appended: 0.0, Last appended by leader: 0, Current term: 0, Majority size: -1, State: 0, Mode: NON_LEADER, active raft config: opid_index: -1 OBSOLETE_local: false peers { permanent_uuid: "6445c6244dc74fe9988655ace4563cae" member_type: VOTER last_known_addr { host: "127.22.196.1" port: 46721 } } peers { permanent_uuid: "47bd9ebdff0048289c2b6a14edc09fb8" member_type: VOTER last_known_addr { host: "127.22.196.2" port: 33913 } } peers { permanent_uuid: "20e9dabe59ea46728be8481f0325b093" member_type: VOTER last_known_addr { host: "127.22.196.3" port: 42643 } }
I20260710 11:04:09.114898 24646 leader_election.cc:290] T 984cb0bd351b4daab5d8b49e3b7d5552 P 47bd9ebdff0048289c2b6a14edc09fb8 [CANDIDATE]: Term 1 pre-election: Requested pre-vote from peers 6445c6244dc74fe9988655ace4563cae (127.22.196.1:46721), 20e9dabe59ea46728be8481f0325b093 (127.22.196.3:42643)
