I20260710 11:00:16.797524 24003 ts_tablet_manager.cc:1929] T 6c671cdf50e44aef948312b1490a88a3 P ff8315de3d4e4e7a89b5d9cf9381b818: tablet deleted with delete type TABLET_DATA_TOMBSTONED: last-logged OpId 1.3
I20260710 11:00:16.798501 24003 log.cc:1199] T 6c671cdf50e44aef948312b1490a88a3 P ff8315de3d4e4e7a89b5d9cf9381b818: Deleting WAL directory at /tmp/dist-test-taskoCYrqL/test-tmp/auto_leader_rebalancer-test.0.LeaderRebalancerTest.AddTserver.1783681181219265-22292-0/minicluster-data/ts-2-root/wals/6c671cdf50e44aef948312b1490a88a3
I20260710 11:00:16.799882 23296 catalog_manager.cc:5028] TS ff8315de3d4e4e7a89b5d9cf9381b818 (127.21.197.3:37083): tablet 6c671cdf50e44aef948312b1490a88a3 (table test-workload [id=98f6dff56f5341a7ae9a0f829e5d0248]) successfully deleted
I20260710 11:00:16.808660 24004 ts_tablet_manager.cc:1929] T ebcc27e696bf4f39a000e8e4d83ef018 P c5195895e0cf45f7836640f08a323417: tablet deleted with delete type TABLET_DATA_TOMBSTONED: last-logged OpId 1.3
I20260710 11:00:16.809105 24004 log.cc:1199] T ebcc27e696bf4f39a000e8e4d83ef018 P c5195895e0cf45f7836640f08a323417: Deleting WAL directory at /tmp/dist-test-taskoCYrqL/test-tmp/auto_leader_rebalancer-test.0.LeaderRebalancerTest.AddTserver.1783681181219265-22292-0/minicluster-data/ts-0-root/wals/ebcc27e696bf4f39a000e8e4d83ef018
I20260710 11:00:16.811436 24004 tablet_replica.cc:333] T 49bd59914d5543ab9f5e5aacdb97c2b5 P c5195895e0cf45f7836640f08a323417: stopping tablet replica
I20260710 11:00:16.812410 24004 raft_consensus.cc:2243] T 49bd59914d5543ab9f5e5aacdb97c2b5 P c5195895e0cf45f7836640f08a323417 [term 1 FOLLOWER]: Raft consensus shutting down.
I20260710 11:00:16.813265 24004 raft_consensus.cc:2272] T 49bd59914d5543ab9f5e5aacdb97c2b5 P c5195895e0cf45f7836640f08a323417 [term 1 FOLLOWER]: Raft consensus is shut down!
I20260710 11:00:16.814731 23296 catalog_manager.cc:5028] TS c5195895e0cf45f7836640f08a323417 (127.21.197.1:38247): tablet ebcc27e696bf4f39a000e8e4d83ef018 (table test-workload [id=98f6dff56f5341a7ae9a0f829e5d0248]) successfully deleted
I20260710 11:00:16.815919 23472 tablet_service.cc:1558] Processing DeleteTablet for tablet 77fe75254b43408198da52c985aebd0a with delete_type TABLET_DATA_TOMBSTONED (TS 1ec0cc6dfcb64850a794d25677056b7e not found in new config with opid_index 4) from {username='slave'} at 127.0.0.1:54658
I20260710 11:00:16.818279 24005 tablet_replica.cc:333] T 77fe75254b43408198da52c985aebd0a P 1ec0cc6dfcb64850a794d25677056b7e: stopping tablet replica
I20260710 11:00:16.819883 24004 ts_tablet_manager.cc:1916] T 49bd59914d5543ab9f5e5aacdb97c2b5 P c5195895e0cf45f7836640f08a323417: Deleting tablet data with delete state TABLET_DATA_TOMBSTONED
I20260710 11:00:16.820180 24005 raft_consensus.cc:2243] T 77fe75254b43408198da52c985aebd0a P 1ec0cc6dfcb64850a794d25677056b7e [term 1 FOLLOWER]: Raft consensus shutting down.
I20260710 11:00:16.821080 24005 raft_consensus.cc:2272] T 77fe75254b43408198da52c985aebd0a P 1ec0cc6dfcb64850a794d25677056b7e [term 1 FOLLOWER]: Raft consensus is shut down!
I20260710 11:00:16.823890 24005 ts_tablet_manager.cc:1916] T 77fe75254b43408198da52c985aebd0a P 1ec0cc6dfcb64850a794d25677056b7e: Deleting tablet data with delete state TABLET_DATA_TOMBSTONED
I20260710 11:00:16.832513 24004 ts_tablet_manager.cc:1929] T 49bd59914d5543ab9f5e5aacdb97c2b5 P c5195895e0cf45f7836640f08a323417: tablet deleted with delete type TABLET_DATA_TOMBSTONED: last-logged OpId 1.3
I20260710 11:00:16.832991 24004 log.cc:1199] T 49bd59914d5543ab9f5e5aacdb97c2b5 P c5195895e0cf45f7836640f08a323417: Deleting WAL directory at /tmp/dist-test-taskoCYrqL/test-tmp/auto_leader_rebalancer-test.0.LeaderRebalancerTest.AddTserver.1783681181219265-22292-0/minicluster-data/ts-0-root/wals/49bd59914d5543ab9f5e5aacdb97c2b5
I20260710 11:00:16.835058 23296 catalog_manager.cc:5028] TS c5195895e0cf45f7836640f08a323417 (127.21.197.1:38247): tablet 49bd59914d5543ab9f5e5aacdb97c2b5 (table test-workload [id=98f6dff56f5341a7ae9a0f829e5d0248]) successfully deleted
I20260710 11:00:16.839345 24005 ts_tablet_manager.cc:1929] T 77fe75254b43408198da52c985aebd0a P 1ec0cc6dfcb64850a794d25677056b7e: tablet deleted with delete type TABLET_DATA_TOMBSTONED: last-logged OpId 1.3
I20260710 11:00:16.839761 24005 log.cc:1199] T 77fe75254b43408198da52c985aebd0a P 1ec0cc6dfcb64850a794d25677056b7e: Deleting WAL directory at /tmp/dist-test-taskoCYrqL/test-tmp/auto_leader_rebalancer-test.0.LeaderRebalancerTest.AddTserver.1783681181219265-22292-0/minicluster-data/ts-1-root/wals/77fe75254b43408198da52c985aebd0a
I20260710 11:00:16.841612 23296 catalog_manager.cc:5028] TS 1ec0cc6dfcb64850a794d25677056b7e (127.21.197.2:42241): tablet 77fe75254b43408198da52c985aebd0a (table test-workload [id=98f6dff56f5341a7ae9a0f829e5d0248]) successfully deleted
I20260710 11:00:17.844787 23410 consensus_queue.cc:237] T 2d8c960430a94fe281c2aab34fa4c0ae P c5195895e0cf45f7836640f08a323417 [LEADER]: Queue going to LEADER mode. State: All replicated index: 0, Majority replicated index: 1, Committed index: 1, Last appended: 1.1, Last appended by leader: 0, Current term: 1, Majority size: 2, State: 0, Mode: LEADER, active raft config: opid_index: 2 OBSOLETE_local: false peers { permanent_uuid: "c5195895e0cf45f7836640f08a323417" member_type: VOTER last_known_addr { host: "127.21.197.1" port: 38247 } } peers { permanent_uuid: "1ec0cc6dfcb64850a794d25677056b7e" member_type: VOTER last_known_addr { host: "127.21.197.2" port: 42241 } attrs { replace: true } } peers { permanent_uuid: "ff8315de3d4e4e7a89b5d9cf9381b818" member_type: VOTER last_known_addr { host: "127.21.197.3" port: 37083 } } peers { permanent_uuid: "c0b823250fdc4c5db4cc6dcb02e185bc" member_type: NON_VOTER last_known_addr { host: "127.21.197.4" port: 45067 } attrs { promote: true } }
I20260710 11:00:17.851330 23561 raft_consensus.cc:1275] T 2d8c960430a94fe281c2aab34fa4c0ae P ff8315de3d4e4e7a89b5d9cf9381b818 [term 1 FOLLOWER]: Refusing update from remote peer c5195895e0cf45f7836640f08a323417: Log matching property violated. Preceding OpId in replica: term: 1 index: 1. Preceding OpId from leader: term: 1 index: 2. (index mismatch)
W20260710 11:00:17.851591 23375 consensus_peers.cc:597] T 2d8c960430a94fe281c2aab34fa4c0ae P c5195895e0cf45f7836640f08a323417 -> Peer c0b823250fdc4c5db4cc6dcb02e185bc (127.21.197.4:45067): Couldn't send request to peer c0b823250fdc4c5db4cc6dcb02e185bc. Error code: TABLET_NOT_FOUND (6). Status: Not found: Tablet not found: 2d8c960430a94fe281c2aab34fa4c0ae. This is attempt 1: this message will repeat every 5th retry.
I20260710 11:00:17.852069 23487 raft_consensus.cc:1275] T 2d8c960430a94fe281c2aab34fa4c0ae P 1ec0cc6dfcb64850a794d25677056b7e [term 1 FOLLOWER]: Refusing update from remote peer c5195895e0cf45f7836640f08a323417: Log matching property violated. Preceding OpId in replica: term: 1 index: 1. Preceding OpId from leader: term: 1 index: 2. (index mismatch)
I20260710 11:00:17.852737 24009 consensus_queue.cc:1048] T 2d8c960430a94fe281c2aab34fa4c0ae P c5195895e0cf45f7836640f08a323417 [LEADER]: Connected to new peer: Peer: permanent_uuid: "ff8315de3d4e4e7a89b5d9cf9381b818" member_type: VOTER last_known_addr { host: "127.21.197.3" port: 37083 }, Status: LMP_MISMATCH, Last received: 0.0, Next index: 2, Last known committed idx: 1, Time since last communication: 0.000s
I20260710 11:00:17.853559 24006 consensus_queue.cc:1048] T 2d8c960430a94fe281c2aab34fa4c0ae P c5195895e0cf45f7836640f08a323417 [LEADER]: Connected to new peer: Peer: permanent_uuid: "1ec0cc6dfcb64850a794d25677056b7e" member_type: VOTER last_known_addr { host: "127.21.197.2" port: 42241 } attrs { replace: true }, Status: LMP_MISMATCH, Last received: 0.0, Next index: 2, Last known committed idx: 1, Time since last communication: 0.000s
I20260710 11:00:17.861552 23999 raft_consensus.cc:2955] T 2d8c960430a94fe281c2aab34fa4c0ae P c5195895e0cf45f7836640f08a323417 [term 1 LEADER]: Committing config change with OpId 1.2: config changed from index -1 to 2, NON_VOTER c0b823250fdc4c5db4cc6dcb02e185bc (127.21.197.4) added. New config: { opid_index: 2 OBSOLETE_local: false peers { permanent_uuid: "c5195895e0cf45f7836640f08a323417" member_type: VOTER last_known_addr { host: "127.21.197.1" port: 38247 } } peers { permanent_uuid: "1ec0cc6dfcb64850a794d25677056b7e" member_type: VOTER last_known_addr { host: "127.21.197.2" port: 42241 } attrs { replace: true } } peers { permanent_uuid: "ff8315de3d4e4e7a89b5d9cf9381b818" member_type: VOTER last_known_addr { host: "127.21.197.3" port: 37083 } } peers { permanent_uuid: "c0b823250fdc4c5db4cc6dcb02e185bc" member_type: NON_VOTER last_known_addr { host: "127.21.197.4" port: 45067 } attrs { promote: true } } }
I20260710 11:00:17.863634 23487 raft_consensus.cc:2955] T 2d8c960430a94fe281c2aab34fa4c0ae P 1ec0cc6dfcb64850a794d25677056b7e [term 1 FOLLOWER]: Committing config change with OpId 1.2: config changed from index -1 to 2, NON_VOTER c0b823250fdc4c5db4cc6dcb02e185bc (127.21.197.4) added. New config: { opid_index: 2 OBSOLETE_local: false peers { permanent_uuid: "c5195895e0cf45f7836640f08a323417" member_type: VOTER last_known_addr { host: "127.21.197.1" port: 38247 } } peers { permanent_uuid: "1ec0cc6dfcb64850a794d25677056b7e" member_type: VOTER last_known_addr { host: "127.21.197.2" port: 42241 } attrs { replace: true } } peers { permanent_uuid: "ff8315de3d4e4e7a89b5d9cf9381b818" member_type: VOTER last_known_addr { host: "127.21.197.3" port: 37083 } } peers { permanent_uuid: "c0b823250fdc4c5db4cc6dcb02e185bc" member_type: NON_VOTER last_known_addr { host: "127.21.197.4" port: 45067 } attrs { promote: true } } }
I20260710 11:00:17.863420 23561 raft_consensus.cc:2955] T 2d8c960430a94fe281c2aab34fa4c0ae P ff8315de3d4e4e7a89b5d9cf9381b818 [term 1 FOLLOWER]: Committing config change with OpId 1.2: config changed from index -1 to 2, NON_VOTER c0b823250fdc4c5db4cc6dcb02e185bc (127.21.197.4) added. New config: { opid_index: 2 OBSOLETE_local: false peers { permanent_uuid: "c5195895e0cf45f7836640f08a323417" member_type: VOTER last_known_addr { host: "127.21.197.1" port: 38247 } } peers { permanent_uuid: "1ec0cc6dfcb64850a794d25677056b7e" member_type: VOTER last_known_addr { host: "127.21.197.2" port: 42241 } attrs { replace: true } } peers { permanent_uuid: "ff8315de3d4e4e7a89b5d9cf9381b818" member_type: VOTER last_known_addr { host: "127.21.197.3" port: 37083 } } peers { permanent_uuid: "c0b823250fdc4c5db4cc6dcb02e185bc" member_type: NON_VOTER last_known_addr { host: "127.21.197.4" port: 45067 } attrs { promote: true } } }
I20260710 11:00:17.876986 23410 consensus_queue.cc:237] T 4779591865ee4257a06c002a1b7d90c4 P c5195895e0cf45f7836640f08a323417 [LEADER]: Queue going to LEADER mode. State: All replicated index: 0, Majority replicated index: 1, Committed index: 1, Last appended: 1.1, Last appended by leader: 0, Current term: 1, Majority size: 2, State: 0, Mode: LEADER, active raft config: opid_index: 2 OBSOLETE_local: false peers { permanent_uuid: "c5195895e0cf45f7836640f08a323417" member_type: VOTER last_known_addr { host: "127.21.197.1" port: 38247 } } peers { permanent_uuid: "1ec0cc6dfcb64850a794d25677056b7e" member_type: VOTER last_known_addr { host: "127.21.197.2" port: 42241 } attrs { replace: true } } peers { permanent_uuid: "ff8315de3d4e4e7a89b5d9cf9381b818" member_type: VOTER last_known_addr { host: "127.21.197.3" port: 37083 } } peers { permanent_uuid: "c0b823250fdc4c5db4cc6dcb02e185bc" member_type: NON_VOTER last_known_addr { host: "127.21.197.4" port: 45067 } attrs { promote: true } }
I20260710 11:00:17.880436 23307 catalog_manager.cc:5697] T 2d8c960430a94fe281c2aab34fa4c0ae P ff8315de3d4e4e7a89b5d9cf9381b818 reported cstate change: config changed from index -1 to 2, NON_VOTER c0b823250fdc4c5db4cc6dcb02e185bc (127.21.197.4) added. New cstate: current_term: 1 leader_uuid: "c5195895e0cf45f7836640f08a323417" committed_config { opid_index: 2 OBSOLETE_local: false peers { permanent_uuid: "c5195895e0cf45f7836640f08a323417" member_type: VOTER last_known_addr { host: "127.21.197.1" port: 38247 } } peers { permanent_uuid: "1ec0cc6dfcb64850a794d25677056b7e" member_type: VOTER last_known_addr { host: "127.21.197.2" port: 42241 } attrs { replace: true } } peers { permanent_uuid: "ff8315de3d4e4e7a89b5d9cf9381b818" member_type: VOTER last_known_addr { host: "127.21.197.3" port: 37083 } } peers { permanent_uuid: "c0b823250fdc4c5db4cc6dcb02e185bc" member_type: NON_VOTER last_known_addr { host: "127.21.197.4" port: 45067 } attrs { promote: true } } }
W20260710 11:00:17.888780 23375 consensus_peers.cc:597] T 4779591865ee4257a06c002a1b7d90c4 P c5195895e0cf45f7836640f08a323417 -> Peer c0b823250fdc4c5db4cc6dcb02e185bc (127.21.197.4:45067): Couldn't send request to peer c0b823250fdc4c5db4cc6dcb02e185bc. Error code: TABLET_NOT_FOUND (6). Status: Not found: Tablet not found: 4779591865ee4257a06c002a1b7d90c4. This is attempt 1: this message will repeat every 5th retry.
I20260710 11:00:17.890127 23487 raft_consensus.cc:1275] T 4779591865ee4257a06c002a1b7d90c4 P 1ec0cc6dfcb64850a794d25677056b7e [term 1 FOLLOWER]: Refusing update from remote peer c5195895e0cf45f7836640f08a323417: Log matching property violated. Preceding OpId in replica: term: 1 index: 1. Preceding OpId from leader: term: 1 index: 2. (index mismatch)
I20260710 11:00:17.891705 23557 raft_consensus.cc:1275] T 4779591865ee4257a06c002a1b7d90c4 P ff8315de3d4e4e7a89b5d9cf9381b818 [term 1 FOLLOWER]: Refusing update from remote peer c5195895e0cf45f7836640f08a323417: Log matching property violated. Preceding OpId in replica: term: 1 index: 1. Preceding OpId from leader: term: 1 index: 2. (index mismatch)
I20260710 11:00:17.894479 24012 consensus_queue.cc:1048] T 4779591865ee4257a06c002a1b7d90c4 P c5195895e0cf45f7836640f08a323417 [LEADER]: Connected to new peer: Peer: permanent_uuid: "1ec0cc6dfcb64850a794d25677056b7e" member_type: VOTER last_known_addr { host: "127.21.197.2" port: 42241 } attrs { replace: true }, Status: LMP_MISMATCH, Last received: 0.0, Next index: 2, Last known committed idx: 1, Time since last communication: 0.000s
I20260710 11:00:17.899391 24014 consensus_queue.cc:1048] T 4779591865ee4257a06c002a1b7d90c4 P c5195895e0cf45f7836640f08a323417 [LEADER]: Connected to new peer: Peer: permanent_uuid: "ff8315de3d4e4e7a89b5d9cf9381b818" member_type: VOTER last_known_addr { host: "127.21.197.3" port: 37083 }, Status: LMP_MISMATCH, Last received: 0.0, Next index: 2, Last known committed idx: 1, Time since last communication: 0.000s
I20260710 11:00:17.914392 24009 raft_consensus.cc:2955] T 4779591865ee4257a06c002a1b7d90c4 P c5195895e0cf45f7836640f08a323417 [term 1 LEADER]: Committing config change with OpId 1.2: config changed from index -1 to 2, NON_VOTER c0b823250fdc4c5db4cc6dcb02e185bc (127.21.197.4) added. New config: { opid_index: 2 OBSOLETE_local: false peers { permanent_uuid: "c5195895e0cf45f7836640f08a323417" member_type: VOTER last_known_addr { host: "127.21.197.1" port: 38247 } } peers { permanent_uuid: "1ec0cc6dfcb64850a794d25677056b7e" member_type: VOTER last_known_addr { host: "127.21.197.2" port: 42241 } attrs { replace: true } } peers { permanent_uuid: "ff8315de3d4e4e7a89b5d9cf9381b818" member_type: VOTER last_known_addr { host: "127.21.197.3" port: 37083 } } peers { permanent_uuid: "c0b823250fdc4c5db4cc6dcb02e185bc" member_type: NON_VOTER last_known_addr { host: "127.21.197.4" port: 45067 } attrs { promote: true } } }
I20260710 11:00:17.919462 23486 raft_consensus.cc:2955] T 4779591865ee4257a06c002a1b7d90c4 P 1ec0cc6dfcb64850a794d25677056b7e [term 1 FOLLOWER]: Committing config change with OpId 1.2: config changed from index -1 to 2, NON_VOTER c0b823250fdc4c5db4cc6dcb02e185bc (127.21.197.4) added. New config: { opid_index: 2 OBSOLETE_local: false peers { permanent_uuid: "c5195895e0cf45f7836640f08a323417" member_type: VOTER last_known_addr { host: "127.21.197.1" port: 38247 } } peers { permanent_uuid: "1ec0cc6dfcb64850a794d25677056b7e" member_type: VOTER last_known_addr { host: "127.21.197.2" port: 42241 } attrs { replace: true } } peers { permanent_uuid: "ff8315de3d4e4e7a89b5d9cf9381b818" member_type: VOTER last_known_addr { host: "127.21.197.3" port: 37083 } } peers { permanent_uuid: "c0b823250fdc4c5db4cc6dcb02e185bc" member_type: NON_VOTER last_known_addr { host: "127.21.197.4" port: 45067 } attrs { promote: true } } }
I20260710 11:00:17.920460 23559 raft_consensus.cc:2955] T 4779591865ee4257a06c002a1b7d90c4 P ff8315de3d4e4e7a89b5d9cf9381b818 [term 1 FOLLOWER]: Committing config change with OpId 1.2: config changed from index -1 to 2, NON_VOTER c0b823250fdc4c5db4cc6dcb02e185bc (127.21.197.4) added. New config: { opid_index: 2 OBSOLETE_local: false peers { permanent_uuid: "c5195895e0cf45f7836640f08a323417" member_type: VOTER last_known_addr { host: "127.21.197.1" port: 38247 } } peers { permanent_uuid: "1ec0cc6dfcb64850a794d25677056b7e" member_type: VOTER last_known_addr { host: "127.21.197.2" port: 42241 } attrs { replace: true } } peers { permanent_uuid: "ff8315de3d4e4e7a89b5d9cf9381b818" member_type: VOTER last_known_addr { host: "127.21.197.3" port: 37083 } } peers { permanent_uuid: "c0b823250fdc4c5db4cc6dcb02e185bc" member_type: NON_VOTER last_known_addr { host: "127.21.197.4" port: 45067 } attrs { promote: true } } }
I20260710 11:00:17.938548 23561 consensus_queue.cc:237] T 9088f8cf62e94a83b828d0e0f562c536 P ff8315de3d4e4e7a89b5d9cf9381b818 [LEADER]: Queue going to LEADER mode. State: All replicated index: 0, Majority replicated index: 1, Committed index: 1, Last appended: 1.1, Last appended by leader: 0, Current term: 1, Majority size: 2, State: 0, Mode: LEADER, active raft config: opid_index: 2 OBSOLETE_local: false peers { permanent_uuid: "c5195895e0cf45f7836640f08a323417" member_type: VOTER last_known_addr { host: "127.21.197.1" port: 38247 } attrs { replace: true } } peers { permanent_uuid: "1ec0cc6dfcb64850a794d25677056b7e" member_type: VOTER last_known_addr { host: "127.21.197.2" port: 42241 } } peers { permanent_uuid: "ff8315de3d4e4e7a89b5d9cf9381b818" member_type: VOTER last_known_addr { host: "127.21.197.3" port: 37083 } } peers { permanent_uuid: "c0b823250fdc4c5db4cc6dcb02e185bc" member_type: NON_VOTER last_known_addr { host: "127.21.197.4" port: 45067 } attrs { promote: true } }
I20260710 11:00:17.938261 23308 catalog_manager.cc:5697] T 4779591865ee4257a06c002a1b7d90c4 P 1ec0cc6dfcb64850a794d25677056b7e reported cstate change: config changed from index -1 to 2, NON_VOTER c0b823250fdc4c5db4cc6dcb02e185bc (127.21.197.4) added. New cstate: current_term: 1 leader_uuid: "c5195895e0cf45f7836640f08a323417" committed_config { opid_index: 2 OBSOLETE_local: false peers { permanent_uuid: "c5195895e0cf45f7836640f08a323417" member_type: VOTER last_known_addr { host: "127.21.197.1" port: 38247 } } peers { permanent_uuid: "1ec0cc6dfcb64850a794d25677056b7e" member_type: VOTER last_known_addr { host: "127.21.197.2" port: 42241 } attrs { replace: true } } peers { permanent_uuid: "ff8315de3d4e4e7a89b5d9cf9381b818" member_type: VOTER last_known_addr { host: "127.21.197.3" port: 37083 } } peers { permanent_uuid: "c0b823250fdc4c5db4cc6dcb02e185bc" member_type: NON_VOTER last_known_addr { host: "127.21.197.4" port: 45067 } attrs { promote: true } } }
I20260710 11:00:17.949573 23486 raft_consensus.cc:1275] T 9088f8cf62e94a83b828d0e0f562c536 P 1ec0cc6dfcb64850a794d25677056b7e [term 1 FOLLOWER]: Refusing update from remote peer ff8315de3d4e4e7a89b5d9cf9381b818: Log matching property violated. Preceding OpId in replica: term: 1 index: 1. Preceding OpId from leader: term: 1 index: 2. (index mismatch)
W20260710 11:00:17.950049 23524 consensus_peers.cc:597] T 9088f8cf62e94a83b828d0e0f562c536 P ff8315de3d4e4e7a89b5d9cf9381b818 -> Peer c0b823250fdc4c5db4cc6dcb02e185bc (127.21.197.4:45067): Couldn't send request to peer c0b823250fdc4c5db4cc6dcb02e185bc. Error code: TABLET_NOT_FOUND (6). Status: Not found: Tablet not found: 9088f8cf62e94a83b828d0e0f562c536. This is attempt 1: this message will repeat every 5th retry.
I20260710 11:00:17.951049 23410 raft_consensus.cc:1275] T 9088f8cf62e94a83b828d0e0f562c536 P c5195895e0cf45f7836640f08a323417 [term 1 FOLLOWER]: Refusing update from remote peer ff8315de3d4e4e7a89b5d9cf9381b818: Log matching property violated. Preceding OpId in replica: term: 1 index: 1. Preceding OpId from leader: term: 1 index: 2. (index mismatch)
I20260710 11:00:17.951076 23981 consensus_queue.cc:1048] T 9088f8cf62e94a83b828d0e0f562c536 P ff8315de3d4e4e7a89b5d9cf9381b818 [LEADER]: Connected to new peer: Peer: permanent_uuid: "1ec0cc6dfcb64850a794d25677056b7e" member_type: VOTER last_known_addr { host: "127.21.197.2" port: 42241 }, Status: LMP_MISMATCH, Last received: 0.0, Next index: 2, Last known committed idx: 1, Time since last communication: 0.001s
I20260710 11:00:17.953548 24007 consensus_queue.cc:1048] T 9088f8cf62e94a83b828d0e0f562c536 P ff8315de3d4e4e7a89b5d9cf9381b818 [LEADER]: Connected to new peer: Peer: permanent_uuid: "c5195895e0cf45f7836640f08a323417" member_type: VOTER last_known_addr { host: "127.21.197.1" port: 38247 } attrs { replace: true }, Status: LMP_MISMATCH, Last received: 0.0, Next index: 2, Last known committed idx: 1, Time since last communication: 0.001s
I20260710 11:00:17.961680 24007 raft_consensus.cc:2955] T 9088f8cf62e94a83b828d0e0f562c536 P ff8315de3d4e4e7a89b5d9cf9381b818 [term 1 LEADER]: Committing config change with OpId 1.2: config changed from index -1 to 2, NON_VOTER c0b823250fdc4c5db4cc6dcb02e185bc (127.21.197.4) added. New config: { opid_index: 2 OBSOLETE_local: false peers { permanent_uuid: "c5195895e0cf45f7836640f08a323417" member_type: VOTER last_known_addr { host: "127.21.197.1" port: 38247 } attrs { replace: true } } peers { permanent_uuid: "1ec0cc6dfcb64850a794d25677056b7e" member_type: VOTER last_known_addr { host: "127.21.197.2" port: 42241 } } peers { permanent_uuid: "ff8315de3d4e4e7a89b5d9cf9381b818" member_type: VOTER last_known_addr { host: "127.21.197.3" port: 37083 } } peers { permanent_uuid: "c0b823250fdc4c5db4cc6dcb02e185bc" member_type: NON_VOTER last_known_addr { host: "127.21.197.4" port: 45067 } attrs { promote: true } } }
I20260710 11:00:17.963411 23410 raft_consensus.cc:2955] T 9088f8cf62e94a83b828d0e0f562c536 P c5195895e0cf45f7836640f08a323417 [term 1 FOLLOWER]: Committing config change with OpId 1.2: config changed from index -1 to 2, NON_VOTER c0b823250fdc4c5db4cc6dcb02e185bc (127.21.197.4) added. New config: { opid_index: 2 OBSOLETE_local: false peers { permanent_uuid: "c5195895e0cf45f7836640f08a323417" member_type: VOTER last_known_addr { host: "127.21.197.1" port: 38247 } attrs { replace: true } } peers { permanent_uuid: "1ec0cc6dfcb64850a794d25677056b7e" member_type: VOTER last_known_addr { host: "127.21.197.2" port: 42241 } } peers { permanent_uuid: "ff8315de3d4e4e7a89b5d9cf9381b818" member_type: VOTER last_known_addr { host: "127.21.197.3" port: 37083 } } peers { permanent_uuid: "c0b823250fdc4c5db4cc6dcb02e185bc" member_type: NON_VOTER last_known_addr { host: "127.21.197.4" port: 45067 } attrs { promote: true } } }
I20260710 11:00:17.965566 23486 raft_consensus.cc:2955] T 9088f8cf62e94a83b828d0e0f562c536 P 1ec0cc6dfcb64850a794d25677056b7e [term 1 FOLLOWER]: Committing config change with OpId 1.2: config changed from index -1 to 2, NON_VOTER c0b823250fdc4c5db4cc6dcb02e185bc (127.21.197.4) added. New config: { opid_index: 2 OBSOLETE_local: false peers { permanent_uuid: "c5195895e0cf45f7836640f08a323417" member_type: VOTER last_known_addr { host: "127.21.197.1" port: 38247 } attrs { replace: true } } peers { permanent_uuid: "1ec0cc6dfcb64850a794d25677056b7e" member_type: VOTER last_known_addr { host: "127.21.197.2" port: 42241 } } peers { permanent_uuid: "ff8315de3d4e4e7a89b5d9cf9381b818" member_type: VOTER last_known_addr { host: "127.21.197.3" port: 37083 } } peers { permanent_uuid: "c0b823250fdc4c5db4cc6dcb02e185bc" member_type: NON_VOTER last_known_addr { host: "127.21.197.4" port: 45067 } attrs { promote: true } } }
I20260710 11:00:17.978703 23308 catalog_manager.cc:5697] T 9088f8cf62e94a83b828d0e0f562c536 P c5195895e0cf45f7836640f08a323417 reported cstate change: config changed from index -1 to 2, NON_VOTER c0b823250fdc4c5db4cc6dcb02e185bc (127.21.197.4) added. New cstate: current_term: 1 leader_uuid: "ff8315de3d4e4e7a89b5d9cf9381b818" committed_config { opid_index: 2 OBSOLETE_local: false peers { permanent_uuid: "c5195895e0cf45f7836640f08a323417" member_type: VOTER last_known_addr { host: "127.21.197.1" port: 38247 } attrs { replace: true } } peers { permanent_uuid: "1ec0cc6dfcb64850a794d25677056b7e" member_type: VOTER last_known_addr { host: "127.21.197.2" port: 42241 } } peers { permanent_uuid: "ff8315de3d4e4e7a89b5d9cf9381b818" member_type: VOTER last_known_addr { host: "127.21.197.3" port: 37083 } } peers { permanent_uuid: "c0b823250fdc4c5db4cc6dcb02e185bc" member_type: NON_VOTER last_known_addr { host: "127.21.197.4" port: 45067 } attrs { promote: true } } }
I20260710 11:00:17.980230 23410 consensus_queue.cc:237] T 36dbf5a71b7f45c3926976b817cc8e61 P c5195895e0cf45f7836640f08a323417 [LEADER]: Queue going to LEADER mode. State: All replicated index: 0, Majority replicated index: 1, Committed index: 1, Last appended: 1.1, Last appended by leader: 0, Current term: 1, Majority size: 2, State: 0, Mode: LEADER, active raft config: opid_index: 2 OBSOLETE_local: false peers { permanent_uuid: "c5195895e0cf45f7836640f08a323417" member_type: VOTER last_known_addr { host: "127.21.197.1" port: 38247 } } peers { permanent_uuid: "1ec0cc6dfcb64850a794d25677056b7e" member_type: VOTER last_known_addr { host: "127.21.197.2" port: 42241 } } peers { permanent_uuid: "ff8315de3d4e4e7a89b5d9cf9381b818" member_type: VOTER last_known_addr { host: "127.21.197.3" port: 37083 } attrs { replace: true } } peers { permanent_uuid: "c0b823250fdc4c5db4cc6dcb02e185bc" member_type: NON_VOTER last_known_addr { host: "127.21.197.4" port: 45067 } attrs { promote: true } }
I20260710 11:00:17.989539 23561 raft_consensus.cc:1275] T 36dbf5a71b7f45c3926976b817cc8e61 P ff8315de3d4e4e7a89b5d9cf9381b818 [term 1 FOLLOWER]: Refusing update from remote peer c5195895e0cf45f7836640f08a323417: Log matching property violated. Preceding OpId in replica: term: 1 index: 1. Preceding OpId from leader: term: 1 index: 2. (index mismatch)
I20260710 11:00:17.990589 23486 raft_consensus.cc:1275] T 36dbf5a71b7f45c3926976b817cc8e61 P 1ec0cc6dfcb64850a794d25677056b7e [term 1 FOLLOWER]: Refusing update from remote peer c5195895e0cf45f7836640f08a323417: Log matching property violated. Preceding OpId in replica: term: 1 index: 1. Preceding OpId from leader: term: 1 index: 2. (index mismatch)
I20260710 11:00:17.991149 24012 consensus_queue.cc:1048] T 36dbf5a71b7f45c3926976b817cc8e61 P c5195895e0cf45f7836640f08a323417 [LEADER]: Connected to new peer: Peer: permanent_uuid: "ff8315de3d4e4e7a89b5d9cf9381b818" member_type: VOTER last_known_addr { host: "127.21.197.3" port: 37083 } attrs { replace: true }, Status: LMP_MISMATCH, Last received: 0.0, Next index: 2, Last known committed idx: 1, Time since last communication: 0.001s
I20260710 11:00:17.993544 24009 consensus_queue.cc:1048] T 36dbf5a71b7f45c3926976b817cc8e61 P c5195895e0cf45f7836640f08a323417 [LEADER]: Connected to new peer: Peer: permanent_uuid: "1ec0cc6dfcb64850a794d25677056b7e" member_type: VOTER last_known_addr { host: "127.21.197.2" port: 42241 }, Status: LMP_MISMATCH, Last received: 0.0, Next index: 2, Last known committed idx: 1, Time since last communication: 0.000s
W20260710 11:00:17.995424 23375 consensus_peers.cc:597] T 36dbf5a71b7f45c3926976b817cc8e61 P c5195895e0cf45f7836640f08a323417 -> Peer c0b823250fdc4c5db4cc6dcb02e185bc (127.21.197.4:45067): Couldn't send request to peer c0b823250fdc4c5db4cc6dcb02e185bc. Error code: TABLET_NOT_FOUND (6). Status: Not found: Tablet not found: 36dbf5a71b7f45c3926976b817cc8e61. This is attempt 1: this message will repeat every 5th retry.
I20260710 11:00:18.000662 24016 raft_consensus.cc:2955] T 36dbf5a71b7f45c3926976b817cc8e61 P c5195895e0cf45f7836640f08a323417 [term 1 LEADER]: Committing config change with OpId 1.2: config changed from index -1 to 2, NON_VOTER c0b823250fdc4c5db4cc6dcb02e185bc (127.21.197.4) added. New config: { opid_index: 2 OBSOLETE_local: false peers { permanent_uuid: "c5195895e0cf45f7836640f08a323417" member_type: VOTER last_known_addr { host: "127.21.197.1" port: 38247 } } peers { permanent_uuid: "1ec0cc6dfcb64850a794d25677056b7e" member_type: VOTER last_known_addr { host: "127.21.197.2" port: 42241 } } peers { permanent_uuid: "ff8315de3d4e4e7a89b5d9cf9381b818" member_type: VOTER last_known_addr { host: "127.21.197.3" port: 37083 } attrs { replace: true } } peers { permanent_uuid: "c0b823250fdc4c5db4cc6dcb02e185bc" member_type: NON_VOTER last_known_addr { host: "127.21.197.4" port: 45067 } attrs { promote: true } } }
I20260710 11:00:18.007609 23561 raft_consensus.cc:2955] T 36dbf5a71b7f45c3926976b817cc8e61 P ff8315de3d4e4e7a89b5d9cf9381b818 [term 1 FOLLOWER]: Committing config change with OpId 1.2: config changed from index -1 to 2, NON_VOTER c0b823250fdc4c5db4cc6dcb02e185bc (127.21.197.4) added. New config: { opid_index: 2 OBSOLETE_local: false peers { permanent_uuid: "c5195895e0cf45f7836640f08a323417" member_type: VOTER last_known_addr { host: "127.21.197.1" port: 38247 } } peers { permanent_uuid: "1ec0cc6dfcb64850a794d25677056b7e" member_type: VOTER last_known_addr { host: "127.21.197.2" port: 42241 } } peers { permanent_uuid: "ff8315de3d4e4e7a89b5d9cf9381b818" member_type: VOTER last_known_addr { host: "127.21.197.3" port: 37083 } attrs { replace: true } } peers { permanent_uuid: "c0b823250fdc4c5db4cc6dcb02e185bc" member_type: NON_VOTER last_known_addr { host: "127.21.197.4" port: 45067 } attrs { promote: true } } }
I20260710 11:00:18.013749 23486 raft_consensus.cc:2955] T 36dbf5a71b7f45c3926976b817cc8e61 P 1ec0cc6dfcb64850a794d25677056b7e [term 1 FOLLOWER]: Committing config change with OpId 1.2: config changed from index -1 to 2, NON_VOTER c0b823250fdc4c5db4cc6dcb02e185bc (127.21.197.4) added. New config: { opid_index: 2 OBSOLETE_local: false peers { permanent_uuid: "c5195895e0cf45f7836640f08a323417" member_type: VOTER last_known_addr { host: "127.21.197.1" port: 38247 } } peers { permanent_uuid: "1ec0cc6dfcb64850a794d25677056b7e" member_type: VOTER last_known_addr { host: "127.21.197.2" port: 42241 } } peers { permanent_uuid: "ff8315de3d4e4e7a89b5d9cf9381b818" member_type: VOTER last_known_addr { host: "127.21.197.3" port: 37083 } attrs { replace: true } } peers { permanent_uuid: "c0b823250fdc4c5db4cc6dcb02e185bc" member_type: NON_VOTER last_known_addr { host: "127.21.197.4" port: 45067 } attrs { promote: true } } }
I20260710 11:00:18.014954 23307 catalog_manager.cc:5697] T 36dbf5a71b7f45c3926976b817cc8e61 P c5195895e0cf45f7836640f08a323417 reported cstate change: config changed from index -1 to 2, NON_VOTER c0b823250fdc4c5db4cc6dcb02e185bc (127.21.197.4) added. New cstate: current_term: 1 leader_uuid: "c5195895e0cf45f7836640f08a323417" committed_config { opid_index: 2 OBSOLETE_local: false peers { permanent_uuid: "c5195895e0cf45f7836640f08a323417" member_type: VOTER last_known_addr { host: "127.21.197.1" port: 38247 } health_report { overall_health: HEALTHY } } peers { permanent_uuid: "1ec0cc6dfcb64850a794d25677056b7e" member_type: VOTER last_known_addr { host: "127.21.197.2" port: 42241 } health_report { overall_health: UNKNOWN } } peers { permanent_uuid: "ff8315de3d4e4e7a89b5d9cf9381b818" member_type: VOTER last_known_addr { host: "127.21.197.3" port: 37083 } attrs { replace: true } health_report { overall_health: HEALTHY } } peers { permanent_uuid: "c0b823250fdc4c5db4cc6dcb02e185bc" member_type: NON_VOTER last_known_addr { host: "127.21.197.4" port: 45067 } attrs { promote: true } health_report { overall_health: UNKNOWN } } }
I20260710 11:00:18.304097 24029 ts_tablet_manager.cc:933] T 4779591865ee4257a06c002a1b7d90c4 P c0b823250fdc4c5db4cc6dcb02e185bc: Initiating tablet copy from peer c5195895e0cf45f7836640f08a323417 (127.21.197.1:38247)
I20260710 11:00:18.306272 24029 tablet_copy_client.cc:323] T 4779591865ee4257a06c002a1b7d90c4 P c0b823250fdc4c5db4cc6dcb02e185bc: tablet copy: Beginning tablet copy session from remote peer at address 127.21.197.1:38247
I20260710 11:00:18.308156 23422 tablet_copy_service.cc:140] P c5195895e0cf45f7836640f08a323417: Received BeginTabletCopySession request for tablet 4779591865ee4257a06c002a1b7d90c4 from peer c0b823250fdc4c5db4cc6dcb02e185bc ({username='slave'} at 127.0.0.1:39538)
I20260710 11:00:18.308713 23422 tablet_copy_service.cc:161] P c5195895e0cf45f7836640f08a323417: Beginning new tablet copy session on tablet 4779591865ee4257a06c002a1b7d90c4 from peer c0b823250fdc4c5db4cc6dcb02e185bc at {username='slave'} at 127.0.0.1:39538: session id = c0b823250fdc4c5db4cc6dcb02e185bc-4779591865ee4257a06c002a1b7d90c4
I20260710 11:00:18.317317 23422 tablet_copy_source_session.cc:215] T 4779591865ee4257a06c002a1b7d90c4 P c5195895e0cf45f7836640f08a323417: Tablet Copy: opened 0 blocks and 1 log segments
I20260710 11:00:18.320995 24029 data_dirs.cc:400] Could only allocate 1 dirs of requested 3 for tablet 4779591865ee4257a06c002a1b7d90c4. 1 dirs total, 0 dirs full, 0 dirs failed
I20260710 11:00:18.333629 24029 tablet_copy_client.cc:806] T 4779591865ee4257a06c002a1b7d90c4 P c0b823250fdc4c5db4cc6dcb02e185bc: tablet copy: Starting download of 0 data blocks...
I20260710 11:00:18.334247 24029 tablet_copy_client.cc:670] T 4779591865ee4257a06c002a1b7d90c4 P c0b823250fdc4c5db4cc6dcb02e185bc: tablet copy: Starting download of 1 WAL segments...
I20260710 11:00:18.337970 24029 tablet_copy_client.cc:538] T 4779591865ee4257a06c002a1b7d90c4 P c0b823250fdc4c5db4cc6dcb02e185bc: tablet copy: Tablet Copy complete. Replacing tablet superblock.
I20260710 11:00:18.346047 24029 tablet_bootstrap.cc:492] T 4779591865ee4257a06c002a1b7d90c4 P c0b823250fdc4c5db4cc6dcb02e185bc: Bootstrap starting.
I20260710 11:00:18.368094 24029 tablet_bootstrap.cc:492] T 4779591865ee4257a06c002a1b7d90c4 P c0b823250fdc4c5db4cc6dcb02e185bc: Bootstrap replayed 1/1 log segments. Stats: ops{read=2 overwritten=0 applied=2 ignored=0} inserts{seen=0 ignored=0} mutations{seen=0 ignored=0} orphaned_commits=0. Pending: 0 replicates
I20260710 11:00:18.369228 24029 tablet_bootstrap.cc:492] T 4779591865ee4257a06c002a1b7d90c4 P c0b823250fdc4c5db4cc6dcb02e185bc: Bootstrap complete.
I20260710 11:00:18.369997 24029 ts_tablet_manager.cc:1403] T 4779591865ee4257a06c002a1b7d90c4 P c0b823250fdc4c5db4cc6dcb02e185bc: Time spent bootstrapping tablet: real 0.024s	user 0.010s	sys 0.013s
I20260710 11:00:18.373288 24029 raft_consensus.cc:359] T 4779591865ee4257a06c002a1b7d90c4 P c0b823250fdc4c5db4cc6dcb02e185bc [term 1 LEARNER]: Replica starting. Triggering 0 pending ops. Active config: opid_index: 2 OBSOLETE_local: false peers { permanent_uuid: "c5195895e0cf45f7836640f08a323417" member_type: VOTER last_known_addr { host: "127.21.197.1" port: 38247 } } peers { permanent_uuid: "1ec0cc6dfcb64850a794d25677056b7e" member_type: VOTER last_known_addr { host: "127.21.197.2" port: 42241 } attrs { replace: true } } peers { permanent_uuid: "ff8315de3d4e4e7a89b5d9cf9381b818" member_type: VOTER last_known_addr { host: "127.21.197.3" port: 37083 } } peers { permanent_uuid: "c0b823250fdc4c5db4cc6dcb02e185bc" member_type: NON_VOTER last_known_addr { host: "127.21.197.4" port: 45067 } attrs { promote: true } }
I20260710 11:00:18.374240 24029 raft_consensus.cc:740] T 4779591865ee4257a06c002a1b7d90c4 P c0b823250fdc4c5db4cc6dcb02e185bc [term 1 LEARNER]: Becoming Follower/Learner. State: Replica: c0b823250fdc4c5db4cc6dcb02e185bc, State: Initialized, Role: LEARNER
I20260710 11:00:18.374927 24029 consensus_queue.cc:260] T 4779591865ee4257a06c002a1b7d90c4 P c0b823250fdc4c5db4cc6dcb02e185bc [NON_LEADER]: Queue going to NON_LEADER mode. State: All replicated index: 0, Majority replicated index: 0, Committed index: 2, Last appended: 1.2, Last appended by leader: 2, Current term: 0, Majority size: -1, State: 0, Mode: NON_LEADER, active raft config: opid_index: 2 OBSOLETE_local: false peers { permanent_uuid: "c5195895e0cf45f7836640f08a323417" member_type: VOTER last_known_addr { host: "127.21.197.1" port: 38247 } } peers { permanent_uuid: "1ec0cc6dfcb64850a794d25677056b7e" member_type: VOTER last_known_addr { host: "127.21.197.2" port: 42241 } attrs { replace: true } } peers { permanent_uuid: "ff8315de3d4e4e7a89b5d9cf9381b818" member_type: VOTER last_known_addr { host: "127.21.197.3" port: 37083 } } peers { permanent_uuid: "c0b823250fdc4c5db4cc6dcb02e185bc" member_type: NON_VOTER last_known_addr { host: "127.21.197.4" port: 45067 } attrs { promote: true } }
I20260710 11:00:18.377388 24032 ts_tablet_manager.cc:933] T 2d8c960430a94fe281c2aab34fa4c0ae P c0b823250fdc4c5db4cc6dcb02e185bc: Initiating tablet copy from peer c5195895e0cf45f7836640f08a323417 (127.21.197.1:38247)
I20260710 11:00:18.378955 24029 ts_tablet_manager.cc:1434] T 4779591865ee4257a06c002a1b7d90c4 P c0b823250fdc4c5db4cc6dcb02e185bc: Time spent starting tablet: real 0.009s	user 0.001s	sys 0.006s
I20260710 11:00:18.381019 23422 tablet_copy_service.cc:342] P c5195895e0cf45f7836640f08a323417: Request end of tablet copy session c0b823250fdc4c5db4cc6dcb02e185bc-4779591865ee4257a06c002a1b7d90c4 received from {username='slave'} at 127.0.0.1:39538
I20260710 11:00:18.381503 23422 tablet_copy_service.cc:434] P c5195895e0cf45f7836640f08a323417: ending tablet copy session c0b823250fdc4c5db4cc6dcb02e185bc-4779591865ee4257a06c002a1b7d90c4 on tablet 4779591865ee4257a06c002a1b7d90c4 with peer c0b823250fdc4c5db4cc6dcb02e185bc
I20260710 11:00:18.390663 24032 tablet_copy_client.cc:323] T 2d8c960430a94fe281c2aab34fa4c0ae P c0b823250fdc4c5db4cc6dcb02e185bc: tablet copy: Beginning tablet copy session from remote peer at address 127.21.197.1:38247
I20260710 11:00:18.392681 23422 tablet_copy_service.cc:140] P c5195895e0cf45f7836640f08a323417: Received BeginTabletCopySession request for tablet 2d8c960430a94fe281c2aab34fa4c0ae from peer c0b823250fdc4c5db4cc6dcb02e185bc ({username='slave'} at 127.0.0.1:39538)
I20260710 11:00:18.393262 23422 tablet_copy_service.cc:161] P c5195895e0cf45f7836640f08a323417: Beginning new tablet copy session on tablet 2d8c960430a94fe281c2aab34fa4c0ae from peer c0b823250fdc4c5db4cc6dcb02e185bc at {username='slave'} at 127.0.0.1:39538: session id = c0b823250fdc4c5db4cc6dcb02e185bc-2d8c960430a94fe281c2aab34fa4c0ae
I20260710 11:00:18.399932 23422 tablet_copy_source_session.cc:215] T 2d8c960430a94fe281c2aab34fa4c0ae P c5195895e0cf45f7836640f08a323417: Tablet Copy: opened 0 blocks and 1 log segments
I20260710 11:00:18.400542 24029 ts_tablet_manager.cc:933] T 9088f8cf62e94a83b828d0e0f562c536 P c0b823250fdc4c5db4cc6dcb02e185bc: Initiating tablet copy from peer ff8315de3d4e4e7a89b5d9cf9381b818 (127.21.197.3:37083)
I20260710 11:00:18.402644 24029 tablet_copy_client.cc:323] T 9088f8cf62e94a83b828d0e0f562c536 P c0b823250fdc4c5db4cc6dcb02e185bc: tablet copy: Beginning tablet copy session from remote peer at address 127.21.197.3:37083
I20260710 11:00:18.403156 24032 data_dirs.cc:400] Could only allocate 1 dirs of requested 3 for tablet 2d8c960430a94fe281c2aab34fa4c0ae. 1 dirs total, 0 dirs full, 0 dirs failed
I20260710 11:00:18.404419 23571 tablet_copy_service.cc:140] P ff8315de3d4e4e7a89b5d9cf9381b818: Received BeginTabletCopySession request for tablet 9088f8cf62e94a83b828d0e0f562c536 from peer c0b823250fdc4c5db4cc6dcb02e185bc ({username='slave'} at 127.0.0.1:60482)
I20260710 11:00:18.405009 23571 tablet_copy_service.cc:161] P ff8315de3d4e4e7a89b5d9cf9381b818: Beginning new tablet copy session on tablet 9088f8cf62e94a83b828d0e0f562c536 from peer c0b823250fdc4c5db4cc6dcb02e185bc at {username='slave'} at 127.0.0.1:60482: session id = c0b823250fdc4c5db4cc6dcb02e185bc-9088f8cf62e94a83b828d0e0f562c536
I20260710 11:00:18.413702 23571 tablet_copy_source_session.cc:215] T 9088f8cf62e94a83b828d0e0f562c536 P ff8315de3d4e4e7a89b5d9cf9381b818: Tablet Copy: opened 0 blocks and 1 log segments
I20260710 11:00:18.418104 24029 data_dirs.cc:400] Could only allocate 1 dirs of requested 3 for tablet 9088f8cf62e94a83b828d0e0f562c536. 1 dirs total, 0 dirs full, 0 dirs failed
I20260710 11:00:18.422541 24032 tablet_copy_client.cc:806] T 2d8c960430a94fe281c2aab34fa4c0ae P c0b823250fdc4c5db4cc6dcb02e185bc: tablet copy: Starting download of 0 data blocks...
I20260710 11:00:18.423234 24032 tablet_copy_client.cc:670] T 2d8c960430a94fe281c2aab34fa4c0ae P c0b823250fdc4c5db4cc6dcb02e185bc: tablet copy: Starting download of 1 WAL segments...
I20260710 11:00:18.427026 24032 tablet_copy_client.cc:538] T 2d8c960430a94fe281c2aab34fa4c0ae P c0b823250fdc4c5db4cc6dcb02e185bc: tablet copy: Tablet Copy complete. Replacing tablet superblock.
I20260710 11:00:18.435276 24029 tablet_copy_client.cc:806] T 9088f8cf62e94a83b828d0e0f562c536 P c0b823250fdc4c5db4cc6dcb02e185bc: tablet copy: Starting download of 0 data blocks...
I20260710 11:00:18.435933 24029 tablet_copy_client.cc:670] T 9088f8cf62e94a83b828d0e0f562c536 P c0b823250fdc4c5db4cc6dcb02e185bc: tablet copy: Starting download of 1 WAL segments...
I20260710 11:00:18.436902 24032 tablet_bootstrap.cc:492] T 2d8c960430a94fe281c2aab34fa4c0ae P c0b823250fdc4c5db4cc6dcb02e185bc: Bootstrap starting.
I20260710 11:00:18.440006 24029 tablet_copy_client.cc:538] T 9088f8cf62e94a83b828d0e0f562c536 P c0b823250fdc4c5db4cc6dcb02e185bc: tablet copy: Tablet Copy complete. Replacing tablet superblock.
I20260710 11:00:18.450212 24029 tablet_bootstrap.cc:492] T 9088f8cf62e94a83b828d0e0f562c536 P c0b823250fdc4c5db4cc6dcb02e185bc: Bootstrap starting.
I20260710 11:00:18.465294 24032 tablet_bootstrap.cc:492] T 2d8c960430a94fe281c2aab34fa4c0ae P c0b823250fdc4c5db4cc6dcb02e185bc: Bootstrap replayed 1/1 log segments. Stats: ops{read=2 overwritten=0 applied=2 ignored=0} inserts{seen=0 ignored=0} mutations{seen=0 ignored=0} orphaned_commits=0. Pending: 0 replicates
I20260710 11:00:18.466361 24032 tablet_bootstrap.cc:492] T 2d8c960430a94fe281c2aab34fa4c0ae P c0b823250fdc4c5db4cc6dcb02e185bc: Bootstrap complete.
I20260710 11:00:18.467105 24032 ts_tablet_manager.cc:1403] T 2d8c960430a94fe281c2aab34fa4c0ae P c0b823250fdc4c5db4cc6dcb02e185bc: Time spent bootstrapping tablet: real 0.030s	user 0.013s	sys 0.013s
I20260710 11:00:18.470337 24032 raft_consensus.cc:359] T 2d8c960430a94fe281c2aab34fa4c0ae P c0b823250fdc4c5db4cc6dcb02e185bc [term 1 LEARNER]: Replica starting. Triggering 0 pending ops. Active config: opid_index: 2 OBSOLETE_local: false peers { permanent_uuid: "c5195895e0cf45f7836640f08a323417" member_type: VOTER last_known_addr { host: "127.21.197.1" port: 38247 } } peers { permanent_uuid: "1ec0cc6dfcb64850a794d25677056b7e" member_type: VOTER last_known_addr { host: "127.21.197.2" port: 42241 } attrs { replace: true } } peers { permanent_uuid: "ff8315de3d4e4e7a89b5d9cf9381b818" member_type: VOTER last_known_addr { host: "127.21.197.3" port: 37083 } } peers { permanent_uuid: "c0b823250fdc4c5db4cc6dcb02e185bc" member_type: NON_VOTER last_known_addr { host: "127.21.197.4" port: 45067 } attrs { promote: true } }
I20260710 11:00:18.471208 24032 raft_consensus.cc:740] T 2d8c960430a94fe281c2aab34fa4c0ae P c0b823250fdc4c5db4cc6dcb02e185bc [term 1 LEARNER]: Becoming Follower/Learner. State: Replica: c0b823250fdc4c5db4cc6dcb02e185bc, State: Initialized, Role: LEARNER
I20260710 11:00:18.472219 24029 tablet_bootstrap.cc:492] T 9088f8cf62e94a83b828d0e0f562c536 P c0b823250fdc4c5db4cc6dcb02e185bc: Bootstrap replayed 1/1 log segments. Stats: ops{read=2 overwritten=0 applied=2 ignored=0} inserts{seen=0 ignored=0} mutations{seen=0 ignored=0} orphaned_commits=0. Pending: 0 replicates
I20260710 11:00:18.471873 24032 consensus_queue.cc:260] T 2d8c960430a94fe281c2aab34fa4c0ae P c0b823250fdc4c5db4cc6dcb02e185bc [NON_LEADER]: Queue going to NON_LEADER mode. State: All replicated index: 0, Majority replicated index: 0, Committed index: 2, Last appended: 1.2, Last appended by leader: 2, Current term: 0, Majority size: -1, State: 0, Mode: NON_LEADER, active raft config: opid_index: 2 OBSOLETE_local: false peers { permanent_uuid: "c5195895e0cf45f7836640f08a323417" member_type: VOTER last_known_addr { host: "127.21.197.1" port: 38247 } } peers { permanent_uuid: "1ec0cc6dfcb64850a794d25677056b7e" member_type: VOTER last_known_addr { host: "127.21.197.2" port: 42241 } attrs { replace: true } } peers { permanent_uuid: "ff8315de3d4e4e7a89b5d9cf9381b818" member_type: VOTER last_known_addr { host: "127.21.197.3" port: 37083 } } peers { permanent_uuid: "c0b823250fdc4c5db4cc6dcb02e185bc" member_type: NON_VOTER last_known_addr { host: "127.21.197.4" port: 45067 } attrs { promote: true } }
I20260710 11:00:18.473623 24029 tablet_bootstrap.cc:492] T 9088f8cf62e94a83b828d0e0f562c536 P c0b823250fdc4c5db4cc6dcb02e185bc: Bootstrap complete.
I20260710 11:00:18.474422 24029 ts_tablet_manager.cc:1403] T 9088f8cf62e94a83b828d0e0f562c536 P c0b823250fdc4c5db4cc6dcb02e185bc: Time spent bootstrapping tablet: real 0.025s	user 0.014s	sys 0.008s
I20260710 11:00:18.474423 24032 ts_tablet_manager.cc:1434] T 2d8c960430a94fe281c2aab34fa4c0ae P c0b823250fdc4c5db4cc6dcb02e185bc: Time spent starting tablet: real 0.007s	user 0.007s	sys 0.000s
I20260710 11:00:18.476576 23422 tablet_copy_service.cc:342] P c5195895e0cf45f7836640f08a323417: Request end of tablet copy session c0b823250fdc4c5db4cc6dcb02e185bc-2d8c960430a94fe281c2aab34fa4c0ae received from {username='slave'} at 127.0.0.1:39538
I20260710 11:00:18.477033 23422 tablet_copy_service.cc:434] P c5195895e0cf45f7836640f08a323417: ending tablet copy session c0b823250fdc4c5db4cc6dcb02e185bc-2d8c960430a94fe281c2aab34fa4c0ae on tablet 2d8c960430a94fe281c2aab34fa4c0ae with peer c0b823250fdc4c5db4cc6dcb02e185bc
I20260710 11:00:18.478271 24029 raft_consensus.cc:359] T 9088f8cf62e94a83b828d0e0f562c536 P c0b823250fdc4c5db4cc6dcb02e185bc [term 1 LEARNER]: Replica starting. Triggering 0 pending ops. Active config: opid_index: 2 OBSOLETE_local: false peers { permanent_uuid: "c5195895e0cf45f7836640f08a323417" member_type: VOTER last_known_addr { host: "127.21.197.1" port: 38247 } attrs { replace: true } } peers { permanent_uuid: "1ec0cc6dfcb64850a794d25677056b7e" member_type: VOTER last_known_addr { host: "127.21.197.2" port: 42241 } } peers { permanent_uuid: "ff8315de3d4e4e7a89b5d9cf9381b818" member_type: VOTER last_known_addr { host: "127.21.197.3" port: 37083 } } peers { permanent_uuid: "c0b823250fdc4c5db4cc6dcb02e185bc" member_type: NON_VOTER last_known_addr { host: "127.21.197.4" port: 45067 } attrs { promote: true } }
I20260710 11:00:18.479236 24029 raft_consensus.cc:740] T 9088f8cf62e94a83b828d0e0f562c536 P c0b823250fdc4c5db4cc6dcb02e185bc [term 1 LEARNER]: Becoming Follower/Learner. State: Replica: c0b823250fdc4c5db4cc6dcb02e185bc, State: Initialized, Role: LEARNER
I20260710 11:00:18.479889 24029 consensus_queue.cc:260] T 9088f8cf62e94a83b828d0e0f562c536 P c0b823250fdc4c5db4cc6dcb02e185bc [NON_LEADER]: Queue going to NON_LEADER mode. State: All replicated index: 0, Majority replicated index: 0, Committed index: 2, Last appended: 1.2, Last appended by leader: 2, Current term: 0, Majority size: -1, State: 0, Mode: NON_LEADER, active raft config: opid_index: 2 OBSOLETE_local: false peers { permanent_uuid: "c5195895e0cf45f7836640f08a323417" member_type: VOTER last_known_addr { host: "127.21.197.1" port: 38247 } attrs { replace: true } } peers { permanent_uuid: "1ec0cc6dfcb64850a794d25677056b7e" member_type: VOTER last_known_addr { host: "127.21.197.2" port: 42241 } } peers { permanent_uuid: "ff8315de3d4e4e7a89b5d9cf9381b818" member_type: VOTER last_known_addr { host: "127.21.197.3" port: 37083 } } peers { permanent_uuid: "c0b823250fdc4c5db4cc6dcb02e185bc" member_type: NON_VOTER last_known_addr { host: "127.21.197.4" port: 45067 } attrs { promote: true } }
I20260710 11:00:18.482010 24029 ts_tablet_manager.cc:1434] T 9088f8cf62e94a83b828d0e0f562c536 P c0b823250fdc4c5db4cc6dcb02e185bc: Time spent starting tablet: real 0.007s	user 0.006s	sys 0.000s
I20260710 11:00:18.484021 23571 tablet_copy_service.cc:342] P ff8315de3d4e4e7a89b5d9cf9381b818: Request end of tablet copy session c0b823250fdc4c5db4cc6dcb02e185bc-9088f8cf62e94a83b828d0e0f562c536 received from {username='slave'} at 127.0.0.1:60482
I20260710 11:00:18.484457 23571 tablet_copy_service.cc:434] P ff8315de3d4e4e7a89b5d9cf9381b818: ending tablet copy session c0b823250fdc4c5db4cc6dcb02e185bc-9088f8cf62e94a83b828d0e0f562c536 on tablet 9088f8cf62e94a83b828d0e0f562c536 with peer c0b823250fdc4c5db4cc6dcb02e185bc
I20260710 11:00:18.542696 24029 ts_tablet_manager.cc:933] T 36dbf5a71b7f45c3926976b817cc8e61 P c0b823250fdc4c5db4cc6dcb02e185bc: Initiating tablet copy from peer c5195895e0cf45f7836640f08a323417 (127.21.197.1:38247)
I20260710 11:00:18.544476 24029 tablet_copy_client.cc:323] T 36dbf5a71b7f45c3926976b817cc8e61 P c0b823250fdc4c5db4cc6dcb02e185bc: tablet copy: Beginning tablet copy session from remote peer at address 127.21.197.1:38247
I20260710 11:00:18.546320 23422 tablet_copy_service.cc:140] P c5195895e0cf45f7836640f08a323417: Received BeginTabletCopySession request for tablet 36dbf5a71b7f45c3926976b817cc8e61 from peer c0b823250fdc4c5db4cc6dcb02e185bc ({username='slave'} at 127.0.0.1:39538)
I20260710 11:00:18.546878 23422 tablet_copy_service.cc:161] P c5195895e0cf45f7836640f08a323417: Beginning new tablet copy session on tablet 36dbf5a71b7f45c3926976b817cc8e61 from peer c0b823250fdc4c5db4cc6dcb02e185bc at {username='slave'} at 127.0.0.1:39538: session id = c0b823250fdc4c5db4cc6dcb02e185bc-36dbf5a71b7f45c3926976b817cc8e61
I20260710 11:00:18.555433 23422 tablet_copy_source_session.cc:215] T 36dbf5a71b7f45c3926976b817cc8e61 P c5195895e0cf45f7836640f08a323417: Tablet Copy: opened 0 blocks and 1 log segments
I20260710 11:00:18.558952 24029 data_dirs.cc:400] Could only allocate 1 dirs of requested 3 for tablet 36dbf5a71b7f45c3926976b817cc8e61. 1 dirs total, 0 dirs full, 0 dirs failed
I20260710 11:00:18.576040 24029 tablet_copy_client.cc:806] T 36dbf5a71b7f45c3926976b817cc8e61 P c0b823250fdc4c5db4cc6dcb02e185bc: tablet copy: Starting download of 0 data blocks...
