I20260710 11:04:05.717458 32141 tablet_service.cc:1511] Processing CreateTablet for tablet 025f76e97af44d1dbeb0f2c5fcd6d687 (DEFAULT_TABLE table=test-workload [id=dcd3f463f23e486b9a898b7bc6c03077]), partition=RANGE (key) PARTITION 1431655760 <= VALUES < 1521134245
I20260710 11:04:05.738472 32141 data_dirs.cc:400] Could only allocate 1 dirs of requested 3 for tablet 025f76e97af44d1dbeb0f2c5fcd6d687. 1 dirs total, 0 dirs full, 0 dirs failed
I20260710 11:04:05.738737 32214 tablet_service.cc:1511] Processing CreateTablet for tablet 19454c67f065463baccd7ed87e361639 (DEFAULT_TABLE table=test-workload [id=dcd3f463f23e486b9a898b7bc6c03077]), partition=RANGE (key) PARTITION 1789569700 <= VALUES < 1879048185
I20260710 11:04:05.739979 32214 data_dirs.cc:400] Could only allocate 1 dirs of requested 3 for tablet 19454c67f065463baccd7ed87e361639. 1 dirs total, 0 dirs full, 0 dirs failed
I20260710 11:04:05.718835 32223 tablet_service.cc:1511] Processing CreateTablet for tablet e1509d37fb2047ceaf3fa1bb3c2bf1b3 (DEFAULT_TABLE table=test-workload [id=dcd3f463f23e486b9a898b7bc6c03077]), partition=RANGE (key) PARTITION 1342177275 <= VALUES < 1431655760
I20260710 11:04:05.741703 32223 data_dirs.cc:400] Could only allocate 1 dirs of requested 3 for tablet e1509d37fb2047ceaf3fa1bb3c2bf1b3. 1 dirs total, 0 dirs full, 0 dirs failed
I20260710 11:04:05.743350 32143 data_dirs.cc:400] Could only allocate 1 dirs of requested 3 for tablet 1d8d2490f901405ca77300d4a350a74c. 1 dirs total, 0 dirs full, 0 dirs failed
I20260710 11:04:05.719895 32140 tablet_service.cc:1511] Processing CreateTablet for tablet e1509d37fb2047ceaf3fa1bb3c2bf1b3 (DEFAULT_TABLE table=test-workload [id=dcd3f463f23e486b9a898b7bc6c03077]), partition=RANGE (key) PARTITION 1342177275 <= VALUES < 1431655760
I20260710 11:04:05.716555 32294 tablet_service.cc:1511] Processing CreateTablet for tablet 5757f321b13041d5880400038e714e87 (DEFAULT_TABLE table=test-workload [id=dcd3f463f23e486b9a898b7bc6c03077]), partition=RANGE (key) PARTITION 1700091215 <= VALUES < 1789569700
I20260710 11:04:05.745177 32140 data_dirs.cc:400] Could only allocate 1 dirs of requested 3 for tablet e1509d37fb2047ceaf3fa1bb3c2bf1b3. 1 dirs total, 0 dirs full, 0 dirs failed
I20260710 11:04:05.750478 32146 tablet_service.cc:1511] Processing CreateTablet for tablet 6aaab1323b5d467d87d63714301c1a31 (DEFAULT_TABLE table=test-workload [id=dcd3f463f23e486b9a898b7bc6c03077]), partition=RANGE (key) PARTITION 1521134245 <= VALUES < 1610612730
I20260710 11:04:05.751858 32146 data_dirs.cc:400] Could only allocate 1 dirs of requested 3 for tablet 6aaab1323b5d467d87d63714301c1a31. 1 dirs total, 0 dirs full, 0 dirs failed
I20260710 11:04:05.753950 32289 data_dirs.cc:400] Could only allocate 1 dirs of requested 3 for tablet e1509d37fb2047ceaf3fa1bb3c2bf1b3. 1 dirs total, 0 dirs full, 0 dirs failed
I20260710 11:04:05.754596 32295 data_dirs.cc:400] Could only allocate 1 dirs of requested 3 for tablet 1d8d2490f901405ca77300d4a350a74c. 1 dirs total, 0 dirs full, 0 dirs failed
I20260710 11:04:05.712324 32288 tablet_service.cc:1511] Processing CreateTablet for tablet 6aaab1323b5d467d87d63714301c1a31 (DEFAULT_TABLE table=test-workload [id=dcd3f463f23e486b9a898b7bc6c03077]), partition=RANGE (key) PARTITION 1521134245 <= VALUES < 1610612730
I20260710 11:04:05.756760 32288 data_dirs.cc:400] Could only allocate 1 dirs of requested 3 for tablet 6aaab1323b5d467d87d63714301c1a31. 1 dirs total, 0 dirs full, 0 dirs failed
I20260710 11:04:05.761590 32297 data_dirs.cc:400] Could only allocate 1 dirs of requested 3 for tablet 025f76e97af44d1dbeb0f2c5fcd6d687. 1 dirs total, 0 dirs full, 0 dirs failed
I20260710 11:04:05.721042 32348 tablet_bootstrap.cc:492] T 75e1cbbee4214061acaa22dd4548167e P 8cfe023106854f2e9476c651893ccb90: Bootstrap starting.
I20260710 11:04:05.726336 32219 tablet_service.cc:1511] Processing CreateTablet for tablet 025f76e97af44d1dbeb0f2c5fcd6d687 (DEFAULT_TABLE table=test-workload [id=dcd3f463f23e486b9a898b7bc6c03077]), partition=RANGE (key) PARTITION 1431655760 <= VALUES < 1521134245
I20260710 11:04:05.765236 32294 data_dirs.cc:400] Could only allocate 1 dirs of requested 3 for tablet 5757f321b13041d5880400038e714e87. 1 dirs total, 0 dirs full, 0 dirs failed
I20260710 11:04:05.766120 32219 data_dirs.cc:400] Could only allocate 1 dirs of requested 3 for tablet 025f76e97af44d1dbeb0f2c5fcd6d687. 1 dirs total, 0 dirs full, 0 dirs failed
I20260710 11:04:05.729035 32215 tablet_service.cc:1511] Processing CreateTablet for tablet 6aaab1323b5d467d87d63714301c1a31 (DEFAULT_TABLE table=test-workload [id=dcd3f463f23e486b9a898b7bc6c03077]), partition=RANGE (key) PARTITION 1521134245 <= VALUES < 1610612730
I20260710 11:04:05.773697 32215 data_dirs.cc:400] Could only allocate 1 dirs of requested 3 for tablet 6aaab1323b5d467d87d63714301c1a31. 1 dirs total, 0 dirs full, 0 dirs failed
I20260710 11:04:05.774351 32296 data_dirs.cc:400] Could only allocate 1 dirs of requested 3 for tablet 69298ace5a304de2a57a0c330a532b8e. 1 dirs total, 0 dirs full, 0 dirs failed
I20260710 11:04:05.777590 32348 tablet_bootstrap.cc:654] T 75e1cbbee4214061acaa22dd4548167e P 8cfe023106854f2e9476c651893ccb90: Neither blocks nor log segments found. Creating new log.
I20260710 11:04:05.731150 32290 tablet_service.cc:1511] Processing CreateTablet for tablet 6a8ff2be48c1456ba0cca90b1f146d75 (DEFAULT_TABLE table=test-workload [id=dcd3f463f23e486b9a898b7bc6c03077]), partition=RANGE (key) PARTITION 1610612730 <= VALUES < 1700091215
I20260710 11:04:05.721724 32349 tablet_bootstrap.cc:492] T 75e1cbbee4214061acaa22dd4548167e P a28e206be849462fba0aca4310ce85fc: Bootstrap starting.
I20260710 11:04:05.789845 32292 tablet_service.cc:1511] Processing CreateTablet for tablet 19454c67f065463baccd7ed87e361639 (DEFAULT_TABLE table=test-workload [id=dcd3f463f23e486b9a898b7bc6c03077]), partition=RANGE (key) PARTITION 1789569700 <= VALUES < 1879048185
I20260710 11:04:05.797144 32214 tablet_service.cc:1511] Processing CreateTablet for tablet 80b6e4b29bcc4a7bbb8df7ffb1604b5e (DEFAULT_TABLE table=test-workload [id=dcd3f463f23e486b9a898b7bc6c03077]), partition=RANGE (key) PARTITION 1879048185 <= VALUES < 1968526670
I20260710 11:04:05.732319 32217 tablet_service.cc:1511] Processing CreateTablet for tablet 5757f321b13041d5880400038e714e87 (DEFAULT_TABLE table=test-workload [id=dcd3f463f23e486b9a898b7bc6c03077]), partition=RANGE (key) PARTITION 1700091215 <= VALUES < 1789569700
I20260710 11:04:05.809686 32217 data_dirs.cc:400] Could only allocate 1 dirs of requested 3 for tablet 5757f321b13041d5880400038e714e87. 1 dirs total, 0 dirs full, 0 dirs failed
I20260710 11:04:05.784111 32139 tablet_service.cc:1511] Processing CreateTablet for tablet 6a8ff2be48c1456ba0cca90b1f146d75 (DEFAULT_TABLE table=test-workload [id=dcd3f463f23e486b9a898b7bc6c03077]), partition=RANGE (key) PARTITION 1610612730 <= VALUES < 1700091215
I20260710 11:04:05.813042 32139 data_dirs.cc:400] Could only allocate 1 dirs of requested 3 for tablet 6a8ff2be48c1456ba0cca90b1f146d75. 1 dirs total, 0 dirs full, 0 dirs failed
I20260710 11:04:05.813194 32220 tablet_service.cc:1511] Processing CreateTablet for tablet 6a8ff2be48c1456ba0cca90b1f146d75 (DEFAULT_TABLE table=test-workload [id=dcd3f463f23e486b9a898b7bc6c03077]), partition=RANGE (key) PARTITION 1610612730 <= VALUES < 1700091215
I20260710 11:04:05.813042 32214 data_dirs.cc:400] Could only allocate 1 dirs of requested 3 for tablet 80b6e4b29bcc4a7bbb8df7ffb1604b5e. 1 dirs total, 0 dirs full, 0 dirs failed
I20260710 11:04:05.792145 32347 tablet_bootstrap.cc:492] T 75e1cbbee4214061acaa22dd4548167e P ac8bb1f8f64a4aa891ea8d8bb656bfb6: No bootstrap required, opened a new log
I20260710 11:04:05.820777 32347 ts_tablet_manager.cc:1403] T 75e1cbbee4214061acaa22dd4548167e P ac8bb1f8f64a4aa891ea8d8bb656bfb6: Time spent bootstrapping tablet: real 0.152s	user 0.012s	sys 0.000s
I20260710 11:04:05.821868 32218 tablet_service.cc:1511] Processing CreateTablet for tablet 8c3b302f1c20427b8de6d4a1a4eb49ed (DEFAULT_TABLE table=test-workload [id=dcd3f463f23e486b9a898b7bc6c03077]), partition=RANGE (key) PARTITION 2058005155 <= VALUES
I20260710 11:04:05.823163 32218 data_dirs.cc:400] Could only allocate 1 dirs of requested 3 for tablet 8c3b302f1c20427b8de6d4a1a4eb49ed. 1 dirs total, 0 dirs full, 0 dirs failed
I20260710 11:04:05.804131 32221 tablet_service.cc:1511] Processing CreateTablet for tablet 3a91536fa05746eb81364f0b42f5e6af (DEFAULT_TABLE table=test-workload [id=dcd3f463f23e486b9a898b7bc6c03077]), partition=RANGE (key) PARTITION 1968526670 <= VALUES < 2058005155
I20260710 11:04:05.825531 32221 data_dirs.cc:400] Could only allocate 1 dirs of requested 3 for tablet 3a91536fa05746eb81364f0b42f5e6af. 1 dirs total, 0 dirs full, 0 dirs failed
I20260710 11:04:05.802474 32148 tablet_service.cc:1511] Processing CreateTablet for tablet 19454c67f065463baccd7ed87e361639 (DEFAULT_TABLE table=test-workload [id=dcd3f463f23e486b9a898b7bc6c03077]), partition=RANGE (key) PARTITION 1789569700 <= VALUES < 1879048185
I20260710 11:04:05.829173 32295 tablet_service.cc:1511] Processing CreateTablet for tablet 3a91536fa05746eb81364f0b42f5e6af (DEFAULT_TABLE table=test-workload [id=dcd3f463f23e486b9a898b7bc6c03077]), partition=RANGE (key) PARTITION 1968526670 <= VALUES < 2058005155
I20260710 11:04:05.830482 32148 data_dirs.cc:400] Could only allocate 1 dirs of requested 3 for tablet 19454c67f065463baccd7ed87e361639. 1 dirs total, 0 dirs full, 0 dirs failed
I20260710 11:04:05.830704 32290 data_dirs.cc:400] Could only allocate 1 dirs of requested 3 for tablet 6a8ff2be48c1456ba0cca90b1f146d75. 1 dirs total, 0 dirs full, 0 dirs failed
I20260710 11:04:05.835490 32291 tablet_service.cc:1511] Processing CreateTablet for tablet 8c3b302f1c20427b8de6d4a1a4eb49ed (DEFAULT_TABLE table=test-workload [id=dcd3f463f23e486b9a898b7bc6c03077]), partition=RANGE (key) PARTITION 2058005155 <= VALUES
I20260710 11:04:05.836649 32292 data_dirs.cc:400] Could only allocate 1 dirs of requested 3 for tablet 19454c67f065463baccd7ed87e361639. 1 dirs total, 0 dirs full, 0 dirs failed
I20260710 11:04:05.840652 32220 data_dirs.cc:400] Could only allocate 1 dirs of requested 3 for tablet 6a8ff2be48c1456ba0cca90b1f146d75. 1 dirs total, 0 dirs full, 0 dirs failed
I20260710 11:04:05.845259 32297 tablet_service.cc:1511] Processing CreateTablet for tablet 80b6e4b29bcc4a7bbb8df7ffb1604b5e (DEFAULT_TABLE table=test-workload [id=dcd3f463f23e486b9a898b7bc6c03077]), partition=RANGE (key) PARTITION 1879048185 <= VALUES < 1968526670
I20260710 11:04:05.846858 32297 data_dirs.cc:400] Could only allocate 1 dirs of requested 3 for tablet 80b6e4b29bcc4a7bbb8df7ffb1604b5e. 1 dirs total, 0 dirs full, 0 dirs failed
I20260710 11:04:05.851938 32349 tablet_bootstrap.cc:654] T 75e1cbbee4214061acaa22dd4548167e P a28e206be849462fba0aca4310ce85fc: Neither blocks nor log segments found. Creating new log.
I20260710 11:04:05.806037 32142 tablet_service.cc:1511] Processing CreateTablet for tablet 80b6e4b29bcc4a7bbb8df7ffb1604b5e (DEFAULT_TABLE table=test-workload [id=dcd3f463f23e486b9a898b7bc6c03077]), partition=RANGE (key) PARTITION 1879048185 <= VALUES < 1968526670
I20260710 11:04:05.853238 32142 data_dirs.cc:400] Could only allocate 1 dirs of requested 3 for tablet 80b6e4b29bcc4a7bbb8df7ffb1604b5e. 1 dirs total, 0 dirs full, 0 dirs failed
I20260710 11:04:05.855274 32295 data_dirs.cc:400] Could only allocate 1 dirs of requested 3 for tablet 3a91536fa05746eb81364f0b42f5e6af. 1 dirs total, 0 dirs full, 0 dirs failed
I20260710 11:04:05.856906 32291 data_dirs.cc:400] Could only allocate 1 dirs of requested 3 for tablet 8c3b302f1c20427b8de6d4a1a4eb49ed. 1 dirs total, 0 dirs full, 0 dirs failed
I20260710 11:04:05.874513 32144 tablet_service.cc:1511] Processing CreateTablet for tablet 3a91536fa05746eb81364f0b42f5e6af (DEFAULT_TABLE table=test-workload [id=dcd3f463f23e486b9a898b7bc6c03077]), partition=RANGE (key) PARTITION 1968526670 <= VALUES < 2058005155
I20260710 11:04:05.875842 32144 data_dirs.cc:400] Could only allocate 1 dirs of requested 3 for tablet 3a91536fa05746eb81364f0b42f5e6af. 1 dirs total, 0 dirs full, 0 dirs failed
I20260710 11:04:05.824302 32347 raft_consensus.cc:359] T 75e1cbbee4214061acaa22dd4548167e P ac8bb1f8f64a4aa891ea8d8bb656bfb6 [term 0 FOLLOWER]: Replica starting. Triggering 0 pending ops. Active config: opid_index: -1 OBSOLETE_local: false peers { permanent_uuid: "8cfe023106854f2e9476c651893ccb90" member_type: VOTER last_known_addr { host: "127.30.81.65" port: 46333 } } peers { permanent_uuid: "ac8bb1f8f64a4aa891ea8d8bb656bfb6" member_type: VOTER last_known_addr { host: "127.30.81.66" port: 37041 } } peers { permanent_uuid: "a28e206be849462fba0aca4310ce85fc" member_type: VOTER last_known_addr { host: "127.30.81.67" port: 45479 } }
I20260710 11:04:05.880491 32347 raft_consensus.cc:385] T 75e1cbbee4214061acaa22dd4548167e P ac8bb1f8f64a4aa891ea8d8bb656bfb6 [term 0 FOLLOWER]: Consensus starting up: Expiring failure detector timer to make a prompt election more likely
I20260710 11:04:05.887044 32349 tablet_bootstrap.cc:492] T 75e1cbbee4214061acaa22dd4548167e P a28e206be849462fba0aca4310ce85fc: No bootstrap required, opened a new log
I20260710 11:04:05.887672 32349 ts_tablet_manager.cc:1403] T 75e1cbbee4214061acaa22dd4548167e P a28e206be849462fba0aca4310ce85fc: Time spent bootstrapping tablet: real 0.166s	user 0.014s	sys 0.003s
I20260710 11:04:05.890980 32349 raft_consensus.cc:359] T 75e1cbbee4214061acaa22dd4548167e P a28e206be849462fba0aca4310ce85fc [term 0 FOLLOWER]: Replica starting. Triggering 0 pending ops. Active config: opid_index: -1 OBSOLETE_local: false peers { permanent_uuid: "8cfe023106854f2e9476c651893ccb90" member_type: VOTER last_known_addr { host: "127.30.81.65" port: 46333 } } peers { permanent_uuid: "ac8bb1f8f64a4aa891ea8d8bb656bfb6" member_type: VOTER last_known_addr { host: "127.30.81.66" port: 37041 } } peers { permanent_uuid: "a28e206be849462fba0aca4310ce85fc" member_type: VOTER last_known_addr { host: "127.30.81.67" port: 45479 } }
I20260710 11:04:05.891970 32349 raft_consensus.cc:385] T 75e1cbbee4214061acaa22dd4548167e P a28e206be849462fba0aca4310ce85fc [term 0 FOLLOWER]: Consensus starting up: Expiring failure detector timer to make a prompt election more likely
I20260710 11:04:05.892309 32349 raft_consensus.cc:740] T 75e1cbbee4214061acaa22dd4548167e P a28e206be849462fba0aca4310ce85fc [term 0 FOLLOWER]: Becoming Follower/Learner. State: Replica: a28e206be849462fba0aca4310ce85fc, State: Initialized, Role: FOLLOWER
I20260710 11:04:05.882803 32347 raft_consensus.cc:740] T 75e1cbbee4214061acaa22dd4548167e P ac8bb1f8f64a4aa891ea8d8bb656bfb6 [term 0 FOLLOWER]: Becoming Follower/Learner. State: Replica: ac8bb1f8f64a4aa891ea8d8bb656bfb6, State: Initialized, Role: FOLLOWER
W20260710 11:04:05.902797 32104 auto_rebalancer.cc:288] Could not retrieve cluster info: Service unavailable: Tablet not running
I20260710 11:04:05.907477 32347 consensus_queue.cc:260] T 75e1cbbee4214061acaa22dd4548167e P ac8bb1f8f64a4aa891ea8d8bb656bfb6 [NON_LEADER]: Queue going to NON_LEADER mode. State: All replicated index: 0, Majority replicated index: 0, Committed index: 0, Last appended: 0.0, Last appended by leader: 0, Current term: 0, Majority size: -1, State: 0, Mode: NON_LEADER, active raft config: opid_index: -1 OBSOLETE_local: false peers { permanent_uuid: "8cfe023106854f2e9476c651893ccb90" member_type: VOTER last_known_addr { host: "127.30.81.65" port: 46333 } } peers { permanent_uuid: "ac8bb1f8f64a4aa891ea8d8bb656bfb6" member_type: VOTER last_known_addr { host: "127.30.81.66" port: 37041 } } peers { permanent_uuid: "a28e206be849462fba0aca4310ce85fc" member_type: VOTER last_known_addr { host: "127.30.81.67" port: 45479 } }
I20260710 11:04:05.908080 32145 tablet_service.cc:1511] Processing CreateTablet for tablet 5757f321b13041d5880400038e714e87 (DEFAULT_TABLE table=test-workload [id=dcd3f463f23e486b9a898b7bc6c03077]), partition=RANGE (key) PARTITION 1700091215 <= VALUES < 1789569700
I20260710 11:04:05.909554 32145 data_dirs.cc:400] Could only allocate 1 dirs of requested 3 for tablet 5757f321b13041d5880400038e714e87. 1 dirs total, 0 dirs full, 0 dirs failed
I20260710 11:04:05.929951 32148 tablet_service.cc:1511] Processing CreateTablet for tablet 8c3b302f1c20427b8de6d4a1a4eb49ed (DEFAULT_TABLE table=test-workload [id=dcd3f463f23e486b9a898b7bc6c03077]), partition=RANGE (key) PARTITION 2058005155 <= VALUES
I20260710 11:04:05.929869 32348 tablet_bootstrap.cc:492] T 75e1cbbee4214061acaa22dd4548167e P 8cfe023106854f2e9476c651893ccb90: No bootstrap required, opened a new log
I20260710 11:04:05.931494 32348 ts_tablet_manager.cc:1403] T 75e1cbbee4214061acaa22dd4548167e P 8cfe023106854f2e9476c651893ccb90: Time spent bootstrapping tablet: real 0.211s	user 0.019s	sys 0.005s
I20260710 11:04:05.931738 32148 data_dirs.cc:400] Could only allocate 1 dirs of requested 3 for tablet 8c3b302f1c20427b8de6d4a1a4eb49ed. 1 dirs total, 0 dirs full, 0 dirs failed
I20260710 11:04:05.896242 32349 consensus_queue.cc:260] T 75e1cbbee4214061acaa22dd4548167e P a28e206be849462fba0aca4310ce85fc [NON_LEADER]: Queue going to NON_LEADER mode. State: All replicated index: 0, Majority replicated index: 0, Committed index: 0, Last appended: 0.0, Last appended by leader: 0, Current term: 0, Majority size: -1, State: 0, Mode: NON_LEADER, active raft config: opid_index: -1 OBSOLETE_local: false peers { permanent_uuid: "8cfe023106854f2e9476c651893ccb90" member_type: VOTER last_known_addr { host: "127.30.81.65" port: 46333 } } peers { permanent_uuid: "ac8bb1f8f64a4aa891ea8d8bb656bfb6" member_type: VOTER last_known_addr { host: "127.30.81.66" port: 37041 } } peers { permanent_uuid: "a28e206be849462fba0aca4310ce85fc" member_type: VOTER last_known_addr { host: "127.30.81.67" port: 45479 } }
I20260710 11:04:05.963763 32348 raft_consensus.cc:359] T 75e1cbbee4214061acaa22dd4548167e P 8cfe023106854f2e9476c651893ccb90 [term 0 FOLLOWER]: Replica starting. Triggering 0 pending ops. Active config: opid_index: -1 OBSOLETE_local: false peers { permanent_uuid: "8cfe023106854f2e9476c651893ccb90" member_type: VOTER last_known_addr { host: "127.30.81.65" port: 46333 } } peers { permanent_uuid: "ac8bb1f8f64a4aa891ea8d8bb656bfb6" member_type: VOTER last_known_addr { host: "127.30.81.66" port: 37041 } } peers { permanent_uuid: "a28e206be849462fba0aca4310ce85fc" member_type: VOTER last_known_addr { host: "127.30.81.67" port: 45479 } }
I20260710 11:04:05.964660 32348 raft_consensus.cc:385] T 75e1cbbee4214061acaa22dd4548167e P 8cfe023106854f2e9476c651893ccb90 [term 0 FOLLOWER]: Consensus starting up: Expiring failure detector timer to make a prompt election more likely
I20260710 11:04:05.964990 32348 raft_consensus.cc:740] T 75e1cbbee4214061acaa22dd4548167e P 8cfe023106854f2e9476c651893ccb90 [term 0 FOLLOWER]: Becoming Follower/Learner. State: Replica: 8cfe023106854f2e9476c651893ccb90, State: Initialized, Role: FOLLOWER
I20260710 11:04:05.969991 32347 ts_tablet_manager.cc:1434] T 75e1cbbee4214061acaa22dd4548167e P ac8bb1f8f64a4aa891ea8d8bb656bfb6: Time spent starting tablet: real 0.149s	user 0.022s	sys 0.032s
I20260710 11:04:05.970778 32258 heartbeater.cc:499] Master 127.30.81.126:45491 was elected leader, sending a full tablet report...
I20260710 11:04:05.971050 32347 tablet_bootstrap.cc:492] T 315f197bd7534ebf9539a4d91a310936 P ac8bb1f8f64a4aa891ea8d8bb656bfb6: Bootstrap starting.
I20260710 11:04:05.968644 32348 consensus_queue.cc:260] T 75e1cbbee4214061acaa22dd4548167e P 8cfe023106854f2e9476c651893ccb90 [NON_LEADER]: Queue going to NON_LEADER mode. State: All replicated index: 0, Majority replicated index: 0, Committed index: 0, Last appended: 0.0, Last appended by leader: 0, Current term: 0, Majority size: -1, State: 0, Mode: NON_LEADER, active raft config: opid_index: -1 OBSOLETE_local: false peers { permanent_uuid: "8cfe023106854f2e9476c651893ccb90" member_type: VOTER last_known_addr { host: "127.30.81.65" port: 46333 } } peers { permanent_uuid: "ac8bb1f8f64a4aa891ea8d8bb656bfb6" member_type: VOTER last_known_addr { host: "127.30.81.66" port: 37041 } } peers { permanent_uuid: "a28e206be849462fba0aca4310ce85fc" member_type: VOTER last_known_addr { host: "127.30.81.67" port: 45479 } }
I20260710 11:04:05.977416 32332 heartbeater.cc:499] Master 127.30.81.126:45491 was elected leader, sending a full tablet report...
I20260710 11:04:05.983456 32349 ts_tablet_manager.cc:1434] T 75e1cbbee4214061acaa22dd4548167e P a28e206be849462fba0aca4310ce85fc: Time spent starting tablet: real 0.095s	user 0.002s	sys 0.011s
I20260710 11:04:05.984725 32349 tablet_bootstrap.cc:492] T 5b198907cd614f8686dd40e603f40fb1 P a28e206be849462fba0aca4310ce85fc: Bootstrap starting.
I20260710 11:04:05.984678 32354 raft_consensus.cc:493] T 75e1cbbee4214061acaa22dd4548167e P ac8bb1f8f64a4aa891ea8d8bb656bfb6 [term 0 FOLLOWER]: Starting pre-election (no leader contacted us within the election timeout)
I20260710 11:04:05.985369 32354 raft_consensus.cc:515] T 75e1cbbee4214061acaa22dd4548167e P ac8bb1f8f64a4aa891ea8d8bb656bfb6 [term 0 FOLLOWER]: Starting pre-election with config: opid_index: -1 OBSOLETE_local: false peers { permanent_uuid: "8cfe023106854f2e9476c651893ccb90" member_type: VOTER last_known_addr { host: "127.30.81.65" port: 46333 } } peers { permanent_uuid: "ac8bb1f8f64a4aa891ea8d8bb656bfb6" member_type: VOTER last_known_addr { host: "127.30.81.66" port: 37041 } } peers { permanent_uuid: "a28e206be849462fba0aca4310ce85fc" member_type: VOTER last_known_addr { host: "127.30.81.67" port: 45479 } }
I20260710 11:04:05.992853 32347 tablet_bootstrap.cc:654] T 315f197bd7534ebf9539a4d91a310936 P ac8bb1f8f64a4aa891ea8d8bb656bfb6: Neither blocks nor log segments found. Creating new log.
I20260710 11:04:05.995014 32354 leader_election.cc:290] T 75e1cbbee4214061acaa22dd4548167e P ac8bb1f8f64a4aa891ea8d8bb656bfb6 [CANDIDATE]: Term 1 pre-election: Requested pre-vote from peers 8cfe023106854f2e9476c651893ccb90 (127.30.81.65:46333), a28e206be849462fba0aca4310ce85fc (127.30.81.67:45479)
I20260710 11:04:06.027245 32348 ts_tablet_manager.cc:1434] T 75e1cbbee4214061acaa22dd4548167e P 8cfe023106854f2e9476c651893ccb90: Time spent starting tablet: real 0.095s	user 0.008s	sys 0.017s
I20260710 11:04:06.028177 32183 heartbeater.cc:499] Master 127.30.81.126:45491 was elected leader, sending a full tablet report...
I20260710 11:04:06.030797 32347 tablet_bootstrap.cc:492] T 315f197bd7534ebf9539a4d91a310936 P ac8bb1f8f64a4aa891ea8d8bb656bfb6: No bootstrap required, opened a new log
I20260710 11:04:06.031535 32347 ts_tablet_manager.cc:1403] T 315f197bd7534ebf9539a4d91a310936 P ac8bb1f8f64a4aa891ea8d8bb656bfb6: Time spent bootstrapping tablet: real 0.061s	user 0.006s	sys 0.012s
I20260710 11:04:06.033771 32158 tablet_service.cc:1917] Received RequestConsensusVote() RPC: tablet_id: "75e1cbbee4214061acaa22dd4548167e" candidate_uuid: "ac8bb1f8f64a4aa891ea8d8bb656bfb6" candidate_term: 1 candidate_status { last_received { term: 0 index: 0 } } ignore_live_leader: false dest_uuid: "8cfe023106854f2e9476c651893ccb90" is_pre_election: true
I20260710 11:04:06.034547 32158 raft_consensus.cc:2468] T 75e1cbbee4214061acaa22dd4548167e P 8cfe023106854f2e9476c651893ccb90 [term 0 FOLLOWER]: Leader pre-election vote request: Granting yes vote for candidate ac8bb1f8f64a4aa891ea8d8bb656bfb6 in term 0.
I20260710 11:04:06.035943 32199 leader_election.cc:304] T 75e1cbbee4214061acaa22dd4548167e P ac8bb1f8f64a4aa891ea8d8bb656bfb6 [CANDIDATE]: Term 1 pre-election: Election decided. Result: candidate won. Election summary: received 2 responses out of 3 voters: 2 yes votes; 0 no votes. yes voters: 8cfe023106854f2e9476c651893ccb90, ac8bb1f8f64a4aa891ea8d8bb656bfb6; no voters: 
I20260710 11:04:06.037269 32354 raft_consensus.cc:2804] T 75e1cbbee4214061acaa22dd4548167e P ac8bb1f8f64a4aa891ea8d8bb656bfb6 [term 0 FOLLOWER]: Leader pre-election won for term 1
I20260710 11:04:06.037622 32354 raft_consensus.cc:493] T 75e1cbbee4214061acaa22dd4548167e P ac8bb1f8f64a4aa891ea8d8bb656bfb6 [term 0 FOLLOWER]: Starting leader election (no leader contacted us within the election timeout)
I20260710 11:04:06.037941 32354 raft_consensus.cc:3060] T 75e1cbbee4214061acaa22dd4548167e P ac8bb1f8f64a4aa891ea8d8bb656bfb6 [term 0 FOLLOWER]: Advancing to term 1
I20260710 11:04:06.039762 32347 raft_consensus.cc:359] T 315f197bd7534ebf9539a4d91a310936 P ac8bb1f8f64a4aa891ea8d8bb656bfb6 [term 0 FOLLOWER]: Replica starting. Triggering 0 pending ops. Active config: opid_index: -1 OBSOLETE_local: false peers { permanent_uuid: "8cfe023106854f2e9476c651893ccb90" member_type: VOTER last_known_addr { host: "127.30.81.65" port: 46333 } } peers { permanent_uuid: "ac8bb1f8f64a4aa891ea8d8bb656bfb6" member_type: VOTER last_known_addr { host: "127.30.81.66" port: 37041 } } peers { permanent_uuid: "a28e206be849462fba0aca4310ce85fc" member_type: VOTER last_known_addr { host: "127.30.81.67" port: 45479 } }
I20260710 11:04:06.040649 32347 raft_consensus.cc:385] T 315f197bd7534ebf9539a4d91a310936 P ac8bb1f8f64a4aa891ea8d8bb656bfb6 [term 0 FOLLOWER]: Consensus starting up: Expiring failure detector timer to make a prompt election more likely
I20260710 11:04:06.040984 32347 raft_consensus.cc:740] T 315f197bd7534ebf9539a4d91a310936 P ac8bb1f8f64a4aa891ea8d8bb656bfb6 [term 0 FOLLOWER]: Becoming Follower/Learner. State: Replica: ac8bb1f8f64a4aa891ea8d8bb656bfb6, State: Initialized, Role: FOLLOWER
I20260710 11:04:06.042235 32348 tablet_bootstrap.cc:492] T b57d3f6783804087b97ccdfa46a3ac9e P 8cfe023106854f2e9476c651893ccb90: Bootstrap starting.
I20260710 11:04:06.044607 32307 tablet_service.cc:1917] Received RequestConsensusVote() RPC: tablet_id: "75e1cbbee4214061acaa22dd4548167e" candidate_uuid: "ac8bb1f8f64a4aa891ea8d8bb656bfb6" candidate_term: 1 candidate_status { last_received { term: 0 index: 0 } } ignore_live_leader: false dest_uuid: "a28e206be849462fba0aca4310ce85fc" is_pre_election: true
I20260710 11:04:06.045272 32354 raft_consensus.cc:515] T 75e1cbbee4214061acaa22dd4548167e P ac8bb1f8f64a4aa891ea8d8bb656bfb6 [term 1 FOLLOWER]: Starting leader election with config: opid_index: -1 OBSOLETE_local: false peers { permanent_uuid: "8cfe023106854f2e9476c651893ccb90" member_type: VOTER last_known_addr { host: "127.30.81.65" port: 46333 } } peers { permanent_uuid: "ac8bb1f8f64a4aa891ea8d8bb656bfb6" member_type: VOTER last_known_addr { host: "127.30.81.66" port: 37041 } } peers { permanent_uuid: "a28e206be849462fba0aca4310ce85fc" member_type: VOTER last_known_addr { host: "127.30.81.67" port: 45479 } }
I20260710 11:04:06.045590 32307 raft_consensus.cc:2468] T 75e1cbbee4214061acaa22dd4548167e P a28e206be849462fba0aca4310ce85fc [term 0 FOLLOWER]: Leader pre-election vote request: Granting yes vote for candidate ac8bb1f8f64a4aa891ea8d8bb656bfb6 in term 0.
I20260710 11:04:06.047478 32354 leader_election.cc:290] T 75e1cbbee4214061acaa22dd4548167e P ac8bb1f8f64a4aa891ea8d8bb656bfb6 [CANDIDATE]: Term 1 election: Requested vote from peers 8cfe023106854f2e9476c651893ccb90 (127.30.81.65:46333), a28e206be849462fba0aca4310ce85fc (127.30.81.67:45479)
I20260710 11:04:06.048501 32158 tablet_service.cc:1917] Received RequestConsensusVote() RPC: tablet_id: "75e1cbbee4214061acaa22dd4548167e" candidate_uuid: "ac8bb1f8f64a4aa891ea8d8bb656bfb6" candidate_term: 1 candidate_status { last_received { term: 0 index: 0 } } ignore_live_leader: false dest_uuid: "8cfe023106854f2e9476c651893ccb90"
I20260710 11:04:06.049122 32158 raft_consensus.cc:3060] T 75e1cbbee4214061acaa22dd4548167e P 8cfe023106854f2e9476c651893ccb90 [term 0 FOLLOWER]: Advancing to term 1
I20260710 11:04:06.049377 32307 tablet_service.cc:1917] Received RequestConsensusVote() RPC: tablet_id: "75e1cbbee4214061acaa22dd4548167e" candidate_uuid: "ac8bb1f8f64a4aa891ea8d8bb656bfb6" candidate_term: 1 candidate_status { last_received { term: 0 index: 0 } } ignore_live_leader: false dest_uuid: "a28e206be849462fba0aca4310ce85fc"
I20260710 11:04:06.049926 32307 raft_consensus.cc:3060] T 75e1cbbee4214061acaa22dd4548167e P a28e206be849462fba0aca4310ce85fc [term 0 FOLLOWER]: Advancing to term 1
I20260710 11:04:06.036151 32349 tablet_bootstrap.cc:654] T 5b198907cd614f8686dd40e603f40fb1 P a28e206be849462fba0aca4310ce85fc: Neither blocks nor log segments found. Creating new log.
I20260710 11:04:06.051210 32347 consensus_queue.cc:260] T 315f197bd7534ebf9539a4d91a310936 P ac8bb1f8f64a4aa891ea8d8bb656bfb6 [NON_LEADER]: Queue going to NON_LEADER mode. State: All replicated index: 0, Majority replicated index: 0, Committed index: 0, Last appended: 0.0, Last appended by leader: 0, Current term: 0, Majority size: -1, State: 0, Mode: NON_LEADER, active raft config: opid_index: -1 OBSOLETE_local: false peers { permanent_uuid: "8cfe023106854f2e9476c651893ccb90" member_type: VOTER last_known_addr { host: "127.30.81.65" port: 46333 } } peers { permanent_uuid: "ac8bb1f8f64a4aa891ea8d8bb656bfb6" member_type: VOTER last_known_addr { host: "127.30.81.66" port: 37041 } } peers { permanent_uuid: "a28e206be849462fba0aca4310ce85fc" member_type: VOTER last_known_addr { host: "127.30.81.67" port: 45479 } }
I20260710 11:04:06.053618 32347 ts_tablet_manager.cc:1434] T 315f197bd7534ebf9539a4d91a310936 P ac8bb1f8f64a4aa891ea8d8bb656bfb6: Time spent starting tablet: real 0.022s	user 0.009s	sys 0.000s
I20260710 11:04:06.054639 32347 tablet_bootstrap.cc:492] T 57eaad5abdd9486e9be44342cf47795a P ac8bb1f8f64a4aa891ea8d8bb656bfb6: Bootstrap starting.
I20260710 11:04:06.059154 32348 tablet_bootstrap.cc:654] T b57d3f6783804087b97ccdfa46a3ac9e P 8cfe023106854f2e9476c651893ccb90: Neither blocks nor log segments found. Creating new log.
I20260710 11:04:06.067101 32158 raft_consensus.cc:2468] T 75e1cbbee4214061acaa22dd4548167e P 8cfe023106854f2e9476c651893ccb90 [term 1 FOLLOWER]: Leader election vote request: Granting yes vote for candidate ac8bb1f8f64a4aa891ea8d8bb656bfb6 in term 1.
I20260710 11:04:06.067657 32307 raft_consensus.cc:2468] T 75e1cbbee4214061acaa22dd4548167e P a28e206be849462fba0aca4310ce85fc [term 1 FOLLOWER]: Leader election vote request: Granting yes vote for candidate ac8bb1f8f64a4aa891ea8d8bb656bfb6 in term 1.
I20260710 11:04:06.068594 32199 leader_election.cc:304] T 75e1cbbee4214061acaa22dd4548167e P ac8bb1f8f64a4aa891ea8d8bb656bfb6 [CANDIDATE]: Term 1 election: Election decided. Result: candidate won. Election summary: received 2 responses out of 3 voters: 2 yes votes; 0 no votes. yes voters: 8cfe023106854f2e9476c651893ccb90, ac8bb1f8f64a4aa891ea8d8bb656bfb6; no voters: 
I20260710 11:04:06.069958 32353 raft_consensus.cc:2804] T 75e1cbbee4214061acaa22dd4548167e P ac8bb1f8f64a4aa891ea8d8bb656bfb6 [term 1 FOLLOWER]: Leader election won for term 1
I20260710 11:04:06.070446 32353 raft_consensus.cc:697] T 75e1cbbee4214061acaa22dd4548167e P ac8bb1f8f64a4aa891ea8d8bb656bfb6 [term 1 LEADER]: Becoming Leader. State: Replica: ac8bb1f8f64a4aa891ea8d8bb656bfb6, State: Running, Role: LEADER
I20260710 11:04:06.071337 32353 consensus_queue.cc:237] T 75e1cbbee4214061acaa22dd4548167e P ac8bb1f8f64a4aa891ea8d8bb656bfb6 [LEADER]: Queue going to LEADER mode. State: All replicated index: 0, Majority replicated index: 0, Committed index: 0, Last appended: 0.0, Last appended by leader: 0, Current term: 1, Majority size: 2, State: 0, Mode: LEADER, active raft config: opid_index: -1 OBSOLETE_local: false peers { permanent_uuid: "8cfe023106854f2e9476c651893ccb90" member_type: VOTER last_known_addr { host: "127.30.81.65" port: 46333 } } peers { permanent_uuid: "ac8bb1f8f64a4aa891ea8d8bb656bfb6" member_type: VOTER last_known_addr { host: "127.30.81.66" port: 37041 } } peers { permanent_uuid: "a28e206be849462fba0aca4310ce85fc" member_type: VOTER last_known_addr { host: "127.30.81.67" port: 45479 } }
I20260710 11:04:06.072734 32347 tablet_bootstrap.cc:654] T 57eaad5abdd9486e9be44342cf47795a P ac8bb1f8f64a4aa891ea8d8bb656bfb6: Neither blocks nor log segments found. Creating new log.
I20260710 11:04:06.079660 32348 tablet_bootstrap.cc:492] T b57d3f6783804087b97ccdfa46a3ac9e P 8cfe023106854f2e9476c651893ccb90: No bootstrap required, opened a new log
I20260710 11:04:06.080499 32348 ts_tablet_manager.cc:1403] T b57d3f6783804087b97ccdfa46a3ac9e P 8cfe023106854f2e9476c651893ccb90: Time spent bootstrapping tablet: real 0.038s	user 0.012s	sys 0.003s
I20260710 11:04:06.083825 32347 tablet_bootstrap.cc:492] T 57eaad5abdd9486e9be44342cf47795a P ac8bb1f8f64a4aa891ea8d8bb656bfb6: No bootstrap required, opened a new log
I20260710 11:04:06.084442 32347 ts_tablet_manager.cc:1403] T 57eaad5abdd9486e9be44342cf47795a P ac8bb1f8f64a4aa891ea8d8bb656bfb6: Time spent bootstrapping tablet: real 0.030s	user 0.014s	sys 0.007s
I20260710 11:04:06.083755 32348 raft_consensus.cc:359] T b57d3f6783804087b97ccdfa46a3ac9e P 8cfe023106854f2e9476c651893ccb90 [term 0 FOLLOWER]: Replica starting. Triggering 0 pending ops. Active config: opid_index: -1 OBSOLETE_local: false peers { permanent_uuid: "8cfe023106854f2e9476c651893ccb90" member_type: VOTER last_known_addr { host: "127.30.81.65" port: 46333 } } peers { permanent_uuid: "ac8bb1f8f64a4aa891ea8d8bb656bfb6" member_type: VOTER last_known_addr { host: "127.30.81.66" port: 37041 } } peers { permanent_uuid: "a28e206be849462fba0aca4310ce85fc" member_type: VOTER last_known_addr { host: "127.30.81.67" port: 45479 } }
I20260710 11:04:06.084911 32348 raft_consensus.cc:385] T b57d3f6783804087b97ccdfa46a3ac9e P 8cfe023106854f2e9476c651893ccb90 [term 0 FOLLOWER]: Consensus starting up: Expiring failure detector timer to make a prompt election more likely
I20260710 11:04:06.085294 32348 raft_consensus.cc:740] T b57d3f6783804087b97ccdfa46a3ac9e P 8cfe023106854f2e9476c651893ccb90 [term 0 FOLLOWER]: Becoming Follower/Learner. State: Replica: 8cfe023106854f2e9476c651893ccb90, State: Initialized, Role: FOLLOWER
I20260710 11:04:06.086239 32348 consensus_queue.cc:260] T b57d3f6783804087b97ccdfa46a3ac9e P 8cfe023106854f2e9476c651893ccb90 [NON_LEADER]: Queue going to NON_LEADER mode. State: All replicated index: 0, Majority replicated index: 0, Committed index: 0, Last appended: 0.0, Last appended by leader: 0, Current term: 0, Majority size: -1, State: 0, Mode: NON_LEADER, active raft config: opid_index: -1 OBSOLETE_local: false peers { permanent_uuid: "8cfe023106854f2e9476c651893ccb90" member_type: VOTER last_known_addr { host: "127.30.81.65" port: 46333 } } peers { permanent_uuid: "ac8bb1f8f64a4aa891ea8d8bb656bfb6" member_type: VOTER last_known_addr { host: "127.30.81.66" port: 37041 } } peers { permanent_uuid: "a28e206be849462fba0aca4310ce85fc" member_type: VOTER last_known_addr { host: "127.30.81.67" port: 45479 } }
I20260710 11:04:06.086905 32349 tablet_bootstrap.cc:492] T 5b198907cd614f8686dd40e603f40fb1 P a28e206be849462fba0aca4310ce85fc: No bootstrap required, opened a new log
I20260710 11:04:06.087491 32349 ts_tablet_manager.cc:1403] T 5b198907cd614f8686dd40e603f40fb1 P a28e206be849462fba0aca4310ce85fc: Time spent bootstrapping tablet: real 0.103s	user 0.014s	sys 0.017s
I20260710 11:04:06.087838 32347 raft_consensus.cc:359] T 57eaad5abdd9486e9be44342cf47795a P ac8bb1f8f64a4aa891ea8d8bb656bfb6 [term 0 FOLLOWER]: Replica starting. Triggering 0 pending ops. Active config: opid_index: -1 OBSOLETE_local: false peers { permanent_uuid: "8cfe023106854f2e9476c651893ccb90" member_type: VOTER last_known_addr { host: "127.30.81.65" port: 46333 } } peers { permanent_uuid: "ac8bb1f8f64a4aa891ea8d8bb656bfb6" member_type: VOTER last_known_addr { host: "127.30.81.66" port: 37041 } } peers { permanent_uuid: "a28e206be849462fba0aca4310ce85fc" member_type: VOTER last_known_addr { host: "127.30.81.67" port: 45479 } }
I20260710 11:04:06.088701 32347 raft_consensus.cc:385] T 57eaad5abdd9486e9be44342cf47795a P ac8bb1f8f64a4aa891ea8d8bb656bfb6 [term 0 FOLLOWER]: Consensus starting up: Expiring failure detector timer to make a prompt election more likely
I20260710 11:04:06.089026 32347 raft_consensus.cc:740] T 57eaad5abdd9486e9be44342cf47795a P ac8bb1f8f64a4aa891ea8d8bb656bfb6 [term 0 FOLLOWER]: Becoming Follower/Learner. State: Replica: ac8bb1f8f64a4aa891ea8d8bb656bfb6, State: Initialized, Role: FOLLOWER
I20260710 11:04:06.089171 32348 ts_tablet_manager.cc:1434] T b57d3f6783804087b97ccdfa46a3ac9e P 8cfe023106854f2e9476c651893ccb90: Time spent starting tablet: real 0.008s	user 0.006s	sys 0.001s
I20260710 11:04:06.090271 32348 tablet_bootstrap.cc:492] T 57eaad5abdd9486e9be44342cf47795a P 8cfe023106854f2e9476c651893ccb90: Bootstrap starting.
I20260710 11:04:06.089901 32347 consensus_queue.cc:260] T 57eaad5abdd9486e9be44342cf47795a P ac8bb1f8f64a4aa891ea8d8bb656bfb6 [NON_LEADER]: Queue going to NON_LEADER mode. State: All replicated index: 0, Majority replicated index: 0, Committed index: 0, Last appended: 0.0, Last appended by leader: 0, Current term: 0, Majority size: -1, State: 0, Mode: NON_LEADER, active raft config: opid_index: -1 OBSOLETE_local: false peers { permanent_uuid: "8cfe023106854f2e9476c651893ccb90" member_type: VOTER last_known_addr { host: "127.30.81.65" port: 46333 } } peers { permanent_uuid: "ac8bb1f8f64a4aa891ea8d8bb656bfb6" member_type: VOTER last_known_addr { host: "127.30.81.66" port: 37041 } } peers { permanent_uuid: "a28e206be849462fba0aca4310ce85fc" member_type: VOTER last_known_addr { host: "127.30.81.67" port: 45479 } }
I20260710 11:04:06.090751 32349 raft_consensus.cc:359] T 5b198907cd614f8686dd40e603f40fb1 P a28e206be849462fba0aca4310ce85fc [term 0 FOLLOWER]: Replica starting. Triggering 0 pending ops. Active config: opid_index: -1 OBSOLETE_local: false peers { permanent_uuid: "8cfe023106854f2e9476c651893ccb90" member_type: VOTER last_known_addr { host: "127.30.81.65" port: 46333 } } peers { permanent_uuid: "ac8bb1f8f64a4aa891ea8d8bb656bfb6" member_type: VOTER last_known_addr { host: "127.30.81.66" port: 37041 } } peers { permanent_uuid: "a28e206be849462fba0aca4310ce85fc" member_type: VOTER last_known_addr { host: "127.30.81.67" port: 45479 } }
I20260710 11:04:06.092653 32347 ts_tablet_manager.cc:1434] T 57eaad5abdd9486e9be44342cf47795a P ac8bb1f8f64a4aa891ea8d8bb656bfb6: Time spent starting tablet: real 0.008s	user 0.007s	sys 0.000s
I20260710 11:04:06.092769 32349 raft_consensus.cc:385] T 5b198907cd614f8686dd40e603f40fb1 P a28e206be849462fba0aca4310ce85fc [term 0 FOLLOWER]: Consensus starting up: Expiring failure detector timer to make a prompt election more likely
I20260710 11:04:06.093215 32349 raft_consensus.cc:740] T 5b198907cd614f8686dd40e603f40fb1 P a28e206be849462fba0aca4310ce85fc [term 0 FOLLOWER]: Becoming Follower/Learner. State: Replica: a28e206be849462fba0aca4310ce85fc, State: Initialized, Role: FOLLOWER
I20260710 11:04:06.093865 32347 tablet_bootstrap.cc:492] T f480e50d430947b68425d1f8e7d97029 P ac8bb1f8f64a4aa891ea8d8bb656bfb6: Bootstrap starting.
I20260710 11:04:06.094007 32349 consensus_queue.cc:260] T 5b198907cd614f8686dd40e603f40fb1 P a28e206be849462fba0aca4310ce85fc [NON_LEADER]: Queue going to NON_LEADER mode. State: All replicated index: 0, Majority replicated index: 0, Committed index: 0, Last appended: 0.0, Last appended by leader: 0, Current term: 0, Majority size: -1, State: 0, Mode: NON_LEADER, active raft config: opid_index: -1 OBSOLETE_local: false peers { permanent_uuid: "8cfe023106854f2e9476c651893ccb90" member_type: VOTER last_known_addr { host: "127.30.81.65" port: 46333 } } peers { permanent_uuid: "ac8bb1f8f64a4aa891ea8d8bb656bfb6" member_type: VOTER last_known_addr { host: "127.30.81.66" port: 37041 } } peers { permanent_uuid: "a28e206be849462fba0aca4310ce85fc" member_type: VOTER last_known_addr { host: "127.30.81.67" port: 45479 } }
I20260710 11:04:06.096526 32349 ts_tablet_manager.cc:1434] T 5b198907cd614f8686dd40e603f40fb1 P a28e206be849462fba0aca4310ce85fc: Time spent starting tablet: real 0.009s	user 0.007s	sys 0.000s
I20260710 11:04:06.097589 32349 tablet_bootstrap.cc:492] T f480e50d430947b68425d1f8e7d97029 P a28e206be849462fba0aca4310ce85fc: Bootstrap starting.
I20260710 11:04:06.098220 32348 tablet_bootstrap.cc:654] T 57eaad5abdd9486e9be44342cf47795a P 8cfe023106854f2e9476c651893ccb90: Neither blocks nor log segments found. Creating new log.
I20260710 11:04:06.101909 32347 tablet_bootstrap.cc:654] T f480e50d430947b68425d1f8e7d97029 P ac8bb1f8f64a4aa891ea8d8bb656bfb6: Neither blocks nor log segments found. Creating new log.
I20260710 11:04:06.104367 32349 tablet_bootstrap.cc:654] T f480e50d430947b68425d1f8e7d97029 P a28e206be849462fba0aca4310ce85fc: Neither blocks nor log segments found. Creating new log.
I20260710 11:04:06.112171 32348 tablet_bootstrap.cc:492] T 57eaad5abdd9486e9be44342cf47795a P 8cfe023106854f2e9476c651893ccb90: No bootstrap required, opened a new log
I20260710 11:04:06.117132 32348 ts_tablet_manager.cc:1403] T 57eaad5abdd9486e9be44342cf47795a P 8cfe023106854f2e9476c651893ccb90: Time spent bootstrapping tablet: real 0.027s	user 0.015s	sys 0.006s
I20260710 11:04:06.121111 32348 raft_consensus.cc:359] T 57eaad5abdd9486e9be44342cf47795a P 8cfe023106854f2e9476c651893ccb90 [term 0 FOLLOWER]: Replica starting. Triggering 0 pending ops. Active config: opid_index: -1 OBSOLETE_local: false peers { permanent_uuid: "8cfe023106854f2e9476c651893ccb90" member_type: VOTER last_known_addr { host: "127.30.81.65" port: 46333 } } peers { permanent_uuid: "ac8bb1f8f64a4aa891ea8d8bb656bfb6" member_type: VOTER last_known_addr { host: "127.30.81.66" port: 37041 } } peers { permanent_uuid: "a28e206be849462fba0aca4310ce85fc" member_type: VOTER last_known_addr { host: "127.30.81.67" port: 45479 } }
I20260710 11:04:06.122385 32348 raft_consensus.cc:385] T 57eaad5abdd9486e9be44342cf47795a P 8cfe023106854f2e9476c651893ccb90 [term 0 FOLLOWER]: Consensus starting up: Expiring failure detector timer to make a prompt election more likely
I20260710 11:04:06.122864 32348 raft_consensus.cc:740] T 57eaad5abdd9486e9be44342cf47795a P 8cfe023106854f2e9476c651893ccb90 [term 0 FOLLOWER]: Becoming Follower/Learner. State: Replica: 8cfe023106854f2e9476c651893ccb90, State: Initialized, Role: FOLLOWER
I20260710 11:04:06.125969 32348 consensus_queue.cc:260] T 57eaad5abdd9486e9be44342cf47795a P 8cfe023106854f2e9476c651893ccb90 [NON_LEADER]: Queue going to NON_LEADER mode. State: All replicated index: 0, Majority replicated index: 0, Committed index: 0, Last appended: 0.0, Last appended by leader: 0, Current term: 0, Majority size: -1, State: 0, Mode: NON_LEADER, active raft config: opid_index: -1 OBSOLETE_local: false peers { permanent_uuid: "8cfe023106854f2e9476c651893ccb90" member_type: VOTER last_known_addr { host: "127.30.81.65" port: 46333 } } peers { permanent_uuid: "ac8bb1f8f64a4aa891ea8d8bb656bfb6" member_type: VOTER last_known_addr { host: "127.30.81.66" port: 37041 } } peers { permanent_uuid: "a28e206be849462fba0aca4310ce85fc" member_type: VOTER last_known_addr { host: "127.30.81.67" port: 45479 } }
I20260710 11:04:06.128417 32348 ts_tablet_manager.cc:1434] T 57eaad5abdd9486e9be44342cf47795a P 8cfe023106854f2e9476c651893ccb90: Time spent starting tablet: real 0.011s	user 0.006s	sys 0.002s
I20260710 11:04:06.129401 32347 tablet_bootstrap.cc:492] T f480e50d430947b68425d1f8e7d97029 P ac8bb1f8f64a4aa891ea8d8bb656bfb6: No bootstrap required, opened a new log
I20260710 11:04:06.129940 32347 ts_tablet_manager.cc:1403] T f480e50d430947b68425d1f8e7d97029 P ac8bb1f8f64a4aa891ea8d8bb656bfb6: Time spent bootstrapping tablet: real 0.036s	user 0.016s	sys 0.004s
I20260710 11:04:06.130156 32349 tablet_bootstrap.cc:492] T f480e50d430947b68425d1f8e7d97029 P a28e206be849462fba0aca4310ce85fc: No bootstrap required, opened a new log
I20260710 11:04:06.130664 32349 ts_tablet_manager.cc:1403] T f480e50d430947b68425d1f8e7d97029 P a28e206be849462fba0aca4310ce85fc: Time spent bootstrapping tablet: real 0.033s	user 0.015s	sys 0.015s
I20260710 11:04:06.129428 32348 tablet_bootstrap.cc:492] T 1ac5b0bca25d4aac838ea8079eaa2354 P 8cfe023106854f2e9476c651893ccb90: Bootstrap starting.
I20260710 11:04:06.132819 32347 raft_consensus.cc:359] T f480e50d430947b68425d1f8e7d97029 P ac8bb1f8f64a4aa891ea8d8bb656bfb6 [term 0 FOLLOWER]: Replica starting. Triggering 0 pending ops. Active config: opid_index: -1 OBSOLETE_local: false peers { permanent_uuid: "8cfe023106854f2e9476c651893ccb90" member_type: VOTER last_known_addr { host: "127.30.81.65" port: 46333 } } peers { permanent_uuid: "ac8bb1f8f64a4aa891ea8d8bb656bfb6" member_type: VOTER last_known_addr { host: "127.30.81.66" port: 37041 } } peers { permanent_uuid: "a28e206be849462fba0aca4310ce85fc" member_type: VOTER last_known_addr { host: "127.30.81.67" port: 45479 } }
I20260710 11:04:06.133687 32347 raft_consensus.cc:385] T f480e50d430947b68425d1f8e7d97029 P ac8bb1f8f64a4aa891ea8d8bb656bfb6 [term 0 FOLLOWER]: Consensus starting up: Expiring failure detector timer to make a prompt election more likely
I20260710 11:04:06.133656 32349 raft_consensus.cc:359] T f480e50d430947b68425d1f8e7d97029 P a28e206be849462fba0aca4310ce85fc [term 0 FOLLOWER]: Replica starting. Triggering 0 pending ops. Active config: opid_index: -1 OBSOLETE_local: false peers { permanent_uuid: "8cfe023106854f2e9476c651893ccb90" member_type: VOTER last_known_addr { host: "127.30.81.65" port: 46333 } } peers { permanent_uuid: "ac8bb1f8f64a4aa891ea8d8bb656bfb6" member_type: VOTER last_known_addr { host: "127.30.81.66" port: 37041 } } peers { permanent_uuid: "a28e206be849462fba0aca4310ce85fc" member_type: VOTER last_known_addr { host: "127.30.81.67" port: 45479 } }
I20260710 11:04:06.134209 32347 raft_consensus.cc:740] T f480e50d430947b68425d1f8e7d97029 P ac8bb1f8f64a4aa891ea8d8bb656bfb6 [term 0 FOLLOWER]: Becoming Follower/Learner. State: Replica: ac8bb1f8f64a4aa891ea8d8bb656bfb6, State: Initialized, Role: FOLLOWER
I20260710 11:04:06.134559 32349 raft_consensus.cc:385] T f480e50d430947b68425d1f8e7d97029 P a28e206be849462fba0aca4310ce85fc [term 0 FOLLOWER]: Consensus starting up: Expiring failure detector timer to make a prompt election more likely
I20260710 11:04:06.134876 32349 raft_consensus.cc:740] T f480e50d430947b68425d1f8e7d97029 P a28e206be849462fba0aca4310ce85fc [term 0 FOLLOWER]: Becoming Follower/Learner. State: Replica: a28e206be849462fba0aca4310ce85fc, State: Initialized, Role: FOLLOWER
I20260710 11:04:06.135187 32347 consensus_queue.cc:260] T f480e50d430947b68425d1f8e7d97029 P ac8bb1f8f64a4aa891ea8d8bb656bfb6 [NON_LEADER]: Queue going to NON_LEADER mode. State: All replicated index: 0, Majority replicated index: 0, Committed index: 0, Last appended: 0.0, Last appended by leader: 0, Current term: 0, Majority size: -1, State: 0, Mode: NON_LEADER, active raft config: opid_index: -1 OBSOLETE_local: false peers { permanent_uuid: "8cfe023106854f2e9476c651893ccb90" member_type: VOTER last_known_addr { host: "127.30.81.65" port: 46333 } } peers { permanent_uuid: "ac8bb1f8f64a4aa891ea8d8bb656bfb6" member_type: VOTER last_known_addr { host: "127.30.81.66" port: 37041 } } peers { permanent_uuid: "a28e206be849462fba0aca4310ce85fc" member_type: VOTER last_known_addr { host: "127.30.81.67" port: 45479 } }
I20260710 11:04:06.135680 32349 consensus_queue.cc:260] T f480e50d430947b68425d1f8e7d97029 P a28e206be849462fba0aca4310ce85fc [NON_LEADER]: Queue going to NON_LEADER mode. State: All replicated index: 0, Majority replicated index: 0, Committed index: 0, Last appended: 0.0, Last appended by leader: 0, Current term: 0, Majority size: -1, State: 0, Mode: NON_LEADER, active raft config: opid_index: -1 OBSOLETE_local: false peers { permanent_uuid: "8cfe023106854f2e9476c651893ccb90" member_type: VOTER last_known_addr { host: "127.30.81.65" port: 46333 } } peers { permanent_uuid: "ac8bb1f8f64a4aa891ea8d8bb656bfb6" member_type: VOTER last_known_addr { host: "127.30.81.66" port: 37041 } } peers { permanent_uuid: "a28e206be849462fba0aca4310ce85fc" member_type: VOTER last_known_addr { host: "127.30.81.67" port: 45479 } }
I20260710 11:04:06.137938 32349 ts_tablet_manager.cc:1434] T f480e50d430947b68425d1f8e7d97029 P a28e206be849462fba0aca4310ce85fc: Time spent starting tablet: real 0.007s	user 0.004s	sys 0.004s
I20260710 11:04:06.138113 32347 ts_tablet_manager.cc:1434] T f480e50d430947b68425d1f8e7d97029 P ac8bb1f8f64a4aa891ea8d8bb656bfb6: Time spent starting tablet: real 0.008s	user 0.006s	sys 0.000s
I20260710 11:04:06.138827 32349 tablet_bootstrap.cc:492] T 1ac5b0bca25d4aac838ea8079eaa2354 P a28e206be849462fba0aca4310ce85fc: Bootstrap starting.
I20260710 11:04:06.139217 32347 tablet_bootstrap.cc:492] T b57d3f6783804087b97ccdfa46a3ac9e P ac8bb1f8f64a4aa891ea8d8bb656bfb6: Bootstrap starting.
I20260710 11:04:06.140381 32348 tablet_bootstrap.cc:654] T 1ac5b0bca25d4aac838ea8079eaa2354 P 8cfe023106854f2e9476c651893ccb90: Neither blocks nor log segments found. Creating new log.
I20260710 11:04:06.143970 32056 catalog_manager.cc:5697] T 75e1cbbee4214061acaa22dd4548167e P ac8bb1f8f64a4aa891ea8d8bb656bfb6 reported cstate change: term changed from 0 to 1, leader changed from <none> to ac8bb1f8f64a4aa891ea8d8bb656bfb6 (127.30.81.66). New cstate: current_term: 1 leader_uuid: "ac8bb1f8f64a4aa891ea8d8bb656bfb6" committed_config { opid_index: -1 OBSOLETE_local: false peers { permanent_uuid: "8cfe023106854f2e9476c651893ccb90" member_type: VOTER last_known_addr { host: "127.30.81.65" port: 46333 } health_report { overall_health: UNKNOWN } } peers { permanent_uuid: "ac8bb1f8f64a4aa891ea8d8bb656bfb6" member_type: VOTER last_known_addr { host: "127.30.81.66" port: 37041 } health_report { overall_health: HEALTHY } } peers { permanent_uuid: "a28e206be849462fba0aca4310ce85fc" member_type: VOTER last_known_addr { host: "127.30.81.67" port: 45479 } health_report { overall_health: UNKNOWN } } }
I20260710 11:04:06.145367 32349 tablet_bootstrap.cc:654] T 1ac5b0bca25d4aac838ea8079eaa2354 P a28e206be849462fba0aca4310ce85fc: Neither blocks nor log segments found. Creating new log.
I20260710 11:04:06.146662 32347 tablet_bootstrap.cc:654] T b57d3f6783804087b97ccdfa46a3ac9e P ac8bb1f8f64a4aa891ea8d8bb656bfb6: Neither blocks nor log segments found. Creating new log.
I20260710 11:04:06.169850 32347 tablet_bootstrap.cc:492] T b57d3f6783804087b97ccdfa46a3ac9e P ac8bb1f8f64a4aa891ea8d8bb656bfb6: No bootstrap required, opened a new log
