I20260710 11:04:10.304409  3081 raft_consensus.cc:2955] T 89416c63beca4eb0934fb8146d0e5801 P 164578ee4ad548e78a5d23dbd6d50ae0 [term 1 LEADER]: Committing config change with OpId 1.4: config changed from index 3 to 4, VOTER bc6f5e3bd4f8408e9ce8fe62584325d5 (127.1.119.67) evicted. New config: { opid_index: 4 OBSOLETE_local: false peers { permanent_uuid: "164578ee4ad548e78a5d23dbd6d50ae0" member_type: VOTER last_known_addr { host: "127.1.119.65" port: 37163 } } peers { permanent_uuid: "0072540c28d840dd91fdcd60f2fb9e38" member_type: VOTER last_known_addr { host: "127.1.119.66" port: 36071 } } peers { permanent_uuid: "e6e0370718c9491cb4390bc1bcfbf485" member_type: VOTER last_known_addr { host: "127.1.119.68" port: 43551 } attrs { promote: false } } }
I20260710 11:04:10.306732  2690 raft_consensus.cc:2955] T 89416c63beca4eb0934fb8146d0e5801 P 0072540c28d840dd91fdcd60f2fb9e38 [term 1 FOLLOWER]: Committing config change with OpId 1.4: config changed from index 3 to 4, VOTER bc6f5e3bd4f8408e9ce8fe62584325d5 (127.1.119.67) evicted. New config: { opid_index: 4 OBSOLETE_local: false peers { permanent_uuid: "164578ee4ad548e78a5d23dbd6d50ae0" member_type: VOTER last_known_addr { host: "127.1.119.65" port: 37163 } } peers { permanent_uuid: "0072540c28d840dd91fdcd60f2fb9e38" member_type: VOTER last_known_addr { host: "127.1.119.66" port: 36071 } } peers { permanent_uuid: "e6e0370718c9491cb4390bc1bcfbf485" member_type: VOTER last_known_addr { host: "127.1.119.68" port: 43551 } attrs { promote: false } } }
I20260710 11:04:10.309828  2613 raft_consensus.cc:2955] T dae0005dd1e34facb289b43eb2183c2c P 164578ee4ad548e78a5d23dbd6d50ae0 [term 1 FOLLOWER]: Committing config change with OpId 1.3: config changed from index 2 to 3, e6e0370718c9491cb4390bc1bcfbf485 (127.1.119.68) changed from NON_VOTER to VOTER. New config: { opid_index: 3 OBSOLETE_local: false peers { permanent_uuid: "164578ee4ad548e78a5d23dbd6d50ae0" member_type: VOTER last_known_addr { host: "127.1.119.65" port: 37163 } attrs { replace: true } } peers { permanent_uuid: "0072540c28d840dd91fdcd60f2fb9e38" member_type: VOTER last_known_addr { host: "127.1.119.66" port: 36071 } } peers { permanent_uuid: "bc6f5e3bd4f8408e9ce8fe62584325d5" member_type: VOTER last_known_addr { host: "127.1.119.67" port: 33589 } } peers { permanent_uuid: "e6e0370718c9491cb4390bc1bcfbf485" member_type: VOTER last_known_addr { host: "127.1.119.68" port: 43551 } attrs { promote: false } } }
I20260710 11:04:10.310021  3047 raft_consensus.cc:2955] T 89416c63beca4eb0934fb8146d0e5801 P e6e0370718c9491cb4390bc1bcfbf485 [term 1 FOLLOWER]: Committing config change with OpId 1.4: config changed from index 3 to 4, VOTER bc6f5e3bd4f8408e9ce8fe62584325d5 (127.1.119.67) evicted. New config: { opid_index: 4 OBSOLETE_local: false peers { permanent_uuid: "164578ee4ad548e78a5d23dbd6d50ae0" member_type: VOTER last_known_addr { host: "127.1.119.65" port: 37163 } } peers { permanent_uuid: "0072540c28d840dd91fdcd60f2fb9e38" member_type: VOTER last_known_addr { host: "127.1.119.66" port: 36071 } } peers { permanent_uuid: "e6e0370718c9491cb4390bc1bcfbf485" member_type: VOTER last_known_addr { host: "127.1.119.68" port: 43551 } attrs { promote: false } } }
I20260710 11:04:10.322667  2512 catalog_manager.cc:5697] T c7c254138fc5426db0996aef6ef89986 P 164578ee4ad548e78a5d23dbd6d50ae0 reported cstate change: config changed from index 2 to 3, e6e0370718c9491cb4390bc1bcfbf485 (127.1.119.68) changed from NON_VOTER to VOTER. New cstate: current_term: 1 leader_uuid: "164578ee4ad548e78a5d23dbd6d50ae0" committed_config { opid_index: 3 OBSOLETE_local: false peers { permanent_uuid: "164578ee4ad548e78a5d23dbd6d50ae0" member_type: VOTER last_known_addr { host: "127.1.119.65" port: 37163 } health_report { overall_health: HEALTHY } } peers { permanent_uuid: "0072540c28d840dd91fdcd60f2fb9e38" member_type: VOTER last_known_addr { host: "127.1.119.66" port: 36071 } attrs { replace: true } health_report { overall_health: HEALTHY } } peers { permanent_uuid: "bc6f5e3bd4f8408e9ce8fe62584325d5" member_type: VOTER last_known_addr { host: "127.1.119.67" port: 33589 } health_report { overall_health: HEALTHY } } peers { permanent_uuid: "e6e0370718c9491cb4390bc1bcfbf485" member_type: VOTER last_known_addr { host: "127.1.119.68" port: 43551 } attrs { promote: false } health_report { overall_health: HEALTHY } } }
I20260710 11:04:10.324695  2502 catalog_manager.cc:5210] ChangeConfig:REMOVE_PEER RPC for tablet 89416c63beca4eb0934fb8146d0e5801 with cas_config_opid_index 3: ChangeConfig:REMOVE_PEER succeeded (attempt 1)
W20260710 11:04:10.337015  2502 catalog_manager.cc:5220] ChangeConfig:REMOVE_PEER RPC for tablet 89416c63beca4eb0934fb8146d0e5801 with cas_config_opid_index 3: ChangeConfig:REMOVE_PEER failed with leader 164578ee4ad548e78a5d23dbd6d50ae0 (127.1.119.65:37163) due to CAS failure; no further retry: Illegal state: Request specified cas_config_opid_index of 3 but the committed config has opid_index of 4
I20260710 11:04:10.337675  2615 consensus_queue.cc:237] T c7c254138fc5426db0996aef6ef89986 P 164578ee4ad548e78a5d23dbd6d50ae0 [LEADER]: Queue going to LEADER mode. State: All replicated index: 0, Majority replicated index: 3, Committed index: 3, Last appended: 1.3, Last appended by leader: 0, Current term: 1, Majority size: 2, State: 0, Mode: LEADER, active raft config: opid_index: 4 OBSOLETE_local: false peers { permanent_uuid: "164578ee4ad548e78a5d23dbd6d50ae0" member_type: VOTER last_known_addr { host: "127.1.119.65" port: 37163 } } peers { permanent_uuid: "bc6f5e3bd4f8408e9ce8fe62584325d5" member_type: VOTER last_known_addr { host: "127.1.119.67" port: 33589 } } peers { permanent_uuid: "e6e0370718c9491cb4390bc1bcfbf485" member_type: VOTER last_known_addr { host: "127.1.119.68" port: 43551 } attrs { promote: false } }
I20260710 11:04:10.344027  3047 raft_consensus.cc:1275] T c7c254138fc5426db0996aef6ef89986 P e6e0370718c9491cb4390bc1bcfbf485 [term 1 FOLLOWER]: Refusing update from remote peer 164578ee4ad548e78a5d23dbd6d50ae0: Log matching property violated. Preceding OpId in replica: term: 1 index: 3. Preceding OpId from leader: term: 1 index: 4. (index mismatch)
I20260710 11:04:10.343667  2764 consensus_queue.cc:237] T 5bda828999ac4cc9906c399bc64087d3 P bc6f5e3bd4f8408e9ce8fe62584325d5 [LEADER]: Queue going to LEADER mode. State: All replicated index: 0, Majority replicated index: 3, Committed index: 3, Last appended: 1.3, Last appended by leader: 0, Current term: 1, Majority size: 2, State: 0, Mode: LEADER, active raft config: opid_index: 4 OBSOLETE_local: false peers { permanent_uuid: "164578ee4ad548e78a5d23dbd6d50ae0" member_type: VOTER last_known_addr { host: "127.1.119.65" port: 37163 } } peers { permanent_uuid: "bc6f5e3bd4f8408e9ce8fe62584325d5" member_type: VOTER last_known_addr { host: "127.1.119.67" port: 33589 } } peers { permanent_uuid: "e6e0370718c9491cb4390bc1bcfbf485" member_type: VOTER last_known_addr { host: "127.1.119.68" port: 43551 } attrs { promote: false } }
I20260710 11:04:10.345337  2513 catalog_manager.cc:5697] T dae0005dd1e34facb289b43eb2183c2c P e6e0370718c9491cb4390bc1bcfbf485 reported cstate change: config changed from index 2 to 3, e6e0370718c9491cb4390bc1bcfbf485 (127.1.119.68) changed from NON_VOTER to VOTER. New cstate: current_term: 1 leader_uuid: "0072540c28d840dd91fdcd60f2fb9e38" committed_config { opid_index: 3 OBSOLETE_local: false peers { permanent_uuid: "164578ee4ad548e78a5d23dbd6d50ae0" member_type: VOTER last_known_addr { host: "127.1.119.65" port: 37163 } attrs { replace: true } } peers { permanent_uuid: "0072540c28d840dd91fdcd60f2fb9e38" member_type: VOTER last_known_addr { host: "127.1.119.66" port: 36071 } } peers { permanent_uuid: "bc6f5e3bd4f8408e9ce8fe62584325d5" member_type: VOTER last_known_addr { host: "127.1.119.67" port: 33589 } } peers { permanent_uuid: "e6e0370718c9491cb4390bc1bcfbf485" member_type: VOTER last_known_addr { host: "127.1.119.68" port: 43551 } attrs { promote: false } } }
I20260710 11:04:10.348181  3127 consensus_queue.cc:1048] T c7c254138fc5426db0996aef6ef89986 P 164578ee4ad548e78a5d23dbd6d50ae0 [LEADER]: Connected to new peer: Peer: permanent_uuid: "e6e0370718c9491cb4390bc1bcfbf485" member_type: VOTER last_known_addr { host: "127.1.119.68" port: 43551 } attrs { promote: false }, Status: LMP_MISMATCH, Last received: 0.0, Next index: 4, Last known committed idx: 3, Time since last communication: 0.002s
I20260710 11:04:10.349150  3047 raft_consensus.cc:1275] T 5bda828999ac4cc9906c399bc64087d3 P e6e0370718c9491cb4390bc1bcfbf485 [term 1 FOLLOWER]: Refusing update from remote peer bc6f5e3bd4f8408e9ce8fe62584325d5: Log matching property violated. Preceding OpId in replica: term: 1 index: 3. Preceding OpId from leader: term: 1 index: 4. (index mismatch)
I20260710 11:04:10.352504  2613 raft_consensus.cc:1275] T 5bda828999ac4cc9906c399bc64087d3 P 164578ee4ad548e78a5d23dbd6d50ae0 [term 1 FOLLOWER]: Refusing update from remote peer bc6f5e3bd4f8408e9ce8fe62584325d5: Log matching property violated. Preceding OpId in replica: term: 1 index: 3. Preceding OpId from leader: term: 1 index: 4. (index mismatch)
I20260710 11:04:10.353726  3124 consensus_queue.cc:1048] T 5bda828999ac4cc9906c399bc64087d3 P bc6f5e3bd4f8408e9ce8fe62584325d5 [LEADER]: Connected to new peer: Peer: permanent_uuid: "e6e0370718c9491cb4390bc1bcfbf485" member_type: VOTER last_known_addr { host: "127.1.119.68" port: 43551 } attrs { promote: false }, Status: LMP_MISMATCH, Last received: 0.0, Next index: 4, Last known committed idx: 3, Time since last communication: 0.000s
I20260710 11:04:10.354612  3145 consensus_queue.cc:1048] T 5bda828999ac4cc9906c399bc64087d3 P bc6f5e3bd4f8408e9ce8fe62584325d5 [LEADER]: Connected to new peer: Peer: permanent_uuid: "164578ee4ad548e78a5d23dbd6d50ae0" member_type: VOTER last_known_addr { host: "127.1.119.65" port: 37163 }, Status: LMP_MISMATCH, Last received: 0.0, Next index: 4, Last known committed idx: 3, Time since last communication: 0.000s
I20260710 11:04:10.359159  2764 raft_consensus.cc:1275] T c7c254138fc5426db0996aef6ef89986 P bc6f5e3bd4f8408e9ce8fe62584325d5 [term 1 FOLLOWER]: Refusing update from remote peer 164578ee4ad548e78a5d23dbd6d50ae0: Log matching property violated. Preceding OpId in replica: term: 1 index: 3. Preceding OpId from leader: term: 1 index: 4. (index mismatch)
I20260710 11:04:10.360306  3122 consensus_queue.cc:1048] T c7c254138fc5426db0996aef6ef89986 P 164578ee4ad548e78a5d23dbd6d50ae0 [LEADER]: Connected to new peer: Peer: permanent_uuid: "bc6f5e3bd4f8408e9ce8fe62584325d5" member_type: VOTER last_known_addr { host: "127.1.119.67" port: 33589 }, Status: LMP_MISMATCH, Last received: 0.0, Next index: 4, Last known committed idx: 3, Time since last communication: 0.000s
I20260710 11:04:10.347038  2513 catalog_manager.cc:5697] T 89416c63beca4eb0934fb8146d0e5801 P e6e0370718c9491cb4390bc1bcfbf485 reported cstate change: config changed from index 3 to 4, VOTER bc6f5e3bd4f8408e9ce8fe62584325d5 (127.1.119.67) evicted. New cstate: current_term: 1 leader_uuid: "164578ee4ad548e78a5d23dbd6d50ae0" committed_config { opid_index: 4 OBSOLETE_local: false peers { permanent_uuid: "164578ee4ad548e78a5d23dbd6d50ae0" member_type: VOTER last_known_addr { host: "127.1.119.65" port: 37163 } } peers { permanent_uuid: "0072540c28d840dd91fdcd60f2fb9e38" member_type: VOTER last_known_addr { host: "127.1.119.66" port: 36071 } } peers { permanent_uuid: "e6e0370718c9491cb4390bc1bcfbf485" member_type: VOTER last_known_addr { host: "127.1.119.68" port: 43551 } attrs { promote: false } } }
I20260710 11:04:10.366000  3097 raft_consensus.cc:2955] T 5bda828999ac4cc9906c399bc64087d3 P bc6f5e3bd4f8408e9ce8fe62584325d5 [term 1 LEADER]: Committing config change with OpId 1.4: config changed from index 3 to 4, VOTER 0072540c28d840dd91fdcd60f2fb9e38 (127.1.119.66) evicted. New config: { opid_index: 4 OBSOLETE_local: false peers { permanent_uuid: "164578ee4ad548e78a5d23dbd6d50ae0" member_type: VOTER last_known_addr { host: "127.1.119.65" port: 37163 } } peers { permanent_uuid: "bc6f5e3bd4f8408e9ce8fe62584325d5" member_type: VOTER last_known_addr { host: "127.1.119.67" port: 33589 } } peers { permanent_uuid: "e6e0370718c9491cb4390bc1bcfbf485" member_type: VOTER last_known_addr { host: "127.1.119.68" port: 43551 } attrs { promote: false } } }
I20260710 11:04:10.367713  3127 raft_consensus.cc:2955] T c7c254138fc5426db0996aef6ef89986 P 164578ee4ad548e78a5d23dbd6d50ae0 [term 1 LEADER]: Committing config change with OpId 1.4: config changed from index 3 to 4, VOTER 0072540c28d840dd91fdcd60f2fb9e38 (127.1.119.66) evicted. New config: { opid_index: 4 OBSOLETE_local: false peers { permanent_uuid: "164578ee4ad548e78a5d23dbd6d50ae0" member_type: VOTER last_known_addr { host: "127.1.119.65" port: 37163 } } peers { permanent_uuid: "bc6f5e3bd4f8408e9ce8fe62584325d5" member_type: VOTER last_known_addr { host: "127.1.119.67" port: 33589 } } peers { permanent_uuid: "e6e0370718c9491cb4390bc1bcfbf485" member_type: VOTER last_known_addr { host: "127.1.119.68" port: 43551 } attrs { promote: false } } }
I20260710 11:04:10.371332  2764 raft_consensus.cc:2955] T c7c254138fc5426db0996aef6ef89986 P bc6f5e3bd4f8408e9ce8fe62584325d5 [term 1 FOLLOWER]: Committing config change with OpId 1.4: config changed from index 3 to 4, VOTER 0072540c28d840dd91fdcd60f2fb9e38 (127.1.119.66) evicted. New config: { opid_index: 4 OBSOLETE_local: false peers { permanent_uuid: "164578ee4ad548e78a5d23dbd6d50ae0" member_type: VOTER last_known_addr { host: "127.1.119.65" port: 37163 } } peers { permanent_uuid: "bc6f5e3bd4f8408e9ce8fe62584325d5" member_type: VOTER last_known_addr { host: "127.1.119.67" port: 33589 } } peers { permanent_uuid: "e6e0370718c9491cb4390bc1bcfbf485" member_type: VOTER last_known_addr { host: "127.1.119.68" port: 43551 } attrs { promote: false } } }
I20260710 11:04:10.372917  3048 raft_consensus.cc:2955] T 5bda828999ac4cc9906c399bc64087d3 P e6e0370718c9491cb4390bc1bcfbf485 [term 1 FOLLOWER]: Committing config change with OpId 1.4: config changed from index 3 to 4, VOTER 0072540c28d840dd91fdcd60f2fb9e38 (127.1.119.66) evicted. New config: { opid_index: 4 OBSOLETE_local: false peers { permanent_uuid: "164578ee4ad548e78a5d23dbd6d50ae0" member_type: VOTER last_known_addr { host: "127.1.119.65" port: 37163 } } peers { permanent_uuid: "bc6f5e3bd4f8408e9ce8fe62584325d5" member_type: VOTER last_known_addr { host: "127.1.119.67" port: 33589 } } peers { permanent_uuid: "e6e0370718c9491cb4390bc1bcfbf485" member_type: VOTER last_known_addr { host: "127.1.119.68" port: 43551 } attrs { promote: false } } }
I20260710 11:04:10.378901  3047 raft_consensus.cc:2955] T c7c254138fc5426db0996aef6ef89986 P e6e0370718c9491cb4390bc1bcfbf485 [term 1 FOLLOWER]: Committing config change with OpId 1.4: config changed from index 3 to 4, VOTER 0072540c28d840dd91fdcd60f2fb9e38 (127.1.119.66) evicted. New config: { opid_index: 4 OBSOLETE_local: false peers { permanent_uuid: "164578ee4ad548e78a5d23dbd6d50ae0" member_type: VOTER last_known_addr { host: "127.1.119.65" port: 37163 } } peers { permanent_uuid: "bc6f5e3bd4f8408e9ce8fe62584325d5" member_type: VOTER last_known_addr { host: "127.1.119.67" port: 33589 } } peers { permanent_uuid: "e6e0370718c9491cb4390bc1bcfbf485" member_type: VOTER last_known_addr { host: "127.1.119.68" port: 43551 } attrs { promote: false } } }
I20260710 11:04:10.380350  2613 raft_consensus.cc:2955] T 5bda828999ac4cc9906c399bc64087d3 P 164578ee4ad548e78a5d23dbd6d50ae0 [term 1 FOLLOWER]: Committing config change with OpId 1.4: config changed from index 3 to 4, VOTER 0072540c28d840dd91fdcd60f2fb9e38 (127.1.119.66) evicted. New config: { opid_index: 4 OBSOLETE_local: false peers { permanent_uuid: "164578ee4ad548e78a5d23dbd6d50ae0" member_type: VOTER last_known_addr { host: "127.1.119.65" port: 37163 } } peers { permanent_uuid: "bc6f5e3bd4f8408e9ce8fe62584325d5" member_type: VOTER last_known_addr { host: "127.1.119.67" port: 33589 } } peers { permanent_uuid: "e6e0370718c9491cb4390bc1bcfbf485" member_type: VOTER last_known_addr { host: "127.1.119.68" port: 43551 } attrs { promote: false } } }
I20260710 11:04:10.383141  2502 catalog_manager.cc:5210] ChangeConfig:REMOVE_PEER RPC for tablet c7c254138fc5426db0996aef6ef89986 with cas_config_opid_index 3: ChangeConfig:REMOVE_PEER succeeded (attempt 1)
I20260710 11:04:10.390589  2502 catalog_manager.cc:5210] ChangeConfig:REMOVE_PEER RPC for tablet 5bda828999ac4cc9906c399bc64087d3 with cas_config_opid_index 3: ChangeConfig:REMOVE_PEER succeeded (attempt 1)
I20260710 11:04:10.396174  2749 tablet_service.cc:1558] Processing DeleteTablet for tablet 89416c63beca4eb0934fb8146d0e5801 with delete_type TABLET_DATA_TOMBSTONED (TS bc6f5e3bd4f8408e9ce8fe62584325d5 not found in new config with opid_index 4) from {username='slave'} at 127.0.0.1:49176
I20260710 11:04:10.405638  3151 tablet_replica.cc:333] T 89416c63beca4eb0934fb8146d0e5801 P bc6f5e3bd4f8408e9ce8fe62584325d5: stopping tablet replica
I20260710 11:04:10.406798  3151 raft_consensus.cc:2243] T 89416c63beca4eb0934fb8146d0e5801 P bc6f5e3bd4f8408e9ce8fe62584325d5 [term 1 FOLLOWER]: Raft consensus shutting down.
I20260710 11:04:10.406591  2515 catalog_manager.cc:5697] T 5bda828999ac4cc9906c399bc64087d3 P e6e0370718c9491cb4390bc1bcfbf485 reported cstate change: config changed from index 3 to 4, VOTER 0072540c28d840dd91fdcd60f2fb9e38 (127.1.119.66) evicted. New cstate: current_term: 1 leader_uuid: "bc6f5e3bd4f8408e9ce8fe62584325d5" committed_config { opid_index: 4 OBSOLETE_local: false peers { permanent_uuid: "164578ee4ad548e78a5d23dbd6d50ae0" member_type: VOTER last_known_addr { host: "127.1.119.65" port: 37163 } } peers { permanent_uuid: "bc6f5e3bd4f8408e9ce8fe62584325d5" member_type: VOTER last_known_addr { host: "127.1.119.67" port: 33589 } } peers { permanent_uuid: "e6e0370718c9491cb4390bc1bcfbf485" member_type: VOTER last_known_addr { host: "127.1.119.68" port: 43551 } attrs { promote: false } } }
I20260710 11:04:10.407545  3151 raft_consensus.cc:2272] T 89416c63beca4eb0934fb8146d0e5801 P bc6f5e3bd4f8408e9ce8fe62584325d5 [term 1 FOLLOWER]: Raft consensus is shut down!
I20260710 11:04:10.408028  2515 catalog_manager.cc:5697] T c7c254138fc5426db0996aef6ef89986 P e6e0370718c9491cb4390bc1bcfbf485 reported cstate change: config changed from index 3 to 4, VOTER 0072540c28d840dd91fdcd60f2fb9e38 (127.1.119.66) evicted. New cstate: current_term: 1 leader_uuid: "164578ee4ad548e78a5d23dbd6d50ae0" committed_config { opid_index: 4 OBSOLETE_local: false peers { permanent_uuid: "164578ee4ad548e78a5d23dbd6d50ae0" member_type: VOTER last_known_addr { host: "127.1.119.65" port: 37163 } } peers { permanent_uuid: "bc6f5e3bd4f8408e9ce8fe62584325d5" member_type: VOTER last_known_addr { host: "127.1.119.67" port: 33589 } } peers { permanent_uuid: "e6e0370718c9491cb4390bc1bcfbf485" member_type: VOTER last_known_addr { host: "127.1.119.68" port: 43551 } attrs { promote: false } } }
I20260710 11:04:10.409343  2690 consensus_queue.cc:237] T dae0005dd1e34facb289b43eb2183c2c P 0072540c28d840dd91fdcd60f2fb9e38 [LEADER]: Queue going to LEADER mode. State: All replicated index: 0, Majority replicated index: 3, Committed index: 3, Last appended: 1.3, Last appended by leader: 0, Current term: 1, Majority size: 2, State: 0, Mode: LEADER, active raft config: opid_index: 4 OBSOLETE_local: false peers { permanent_uuid: "0072540c28d840dd91fdcd60f2fb9e38" member_type: VOTER last_known_addr { host: "127.1.119.66" port: 36071 } } peers { permanent_uuid: "bc6f5e3bd4f8408e9ce8fe62584325d5" member_type: VOTER last_known_addr { host: "127.1.119.67" port: 33589 } } peers { permanent_uuid: "e6e0370718c9491cb4390bc1bcfbf485" member_type: VOTER last_known_addr { host: "127.1.119.68" port: 43551 } attrs { promote: false } }
I20260710 11:04:10.410301  3151 ts_tablet_manager.cc:1916] T 89416c63beca4eb0934fb8146d0e5801 P bc6f5e3bd4f8408e9ce8fe62584325d5: Deleting tablet data with delete state TABLET_DATA_TOMBSTONED
I20260710 11:04:10.415050  3047 raft_consensus.cc:1275] T dae0005dd1e34facb289b43eb2183c2c P e6e0370718c9491cb4390bc1bcfbf485 [term 1 FOLLOWER]: Refusing update from remote peer 0072540c28d840dd91fdcd60f2fb9e38: Log matching property violated. Preceding OpId in replica: term: 1 index: 3. Preceding OpId from leader: term: 1 index: 4. (index mismatch)
I20260710 11:04:10.416054  2764 raft_consensus.cc:1275] T dae0005dd1e34facb289b43eb2183c2c P bc6f5e3bd4f8408e9ce8fe62584325d5 [term 1 FOLLOWER]: Refusing update from remote peer 0072540c28d840dd91fdcd60f2fb9e38: Log matching property violated. Preceding OpId in replica: term: 1 index: 3. Preceding OpId from leader: term: 1 index: 4. (index mismatch)
I20260710 11:04:10.417773  3128 consensus_queue.cc:1048] T dae0005dd1e34facb289b43eb2183c2c P 0072540c28d840dd91fdcd60f2fb9e38 [LEADER]: Connected to new peer: Peer: permanent_uuid: "bc6f5e3bd4f8408e9ce8fe62584325d5" member_type: VOTER last_known_addr { host: "127.1.119.67" port: 33589 }, Status: LMP_MISMATCH, Last received: 0.0, Next index: 4, Last known committed idx: 3, Time since last communication: 0.000s
I20260710 11:04:10.419504  3128 consensus_queue.cc:1048] T dae0005dd1e34facb289b43eb2183c2c P 0072540c28d840dd91fdcd60f2fb9e38 [LEADER]: Connected to new peer: Peer: permanent_uuid: "e6e0370718c9491cb4390bc1bcfbf485" member_type: VOTER last_known_addr { host: "127.1.119.68" port: 43551 } attrs { promote: false }, Status: LMP_MISMATCH, Last received: 0.0, Next index: 4, Last known committed idx: 3, Time since last communication: 0.000s
I20260710 11:04:10.419986  2679 tablet_service.cc:1558] Processing DeleteTablet for tablet 5bda828999ac4cc9906c399bc64087d3 with delete_type TABLET_DATA_TOMBSTONED (TS 0072540c28d840dd91fdcd60f2fb9e38 not found in new config with opid_index 4) from {username='slave'} at 127.0.0.1:34092
I20260710 11:04:10.421307  2680 tablet_service.cc:1558] Processing DeleteTablet for tablet c7c254138fc5426db0996aef6ef89986 with delete_type TABLET_DATA_TOMBSTONED (TS 0072540c28d840dd91fdcd60f2fb9e38 not found in new config with opid_index 4) from {username='slave'} at 127.0.0.1:34092
I20260710 11:04:10.427500  3151 ts_tablet_manager.cc:1929] T 89416c63beca4eb0934fb8146d0e5801 P bc6f5e3bd4f8408e9ce8fe62584325d5: tablet deleted with delete type TABLET_DATA_TOMBSTONED: last-logged OpId 1.3
I20260710 11:04:10.427997  3151 log.cc:1199] T 89416c63beca4eb0934fb8146d0e5801 P bc6f5e3bd4f8408e9ce8fe62584325d5: Deleting WAL directory at /tmp/dist-test-taskaXiawk/test-tmp/auto_leader_rebalancer-test.0.LeaderRebalancerTest.AddTserver.1783681420482745-1501-0/minicluster-data/ts-2-root/wals/89416c63beca4eb0934fb8146d0e5801
I20260710 11:04:10.429879  2502 catalog_manager.cc:5028] TS bc6f5e3bd4f8408e9ce8fe62584325d5 (127.1.119.67:33589): tablet 89416c63beca4eb0934fb8146d0e5801 (table test-workload [id=bcf49376361540cbb02d262d2c06272b]) successfully deleted
I20260710 11:04:10.430619  3152 tablet_replica.cc:333] T 5bda828999ac4cc9906c399bc64087d3 P 0072540c28d840dd91fdcd60f2fb9e38: stopping tablet replica
I20260710 11:04:10.431365  3152 raft_consensus.cc:2243] T 5bda828999ac4cc9906c399bc64087d3 P 0072540c28d840dd91fdcd60f2fb9e38 [term 1 FOLLOWER]: Raft consensus shutting down.
I20260710 11:04:10.431878  3152 raft_consensus.cc:2272] T 5bda828999ac4cc9906c399bc64087d3 P 0072540c28d840dd91fdcd60f2fb9e38 [term 1 FOLLOWER]: Raft consensus is shut down!
I20260710 11:04:10.434201  3152 ts_tablet_manager.cc:1916] T 5bda828999ac4cc9906c399bc64087d3 P 0072540c28d840dd91fdcd60f2fb9e38: Deleting tablet data with delete state TABLET_DATA_TOMBSTONED
I20260710 11:04:10.433261  3125 raft_consensus.cc:2955] T dae0005dd1e34facb289b43eb2183c2c P 0072540c28d840dd91fdcd60f2fb9e38 [term 1 LEADER]: Committing config change with OpId 1.4: config changed from index 3 to 4, VOTER 164578ee4ad548e78a5d23dbd6d50ae0 (127.1.119.65) evicted. New config: { opid_index: 4 OBSOLETE_local: false peers { permanent_uuid: "0072540c28d840dd91fdcd60f2fb9e38" member_type: VOTER last_known_addr { host: "127.1.119.66" port: 36071 } } peers { permanent_uuid: "bc6f5e3bd4f8408e9ce8fe62584325d5" member_type: VOTER last_known_addr { host: "127.1.119.67" port: 33589 } } peers { permanent_uuid: "e6e0370718c9491cb4390bc1bcfbf485" member_type: VOTER last_known_addr { host: "127.1.119.68" port: 43551 } attrs { promote: false } } }
I20260710 11:04:10.435752  3047 raft_consensus.cc:2955] T dae0005dd1e34facb289b43eb2183c2c P e6e0370718c9491cb4390bc1bcfbf485 [term 1 FOLLOWER]: Committing config change with OpId 1.4: config changed from index 3 to 4, VOTER 164578ee4ad548e78a5d23dbd6d50ae0 (127.1.119.65) evicted. New config: { opid_index: 4 OBSOLETE_local: false peers { permanent_uuid: "0072540c28d840dd91fdcd60f2fb9e38" member_type: VOTER last_known_addr { host: "127.1.119.66" port: 36071 } } peers { permanent_uuid: "bc6f5e3bd4f8408e9ce8fe62584325d5" member_type: VOTER last_known_addr { host: "127.1.119.67" port: 33589 } } peers { permanent_uuid: "e6e0370718c9491cb4390bc1bcfbf485" member_type: VOTER last_known_addr { host: "127.1.119.68" port: 43551 } attrs { promote: false } } }
I20260710 11:04:10.447553  3152 ts_tablet_manager.cc:1929] T 5bda828999ac4cc9906c399bc64087d3 P 0072540c28d840dd91fdcd60f2fb9e38: tablet deleted with delete type TABLET_DATA_TOMBSTONED: last-logged OpId 1.3
I20260710 11:04:10.447883  3152 log.cc:1199] T 5bda828999ac4cc9906c399bc64087d3 P 0072540c28d840dd91fdcd60f2fb9e38: Deleting WAL directory at /tmp/dist-test-taskaXiawk/test-tmp/auto_leader_rebalancer-test.0.LeaderRebalancerTest.AddTserver.1783681420482745-1501-0/minicluster-data/ts-1-root/wals/5bda828999ac4cc9906c399bc64087d3
I20260710 11:04:10.449144  3152 tablet_replica.cc:333] T c7c254138fc5426db0996aef6ef89986 P 0072540c28d840dd91fdcd60f2fb9e38: stopping tablet replica
I20260710 11:04:10.449190  2499 catalog_manager.cc:5028] TS 0072540c28d840dd91fdcd60f2fb9e38 (127.1.119.66:36071): tablet 5bda828999ac4cc9906c399bc64087d3 (table test-workload [id=bcf49376361540cbb02d262d2c06272b]) successfully deleted
I20260710 11:04:10.450237  3152 raft_consensus.cc:2243] T c7c254138fc5426db0996aef6ef89986 P 0072540c28d840dd91fdcd60f2fb9e38 [term 1 FOLLOWER]: Raft consensus shutting down.
I20260710 11:04:10.450737  3152 raft_consensus.cc:2272] T c7c254138fc5426db0996aef6ef89986 P 0072540c28d840dd91fdcd60f2fb9e38 [term 1 FOLLOWER]: Raft consensus is shut down!
I20260710 11:04:10.452980  3152 ts_tablet_manager.cc:1916] T c7c254138fc5426db0996aef6ef89986 P 0072540c28d840dd91fdcd60f2fb9e38: Deleting tablet data with delete state TABLET_DATA_TOMBSTONED
I20260710 11:04:10.449112  2764 raft_consensus.cc:2955] T dae0005dd1e34facb289b43eb2183c2c P bc6f5e3bd4f8408e9ce8fe62584325d5 [term 1 FOLLOWER]: Committing config change with OpId 1.4: config changed from index 3 to 4, VOTER 164578ee4ad548e78a5d23dbd6d50ae0 (127.1.119.65) evicted. New config: { opid_index: 4 OBSOLETE_local: false peers { permanent_uuid: "0072540c28d840dd91fdcd60f2fb9e38" member_type: VOTER last_known_addr { host: "127.1.119.66" port: 36071 } } peers { permanent_uuid: "bc6f5e3bd4f8408e9ce8fe62584325d5" member_type: VOTER last_known_addr { host: "127.1.119.67" port: 33589 } } peers { permanent_uuid: "e6e0370718c9491cb4390bc1bcfbf485" member_type: VOTER last_known_addr { host: "127.1.119.68" port: 43551 } attrs { promote: false } } }
I20260710 11:04:10.465101  3152 ts_tablet_manager.cc:1929] T c7c254138fc5426db0996aef6ef89986 P 0072540c28d840dd91fdcd60f2fb9e38: tablet deleted with delete type TABLET_DATA_TOMBSTONED: last-logged OpId 1.3
I20260710 11:04:10.464989  2499 catalog_manager.cc:5210] ChangeConfig:REMOVE_PEER RPC for tablet dae0005dd1e34facb289b43eb2183c2c with cas_config_opid_index 3: ChangeConfig:REMOVE_PEER succeeded (attempt 1)
I20260710 11:04:10.465543  3152 log.cc:1199] T c7c254138fc5426db0996aef6ef89986 P 0072540c28d840dd91fdcd60f2fb9e38: Deleting WAL directory at /tmp/dist-test-taskaXiawk/test-tmp/auto_leader_rebalancer-test.0.LeaderRebalancerTest.AddTserver.1783681420482745-1501-0/minicluster-data/ts-1-root/wals/c7c254138fc5426db0996aef6ef89986
I20260710 11:04:10.466960  2499 catalog_manager.cc:5028] TS 0072540c28d840dd91fdcd60f2fb9e38 (127.1.119.66:36071): tablet c7c254138fc5426db0996aef6ef89986 (table test-workload [id=bcf49376361540cbb02d262d2c06272b]) successfully deleted
I20260710 11:04:10.467854  2513 catalog_manager.cc:5697] T dae0005dd1e34facb289b43eb2183c2c P e6e0370718c9491cb4390bc1bcfbf485 reported cstate change: config changed from index 3 to 4, VOTER 164578ee4ad548e78a5d23dbd6d50ae0 (127.1.119.65) evicted. New cstate: current_term: 1 leader_uuid: "0072540c28d840dd91fdcd60f2fb9e38" committed_config { opid_index: 4 OBSOLETE_local: false peers { permanent_uuid: "0072540c28d840dd91fdcd60f2fb9e38" member_type: VOTER last_known_addr { host: "127.1.119.66" port: 36071 } } peers { permanent_uuid: "bc6f5e3bd4f8408e9ce8fe62584325d5" member_type: VOTER last_known_addr { host: "127.1.119.67" port: 33589 } } peers { permanent_uuid: "e6e0370718c9491cb4390bc1bcfbf485" member_type: VOTER last_known_addr { host: "127.1.119.68" port: 43551 } attrs { promote: false } } }
I20260710 11:04:10.477612  2606 tablet_service.cc:1558] Processing DeleteTablet for tablet dae0005dd1e34facb289b43eb2183c2c with delete_type TABLET_DATA_TOMBSTONED (TS 164578ee4ad548e78a5d23dbd6d50ae0 not found in new config with opid_index 4) from {username='slave'} at 127.0.0.1:37524
I20260710 11:04:10.483243  3153 tablet_replica.cc:333] T dae0005dd1e34facb289b43eb2183c2c P 164578ee4ad548e78a5d23dbd6d50ae0: stopping tablet replica
I20260710 11:04:10.484053  3153 raft_consensus.cc:2243] T dae0005dd1e34facb289b43eb2183c2c P 164578ee4ad548e78a5d23dbd6d50ae0 [term 1 FOLLOWER]: Raft consensus shutting down.
I20260710 11:04:10.484659  3153 raft_consensus.cc:2272] T dae0005dd1e34facb289b43eb2183c2c P 164578ee4ad548e78a5d23dbd6d50ae0 [term 1 FOLLOWER]: Raft consensus is shut down!
I20260710 11:04:10.486876  3153 ts_tablet_manager.cc:1916] T dae0005dd1e34facb289b43eb2183c2c P 164578ee4ad548e78a5d23dbd6d50ae0: Deleting tablet data with delete state TABLET_DATA_TOMBSTONED
I20260710 11:04:10.496899  3153 ts_tablet_manager.cc:1929] T dae0005dd1e34facb289b43eb2183c2c P 164578ee4ad548e78a5d23dbd6d50ae0: tablet deleted with delete type TABLET_DATA_TOMBSTONED: last-logged OpId 1.3
I20260710 11:04:10.497165  3153 log.cc:1199] T dae0005dd1e34facb289b43eb2183c2c P 164578ee4ad548e78a5d23dbd6d50ae0: Deleting WAL directory at /tmp/dist-test-taskaXiawk/test-tmp/auto_leader_rebalancer-test.0.LeaderRebalancerTest.AddTserver.1783681420482745-1501-0/minicluster-data/ts-0-root/wals/dae0005dd1e34facb289b43eb2183c2c
I20260710 11:04:10.498306  2502 catalog_manager.cc:5028] TS 164578ee4ad548e78a5d23dbd6d50ae0 (127.1.119.65:37163): tablet dae0005dd1e34facb289b43eb2183c2c (table test-workload [id=bcf49376361540cbb02d262d2c06272b]) successfully deleted
W20260710 11:04:10.912247  2546 debug-util.cc:398] Leaking SignalData structure 0x7b08000399c0 after lost signal to thread 1504
W20260710 11:04:10.913408  2546 debug-util.cc:398] Leaking SignalData structure 0x7b0800040800 after lost signal to thread 2549
W20260710 11:04:10.914361  2546 debug-util.cc:398] Leaking SignalData structure 0x7b0800085920 after lost signal to thread 2641
W20260710 11:04:10.915359  2546 debug-util.cc:398] Leaking SignalData structure 0x7b0800222340 after lost signal to thread 2716
W20260710 11:04:10.916533  2546 debug-util.cc:398] Leaking SignalData structure 0x7b0800240a00 after lost signal to thread 2790
W20260710 11:04:10.917836  2546 debug-util.cc:398] Leaking SignalData structure 0x7b08000965e0 after lost signal to thread 3073
I20260710 11:04:11.510325  2692 consensus_queue.cc:237] T 52b18790e7a643919bd29fcc2b7e487d P 0072540c28d840dd91fdcd60f2fb9e38 [LEADER]: Queue going to LEADER mode. State: All replicated index: 0, Majority replicated index: 1, Committed index: 1, Last appended: 1.1, Last appended by leader: 0, Current term: 1, Majority size: 2, State: 0, Mode: LEADER, active raft config: opid_index: 2 OBSOLETE_local: false peers { permanent_uuid: "164578ee4ad548e78a5d23dbd6d50ae0" member_type: VOTER last_known_addr { host: "127.1.119.65" port: 37163 } attrs { replace: true } } peers { permanent_uuid: "0072540c28d840dd91fdcd60f2fb9e38" member_type: VOTER last_known_addr { host: "127.1.119.66" port: 36071 } } peers { permanent_uuid: "bc6f5e3bd4f8408e9ce8fe62584325d5" member_type: VOTER last_known_addr { host: "127.1.119.67" port: 33589 } } peers { permanent_uuid: "e6e0370718c9491cb4390bc1bcfbf485" member_type: NON_VOTER last_known_addr { host: "127.1.119.68" port: 43551 } attrs { promote: true } }
I20260710 11:04:11.517536  2765 raft_consensus.cc:1275] T 52b18790e7a643919bd29fcc2b7e487d P bc6f5e3bd4f8408e9ce8fe62584325d5 [term 1 FOLLOWER]: Refusing update from remote peer 0072540c28d840dd91fdcd60f2fb9e38: Log matching property violated. Preceding OpId in replica: term: 1 index: 1. Preceding OpId from leader: term: 1 index: 2. (index mismatch)
I20260710 11:04:11.518028  2613 raft_consensus.cc:1275] T 52b18790e7a643919bd29fcc2b7e487d P 164578ee4ad548e78a5d23dbd6d50ae0 [term 1 FOLLOWER]: Refusing update from remote peer 0072540c28d840dd91fdcd60f2fb9e38: Log matching property violated. Preceding OpId in replica: term: 1 index: 1. Preceding OpId from leader: term: 1 index: 2. (index mismatch)
W20260710 11:04:11.518699  2658 consensus_peers.cc:597] T 52b18790e7a643919bd29fcc2b7e487d P 0072540c28d840dd91fdcd60f2fb9e38 -> Peer e6e0370718c9491cb4390bc1bcfbf485 (127.1.119.68:43551): Couldn't send request to peer e6e0370718c9491cb4390bc1bcfbf485. Error code: TABLET_NOT_FOUND (6). Status: Not found: Tablet not found: 52b18790e7a643919bd29fcc2b7e487d. This is attempt 1: this message will repeat every 5th retry.
I20260710 11:04:11.519611  3128 consensus_queue.cc:1048] T 52b18790e7a643919bd29fcc2b7e487d P 0072540c28d840dd91fdcd60f2fb9e38 [LEADER]: Connected to new peer: Peer: permanent_uuid: "164578ee4ad548e78a5d23dbd6d50ae0" member_type: VOTER last_known_addr { host: "127.1.119.65" port: 37163 } attrs { replace: true }, Status: LMP_MISMATCH, Last received: 0.0, Next index: 2, Last known committed idx: 1, Time since last communication: 0.000s
I20260710 11:04:11.520452  3125 consensus_queue.cc:1048] T 52b18790e7a643919bd29fcc2b7e487d P 0072540c28d840dd91fdcd60f2fb9e38 [LEADER]: Connected to new peer: Peer: permanent_uuid: "bc6f5e3bd4f8408e9ce8fe62584325d5" member_type: VOTER last_known_addr { host: "127.1.119.67" port: 33589 }, Status: LMP_MISMATCH, Last received: 0.0, Next index: 2, Last known committed idx: 1, Time since last communication: 0.000s
I20260710 11:04:11.527876  3125 raft_consensus.cc:2955] T 52b18790e7a643919bd29fcc2b7e487d P 0072540c28d840dd91fdcd60f2fb9e38 [term 1 LEADER]: Committing config change with OpId 1.2: config changed from index -1 to 2, NON_VOTER e6e0370718c9491cb4390bc1bcfbf485 (127.1.119.68) added. New config: { opid_index: 2 OBSOLETE_local: false peers { permanent_uuid: "164578ee4ad548e78a5d23dbd6d50ae0" member_type: VOTER last_known_addr { host: "127.1.119.65" port: 37163 } attrs { replace: true } } peers { permanent_uuid: "0072540c28d840dd91fdcd60f2fb9e38" member_type: VOTER last_known_addr { host: "127.1.119.66" port: 36071 } } peers { permanent_uuid: "bc6f5e3bd4f8408e9ce8fe62584325d5" member_type: VOTER last_known_addr { host: "127.1.119.67" port: 33589 } } peers { permanent_uuid: "e6e0370718c9491cb4390bc1bcfbf485" member_type: NON_VOTER last_known_addr { host: "127.1.119.68" port: 43551 } attrs { promote: true } } }
I20260710 11:04:11.529596  2613 raft_consensus.cc:2955] T 52b18790e7a643919bd29fcc2b7e487d P 164578ee4ad548e78a5d23dbd6d50ae0 [term 1 FOLLOWER]: Committing config change with OpId 1.2: config changed from index -1 to 2, NON_VOTER e6e0370718c9491cb4390bc1bcfbf485 (127.1.119.68) added. New config: { opid_index: 2 OBSOLETE_local: false peers { permanent_uuid: "164578ee4ad548e78a5d23dbd6d50ae0" member_type: VOTER last_known_addr { host: "127.1.119.65" port: 37163 } attrs { replace: true } } peers { permanent_uuid: "0072540c28d840dd91fdcd60f2fb9e38" member_type: VOTER last_known_addr { host: "127.1.119.66" port: 36071 } } peers { permanent_uuid: "bc6f5e3bd4f8408e9ce8fe62584325d5" member_type: VOTER last_known_addr { host: "127.1.119.67" port: 33589 } } peers { permanent_uuid: "e6e0370718c9491cb4390bc1bcfbf485" member_type: NON_VOTER last_known_addr { host: "127.1.119.68" port: 43551 } attrs { promote: true } } }
I20260710 11:04:11.536063  2764 raft_consensus.cc:2955] T 52b18790e7a643919bd29fcc2b7e487d P bc6f5e3bd4f8408e9ce8fe62584325d5 [term 1 FOLLOWER]: Committing config change with OpId 1.2: config changed from index -1 to 2, NON_VOTER e6e0370718c9491cb4390bc1bcfbf485 (127.1.119.68) added. New config: { opid_index: 2 OBSOLETE_local: false peers { permanent_uuid: "164578ee4ad548e78a5d23dbd6d50ae0" member_type: VOTER last_known_addr { host: "127.1.119.65" port: 37163 } attrs { replace: true } } peers { permanent_uuid: "0072540c28d840dd91fdcd60f2fb9e38" member_type: VOTER last_known_addr { host: "127.1.119.66" port: 36071 } } peers { permanent_uuid: "bc6f5e3bd4f8408e9ce8fe62584325d5" member_type: VOTER last_known_addr { host: "127.1.119.67" port: 33589 } } peers { permanent_uuid: "e6e0370718c9491cb4390bc1bcfbf485" member_type: NON_VOTER last_known_addr { host: "127.1.119.68" port: 43551 } attrs { promote: true } } }
I20260710 11:04:11.543169  2692 consensus_queue.cc:237] T 91f50ea8db9d45148429b7beb45d522e P 0072540c28d840dd91fdcd60f2fb9e38 [LEADER]: Queue going to LEADER mode. State: All replicated index: 0, Majority replicated index: 1, Committed index: 1, Last appended: 1.1, Last appended by leader: 0, Current term: 1, Majority size: 2, State: 0, Mode: LEADER, active raft config: opid_index: 2 OBSOLETE_local: false peers { permanent_uuid: "164578ee4ad548e78a5d23dbd6d50ae0" member_type: VOTER last_known_addr { host: "127.1.119.65" port: 37163 } } peers { permanent_uuid: "0072540c28d840dd91fdcd60f2fb9e38" member_type: VOTER last_known_addr { host: "127.1.119.66" port: 36071 } } peers { permanent_uuid: "bc6f5e3bd4f8408e9ce8fe62584325d5" member_type: VOTER last_known_addr { host: "127.1.119.67" port: 33589 } attrs { replace: true } } peers { permanent_uuid: "e6e0370718c9491cb4390bc1bcfbf485" member_type: NON_VOTER last_known_addr { host: "127.1.119.68" port: 43551 } attrs { promote: true } }
I20260710 11:04:11.546459  2511 catalog_manager.cc:5697] T 52b18790e7a643919bd29fcc2b7e487d P 0072540c28d840dd91fdcd60f2fb9e38 reported cstate change: config changed from index -1 to 2, NON_VOTER e6e0370718c9491cb4390bc1bcfbf485 (127.1.119.68) added. New cstate: current_term: 1 leader_uuid: "0072540c28d840dd91fdcd60f2fb9e38" committed_config { opid_index: 2 OBSOLETE_local: false peers { permanent_uuid: "164578ee4ad548e78a5d23dbd6d50ae0" member_type: VOTER last_known_addr { host: "127.1.119.65" port: 37163 } attrs { replace: true } health_report { overall_health: HEALTHY } } peers { permanent_uuid: "0072540c28d840dd91fdcd60f2fb9e38" member_type: VOTER last_known_addr { host: "127.1.119.66" port: 36071 } health_report { overall_health: HEALTHY } } peers { permanent_uuid: "bc6f5e3bd4f8408e9ce8fe62584325d5" member_type: VOTER last_known_addr { host: "127.1.119.67" port: 33589 } health_report { overall_health: HEALTHY } } peers { permanent_uuid: "e6e0370718c9491cb4390bc1bcfbf485" member_type: NON_VOTER last_known_addr { host: "127.1.119.68" port: 43551 } attrs { promote: true } health_report { overall_health: UNKNOWN } } }
I20260710 11:04:11.561437  2765 raft_consensus.cc:1275] T 91f50ea8db9d45148429b7beb45d522e P bc6f5e3bd4f8408e9ce8fe62584325d5 [term 1 FOLLOWER]: Refusing update from remote peer 0072540c28d840dd91fdcd60f2fb9e38: Log matching property violated. Preceding OpId in replica: term: 1 index: 1. Preceding OpId from leader: term: 1 index: 2. (index mismatch)
I20260710 11:04:11.563390  2613 raft_consensus.cc:1275] T 91f50ea8db9d45148429b7beb45d522e P 164578ee4ad548e78a5d23dbd6d50ae0 [term 1 FOLLOWER]: Refusing update from remote peer 0072540c28d840dd91fdcd60f2fb9e38: Log matching property violated. Preceding OpId in replica: term: 1 index: 1. Preceding OpId from leader: term: 1 index: 2. (index mismatch)
W20260710 11:04:11.564996  2658 consensus_peers.cc:597] T 91f50ea8db9d45148429b7beb45d522e P 0072540c28d840dd91fdcd60f2fb9e38 -> Peer e6e0370718c9491cb4390bc1bcfbf485 (127.1.119.68:43551): Couldn't send request to peer e6e0370718c9491cb4390bc1bcfbf485. Error code: TABLET_NOT_FOUND (6). Status: Not found: Tablet not found: 91f50ea8db9d45148429b7beb45d522e. This is attempt 1: this message will repeat every 5th retry.
I20260710 11:04:11.565850  3125 consensus_queue.cc:1048] T 91f50ea8db9d45148429b7beb45d522e P 0072540c28d840dd91fdcd60f2fb9e38 [LEADER]: Connected to new peer: Peer: permanent_uuid: "164578ee4ad548e78a5d23dbd6d50ae0" member_type: VOTER last_known_addr { host: "127.1.119.65" port: 37163 }, Status: LMP_MISMATCH, Last received: 0.0, Next index: 2, Last known committed idx: 1, Time since last communication: 0.000s
I20260710 11:04:11.568267  3125 consensus_queue.cc:1048] T 91f50ea8db9d45148429b7beb45d522e P 0072540c28d840dd91fdcd60f2fb9e38 [LEADER]: Connected to new peer: Peer: permanent_uuid: "bc6f5e3bd4f8408e9ce8fe62584325d5" member_type: VOTER last_known_addr { host: "127.1.119.67" port: 33589 } attrs { replace: true }, Status: LMP_MISMATCH, Last received: 0.0, Next index: 2, Last known committed idx: 1, Time since last communication: 0.000s
I20260710 11:04:11.583454  2765 raft_consensus.cc:2955] T 91f50ea8db9d45148429b7beb45d522e P bc6f5e3bd4f8408e9ce8fe62584325d5 [term 1 FOLLOWER]: Committing config change with OpId 1.2: config changed from index -1 to 2, NON_VOTER e6e0370718c9491cb4390bc1bcfbf485 (127.1.119.68) added. New config: { opid_index: 2 OBSOLETE_local: false peers { permanent_uuid: "164578ee4ad548e78a5d23dbd6d50ae0" member_type: VOTER last_known_addr { host: "127.1.119.65" port: 37163 } } peers { permanent_uuid: "0072540c28d840dd91fdcd60f2fb9e38" member_type: VOTER last_known_addr { host: "127.1.119.66" port: 36071 } } peers { permanent_uuid: "bc6f5e3bd4f8408e9ce8fe62584325d5" member_type: VOTER last_known_addr { host: "127.1.119.67" port: 33589 } attrs { replace: true } } peers { permanent_uuid: "e6e0370718c9491cb4390bc1bcfbf485" member_type: NON_VOTER last_known_addr { host: "127.1.119.68" port: 43551 } attrs { promote: true } } }
I20260710 11:04:11.582011  3125 raft_consensus.cc:2955] T 91f50ea8db9d45148429b7beb45d522e P 0072540c28d840dd91fdcd60f2fb9e38 [term 1 LEADER]: Committing config change with OpId 1.2: config changed from index -1 to 2, NON_VOTER e6e0370718c9491cb4390bc1bcfbf485 (127.1.119.68) added. New config: { opid_index: 2 OBSOLETE_local: false peers { permanent_uuid: "164578ee4ad548e78a5d23dbd6d50ae0" member_type: VOTER last_known_addr { host: "127.1.119.65" port: 37163 } } peers { permanent_uuid: "0072540c28d840dd91fdcd60f2fb9e38" member_type: VOTER last_known_addr { host: "127.1.119.66" port: 36071 } } peers { permanent_uuid: "bc6f5e3bd4f8408e9ce8fe62584325d5" member_type: VOTER last_known_addr { host: "127.1.119.67" port: 33589 } attrs { replace: true } } peers { permanent_uuid: "e6e0370718c9491cb4390bc1bcfbf485" member_type: NON_VOTER last_known_addr { host: "127.1.119.68" port: 43551 } attrs { promote: true } } }
I20260710 11:04:11.596423  2513 catalog_manager.cc:5697] T 91f50ea8db9d45148429b7beb45d522e P bc6f5e3bd4f8408e9ce8fe62584325d5 reported cstate change: config changed from index -1 to 2, NON_VOTER e6e0370718c9491cb4390bc1bcfbf485 (127.1.119.68) added. New cstate: current_term: 1 leader_uuid: "0072540c28d840dd91fdcd60f2fb9e38" committed_config { opid_index: 2 OBSOLETE_local: false peers { permanent_uuid: "164578ee4ad548e78a5d23dbd6d50ae0" member_type: VOTER last_known_addr { host: "127.1.119.65" port: 37163 } } peers { permanent_uuid: "0072540c28d840dd91fdcd60f2fb9e38" member_type: VOTER last_known_addr { host: "127.1.119.66" port: 36071 } } peers { permanent_uuid: "bc6f5e3bd4f8408e9ce8fe62584325d5" member_type: VOTER last_known_addr { host: "127.1.119.67" port: 33589 } attrs { replace: true } } peers { permanent_uuid: "e6e0370718c9491cb4390bc1bcfbf485" member_type: NON_VOTER last_known_addr { host: "127.1.119.68" port: 43551 } attrs { promote: true } } }
I20260710 11:04:11.615460  2613 raft_consensus.cc:2955] T 91f50ea8db9d45148429b7beb45d522e P 164578ee4ad548e78a5d23dbd6d50ae0 [term 1 FOLLOWER]: Committing config change with OpId 1.2: config changed from index -1 to 2, NON_VOTER e6e0370718c9491cb4390bc1bcfbf485 (127.1.119.68) added. New config: { opid_index: 2 OBSOLETE_local: false peers { permanent_uuid: "164578ee4ad548e78a5d23dbd6d50ae0" member_type: VOTER last_known_addr { host: "127.1.119.65" port: 37163 } } peers { permanent_uuid: "0072540c28d840dd91fdcd60f2fb9e38" member_type: VOTER last_known_addr { host: "127.1.119.66" port: 36071 } } peers { permanent_uuid: "bc6f5e3bd4f8408e9ce8fe62584325d5" member_type: VOTER last_known_addr { host: "127.1.119.67" port: 33589 } attrs { replace: true } } peers { permanent_uuid: "e6e0370718c9491cb4390bc1bcfbf485" member_type: NON_VOTER last_known_addr { host: "127.1.119.68" port: 43551 } attrs { promote: true } } }
I20260710 11:04:11.618989  2765 consensus_queue.cc:237] T e122192b0a1f4fcfa5f99fd5d65c308b P bc6f5e3bd4f8408e9ce8fe62584325d5 [LEADER]: Queue going to LEADER mode. State: All replicated index: 0, Majority replicated index: 1, Committed index: 1, Last appended: 1.1, Last appended by leader: 0, Current term: 1, Majority size: 2, State: 0, Mode: LEADER, active raft config: opid_index: 2 OBSOLETE_local: false peers { permanent_uuid: "164578ee4ad548e78a5d23dbd6d50ae0" member_type: VOTER last_known_addr { host: "127.1.119.65" port: 37163 } attrs { replace: true } } peers { permanent_uuid: "0072540c28d840dd91fdcd60f2fb9e38" member_type: VOTER last_known_addr { host: "127.1.119.66" port: 36071 } } peers { permanent_uuid: "bc6f5e3bd4f8408e9ce8fe62584325d5" member_type: VOTER last_known_addr { host: "127.1.119.67" port: 33589 } } peers { permanent_uuid: "e6e0370718c9491cb4390bc1bcfbf485" member_type: NON_VOTER last_known_addr { host: "127.1.119.68" port: 43551 } attrs { promote: true } }
W20260710 11:04:11.635618  2732 consensus_peers.cc:597] T e122192b0a1f4fcfa5f99fd5d65c308b P bc6f5e3bd4f8408e9ce8fe62584325d5 -> Peer e6e0370718c9491cb4390bc1bcfbf485 (127.1.119.68:43551): Couldn't send request to peer e6e0370718c9491cb4390bc1bcfbf485. Error code: TABLET_NOT_FOUND (6). Status: Not found: Tablet not found: e122192b0a1f4fcfa5f99fd5d65c308b. This is attempt 1: this message will repeat every 5th retry.
I20260710 11:04:11.635751  2692 raft_consensus.cc:1275] T e122192b0a1f4fcfa5f99fd5d65c308b P 0072540c28d840dd91fdcd60f2fb9e38 [term 1 FOLLOWER]: Refusing update from remote peer bc6f5e3bd4f8408e9ce8fe62584325d5: Log matching property violated. Preceding OpId in replica: term: 1 index: 1. Preceding OpId from leader: term: 1 index: 2. (index mismatch)
I20260710 11:04:11.637095  3123 consensus_queue.cc:1048] T e122192b0a1f4fcfa5f99fd5d65c308b P bc6f5e3bd4f8408e9ce8fe62584325d5 [LEADER]: Connected to new peer: Peer: permanent_uuid: "0072540c28d840dd91fdcd60f2fb9e38" member_type: VOTER last_known_addr { host: "127.1.119.66" port: 36071 }, Status: LMP_MISMATCH, Last received: 0.0, Next index: 2, Last known committed idx: 1, Time since last communication: 0.000s
I20260710 11:04:11.637945  2613 raft_consensus.cc:1275] T e122192b0a1f4fcfa5f99fd5d65c308b P 164578ee4ad548e78a5d23dbd6d50ae0 [term 1 FOLLOWER]: Refusing update from remote peer bc6f5e3bd4f8408e9ce8fe62584325d5: Log matching property violated. Preceding OpId in replica: term: 1 index: 1. Preceding OpId from leader: term: 1 index: 2. (index mismatch)
I20260710 11:04:11.639083  3123 consensus_queue.cc:1048] T e122192b0a1f4fcfa5f99fd5d65c308b P bc6f5e3bd4f8408e9ce8fe62584325d5 [LEADER]: Connected to new peer: Peer: permanent_uuid: "164578ee4ad548e78a5d23dbd6d50ae0" member_type: VOTER last_known_addr { host: "127.1.119.65" port: 37163 } attrs { replace: true }, Status: LMP_MISMATCH, Last received: 0.0, Next index: 2, Last known committed idx: 1, Time since last communication: 0.000s
I20260710 11:04:11.644690  3145 raft_consensus.cc:2955] T e122192b0a1f4fcfa5f99fd5d65c308b P bc6f5e3bd4f8408e9ce8fe62584325d5 [term 1 LEADER]: Committing config change with OpId 1.2: config changed from index -1 to 2, NON_VOTER e6e0370718c9491cb4390bc1bcfbf485 (127.1.119.68) added. New config: { opid_index: 2 OBSOLETE_local: false peers { permanent_uuid: "164578ee4ad548e78a5d23dbd6d50ae0" member_type: VOTER last_known_addr { host: "127.1.119.65" port: 37163 } attrs { replace: true } } peers { permanent_uuid: "0072540c28d840dd91fdcd60f2fb9e38" member_type: VOTER last_known_addr { host: "127.1.119.66" port: 36071 } } peers { permanent_uuid: "bc6f5e3bd4f8408e9ce8fe62584325d5" member_type: VOTER last_known_addr { host: "127.1.119.67" port: 33589 } } peers { permanent_uuid: "e6e0370718c9491cb4390bc1bcfbf485" member_type: NON_VOTER last_known_addr { host: "127.1.119.68" port: 43551 } attrs { promote: true } } }
I20260710 11:04:11.646207  2692 raft_consensus.cc:2955] T e122192b0a1f4fcfa5f99fd5d65c308b P 0072540c28d840dd91fdcd60f2fb9e38 [term 1 FOLLOWER]: Committing config change with OpId 1.2: config changed from index -1 to 2, NON_VOTER e6e0370718c9491cb4390bc1bcfbf485 (127.1.119.68) added. New config: { opid_index: 2 OBSOLETE_local: false peers { permanent_uuid: "164578ee4ad548e78a5d23dbd6d50ae0" member_type: VOTER last_known_addr { host: "127.1.119.65" port: 37163 } attrs { replace: true } } peers { permanent_uuid: "0072540c28d840dd91fdcd60f2fb9e38" member_type: VOTER last_known_addr { host: "127.1.119.66" port: 36071 } } peers { permanent_uuid: "bc6f5e3bd4f8408e9ce8fe62584325d5" member_type: VOTER last_known_addr { host: "127.1.119.67" port: 33589 } } peers { permanent_uuid: "e6e0370718c9491cb4390bc1bcfbf485" member_type: NON_VOTER last_known_addr { host: "127.1.119.68" port: 43551 } attrs { promote: true } } }
