I20260710 11:04:07.937533 31008 consensus_queue.cc:260] T 77e127da4cab41ceb7e6eed870a85cc0 P 33e448985b0640118faccfbd1ee410c7 [NON_LEADER]: Queue going to NON_LEADER mode. State: All replicated index: 0, Majority replicated index: 0, Committed index: 0, Last appended: 0.0, Last appended by leader: 0, Current term: 0, Majority size: -1, State: 0, Mode: NON_LEADER, active raft config: opid_index: -1 OBSOLETE_local: false peers { permanent_uuid: "662b34f1d8224d7ead73ad8e9582d533" member_type: VOTER last_known_addr { host: "127.29.3.1" port: 46313 } } peers { permanent_uuid: "33e448985b0640118faccfbd1ee410c7" member_type: VOTER last_known_addr { host: "127.29.3.2" port: 39047 } } peers { permanent_uuid: "657984ed15b347f78630a4c767c7ece6" member_type: VOTER last_known_addr { host: "127.29.3.3" port: 42871 } }
I20260710 11:04:07.938966 31008 ts_tablet_manager.cc:1434] T 77e127da4cab41ceb7e6eed870a85cc0 P 33e448985b0640118faccfbd1ee410c7: Time spent starting tablet: real 0.012s	user 0.004s	sys 0.000s
I20260710 11:04:07.939815 31008 tablet_bootstrap.cc:492] T e95d0e86677e44888551370b1205ffa1 P 33e448985b0640118faccfbd1ee410c7: Bootstrap starting.
W20260710 11:04:07.940402 30928 leader_election.cc:343] T e95d0e86677e44888551370b1205ffa1 P 657984ed15b347f78630a4c767c7ece6 [CANDIDATE]: Term 1 pre-election: Tablet error from VoteRequest() call to peer 33e448985b0640118faccfbd1ee410c7 (127.29.3.2:39047): Illegal state: must be running to vote when last-logged opid is not known
I20260710 11:04:07.941422 30890 tablet_service.cc:1917] Received RequestConsensusVote() RPC: tablet_id: "15c66e338cdf47b383c08a093f446520" candidate_uuid: "657984ed15b347f78630a4c767c7ece6" candidate_term: 1 candidate_status { last_received { term: 0 index: 0 } } ignore_live_leader: false dest_uuid: "33e448985b0640118faccfbd1ee410c7" is_pre_election: true
W20260710 11:04:07.947476 30928 leader_election.cc:343] T 15c66e338cdf47b383c08a093f446520 P 657984ed15b347f78630a4c767c7ece6 [CANDIDATE]: Term 1 pre-election: Tablet error from VoteRequest() call to peer 33e448985b0640118faccfbd1ee410c7 (127.29.3.2:39047): Illegal state: must be running to vote when last-logged opid is not known
I20260710 11:04:07.952337 30814 tablet_service.cc:1917] Received RequestConsensusVote() RPC: tablet_id: "15c66e338cdf47b383c08a093f446520" candidate_uuid: "657984ed15b347f78630a4c767c7ece6" candidate_term: 1 candidate_status { last_received { term: 0 index: 0 } } ignore_live_leader: false dest_uuid: "662b34f1d8224d7ead73ad8e9582d533" is_pre_election: true
I20260710 11:04:07.953619 30816 tablet_service.cc:1917] Received RequestConsensusVote() RPC: tablet_id: "e95d0e86677e44888551370b1205ffa1" candidate_uuid: "657984ed15b347f78630a4c767c7ece6" candidate_term: 1 candidate_status { last_received { term: 0 index: 0 } } ignore_live_leader: false dest_uuid: "662b34f1d8224d7ead73ad8e9582d533" is_pre_election: true
I20260710 11:04:07.954371 30816 raft_consensus.cc:2468] T e95d0e86677e44888551370b1205ffa1 P 662b34f1d8224d7ead73ad8e9582d533 [term 0 FOLLOWER]: Leader pre-election vote request: Granting yes vote for candidate 657984ed15b347f78630a4c767c7ece6 in term 0.
I20260710 11:04:07.954401 31033 raft_consensus.cc:493] T 360b0f0b444a406694682b0cb0e78104 P 662b34f1d8224d7ead73ad8e9582d533 [term 1 FOLLOWER]: Starting pre-election (no leader contacted us within the election timeout)
I20260710 11:04:07.955163 31033 raft_consensus.cc:515] T 360b0f0b444a406694682b0cb0e78104 P 662b34f1d8224d7ead73ad8e9582d533 [term 1 FOLLOWER]: Starting pre-election with config: opid_index: -1 OBSOLETE_local: false peers { permanent_uuid: "662b34f1d8224d7ead73ad8e9582d533" member_type: VOTER last_known_addr { host: "127.29.3.1" port: 46313 } } peers { permanent_uuid: "33e448985b0640118faccfbd1ee410c7" member_type: VOTER last_known_addr { host: "127.29.3.2" port: 39047 } } peers { permanent_uuid: "657984ed15b347f78630a4c767c7ece6" member_type: VOTER last_known_addr { host: "127.29.3.3" port: 42871 } }
I20260710 11:04:07.963438 30890 tablet_service.cc:1917] Received RequestConsensusVote() RPC: tablet_id: "360b0f0b444a406694682b0cb0e78104" candidate_uuid: "662b34f1d8224d7ead73ad8e9582d533" candidate_term: 2 candidate_status { last_received { term: 0 index: 0 } } ignore_live_leader: false dest_uuid: "33e448985b0640118faccfbd1ee410c7" is_pre_election: true
I20260710 11:04:07.964320 30890 raft_consensus.cc:2468] T 360b0f0b444a406694682b0cb0e78104 P 33e448985b0640118faccfbd1ee410c7 [term 1 FOLLOWER]: Leader pre-election vote request: Granting yes vote for candidate 662b34f1d8224d7ead73ad8e9582d533 in term 1.
I20260710 11:04:07.988891 31008 tablet_bootstrap.cc:654] T e95d0e86677e44888551370b1205ffa1 P 33e448985b0640118faccfbd1ee410c7: Neither blocks nor log segments found. Creating new log.
I20260710 11:04:07.965343 31152 raft_consensus.cc:493] T e5d34604f55847e5b7d9343b39640bb2 P 657984ed15b347f78630a4c767c7ece6 [term 0 FOLLOWER]: Starting pre-election (no leader contacted us within the election timeout)
I20260710 11:04:07.988525 30779 leader_election.cc:304] T 360b0f0b444a406694682b0cb0e78104 P 662b34f1d8224d7ead73ad8e9582d533 [CANDIDATE]: Term 2 pre-election: Election decided. Result: candidate won. Election summary: received 2 responses out of 3 voters: 2 yes votes; 0 no votes. yes voters: 33e448985b0640118faccfbd1ee410c7, 662b34f1d8224d7ead73ad8e9582d533; no voters: 
I20260710 11:04:08.006351 31014 raft_consensus.cc:2804] T 360b0f0b444a406694682b0cb0e78104 P 662b34f1d8224d7ead73ad8e9582d533 [term 1 FOLLOWER]: Leader pre-election won for term 2
I20260710 11:04:08.006896 31014 raft_consensus.cc:493] T 360b0f0b444a406694682b0cb0e78104 P 662b34f1d8224d7ead73ad8e9582d533 [term 1 FOLLOWER]: Starting leader election (no leader contacted us within the election timeout)
I20260710 11:04:08.007321 31014 raft_consensus.cc:3060] T 360b0f0b444a406694682b0cb0e78104 P 662b34f1d8224d7ead73ad8e9582d533 [term 1 FOLLOWER]: Advancing to term 2
I20260710 11:04:08.009027 31033 leader_election.cc:290] T 360b0f0b444a406694682b0cb0e78104 P 662b34f1d8224d7ead73ad8e9582d533 [CANDIDATE]: Term 2 pre-election: Requested pre-vote from peers 33e448985b0640118faccfbd1ee410c7 (127.29.3.2:39047), 657984ed15b347f78630a4c767c7ece6 (127.29.3.3:42871)
I20260710 11:04:08.012668 31152 raft_consensus.cc:515] T e5d34604f55847e5b7d9343b39640bb2 P 657984ed15b347f78630a4c767c7ece6 [term 0 FOLLOWER]: Starting pre-election with config: opid_index: -1 OBSOLETE_local: false peers { permanent_uuid: "662b34f1d8224d7ead73ad8e9582d533" member_type: VOTER last_known_addr { host: "127.29.3.1" port: 46313 } } peers { permanent_uuid: "33e448985b0640118faccfbd1ee410c7" member_type: VOTER last_known_addr { host: "127.29.3.2" port: 39047 } } peers { permanent_uuid: "657984ed15b347f78630a4c767c7ece6" member_type: VOTER last_known_addr { host: "127.29.3.3" port: 42871 } }
I20260710 11:04:08.018369 31152 leader_election.cc:290] T e5d34604f55847e5b7d9343b39640bb2 P 657984ed15b347f78630a4c767c7ece6 [CANDIDATE]: Term 1 pre-election: Requested pre-vote from peers 662b34f1d8224d7ead73ad8e9582d533 (127.29.3.1:46313), 33e448985b0640118faccfbd1ee410c7 (127.29.3.2:39047)
I20260710 11:04:08.060936 30815 tablet_service.cc:1917] Received RequestConsensusVote() RPC: tablet_id: "e5d34604f55847e5b7d9343b39640bb2" candidate_uuid: "657984ed15b347f78630a4c767c7ece6" candidate_term: 1 candidate_status { last_received { term: 0 index: 0 } } ignore_live_leader: false dest_uuid: "662b34f1d8224d7ead73ad8e9582d533" is_pre_election: true
I20260710 11:04:08.061955 30815 raft_consensus.cc:2468] T e5d34604f55847e5b7d9343b39640bb2 P 662b34f1d8224d7ead73ad8e9582d533 [term 0 FOLLOWER]: Leader pre-election vote request: Granting yes vote for candidate 657984ed15b347f78630a4c767c7ece6 in term 0.
I20260710 11:04:08.093588 30965 tablet_service.cc:1917] Received RequestConsensusVote() RPC: tablet_id: "360b0f0b444a406694682b0cb0e78104" candidate_uuid: "662b34f1d8224d7ead73ad8e9582d533" candidate_term: 2 candidate_status { last_received { term: 0 index: 0 } } ignore_live_leader: false dest_uuid: "657984ed15b347f78630a4c767c7ece6" is_pre_election: true
I20260710 11:04:08.094535 30965 raft_consensus.cc:2468] T 360b0f0b444a406694682b0cb0e78104 P 657984ed15b347f78630a4c767c7ece6 [term 1 FOLLOWER]: Leader pre-election vote request: Granting yes vote for candidate 662b34f1d8224d7ead73ad8e9582d533 in term 1.
W20260710 11:04:08.095831 30930 leader_election.cc:343] T 15c66e338cdf47b383c08a093f446520 P 657984ed15b347f78630a4c767c7ece6 [CANDIDATE]: Term 1 pre-election: Tablet error from VoteRequest() call to peer 662b34f1d8224d7ead73ad8e9582d533 (127.29.3.1:46313): Illegal state: must be running to vote when last-logged opid is not known
I20260710 11:04:08.096366 30930 leader_election.cc:304] T 15c66e338cdf47b383c08a093f446520 P 657984ed15b347f78630a4c767c7ece6 [CANDIDATE]: Term 1 pre-election: Election decided. Result: candidate lost. Election summary: received 3 responses out of 3 voters: 1 yes votes; 2 no votes. yes voters: 657984ed15b347f78630a4c767c7ece6; no voters: 33e448985b0640118faccfbd1ee410c7, 662b34f1d8224d7ead73ad8e9582d533
I20260710 11:04:08.097249 31039 raft_consensus.cc:2749] T 15c66e338cdf47b383c08a093f446520 P 657984ed15b347f78630a4c767c7ece6 [term 0 FOLLOWER]: Leader pre-election lost for term 1. Reason: could not achieve majority
I20260710 11:04:08.097918 30930 leader_election.cc:304] T e95d0e86677e44888551370b1205ffa1 P 657984ed15b347f78630a4c767c7ece6 [CANDIDATE]: Term 1 pre-election: Election decided. Result: candidate won. Election summary: received 3 responses out of 3 voters: 2 yes votes; 1 no votes. yes voters: 657984ed15b347f78630a4c767c7ece6, 662b34f1d8224d7ead73ad8e9582d533; no voters: 33e448985b0640118faccfbd1ee410c7
I20260710 11:04:08.098891 31039 raft_consensus.cc:2804] T e95d0e86677e44888551370b1205ffa1 P 657984ed15b347f78630a4c767c7ece6 [term 0 FOLLOWER]: Leader pre-election won for term 1
I20260710 11:04:08.099257 31039 raft_consensus.cc:493] T e95d0e86677e44888551370b1205ffa1 P 657984ed15b347f78630a4c767c7ece6 [term 0 FOLLOWER]: Starting leader election (no leader contacted us within the election timeout)
I20260710 11:04:08.100664 31005 tablet_bootstrap.cc:700] T 529f262880dc40a1bfd243e1e797dc1b P 657984ed15b347f78630a4c767c7ece6: Time spent opening tablet: real 0.112s	user 0.012s	sys 0.004s
I20260710 11:04:08.099301 30930 leader_election.cc:304] T e5d34604f55847e5b7d9343b39640bb2 P 657984ed15b347f78630a4c767c7ece6 [CANDIDATE]: Term 1 pre-election: Election decided. Result: candidate won. Election summary: received 2 responses out of 3 voters: 2 yes votes; 0 no votes. yes voters: 657984ed15b347f78630a4c767c7ece6, 662b34f1d8224d7ead73ad8e9582d533; no voters: 
I20260710 11:04:08.103025 31005 tablet_bootstrap.cc:654] T 529f262880dc40a1bfd243e1e797dc1b P 657984ed15b347f78630a4c767c7ece6: Neither blocks nor log segments found. Creating new log.
I20260710 11:04:08.100246 31039 raft_consensus.cc:3060] T e95d0e86677e44888551370b1205ffa1 P 657984ed15b347f78630a4c767c7ece6 [term 0 FOLLOWER]: Advancing to term 1
W20260710 11:04:08.100375 30779 outbound_call.cc:321] RPC callback for RPC call kudu.consensus.ConsensusService.UpdateConsensus -> {remote=127.29.3.3:42871, user_credentials={real_user=slave}} blocked reactor thread for 60305.5us
I20260710 11:04:08.115458 30714 catalog_manager.cc:5697] T 01753fed71404c508badec495ea88041 P 33e448985b0640118faccfbd1ee410c7 reported cstate change: term changed from 0 to 1, leader changed from <none> to 33e448985b0640118faccfbd1ee410c7 (127.29.3.2). New cstate: current_term: 1 leader_uuid: "33e448985b0640118faccfbd1ee410c7" committed_config { opid_index: -1 OBSOLETE_local: false peers { permanent_uuid: "662b34f1d8224d7ead73ad8e9582d533" member_type: VOTER last_known_addr { host: "127.29.3.1" port: 46313 } health_report { overall_health: UNKNOWN } } peers { permanent_uuid: "33e448985b0640118faccfbd1ee410c7" member_type: VOTER last_known_addr { host: "127.29.3.2" port: 39047 } health_report { overall_health: HEALTHY } } peers { permanent_uuid: "657984ed15b347f78630a4c767c7ece6" member_type: VOTER last_known_addr { host: "127.29.3.3" port: 42871 } health_report { overall_health: UNKNOWN } } }
I20260710 11:04:08.108001 31151 raft_consensus.cc:2804] T e5d34604f55847e5b7d9343b39640bb2 P 657984ed15b347f78630a4c767c7ece6 [term 0 FOLLOWER]: Leader pre-election won for term 1
I20260710 11:04:08.119977 31151 raft_consensus.cc:493] T e5d34604f55847e5b7d9343b39640bb2 P 657984ed15b347f78630a4c767c7ece6 [term 0 FOLLOWER]: Starting leader election (no leader contacted us within the election timeout)
I20260710 11:04:08.132799 30889 tablet_service.cc:1917] Received RequestConsensusVote() RPC: tablet_id: "e5d34604f55847e5b7d9343b39640bb2" candidate_uuid: "657984ed15b347f78630a4c767c7ece6" candidate_term: 1 candidate_status { last_received { term: 0 index: 0 } } ignore_live_leader: false dest_uuid: "33e448985b0640118faccfbd1ee410c7" is_pre_election: true
I20260710 11:04:08.134260 31014 raft_consensus.cc:515] T 360b0f0b444a406694682b0cb0e78104 P 662b34f1d8224d7ead73ad8e9582d533 [term 2 FOLLOWER]: Starting leader election with config: opid_index: -1 OBSOLETE_local: false peers { permanent_uuid: "662b34f1d8224d7ead73ad8e9582d533" member_type: VOTER last_known_addr { host: "127.29.3.1" port: 46313 } } peers { permanent_uuid: "33e448985b0640118faccfbd1ee410c7" member_type: VOTER last_known_addr { host: "127.29.3.2" port: 39047 } } peers { permanent_uuid: "657984ed15b347f78630a4c767c7ece6" member_type: VOTER last_known_addr { host: "127.29.3.3" port: 42871 } }
I20260710 11:04:08.141458 31014 leader_election.cc:290] T 360b0f0b444a406694682b0cb0e78104 P 662b34f1d8224d7ead73ad8e9582d533 [CANDIDATE]: Term 2 election: Requested vote from peers 33e448985b0640118faccfbd1ee410c7 (127.29.3.2:39047), 657984ed15b347f78630a4c767c7ece6 (127.29.3.3:42871)
I20260710 11:04:08.143733 31006 tablet_bootstrap.cc:492] T d8205c227cad4208ae05c93d9b1064fe P 662b34f1d8224d7ead73ad8e9582d533: No bootstrap required, opened a new log
I20260710 11:04:08.144232 31006 ts_tablet_manager.cc:1403] T d8205c227cad4208ae05c93d9b1064fe P 662b34f1d8224d7ead73ad8e9582d533: Time spent bootstrapping tablet: real 0.346s	user 0.026s	sys 0.044s
I20260710 11:04:08.148571 31006 raft_consensus.cc:359] T d8205c227cad4208ae05c93d9b1064fe P 662b34f1d8224d7ead73ad8e9582d533 [term 0 FOLLOWER]: Replica starting. Triggering 0 pending ops. Active config: opid_index: -1 OBSOLETE_local: false peers { permanent_uuid: "662b34f1d8224d7ead73ad8e9582d533" member_type: VOTER last_known_addr { host: "127.29.3.1" port: 46313 } } peers { permanent_uuid: "33e448985b0640118faccfbd1ee410c7" member_type: VOTER last_known_addr { host: "127.29.3.2" port: 39047 } } peers { permanent_uuid: "657984ed15b347f78630a4c767c7ece6" member_type: VOTER last_known_addr { host: "127.29.3.3" port: 42871 } }
I20260710 11:04:08.149233 31006 raft_consensus.cc:385] T d8205c227cad4208ae05c93d9b1064fe P 662b34f1d8224d7ead73ad8e9582d533 [term 0 FOLLOWER]: Consensus starting up: Expiring failure detector timer to make a prompt election more likely
I20260710 11:04:08.149507 31006 raft_consensus.cc:740] T d8205c227cad4208ae05c93d9b1064fe P 662b34f1d8224d7ead73ad8e9582d533 [term 0 FOLLOWER]: Becoming Follower/Learner. State: Replica: 662b34f1d8224d7ead73ad8e9582d533, State: Initialized, Role: FOLLOWER
I20260710 11:04:08.150315 30890 tablet_service.cc:1917] Received RequestConsensusVote() RPC: tablet_id: "360b0f0b444a406694682b0cb0e78104" candidate_uuid: "662b34f1d8224d7ead73ad8e9582d533" candidate_term: 2 candidate_status { last_received { term: 0 index: 0 } } ignore_live_leader: false dest_uuid: "33e448985b0640118faccfbd1ee410c7"
I20260710 11:04:08.145164 31151 raft_consensus.cc:3060] T e5d34604f55847e5b7d9343b39640bb2 P 657984ed15b347f78630a4c767c7ece6 [term 0 FOLLOWER]: Advancing to term 1
I20260710 11:04:08.151487 31006 consensus_queue.cc:260] T d8205c227cad4208ae05c93d9b1064fe P 662b34f1d8224d7ead73ad8e9582d533 [NON_LEADER]: Queue going to NON_LEADER mode. State: All replicated index: 0, Majority replicated index: 0, Committed index: 0, Last appended: 0.0, Last appended by leader: 0, Current term: 0, Majority size: -1, State: 0, Mode: NON_LEADER, active raft config: opid_index: -1 OBSOLETE_local: false peers { permanent_uuid: "662b34f1d8224d7ead73ad8e9582d533" member_type: VOTER last_known_addr { host: "127.29.3.1" port: 46313 } } peers { permanent_uuid: "33e448985b0640118faccfbd1ee410c7" member_type: VOTER last_known_addr { host: "127.29.3.2" port: 39047 } } peers { permanent_uuid: "657984ed15b347f78630a4c767c7ece6" member_type: VOTER last_known_addr { host: "127.29.3.3" port: 42871 } }
I20260710 11:04:08.150911 30890 raft_consensus.cc:3060] T 360b0f0b444a406694682b0cb0e78104 P 33e448985b0640118faccfbd1ee410c7 [term 1 FOLLOWER]: Advancing to term 2
I20260710 11:04:08.158371 31006 ts_tablet_manager.cc:1434] T d8205c227cad4208ae05c93d9b1064fe P 662b34f1d8224d7ead73ad8e9582d533: Time spent starting tablet: real 0.014s	user 0.005s	sys 0.000s
I20260710 11:04:08.159389 31006 tablet_bootstrap.cc:492] T 15c66e338cdf47b383c08a093f446520 P 662b34f1d8224d7ead73ad8e9582d533: Bootstrap starting.
W20260710 11:04:08.159557 31153 log.cc:927] Time spent T 01753fed71404c508badec495ea88041 P 33e448985b0640118faccfbd1ee410c7: Append to log took a long time: real 0.053s	user 0.000s	sys 0.000s
I20260710 11:04:08.133239 31039 raft_consensus.cc:515] T e95d0e86677e44888551370b1205ffa1 P 657984ed15b347f78630a4c767c7ece6 [term 1 FOLLOWER]: Starting leader election with config: opid_index: -1 OBSOLETE_local: false peers { permanent_uuid: "662b34f1d8224d7ead73ad8e9582d533" member_type: VOTER last_known_addr { host: "127.29.3.1" port: 46313 } } peers { permanent_uuid: "33e448985b0640118faccfbd1ee410c7" member_type: VOTER last_known_addr { host: "127.29.3.2" port: 39047 } } peers { permanent_uuid: "657984ed15b347f78630a4c767c7ece6" member_type: VOTER last_known_addr { host: "127.29.3.3" port: 42871 } }
I20260710 11:04:08.179476 31005 tablet_bootstrap.cc:492] T 529f262880dc40a1bfd243e1e797dc1b P 657984ed15b347f78630a4c767c7ece6: No bootstrap required, opened a new log
I20260710 11:04:08.179951 31005 ts_tablet_manager.cc:1403] T 529f262880dc40a1bfd243e1e797dc1b P 657984ed15b347f78630a4c767c7ece6: Time spent bootstrapping tablet: real 0.305s	user 0.023s	sys 0.013s
I20260710 11:04:08.167263 31045 consensus_queue.cc:1048] T 6e699ad3c9b54c84a231efdd42c7bd6d P 657984ed15b347f78630a4c767c7ece6 [LEADER]: Connected to new peer: Peer: permanent_uuid: "33e448985b0640118faccfbd1ee410c7" member_type: VOTER last_known_addr { host: "127.29.3.2" port: 39047 }, Status: LMP_MISMATCH, Last received: 0.0, Next index: 1, Last known committed idx: 0, Time since last communication: 0.009s
I20260710 11:04:08.195158 31101 consensus_queue.cc:1048] T 32b381e8539f49ee8961b35f469131d1 P 33e448985b0640118faccfbd1ee410c7 [LEADER]: Connected to new peer: Peer: permanent_uuid: "662b34f1d8224d7ead73ad8e9582d533" member_type: VOTER last_known_addr { host: "127.29.3.1" port: 46313 }, Status: LMP_MISMATCH, Last received: 0.0, Next index: 1, Last known committed idx: 0, Time since last communication: 0.001s
W20260710 11:04:08.201164 30928 leader_election.cc:343] T e5d34604f55847e5b7d9343b39640bb2 P 657984ed15b347f78630a4c767c7ece6 [CANDIDATE]: Term 1 pre-election: Tablet error from VoteRequest() call to peer 33e448985b0640118faccfbd1ee410c7 (127.29.3.2:39047): Illegal state: must be running to vote when last-logged opid is not known
I20260710 11:04:08.223335 31005 raft_consensus.cc:359] T 529f262880dc40a1bfd243e1e797dc1b P 657984ed15b347f78630a4c767c7ece6 [term 0 FOLLOWER]: Replica starting. Triggering 0 pending ops. Active config: opid_index: -1 OBSOLETE_local: false peers { permanent_uuid: "662b34f1d8224d7ead73ad8e9582d533" member_type: VOTER last_known_addr { host: "127.29.3.1" port: 46313 } } peers { permanent_uuid: "33e448985b0640118faccfbd1ee410c7" member_type: VOTER last_known_addr { host: "127.29.3.2" port: 39047 } } peers { permanent_uuid: "657984ed15b347f78630a4c767c7ece6" member_type: VOTER last_known_addr { host: "127.29.3.3" port: 42871 } }
I20260710 11:04:08.223935 31005 raft_consensus.cc:385] T 529f262880dc40a1bfd243e1e797dc1b P 657984ed15b347f78630a4c767c7ece6 [term 0 FOLLOWER]: Consensus starting up: Expiring failure detector timer to make a prompt election more likely
I20260710 11:04:08.224218 31005 raft_consensus.cc:740] T 529f262880dc40a1bfd243e1e797dc1b P 657984ed15b347f78630a4c767c7ece6 [term 0 FOLLOWER]: Becoming Follower/Learner. State: Replica: 657984ed15b347f78630a4c767c7ece6, State: Initialized, Role: FOLLOWER
I20260710 11:04:08.229632 31008 tablet_bootstrap.cc:492] T e95d0e86677e44888551370b1205ffa1 P 33e448985b0640118faccfbd1ee410c7: No bootstrap required, opened a new log
I20260710 11:04:08.230135 31008 ts_tablet_manager.cc:1403] T e95d0e86677e44888551370b1205ffa1 P 33e448985b0640118faccfbd1ee410c7: Time spent bootstrapping tablet: real 0.290s	user 0.028s	sys 0.018s
I20260710 11:04:08.237208 30887 raft_consensus.cc:3060] T 77e127da4cab41ceb7e6eed870a85cc0 P 33e448985b0640118faccfbd1ee410c7 [term 0 FOLLOWER]: Advancing to term 1
I20260710 11:04:08.245456 31005 consensus_queue.cc:260] T 529f262880dc40a1bfd243e1e797dc1b P 657984ed15b347f78630a4c767c7ece6 [NON_LEADER]: Queue going to NON_LEADER mode. State: All replicated index: 0, Majority replicated index: 0, Committed index: 0, Last appended: 0.0, Last appended by leader: 0, Current term: 0, Majority size: -1, State: 0, Mode: NON_LEADER, active raft config: opid_index: -1 OBSOLETE_local: false peers { permanent_uuid: "662b34f1d8224d7ead73ad8e9582d533" member_type: VOTER last_known_addr { host: "127.29.3.1" port: 46313 } } peers { permanent_uuid: "33e448985b0640118faccfbd1ee410c7" member_type: VOTER last_known_addr { host: "127.29.3.2" port: 39047 } } peers { permanent_uuid: "657984ed15b347f78630a4c767c7ece6" member_type: VOTER last_known_addr { host: "127.29.3.3" port: 42871 } }
I20260710 11:04:08.260439 30890 raft_consensus.cc:2468] T 360b0f0b444a406694682b0cb0e78104 P 33e448985b0640118faccfbd1ee410c7 [term 2 FOLLOWER]: Leader election vote request: Granting yes vote for candidate 662b34f1d8224d7ead73ad8e9582d533 in term 2.
I20260710 11:04:08.263367 30779 leader_election.cc:304] T 360b0f0b444a406694682b0cb0e78104 P 662b34f1d8224d7ead73ad8e9582d533 [CANDIDATE]: Term 2 election: Election decided. Result: candidate won. Election summary: received 2 responses out of 3 voters: 2 yes votes; 0 no votes. yes voters: 33e448985b0640118faccfbd1ee410c7, 662b34f1d8224d7ead73ad8e9582d533; no voters: 
I20260710 11:04:08.264012 31151 raft_consensus.cc:515] T e5d34604f55847e5b7d9343b39640bb2 P 657984ed15b347f78630a4c767c7ece6 [term 1 FOLLOWER]: Starting leader election with config: opid_index: -1 OBSOLETE_local: false peers { permanent_uuid: "662b34f1d8224d7ead73ad8e9582d533" member_type: VOTER last_known_addr { host: "127.29.3.1" port: 46313 } } peers { permanent_uuid: "33e448985b0640118faccfbd1ee410c7" member_type: VOTER last_known_addr { host: "127.29.3.2" port: 39047 } } peers { permanent_uuid: "657984ed15b347f78630a4c767c7ece6" member_type: VOTER last_known_addr { host: "127.29.3.3" port: 42871 } }
I20260710 11:04:08.264503 31014 raft_consensus.cc:2804] T 360b0f0b444a406694682b0cb0e78104 P 662b34f1d8224d7ead73ad8e9582d533 [term 2 FOLLOWER]: Leader election won for term 2
I20260710 11:04:08.265076 31014 raft_consensus.cc:697] T 360b0f0b444a406694682b0cb0e78104 P 662b34f1d8224d7ead73ad8e9582d533 [term 2 LEADER]: Becoming Leader. State: Replica: 662b34f1d8224d7ead73ad8e9582d533, State: Running, Role: LEADER
I20260710 11:04:08.265635 30965 tablet_service.cc:1917] Received RequestConsensusVote() RPC: tablet_id: "360b0f0b444a406694682b0cb0e78104" candidate_uuid: "662b34f1d8224d7ead73ad8e9582d533" candidate_term: 2 candidate_status { last_received { term: 0 index: 0 } } ignore_live_leader: false dest_uuid: "657984ed15b347f78630a4c767c7ece6"
I20260710 11:04:08.267592 31039 leader_election.cc:290] T e95d0e86677e44888551370b1205ffa1 P 657984ed15b347f78630a4c767c7ece6 [CANDIDATE]: Term 1 election: Requested vote from peers 662b34f1d8224d7ead73ad8e9582d533 (127.29.3.1:46313), 33e448985b0640118faccfbd1ee410c7 (127.29.3.2:39047)
I20260710 11:04:08.267922 30965 raft_consensus.cc:3060] T 360b0f0b444a406694682b0cb0e78104 P 657984ed15b347f78630a4c767c7ece6 [term 1 FOLLOWER]: Advancing to term 2
I20260710 11:04:08.270416 31151 leader_election.cc:290] T e5d34604f55847e5b7d9343b39640bb2 P 657984ed15b347f78630a4c767c7ece6 [CANDIDATE]: Term 1 election: Requested vote from peers 662b34f1d8224d7ead73ad8e9582d533 (127.29.3.1:46313), 33e448985b0640118faccfbd1ee410c7 (127.29.3.2:39047)
I20260710 11:04:08.273098 31033 consensus_queue.cc:1048] T 77e127da4cab41ceb7e6eed870a85cc0 P 662b34f1d8224d7ead73ad8e9582d533 [LEADER]: Connected to new peer: Peer: permanent_uuid: "33e448985b0640118faccfbd1ee410c7" member_type: VOTER last_known_addr { host: "127.29.3.2" port: 39047 }, Status: LMP_MISMATCH, Last received: 0.0, Next index: 1, Last known committed idx: 0, Time since last communication: 0.000s
I20260710 11:04:08.274283 31008 raft_consensus.cc:359] T e95d0e86677e44888551370b1205ffa1 P 33e448985b0640118faccfbd1ee410c7 [term 0 FOLLOWER]: Replica starting. Triggering 0 pending ops. Active config: opid_index: -1 OBSOLETE_local: false peers { permanent_uuid: "662b34f1d8224d7ead73ad8e9582d533" member_type: VOTER last_known_addr { host: "127.29.3.1" port: 46313 } } peers { permanent_uuid: "33e448985b0640118faccfbd1ee410c7" member_type: VOTER last_known_addr { host: "127.29.3.2" port: 39047 } } peers { permanent_uuid: "657984ed15b347f78630a4c767c7ece6" member_type: VOTER last_known_addr { host: "127.29.3.3" port: 42871 } }
I20260710 11:04:08.275032 31008 raft_consensus.cc:385] T e95d0e86677e44888551370b1205ffa1 P 33e448985b0640118faccfbd1ee410c7 [term 0 FOLLOWER]: Consensus starting up: Expiring failure detector timer to make a prompt election more likely
I20260710 11:04:08.275338 31008 raft_consensus.cc:740] T e95d0e86677e44888551370b1205ffa1 P 33e448985b0640118faccfbd1ee410c7 [term 0 FOLLOWER]: Becoming Follower/Learner. State: Replica: 33e448985b0640118faccfbd1ee410c7, State: Initialized, Role: FOLLOWER
I20260710 11:04:08.268100 31014 consensus_queue.cc:237] T 360b0f0b444a406694682b0cb0e78104 P 662b34f1d8224d7ead73ad8e9582d533 [LEADER]: Queue going to LEADER mode. State: All replicated index: 0, Majority replicated index: 0, Committed index: 0, Last appended: 0.0, Last appended by leader: 0, Current term: 2, Majority size: 2, State: 0, Mode: LEADER, active raft config: opid_index: -1 OBSOLETE_local: false peers { permanent_uuid: "662b34f1d8224d7ead73ad8e9582d533" member_type: VOTER last_known_addr { host: "127.29.3.1" port: 46313 } } peers { permanent_uuid: "33e448985b0640118faccfbd1ee410c7" member_type: VOTER last_known_addr { host: "127.29.3.2" port: 39047 } } peers { permanent_uuid: "657984ed15b347f78630a4c767c7ece6" member_type: VOTER last_known_addr { host: "127.29.3.3" port: 42871 } }
I20260710 11:04:08.276057 31008 consensus_queue.cc:260] T e95d0e86677e44888551370b1205ffa1 P 33e448985b0640118faccfbd1ee410c7 [NON_LEADER]: Queue going to NON_LEADER mode. State: All replicated index: 0, Majority replicated index: 0, Committed index: 0, Last appended: 0.0, Last appended by leader: 0, Current term: 0, Majority size: -1, State: 0, Mode: NON_LEADER, active raft config: opid_index: -1 OBSOLETE_local: false peers { permanent_uuid: "662b34f1d8224d7ead73ad8e9582d533" member_type: VOTER last_known_addr { host: "127.29.3.1" port: 46313 } } peers { permanent_uuid: "33e448985b0640118faccfbd1ee410c7" member_type: VOTER last_known_addr { host: "127.29.3.2" port: 39047 } } peers { permanent_uuid: "657984ed15b347f78630a4c767c7ece6" member_type: VOTER last_known_addr { host: "127.29.3.3" port: 42871 } }
I20260710 11:04:08.280983 31160 consensus_queue.cc:1048] T 6e699ad3c9b54c84a231efdd42c7bd6d P 657984ed15b347f78630a4c767c7ece6 [LEADER]: Connected to new peer: Peer: permanent_uuid: "662b34f1d8224d7ead73ad8e9582d533" member_type: VOTER last_known_addr { host: "127.29.3.1" port: 46313 }, Status: LMP_MISMATCH, Last received: 0.0, Next index: 1, Last known committed idx: 0, Time since last communication: 0.003s
I20260710 11:04:08.291381 31005 ts_tablet_manager.cc:1434] T 529f262880dc40a1bfd243e1e797dc1b P 657984ed15b347f78630a4c767c7ece6: Time spent starting tablet: real 0.111s	user 0.009s	sys 0.000s
I20260710 11:04:08.293432 31005 tablet_bootstrap.cc:492] T d8205c227cad4208ae05c93d9b1064fe P 657984ed15b347f78630a4c767c7ece6: Bootstrap starting.
I20260710 11:04:08.295163 31033 consensus_queue.cc:1048] T 77e127da4cab41ceb7e6eed870a85cc0 P 662b34f1d8224d7ead73ad8e9582d533 [LEADER]: Connected to new peer: Peer: permanent_uuid: "657984ed15b347f78630a4c767c7ece6" member_type: VOTER last_known_addr { host: "127.29.3.3" port: 42871 }, Status: LMP_MISMATCH, Last received: 0.0, Next index: 1, Last known committed idx: 0, Time since last communication: 0.001s
I20260710 11:04:08.298708 30815 tablet_service.cc:1917] Received RequestConsensusVote() RPC: tablet_id: "e95d0e86677e44888551370b1205ffa1" candidate_uuid: "657984ed15b347f78630a4c767c7ece6" candidate_term: 1 candidate_status { last_received { term: 0 index: 0 } } ignore_live_leader: false dest_uuid: "662b34f1d8224d7ead73ad8e9582d533"
I20260710 11:04:08.302392 30815 raft_consensus.cc:3060] T e95d0e86677e44888551370b1205ffa1 P 662b34f1d8224d7ead73ad8e9582d533 [term 0 FOLLOWER]: Advancing to term 1
I20260710 11:04:08.314499 31006 tablet_bootstrap.cc:654] T 15c66e338cdf47b383c08a093f446520 P 662b34f1d8224d7ead73ad8e9582d533: Neither blocks nor log segments found. Creating new log.
I20260710 11:04:08.316504 31008 ts_tablet_manager.cc:1434] T e95d0e86677e44888551370b1205ffa1 P 33e448985b0640118faccfbd1ee410c7: Time spent starting tablet: real 0.086s	user 0.008s	sys 0.001s
I20260710 11:04:08.317629 31008 tablet_bootstrap.cc:492] T 529f262880dc40a1bfd243e1e797dc1b P 33e448985b0640118faccfbd1ee410c7: Bootstrap starting.
I20260710 11:04:08.319015 31102 raft_consensus.cc:493] T e95d0e86677e44888551370b1205ffa1 P 33e448985b0640118faccfbd1ee410c7 [term 0 FOLLOWER]: Starting pre-election (no leader contacted us within the election timeout)
I20260710 11:04:08.319593 31102 raft_consensus.cc:515] T e95d0e86677e44888551370b1205ffa1 P 33e448985b0640118faccfbd1ee410c7 [term 0 FOLLOWER]: Starting pre-election with config: opid_index: -1 OBSOLETE_local: false peers { permanent_uuid: "662b34f1d8224d7ead73ad8e9582d533" member_type: VOTER last_known_addr { host: "127.29.3.1" port: 46313 } } peers { permanent_uuid: "33e448985b0640118faccfbd1ee410c7" member_type: VOTER last_known_addr { host: "127.29.3.2" port: 39047 } } peers { permanent_uuid: "657984ed15b347f78630a4c767c7ece6" member_type: VOTER last_known_addr { host: "127.29.3.3" port: 42871 } }
I20260710 11:04:08.317196 31044 consensus_queue.cc:1048] T 32b381e8539f49ee8961b35f469131d1 P 33e448985b0640118faccfbd1ee410c7 [LEADER]: Connected to new peer: Peer: permanent_uuid: "657984ed15b347f78630a4c767c7ece6" member_type: VOTER last_known_addr { host: "127.29.3.3" port: 42871 }, Status: LMP_MISMATCH, Last received: 0.0, Next index: 1, Last known committed idx: 0, Time since last communication: 0.001s
I20260710 11:04:08.373245 30815 raft_consensus.cc:2468] T e95d0e86677e44888551370b1205ffa1 P 662b34f1d8224d7ead73ad8e9582d533 [term 1 FOLLOWER]: Leader election vote request: Granting yes vote for candidate 657984ed15b347f78630a4c767c7ece6 in term 1.
I20260710 11:04:08.373456 30816 tablet_service.cc:1917] Received RequestConsensusVote() RPC: tablet_id: "e5d34604f55847e5b7d9343b39640bb2" candidate_uuid: "657984ed15b347f78630a4c767c7ece6" candidate_term: 1 candidate_status { last_received { term: 0 index: 0 } } ignore_live_leader: false dest_uuid: "662b34f1d8224d7ead73ad8e9582d533"
I20260710 11:04:08.374117 30816 raft_consensus.cc:3060] T e5d34604f55847e5b7d9343b39640bb2 P 662b34f1d8224d7ead73ad8e9582d533 [term 0 FOLLOWER]: Advancing to term 1
I20260710 11:04:08.381935 30930 leader_election.cc:304] T e95d0e86677e44888551370b1205ffa1 P 657984ed15b347f78630a4c767c7ece6 [CANDIDATE]: Term 1 election: Election decided. Result: candidate won. Election summary: received 2 responses out of 3 voters: 2 yes votes; 0 no votes. yes voters: 657984ed15b347f78630a4c767c7ece6, 662b34f1d8224d7ead73ad8e9582d533; no voters: 
I20260710 11:04:08.399703 31162 raft_consensus.cc:2804] T e95d0e86677e44888551370b1205ffa1 P 657984ed15b347f78630a4c767c7ece6 [term 1 FOLLOWER]: Leader election won for term 1
I20260710 11:04:08.400516 31162 raft_consensus.cc:697] T e95d0e86677e44888551370b1205ffa1 P 657984ed15b347f78630a4c767c7ece6 [term 1 LEADER]: Becoming Leader. State: Replica: 657984ed15b347f78630a4c767c7ece6, State: Running, Role: LEADER
I20260710 11:04:08.385421 30965 raft_consensus.cc:2468] T 360b0f0b444a406694682b0cb0e78104 P 657984ed15b347f78630a4c767c7ece6 [term 2 FOLLOWER]: Leader election vote request: Granting yes vote for candidate 662b34f1d8224d7ead73ad8e9582d533 in term 2.
I20260710 11:04:08.404356 30813 tablet_service.cc:1917] Received RequestConsensusVote() RPC: tablet_id: "e95d0e86677e44888551370b1205ffa1" candidate_uuid: "33e448985b0640118faccfbd1ee410c7" candidate_term: 1 candidate_status { last_received { term: 0 index: 0 } } ignore_live_leader: false dest_uuid: "662b34f1d8224d7ead73ad8e9582d533" is_pre_election: true
I20260710 11:04:08.406555 30714 catalog_manager.cc:5697] T 360b0f0b444a406694682b0cb0e78104 P 662b34f1d8224d7ead73ad8e9582d533 reported cstate change: term changed from 0 to 2, leader changed from <none> to 662b34f1d8224d7ead73ad8e9582d533 (127.29.3.1). New cstate: current_term: 2 leader_uuid: "662b34f1d8224d7ead73ad8e9582d533" committed_config { opid_index: -1 OBSOLETE_local: false peers { permanent_uuid: "662b34f1d8224d7ead73ad8e9582d533" member_type: VOTER last_known_addr { host: "127.29.3.1" port: 46313 } health_report { overall_health: HEALTHY } } peers { permanent_uuid: "33e448985b0640118faccfbd1ee410c7" member_type: VOTER last_known_addr { host: "127.29.3.2" port: 39047 } health_report { overall_health: UNKNOWN } } peers { permanent_uuid: "657984ed15b347f78630a4c767c7ece6" member_type: VOTER last_known_addr { host: "127.29.3.3" port: 42871 } health_report { overall_health: UNKNOWN } } }
I20260710 11:04:08.412611 30890 tablet_service.cc:1917] Received RequestConsensusVote() RPC: tablet_id: "e95d0e86677e44888551370b1205ffa1" candidate_uuid: "657984ed15b347f78630a4c767c7ece6" candidate_term: 1 candidate_status { last_received { term: 0 index: 0 } } ignore_live_leader: false dest_uuid: "33e448985b0640118faccfbd1ee410c7"
I20260710 11:04:08.413353 30890 raft_consensus.cc:3060] T e95d0e86677e44888551370b1205ffa1 P 33e448985b0640118faccfbd1ee410c7 [term 0 FOLLOWER]: Advancing to term 1
I20260710 11:04:08.401799 31162 consensus_queue.cc:237] T e95d0e86677e44888551370b1205ffa1 P 657984ed15b347f78630a4c767c7ece6 [LEADER]: Queue going to LEADER mode. State: All replicated index: 0, Majority replicated index: 0, Committed index: 0, Last appended: 0.0, Last appended by leader: 0, Current term: 1, Majority size: 2, State: 0, Mode: LEADER, active raft config: opid_index: -1 OBSOLETE_local: false peers { permanent_uuid: "662b34f1d8224d7ead73ad8e9582d533" member_type: VOTER last_known_addr { host: "127.29.3.1" port: 46313 } } peers { permanent_uuid: "33e448985b0640118faccfbd1ee410c7" member_type: VOTER last_known_addr { host: "127.29.3.2" port: 39047 } } peers { permanent_uuid: "657984ed15b347f78630a4c767c7ece6" member_type: VOTER last_known_addr { host: "127.29.3.3" port: 42871 } }
I20260710 11:04:08.426437 30813 raft_consensus.cc:2393] T e95d0e86677e44888551370b1205ffa1 P 662b34f1d8224d7ead73ad8e9582d533 [term 1 FOLLOWER]: Leader pre-election vote request: Denying vote to candidate 33e448985b0640118faccfbd1ee410c7 in current term 1: Already voted for candidate 657984ed15b347f78630a4c767c7ece6 in this term.
I20260710 11:04:08.423727 31102 leader_election.cc:290] T e95d0e86677e44888551370b1205ffa1 P 33e448985b0640118faccfbd1ee410c7 [CANDIDATE]: Term 1 pre-election: Requested pre-vote from peers 662b34f1d8224d7ead73ad8e9582d533 (127.29.3.1:46313), 657984ed15b347f78630a4c767c7ece6 (127.29.3.3:42871)
I20260710 11:04:08.436446 30888 tablet_service.cc:1917] Received RequestConsensusVote() RPC: tablet_id: "e5d34604f55847e5b7d9343b39640bb2" candidate_uuid: "657984ed15b347f78630a4c767c7ece6" candidate_term: 1 candidate_status { last_received { term: 0 index: 0 } } ignore_live_leader: false dest_uuid: "33e448985b0640118faccfbd1ee410c7"
I20260710 11:04:08.436492 30890 raft_consensus.cc:2468] T e95d0e86677e44888551370b1205ffa1 P 33e448985b0640118faccfbd1ee410c7 [term 1 FOLLOWER]: Leader election vote request: Granting yes vote for candidate 657984ed15b347f78630a4c767c7ece6 in term 1.
I20260710 11:04:08.438828 30965 tablet_service.cc:1917] Received RequestConsensusVote() RPC: tablet_id: "e95d0e86677e44888551370b1205ffa1" candidate_uuid: "33e448985b0640118faccfbd1ee410c7" candidate_term: 1 candidate_status { last_received { term: 0 index: 0 } } ignore_live_leader: false dest_uuid: "657984ed15b347f78630a4c767c7ece6" is_pre_election: true
W20260710 11:04:08.443081 30928 leader_election.cc:343] T e5d34604f55847e5b7d9343b39640bb2 P 657984ed15b347f78630a4c767c7ece6 [CANDIDATE]: Term 1 election: Tablet error from VoteRequest() call to peer 33e448985b0640118faccfbd1ee410c7 (127.29.3.2:39047): Illegal state: must be running to vote when last-logged opid is not known
I20260710 11:04:08.444512 31099 consensus_queue.cc:1048] T 01753fed71404c508badec495ea88041 P 33e448985b0640118faccfbd1ee410c7 [LEADER]: Connected to new peer: Peer: permanent_uuid: "657984ed15b347f78630a4c767c7ece6" member_type: VOTER last_known_addr { host: "127.29.3.3" port: 42871 }, Status: LMP_MISMATCH, Last received: 0.0, Next index: 1, Last known committed idx: 0, Time since last communication: 0.001s
I20260710 11:04:08.462677 30816 raft_consensus.cc:2468] T e5d34604f55847e5b7d9343b39640bb2 P 662b34f1d8224d7ead73ad8e9582d533 [term 1 FOLLOWER]: Leader election vote request: Granting yes vote for candidate 657984ed15b347f78630a4c767c7ece6 in term 1.
I20260710 11:04:08.467442 30856 leader_election.cc:304] T e95d0e86677e44888551370b1205ffa1 P 33e448985b0640118faccfbd1ee410c7 [CANDIDATE]: Term 1 pre-election: Election decided. Result: candidate lost. Election summary: received 3 responses out of 3 voters: 1 yes votes; 2 no votes. yes voters: 33e448985b0640118faccfbd1ee410c7; no voters: 657984ed15b347f78630a4c767c7ece6, 662b34f1d8224d7ead73ad8e9582d533
I20260710 11:04:08.474591 31005 tablet_bootstrap.cc:654] T d8205c227cad4208ae05c93d9b1064fe P 657984ed15b347f78630a4c767c7ece6: Neither blocks nor log segments found. Creating new log.
I20260710 11:04:08.476830 31099 raft_consensus.cc:2749] T e95d0e86677e44888551370b1205ffa1 P 33e448985b0640118faccfbd1ee410c7 [term 1 FOLLOWER]: Leader pre-election lost for term 1. Reason: could not achieve majority
I20260710 11:04:08.483778 30930 leader_election.cc:304] T e5d34604f55847e5b7d9343b39640bb2 P 657984ed15b347f78630a4c767c7ece6 [CANDIDATE]: Term 1 election: Election decided. Result: candidate won. Election summary: received 3 responses out of 3 voters: 2 yes votes; 1 no votes. yes voters: 657984ed15b347f78630a4c767c7ece6, 662b34f1d8224d7ead73ad8e9582d533; no voters: 33e448985b0640118faccfbd1ee410c7
I20260710 11:04:08.485119 31160 raft_consensus.cc:2804] T e5d34604f55847e5b7d9343b39640bb2 P 657984ed15b347f78630a4c767c7ece6 [term 1 FOLLOWER]: Leader election won for term 1
I20260710 11:04:08.485314 31006 tablet_bootstrap.cc:492] T 15c66e338cdf47b383c08a093f446520 P 662b34f1d8224d7ead73ad8e9582d533: No bootstrap required, opened a new log
I20260710 11:04:08.486167 31006 ts_tablet_manager.cc:1403] T 15c66e338cdf47b383c08a093f446520 P 662b34f1d8224d7ead73ad8e9582d533: Time spent bootstrapping tablet: real 0.327s	user 0.018s	sys 0.041s
I20260710 11:04:08.485733 31160 raft_consensus.cc:697] T e5d34604f55847e5b7d9343b39640bb2 P 657984ed15b347f78630a4c767c7ece6 [term 1 LEADER]: Becoming Leader. State: Replica: 657984ed15b347f78630a4c767c7ece6, State: Running, Role: LEADER
I20260710 11:04:08.490099 31160 consensus_queue.cc:237] T e5d34604f55847e5b7d9343b39640bb2 P 657984ed15b347f78630a4c767c7ece6 [LEADER]: Queue going to LEADER mode. State: All replicated index: 0, Majority replicated index: 0, Committed index: 0, Last appended: 0.0, Last appended by leader: 0, Current term: 1, Majority size: 2, State: 0, Mode: LEADER, active raft config: opid_index: -1 OBSOLETE_local: false peers { permanent_uuid: "662b34f1d8224d7ead73ad8e9582d533" member_type: VOTER last_known_addr { host: "127.29.3.1" port: 46313 } } peers { permanent_uuid: "33e448985b0640118faccfbd1ee410c7" member_type: VOTER last_known_addr { host: "127.29.3.2" port: 39047 } } peers { permanent_uuid: "657984ed15b347f78630a4c767c7ece6" member_type: VOTER last_known_addr { host: "127.29.3.3" port: 42871 } }
W20260710 11:04:08.509271 31167 log.cc:927] Time spent T 32b381e8539f49ee8961b35f469131d1 P 657984ed15b347f78630a4c767c7ece6: Append to log took a long time: real 0.059s	user 0.001s	sys 0.000s
W20260710 11:04:08.512252 30762 auto_rebalancer.cc:288] Could not retrieve cluster info: Service unavailable: Tablet not running
W20260710 11:04:08.531949 31168 log.cc:927] Time spent T 6e699ad3c9b54c84a231efdd42c7bd6d P 662b34f1d8224d7ead73ad8e9582d533: Append to log took a long time: real 0.053s	user 0.001s	sys 0.000s
I20260710 11:04:08.542526 31005 tablet_bootstrap.cc:492] T d8205c227cad4208ae05c93d9b1064fe P 657984ed15b347f78630a4c767c7ece6: No bootstrap required, opened a new log
I20260710 11:04:08.543030 31005 ts_tablet_manager.cc:1403] T d8205c227cad4208ae05c93d9b1064fe P 657984ed15b347f78630a4c767c7ece6: Time spent bootstrapping tablet: real 0.250s	user 0.010s	sys 0.006s
I20260710 11:04:08.548062 31102 consensus_queue.cc:1048] T 01753fed71404c508badec495ea88041 P 33e448985b0640118faccfbd1ee410c7 [LEADER]: Connected to new peer: Peer: permanent_uuid: "662b34f1d8224d7ead73ad8e9582d533" member_type: VOTER last_known_addr { host: "127.29.3.1" port: 46313 }, Status: LMP_MISMATCH, Last received: 0.0, Next index: 1, Last known committed idx: 0, Time since last communication: 0.000s
I20260710 11:04:08.554502 31005 raft_consensus.cc:359] T d8205c227cad4208ae05c93d9b1064fe P 657984ed15b347f78630a4c767c7ece6 [term 0 FOLLOWER]: Replica starting. Triggering 0 pending ops. Active config: opid_index: -1 OBSOLETE_local: false peers { permanent_uuid: "662b34f1d8224d7ead73ad8e9582d533" member_type: VOTER last_known_addr { host: "127.29.3.1" port: 46313 } } peers { permanent_uuid: "33e448985b0640118faccfbd1ee410c7" member_type: VOTER last_known_addr { host: "127.29.3.2" port: 39047 } } peers { permanent_uuid: "657984ed15b347f78630a4c767c7ece6" member_type: VOTER last_known_addr { host: "127.29.3.3" port: 42871 } }
I20260710 11:04:08.555284 31005 raft_consensus.cc:385] T d8205c227cad4208ae05c93d9b1064fe P 657984ed15b347f78630a4c767c7ece6 [term 0 FOLLOWER]: Consensus starting up: Expiring failure detector timer to make a prompt election more likely
I20260710 11:04:08.555680 31008 tablet_bootstrap.cc:654] T 529f262880dc40a1bfd243e1e797dc1b P 33e448985b0640118faccfbd1ee410c7: Neither blocks nor log segments found. Creating new log.
I20260710 11:04:08.555598 31005 raft_consensus.cc:740] T d8205c227cad4208ae05c93d9b1064fe P 657984ed15b347f78630a4c767c7ece6 [term 0 FOLLOWER]: Becoming Follower/Learner. State: Replica: 657984ed15b347f78630a4c767c7ece6, State: Initialized, Role: FOLLOWER
I20260710 11:04:08.556844 31005 consensus_queue.cc:260] T d8205c227cad4208ae05c93d9b1064fe P 657984ed15b347f78630a4c767c7ece6 [NON_LEADER]: Queue going to NON_LEADER mode. State: All replicated index: 0, Majority replicated index: 0, Committed index: 0, Last appended: 0.0, Last appended by leader: 0, Current term: 0, Majority size: -1, State: 0, Mode: NON_LEADER, active raft config: opid_index: -1 OBSOLETE_local: false peers { permanent_uuid: "662b34f1d8224d7ead73ad8e9582d533" member_type: VOTER last_known_addr { host: "127.29.3.1" port: 46313 } } peers { permanent_uuid: "33e448985b0640118faccfbd1ee410c7" member_type: VOTER last_known_addr { host: "127.29.3.2" port: 39047 } } peers { permanent_uuid: "657984ed15b347f78630a4c767c7ece6" member_type: VOTER last_known_addr { host: "127.29.3.3" port: 42871 } }
I20260710 11:04:08.561834 31005 ts_tablet_manager.cc:1434] T d8205c227cad4208ae05c93d9b1064fe P 657984ed15b347f78630a4c767c7ece6: Time spent starting tablet: real 0.018s	user 0.003s	sys 0.003s
I20260710 11:04:08.563596 31006 raft_consensus.cc:359] T 15c66e338cdf47b383c08a093f446520 P 662b34f1d8224d7ead73ad8e9582d533 [term 0 FOLLOWER]: Replica starting. Triggering 0 pending ops. Active config: opid_index: -1 OBSOLETE_local: false peers { permanent_uuid: "662b34f1d8224d7ead73ad8e9582d533" member_type: VOTER last_known_addr { host: "127.29.3.1" port: 46313 } } peers { permanent_uuid: "33e448985b0640118faccfbd1ee410c7" member_type: VOTER last_known_addr { host: "127.29.3.2" port: 39047 } } peers { permanent_uuid: "657984ed15b347f78630a4c767c7ece6" member_type: VOTER last_known_addr { host: "127.29.3.3" port: 42871 } }
I20260710 11:04:08.564520 31006 raft_consensus.cc:385] T 15c66e338cdf47b383c08a093f446520 P 662b34f1d8224d7ead73ad8e9582d533 [term 0 FOLLOWER]: Consensus starting up: Expiring failure detector timer to make a prompt election more likely
I20260710 11:04:08.564805 31006 raft_consensus.cc:740] T 15c66e338cdf47b383c08a093f446520 P 662b34f1d8224d7ead73ad8e9582d533 [term 0 FOLLOWER]: Becoming Follower/Learner. State: Replica: 662b34f1d8224d7ead73ad8e9582d533, State: Initialized, Role: FOLLOWER
I20260710 11:04:08.566090 31006 consensus_queue.cc:260] T 15c66e338cdf47b383c08a093f446520 P 662b34f1d8224d7ead73ad8e9582d533 [NON_LEADER]: Queue going to NON_LEADER mode. State: All replicated index: 0, Majority replicated index: 0, Committed index: 0, Last appended: 0.0, Last appended by leader: 0, Current term: 0, Majority size: -1, State: 0, Mode: NON_LEADER, active raft config: opid_index: -1 OBSOLETE_local: false peers { permanent_uuid: "662b34f1d8224d7ead73ad8e9582d533" member_type: VOTER last_known_addr { host: "127.29.3.1" port: 46313 } } peers { permanent_uuid: "33e448985b0640118faccfbd1ee410c7" member_type: VOTER last_known_addr { host: "127.29.3.2" port: 39047 } } peers { permanent_uuid: "657984ed15b347f78630a4c767c7ece6" member_type: VOTER last_known_addr { host: "127.29.3.3" port: 42871 } }
I20260710 11:04:08.568262 31006 ts_tablet_manager.cc:1434] T 15c66e338cdf47b383c08a093f446520 P 662b34f1d8224d7ead73ad8e9582d533: Time spent starting tablet: real 0.082s	user 0.008s	sys 0.001s
I20260710 11:04:08.574007 31033 raft_consensus.cc:493] T d8205c227cad4208ae05c93d9b1064fe P 662b34f1d8224d7ead73ad8e9582d533 [term 0 FOLLOWER]: Starting pre-election (no leader contacted us within the election timeout)
I20260710 11:04:08.574553 31033 raft_consensus.cc:515] T d8205c227cad4208ae05c93d9b1064fe P 662b34f1d8224d7ead73ad8e9582d533 [term 0 FOLLOWER]: Starting pre-election with config: opid_index: -1 OBSOLETE_local: false peers { permanent_uuid: "662b34f1d8224d7ead73ad8e9582d533" member_type: VOTER last_known_addr { host: "127.29.3.1" port: 46313 } } peers { permanent_uuid: "33e448985b0640118faccfbd1ee410c7" member_type: VOTER last_known_addr { host: "127.29.3.2" port: 39047 } } peers { permanent_uuid: "657984ed15b347f78630a4c767c7ece6" member_type: VOTER last_known_addr { host: "127.29.3.3" port: 42871 } }
I20260710 11:04:08.577852 31008 tablet_bootstrap.cc:492] T 529f262880dc40a1bfd243e1e797dc1b P 33e448985b0640118faccfbd1ee410c7: No bootstrap required, opened a new log
I20260710 11:04:08.578369 31008 ts_tablet_manager.cc:1403] T 529f262880dc40a1bfd243e1e797dc1b P 33e448985b0640118faccfbd1ee410c7: Time spent bootstrapping tablet: real 0.261s	user 0.011s	sys 0.002s
I20260710 11:04:08.578652 31169 raft_consensus.cc:493] T 15c66e338cdf47b383c08a093f446520 P 662b34f1d8224d7ead73ad8e9582d533 [term 0 FOLLOWER]: Starting pre-election (no leader contacted us within the election timeout)
I20260710 11:04:08.579237 31169 raft_consensus.cc:515] T 15c66e338cdf47b383c08a093f446520 P 662b34f1d8224d7ead73ad8e9582d533 [term 0 FOLLOWER]: Starting pre-election with config: opid_index: -1 OBSOLETE_local: false peers { permanent_uuid: "662b34f1d8224d7ead73ad8e9582d533" member_type: VOTER last_known_addr { host: "127.29.3.1" port: 46313 } } peers { permanent_uuid: "33e448985b0640118faccfbd1ee410c7" member_type: VOTER last_known_addr { host: "127.29.3.2" port: 39047 } } peers { permanent_uuid: "657984ed15b347f78630a4c767c7ece6" member_type: VOTER last_known_addr { host: "127.29.3.3" port: 42871 } }
I20260710 11:04:08.581292 30713 catalog_manager.cc:5697] T e95d0e86677e44888551370b1205ffa1 P 657984ed15b347f78630a4c767c7ece6 reported cstate change: term changed from 0 to 1, leader changed from <none> to 657984ed15b347f78630a4c767c7ece6 (127.29.3.3). New cstate: current_term: 1 leader_uuid: "657984ed15b347f78630a4c767c7ece6" committed_config { opid_index: -1 OBSOLETE_local: false peers { permanent_uuid: "662b34f1d8224d7ead73ad8e9582d533" member_type: VOTER last_known_addr { host: "127.29.3.1" port: 46313 } health_report { overall_health: UNKNOWN } } peers { permanent_uuid: "33e448985b0640118faccfbd1ee410c7" member_type: VOTER last_known_addr { host: "127.29.3.2" port: 39047 } health_report { overall_health: UNKNOWN } } peers { permanent_uuid: "657984ed15b347f78630a4c767c7ece6" member_type: VOTER last_known_addr { host: "127.29.3.3" port: 42871 } health_report { overall_health: HEALTHY } } }
