I20260710 11:03:44.790143 22155 consensus_queue.cc:237] T 074779425ca34c03b31a7f6980eb244f P 5f80e282c21848089c183e7a235dc1ee [LEADER]: Queue going to LEADER mode. State: All replicated index: 0, Majority replicated index: 1, Committed index: 1, Last appended: 1.1, Last appended by leader: 1, Current term: 2, Majority size: 2, State: 0, Mode: LEADER, active raft config: opid_index: -1 OBSOLETE_local: false peers { permanent_uuid: "f5053884ef8840169e481d9a7feaf3c3" member_type: VOTER last_known_addr { host: "127.21.73.65" port: 40043 } } peers { permanent_uuid: "5f80e282c21848089c183e7a235dc1ee" member_type: VOTER last_known_addr { host: "127.21.73.66" port: 33921 } } peers { permanent_uuid: "6f72824fead049e9a684dc03c18c7923" member_type: VOTER last_known_addr { host: "127.21.73.67" port: 45049 } }
I20260710 11:03:44.799512 21829 catalog_manager.cc:5697] T 074779425ca34c03b31a7f6980eb244f P 5f80e282c21848089c183e7a235dc1ee reported cstate change: term changed from 1 to 2, leader changed from 6f72824fead049e9a684dc03c18c7923 (127.21.73.67) to 5f80e282c21848089c183e7a235dc1ee (127.21.73.66). New cstate: current_term: 2 leader_uuid: "5f80e282c21848089c183e7a235dc1ee" committed_config { opid_index: -1 OBSOLETE_local: false peers { permanent_uuid: "f5053884ef8840169e481d9a7feaf3c3" member_type: VOTER last_known_addr { host: "127.21.73.65" port: 40043 } health_report { overall_health: UNKNOWN } } peers { permanent_uuid: "5f80e282c21848089c183e7a235dc1ee" member_type: VOTER last_known_addr { host: "127.21.73.66" port: 33921 } health_report { overall_health: HEALTHY } } peers { permanent_uuid: "6f72824fead049e9a684dc03c18c7923" member_type: VOTER last_known_addr { host: "127.21.73.67" port: 45049 } health_report { overall_health: UNKNOWN } } }
I20260710 11:03:44.895377 22006 raft_consensus.cc:1275] T a111c5923de54ac7b5ecff594d45ebc8 P 5f80e282c21848089c183e7a235dc1ee [term 2 FOLLOWER]: Refusing update from remote peer 6f72824fead049e9a684dc03c18c7923: Log matching property violated. Preceding OpId in replica: term: 1 index: 1. Preceding OpId from leader: term: 2 index: 2. (index mismatch)
I20260710 11:03:44.896744 22135 consensus_queue.cc:1048] T a111c5923de54ac7b5ecff594d45ebc8 P 6f72824fead049e9a684dc03c18c7923 [LEADER]: Connected to new peer: Peer: permanent_uuid: "5f80e282c21848089c183e7a235dc1ee" member_type: VOTER last_known_addr { host: "127.21.73.66" port: 33921 }, Status: LMP_MISMATCH, Last received: 0.0, Next index: 2, Last known committed idx: 1, Time since last communication: 0.000s
I20260710 11:03:44.904668 21931 raft_consensus.cc:1275] T a111c5923de54ac7b5ecff594d45ebc8 P f5053884ef8840169e481d9a7feaf3c3 [term 2 FOLLOWER]: Refusing update from remote peer 6f72824fead049e9a684dc03c18c7923: Log matching property violated. Preceding OpId in replica: term: 1 index: 1. Preceding OpId from leader: term: 2 index: 2. (index mismatch)
I20260710 11:03:44.907074 22156 consensus_queue.cc:1048] T a111c5923de54ac7b5ecff594d45ebc8 P 6f72824fead049e9a684dc03c18c7923 [LEADER]: Connected to new peer: Peer: permanent_uuid: "f5053884ef8840169e481d9a7feaf3c3" member_type: VOTER last_known_addr { host: "127.21.73.65" port: 40043 }, Status: LMP_MISMATCH, Last received: 0.0, Next index: 2, Last known committed idx: 1, Time since last communication: 0.000s
I20260710 11:03:45.136291 22006 raft_consensus.cc:1275] T 9dce5158fb9543829d509e87f041225b P 5f80e282c21848089c183e7a235dc1ee [term 2 FOLLOWER]: Refusing update from remote peer f5053884ef8840169e481d9a7feaf3c3: Log matching property violated. Preceding OpId in replica: term: 1 index: 1. Preceding OpId from leader: term: 2 index: 2. (index mismatch)
I20260710 11:03:45.137822 22137 consensus_queue.cc:1048] T 9dce5158fb9543829d509e87f041225b P f5053884ef8840169e481d9a7feaf3c3 [LEADER]: Connected to new peer: Peer: permanent_uuid: "5f80e282c21848089c183e7a235dc1ee" member_type: VOTER last_known_addr { host: "127.21.73.66" port: 33921 }, Status: LMP_MISMATCH, Last received: 0.0, Next index: 2, Last known committed idx: 1, Time since last communication: 0.000s
I20260710 11:03:45.145174 22080 raft_consensus.cc:1275] T 9dce5158fb9543829d509e87f041225b P 6f72824fead049e9a684dc03c18c7923 [term 2 FOLLOWER]: Refusing update from remote peer f5053884ef8840169e481d9a7feaf3c3: Log matching property violated. Preceding OpId in replica: term: 1 index: 1. Preceding OpId from leader: term: 2 index: 2. (index mismatch)
I20260710 11:03:45.146854 22137 consensus_queue.cc:1048] T 9dce5158fb9543829d509e87f041225b P f5053884ef8840169e481d9a7feaf3c3 [LEADER]: Connected to new peer: Peer: permanent_uuid: "6f72824fead049e9a684dc03c18c7923" member_type: VOTER last_known_addr { host: "127.21.73.67" port: 45049 }, Status: LMP_MISMATCH, Last received: 0.0, Next index: 2, Last known committed idx: 1, Time since last communication: 0.000s
I20260710 11:03:45.257972 22080 raft_consensus.cc:1275] T 074779425ca34c03b31a7f6980eb244f P 6f72824fead049e9a684dc03c18c7923 [term 2 FOLLOWER]: Refusing update from remote peer 5f80e282c21848089c183e7a235dc1ee: Log matching property violated. Preceding OpId in replica: term: 1 index: 1. Preceding OpId from leader: term: 2 index: 2. (index mismatch)
I20260710 11:03:45.259513 22155 consensus_queue.cc:1048] T 074779425ca34c03b31a7f6980eb244f P 5f80e282c21848089c183e7a235dc1ee [LEADER]: Connected to new peer: Peer: permanent_uuid: "6f72824fead049e9a684dc03c18c7923" member_type: VOTER last_known_addr { host: "127.21.73.67" port: 45049 }, Status: LMP_MISMATCH, Last received: 0.0, Next index: 2, Last known committed idx: 1, Time since last communication: 0.000s
I20260710 11:03:45.268086 21931 raft_consensus.cc:3060] T 074779425ca34c03b31a7f6980eb244f P f5053884ef8840169e481d9a7feaf3c3 [term 1 FOLLOWER]: Advancing to term 2
I20260710 11:03:45.275755 21931 raft_consensus.cc:1275] T 074779425ca34c03b31a7f6980eb244f P f5053884ef8840169e481d9a7feaf3c3 [term 2 FOLLOWER]: Refusing update from remote peer 5f80e282c21848089c183e7a235dc1ee: Log matching property violated. Preceding OpId in replica: term: 1 index: 1. Preceding OpId from leader: term: 2 index: 2. (index mismatch)
I20260710 11:03:45.277230 22153 consensus_queue.cc:1048] T 074779425ca34c03b31a7f6980eb244f P 5f80e282c21848089c183e7a235dc1ee [LEADER]: Connected to new peer: Peer: permanent_uuid: "f5053884ef8840169e481d9a7feaf3c3" member_type: VOTER last_known_addr { host: "127.21.73.65" port: 40043 }, Status: LMP_MISMATCH, Last received: 0.0, Next index: 2, Last known committed idx: 1, Time since last communication: 0.000s
I20260710 11:03:47.345399 21797 auto_leader_rebalancer-test.cc:316] The leader distribution is 
I20260710 11:03:47.346158 21797 auto_leader_rebalancer.cc:141] leader rebalance for table test-workload
I20260710 11:03:47.369663 22006 tablet_service.cc:2072] Received LeaderStepDown RPC: tablet_id: "32772d61799d4e9d8d14bcc9b2d3d51a"
dest_uuid: "5f80e282c21848089c183e7a235dc1ee"
mode: GRACEFUL
new_leader_uuid: "6f72824fead049e9a684dc03c18c7923"
 from {username='slave'} at 127.0.0.1:33434
I20260710 11:03:47.370144 22006 raft_consensus.cc:606] T 32772d61799d4e9d8d14bcc9b2d3d51a P 5f80e282c21848089c183e7a235dc1ee [term 1 LEADER]: Received request to transfer leadership to TS 6f72824fead049e9a684dc03c18c7923
I20260710 11:03:47.381737 21930 tablet_service.cc:2072] Received LeaderStepDown RPC: tablet_id: "48fad08bc6f44ff681ce6609aa1f3a83"
dest_uuid: "f5053884ef8840169e481d9a7feaf3c3"
mode: GRACEFUL
new_leader_uuid: "6f72824fead049e9a684dc03c18c7923"
 from {username='slave'} at 127.0.0.1:45870
I20260710 11:03:47.382292 21930 raft_consensus.cc:606] T 48fad08bc6f44ff681ce6609aa1f3a83 P f5053884ef8840169e481d9a7feaf3c3 [term 1 LEADER]: Received request to transfer leadership to TS 6f72824fead049e9a684dc03c18c7923
I20260710 11:03:47.383492 21797 auto_leader_rebalancer.cc:452] table: test-workload, leader rebalance finish, leader transfer count: 2
I20260710 11:03:47.383950 21797 auto_leader_rebalancer.cc:527] All tables' leader rebalancing finished this round
I20260710 11:03:47.414168 22208 raft_consensus.cc:993] T 32772d61799d4e9d8d14bcc9b2d3d51a P 5f80e282c21848089c183e7a235dc1ee: : Instructing follower 6f72824fead049e9a684dc03c18c7923 to start an election
I20260710 11:03:47.414664 22208 raft_consensus.cc:1081] T 32772d61799d4e9d8d14bcc9b2d3d51a P 5f80e282c21848089c183e7a235dc1ee [term 1 LEADER]: Signalling peer 6f72824fead049e9a684dc03c18c7923 to start an election
I20260710 11:03:47.416442 22081 tablet_service.cc:2044] Received Run Leader Election RPC: tablet_id: "32772d61799d4e9d8d14bcc9b2d3d51a"
dest_uuid: "6f72824fead049e9a684dc03c18c7923"
 from {username='slave'} at 127.0.0.1:53048
I20260710 11:03:47.416934 22081 raft_consensus.cc:493] T 32772d61799d4e9d8d14bcc9b2d3d51a P 6f72824fead049e9a684dc03c18c7923 [term 1 FOLLOWER]: Starting forced leader election (received explicit request)
I20260710 11:03:47.417258 22081 raft_consensus.cc:3060] T 32772d61799d4e9d8d14bcc9b2d3d51a P 6f72824fead049e9a684dc03c18c7923 [term 1 FOLLOWER]: Advancing to term 2
I20260710 11:03:47.421885 22081 raft_consensus.cc:515] T 32772d61799d4e9d8d14bcc9b2d3d51a P 6f72824fead049e9a684dc03c18c7923 [term 2 FOLLOWER]: Starting forced leader election with config: opid_index: -1 OBSOLETE_local: false peers { permanent_uuid: "f5053884ef8840169e481d9a7feaf3c3" member_type: VOTER last_known_addr { host: "127.21.73.65" port: 40043 } } peers { permanent_uuid: "5f80e282c21848089c183e7a235dc1ee" member_type: VOTER last_known_addr { host: "127.21.73.66" port: 33921 } } peers { permanent_uuid: "6f72824fead049e9a684dc03c18c7923" member_type: VOTER last_known_addr { host: "127.21.73.67" port: 45049 } }
I20260710 11:03:47.423771 22081 leader_election.cc:290] T 32772d61799d4e9d8d14bcc9b2d3d51a P 6f72824fead049e9a684dc03c18c7923 [CANDIDATE]: Term 2 election: Requested vote from peers f5053884ef8840169e481d9a7feaf3c3 (127.21.73.65:40043), 5f80e282c21848089c183e7a235dc1ee (127.21.73.66:33921)
I20260710 11:03:47.424502 21931 tablet_service.cc:1917] Received RequestConsensusVote() RPC: tablet_id: "32772d61799d4e9d8d14bcc9b2d3d51a" candidate_uuid: "6f72824fead049e9a684dc03c18c7923" candidate_term: 2 candidate_status { last_received { term: 1 index: 1 } } ignore_live_leader: true dest_uuid: "f5053884ef8840169e481d9a7feaf3c3"
I20260710 11:03:47.425056 21931 raft_consensus.cc:3060] T 32772d61799d4e9d8d14bcc9b2d3d51a P f5053884ef8840169e481d9a7feaf3c3 [term 1 FOLLOWER]: Advancing to term 2
I20260710 11:03:47.425393 22006 tablet_service.cc:1917] Received RequestConsensusVote() RPC: tablet_id: "32772d61799d4e9d8d14bcc9b2d3d51a" candidate_uuid: "6f72824fead049e9a684dc03c18c7923" candidate_term: 2 candidate_status { last_received { term: 1 index: 1 } } ignore_live_leader: true dest_uuid: "5f80e282c21848089c183e7a235dc1ee"
I20260710 11:03:47.425879 22006 raft_consensus.cc:3055] T 32772d61799d4e9d8d14bcc9b2d3d51a P 5f80e282c21848089c183e7a235dc1ee [term 1 LEADER]: Stepping down as leader of term 1
I20260710 11:03:47.426128 22006 raft_consensus.cc:740] T 32772d61799d4e9d8d14bcc9b2d3d51a P 5f80e282c21848089c183e7a235dc1ee [term 1 LEADER]: Becoming Follower/Learner. State: Replica: 5f80e282c21848089c183e7a235dc1ee, State: Running, Role: LEADER
I20260710 11:03:47.426832 22006 consensus_queue.cc:260] T 32772d61799d4e9d8d14bcc9b2d3d51a P 5f80e282c21848089c183e7a235dc1ee [NON_LEADER]: Queue going to NON_LEADER mode. State: All replicated index: 0, Majority replicated index: 1, Committed index: 1, Last appended: 1.1, Last appended by leader: 1, Current term: 1, Majority size: -1, State: 0, Mode: NON_LEADER, active raft config: opid_index: -1 OBSOLETE_local: false peers { permanent_uuid: "f5053884ef8840169e481d9a7feaf3c3" member_type: VOTER last_known_addr { host: "127.21.73.65" port: 40043 } } peers { permanent_uuid: "5f80e282c21848089c183e7a235dc1ee" member_type: VOTER last_known_addr { host: "127.21.73.66" port: 33921 } } peers { permanent_uuid: "6f72824fead049e9a684dc03c18c7923" member_type: VOTER last_known_addr { host: "127.21.73.67" port: 45049 } }
I20260710 11:03:47.427706 22006 raft_consensus.cc:3060] T 32772d61799d4e9d8d14bcc9b2d3d51a P 5f80e282c21848089c183e7a235dc1ee [term 1 FOLLOWER]: Advancing to term 2
I20260710 11:03:47.429679 21931 raft_consensus.cc:2468] T 32772d61799d4e9d8d14bcc9b2d3d51a P f5053884ef8840169e481d9a7feaf3c3 [term 2 FOLLOWER]: Leader election vote request: Granting yes vote for candidate 6f72824fead049e9a684dc03c18c7923 in term 2.
I20260710 11:03:47.430764 22047 leader_election.cc:304] T 32772d61799d4e9d8d14bcc9b2d3d51a P 6f72824fead049e9a684dc03c18c7923 [CANDIDATE]: Term 2 election: Election decided. Result: candidate won. Election summary: received 2 responses out of 3 voters: 2 yes votes; 0 no votes. yes voters: 6f72824fead049e9a684dc03c18c7923, f5053884ef8840169e481d9a7feaf3c3; no voters: 
I20260710 11:03:47.431483 22206 raft_consensus.cc:2804] T 32772d61799d4e9d8d14bcc9b2d3d51a P 6f72824fead049e9a684dc03c18c7923 [term 2 FOLLOWER]: Leader election won for term 2
I20260710 11:03:47.432283 22006 raft_consensus.cc:2468] T 32772d61799d4e9d8d14bcc9b2d3d51a P 5f80e282c21848089c183e7a235dc1ee [term 2 FOLLOWER]: Leader election vote request: Granting yes vote for candidate 6f72824fead049e9a684dc03c18c7923 in term 2.
I20260710 11:03:47.432744 22206 raft_consensus.cc:697] T 32772d61799d4e9d8d14bcc9b2d3d51a P 6f72824fead049e9a684dc03c18c7923 [term 2 LEADER]: Becoming Leader. State: Replica: 6f72824fead049e9a684dc03c18c7923, State: Running, Role: LEADER
I20260710 11:03:47.433501 22206 consensus_queue.cc:237] T 32772d61799d4e9d8d14bcc9b2d3d51a P 6f72824fead049e9a684dc03c18c7923 [LEADER]: Queue going to LEADER mode. State: All replicated index: 0, Majority replicated index: 1, Committed index: 1, Last appended: 1.1, Last appended by leader: 1, Current term: 2, Majority size: 2, State: 0, Mode: LEADER, active raft config: opid_index: -1 OBSOLETE_local: false peers { permanent_uuid: "f5053884ef8840169e481d9a7feaf3c3" member_type: VOTER last_known_addr { host: "127.21.73.65" port: 40043 } } peers { permanent_uuid: "5f80e282c21848089c183e7a235dc1ee" member_type: VOTER last_known_addr { host: "127.21.73.66" port: 33921 } } peers { permanent_uuid: "6f72824fead049e9a684dc03c18c7923" member_type: VOTER last_known_addr { host: "127.21.73.67" port: 45049 } }
I20260710 11:03:47.441406 21829 catalog_manager.cc:5697] T 32772d61799d4e9d8d14bcc9b2d3d51a P 6f72824fead049e9a684dc03c18c7923 reported cstate change: term changed from 1 to 2, leader changed from 5f80e282c21848089c183e7a235dc1ee (127.21.73.66) to 6f72824fead049e9a684dc03c18c7923 (127.21.73.67). New cstate: current_term: 2 leader_uuid: "6f72824fead049e9a684dc03c18c7923" committed_config { opid_index: -1 OBSOLETE_local: false peers { permanent_uuid: "f5053884ef8840169e481d9a7feaf3c3" member_type: VOTER last_known_addr { host: "127.21.73.65" port: 40043 } health_report { overall_health: UNKNOWN } } peers { permanent_uuid: "5f80e282c21848089c183e7a235dc1ee" member_type: VOTER last_known_addr { host: "127.21.73.66" port: 33921 } health_report { overall_health: UNKNOWN } } peers { permanent_uuid: "6f72824fead049e9a684dc03c18c7923" member_type: VOTER last_known_addr { host: "127.21.73.67" port: 45049 } health_report { overall_health: HEALTHY } } }
I20260710 11:03:47.872596 22006 raft_consensus.cc:1275] T 32772d61799d4e9d8d14bcc9b2d3d51a P 5f80e282c21848089c183e7a235dc1ee [term 2 FOLLOWER]: Refusing update from remote peer 6f72824fead049e9a684dc03c18c7923: Log matching property violated. Preceding OpId in replica: term: 1 index: 1. Preceding OpId from leader: term: 2 index: 2. (index mismatch)
I20260710 11:03:47.874096 22206 consensus_queue.cc:1048] T 32772d61799d4e9d8d14bcc9b2d3d51a P 6f72824fead049e9a684dc03c18c7923 [LEADER]: Connected to new peer: Peer: permanent_uuid: "5f80e282c21848089c183e7a235dc1ee" member_type: VOTER last_known_addr { host: "127.21.73.66" port: 33921 }, Status: LMP_MISMATCH, Last received: 0.0, Next index: 2, Last known committed idx: 1, Time since last communication: 0.000s
I20260710 11:03:47.885524 21931 raft_consensus.cc:1275] T 32772d61799d4e9d8d14bcc9b2d3d51a P f5053884ef8840169e481d9a7feaf3c3 [term 2 FOLLOWER]: Refusing update from remote peer 6f72824fead049e9a684dc03c18c7923: Log matching property violated. Preceding OpId in replica: term: 1 index: 1. Preceding OpId from leader: term: 2 index: 2. (index mismatch)
I20260710 11:03:47.887517 22215 consensus_queue.cc:1048] T 32772d61799d4e9d8d14bcc9b2d3d51a P 6f72824fead049e9a684dc03c18c7923 [LEADER]: Connected to new peer: Peer: permanent_uuid: "f5053884ef8840169e481d9a7feaf3c3" member_type: VOTER last_known_addr { host: "127.21.73.65" port: 40043 }, Status: LMP_MISMATCH, Last received: 0.0, Next index: 2, Last known committed idx: 1, Time since last communication: 0.000s
I20260710 11:03:47.890833 22224 raft_consensus.cc:993] T 48fad08bc6f44ff681ce6609aa1f3a83 P f5053884ef8840169e481d9a7feaf3c3: : Instructing follower 6f72824fead049e9a684dc03c18c7923 to start an election
I20260710 11:03:47.891348 22209 raft_consensus.cc:1081] T 48fad08bc6f44ff681ce6609aa1f3a83 P f5053884ef8840169e481d9a7feaf3c3 [term 1 LEADER]: Signalling peer 6f72824fead049e9a684dc03c18c7923 to start an election
I20260710 11:03:47.893159 22081 tablet_service.cc:2044] Received Run Leader Election RPC: tablet_id: "48fad08bc6f44ff681ce6609aa1f3a83"
dest_uuid: "6f72824fead049e9a684dc03c18c7923"
 from {username='slave'} at 127.0.0.1:53064
I20260710 11:03:47.893704 22081 raft_consensus.cc:493] T 48fad08bc6f44ff681ce6609aa1f3a83 P 6f72824fead049e9a684dc03c18c7923 [term 1 FOLLOWER]: Starting forced leader election (received explicit request)
I20260710 11:03:47.894096 22081 raft_consensus.cc:3060] T 48fad08bc6f44ff681ce6609aa1f3a83 P 6f72824fead049e9a684dc03c18c7923 [term 1 FOLLOWER]: Advancing to term 2
I20260710 11:03:47.900794 22081 raft_consensus.cc:515] T 48fad08bc6f44ff681ce6609aa1f3a83 P 6f72824fead049e9a684dc03c18c7923 [term 2 FOLLOWER]: Starting forced leader election with config: opid_index: -1 OBSOLETE_local: false peers { permanent_uuid: "6f72824fead049e9a684dc03c18c7923" member_type: VOTER last_known_addr { host: "127.21.73.67" port: 45049 } } peers { permanent_uuid: "f5053884ef8840169e481d9a7feaf3c3" member_type: VOTER last_known_addr { host: "127.21.73.65" port: 40043 } } peers { permanent_uuid: "5f80e282c21848089c183e7a235dc1ee" member_type: VOTER last_known_addr { host: "127.21.73.66" port: 33921 } }
I20260710 11:03:47.902776 22081 leader_election.cc:290] T 48fad08bc6f44ff681ce6609aa1f3a83 P 6f72824fead049e9a684dc03c18c7923 [CANDIDATE]: Term 2 election: Requested vote from peers f5053884ef8840169e481d9a7feaf3c3 (127.21.73.65:40043), 5f80e282c21848089c183e7a235dc1ee (127.21.73.66:33921)
I20260710 11:03:47.903623 21931 tablet_service.cc:1917] Received RequestConsensusVote() RPC: tablet_id: "48fad08bc6f44ff681ce6609aa1f3a83" candidate_uuid: "6f72824fead049e9a684dc03c18c7923" candidate_term: 2 candidate_status { last_received { term: 1 index: 1 } } ignore_live_leader: true dest_uuid: "f5053884ef8840169e481d9a7feaf3c3"
I20260710 11:03:47.904201 21931 raft_consensus.cc:3055] T 48fad08bc6f44ff681ce6609aa1f3a83 P f5053884ef8840169e481d9a7feaf3c3 [term 1 LEADER]: Stepping down as leader of term 1
I20260710 11:03:47.904341 22006 tablet_service.cc:1917] Received RequestConsensusVote() RPC: tablet_id: "48fad08bc6f44ff681ce6609aa1f3a83" candidate_uuid: "6f72824fead049e9a684dc03c18c7923" candidate_term: 2 candidate_status { last_received { term: 1 index: 1 } } ignore_live_leader: true dest_uuid: "5f80e282c21848089c183e7a235dc1ee"
I20260710 11:03:47.905095 22006 raft_consensus.cc:3060] T 48fad08bc6f44ff681ce6609aa1f3a83 P 5f80e282c21848089c183e7a235dc1ee [term 1 FOLLOWER]: Advancing to term 2
I20260710 11:03:47.904546 21931 raft_consensus.cc:740] T 48fad08bc6f44ff681ce6609aa1f3a83 P f5053884ef8840169e481d9a7feaf3c3 [term 1 LEADER]: Becoming Follower/Learner. State: Replica: f5053884ef8840169e481d9a7feaf3c3, State: Running, Role: LEADER
I20260710 11:03:47.906731 21931 consensus_queue.cc:260] T 48fad08bc6f44ff681ce6609aa1f3a83 P f5053884ef8840169e481d9a7feaf3c3 [NON_LEADER]: Queue going to NON_LEADER mode. State: All replicated index: 0, Majority replicated index: 1, Committed index: 1, Last appended: 1.1, Last appended by leader: 1, Current term: 1, Majority size: -1, State: 0, Mode: NON_LEADER, active raft config: opid_index: -1 OBSOLETE_local: false peers { permanent_uuid: "6f72824fead049e9a684dc03c18c7923" member_type: VOTER last_known_addr { host: "127.21.73.67" port: 45049 } } peers { permanent_uuid: "f5053884ef8840169e481d9a7feaf3c3" member_type: VOTER last_known_addr { host: "127.21.73.65" port: 40043 } } peers { permanent_uuid: "5f80e282c21848089c183e7a235dc1ee" member_type: VOTER last_known_addr { host: "127.21.73.66" port: 33921 } }
I20260710 11:03:47.907801 21931 raft_consensus.cc:3060] T 48fad08bc6f44ff681ce6609aa1f3a83 P f5053884ef8840169e481d9a7feaf3c3 [term 1 FOLLOWER]: Advancing to term 2
I20260710 11:03:47.910233 22006 raft_consensus.cc:2468] T 48fad08bc6f44ff681ce6609aa1f3a83 P 5f80e282c21848089c183e7a235dc1ee [term 2 FOLLOWER]: Leader election vote request: Granting yes vote for candidate 6f72824fead049e9a684dc03c18c7923 in term 2.
I20260710 11:03:47.911966 21931 raft_consensus.cc:2468] T 48fad08bc6f44ff681ce6609aa1f3a83 P f5053884ef8840169e481d9a7feaf3c3 [term 2 FOLLOWER]: Leader election vote request: Granting yes vote for candidate 6f72824fead049e9a684dc03c18c7923 in term 2.
I20260710 11:03:47.912835 22046 leader_election.cc:304] T 48fad08bc6f44ff681ce6609aa1f3a83 P 6f72824fead049e9a684dc03c18c7923 [CANDIDATE]: Term 2 election: Election decided. Result: candidate won. Election summary: received 2 responses out of 3 voters: 2 yes votes; 0 no votes. yes voters: 5f80e282c21848089c183e7a235dc1ee, 6f72824fead049e9a684dc03c18c7923; no voters: 
I20260710 11:03:47.913620 22215 raft_consensus.cc:2804] T 48fad08bc6f44ff681ce6609aa1f3a83 P 6f72824fead049e9a684dc03c18c7923 [term 2 FOLLOWER]: Leader election won for term 2
I20260710 11:03:47.914064 22215 raft_consensus.cc:697] T 48fad08bc6f44ff681ce6609aa1f3a83 P 6f72824fead049e9a684dc03c18c7923 [term 2 LEADER]: Becoming Leader. State: Replica: 6f72824fead049e9a684dc03c18c7923, State: Running, Role: LEADER
I20260710 11:03:47.914794 22215 consensus_queue.cc:237] T 48fad08bc6f44ff681ce6609aa1f3a83 P 6f72824fead049e9a684dc03c18c7923 [LEADER]: Queue going to LEADER mode. State: All replicated index: 0, Majority replicated index: 1, Committed index: 1, Last appended: 1.1, Last appended by leader: 1, Current term: 2, Majority size: 2, State: 0, Mode: LEADER, active raft config: opid_index: -1 OBSOLETE_local: false peers { permanent_uuid: "6f72824fead049e9a684dc03c18c7923" member_type: VOTER last_known_addr { host: "127.21.73.67" port: 45049 } } peers { permanent_uuid: "f5053884ef8840169e481d9a7feaf3c3" member_type: VOTER last_known_addr { host: "127.21.73.65" port: 40043 } } peers { permanent_uuid: "5f80e282c21848089c183e7a235dc1ee" member_type: VOTER last_known_addr { host: "127.21.73.66" port: 33921 } }
I20260710 11:03:47.921990 21829 catalog_manager.cc:5697] T 48fad08bc6f44ff681ce6609aa1f3a83 P 6f72824fead049e9a684dc03c18c7923 reported cstate change: term changed from 1 to 2, leader changed from f5053884ef8840169e481d9a7feaf3c3 (127.21.73.65) to 6f72824fead049e9a684dc03c18c7923 (127.21.73.67). New cstate: current_term: 2 leader_uuid: "6f72824fead049e9a684dc03c18c7923" committed_config { opid_index: -1 OBSOLETE_local: false peers { permanent_uuid: "6f72824fead049e9a684dc03c18c7923" member_type: VOTER last_known_addr { host: "127.21.73.67" port: 45049 } health_report { overall_health: HEALTHY } } peers { permanent_uuid: "f5053884ef8840169e481d9a7feaf3c3" member_type: VOTER last_known_addr { host: "127.21.73.65" port: 40043 } health_report { overall_health: UNKNOWN } } peers { permanent_uuid: "5f80e282c21848089c183e7a235dc1ee" member_type: VOTER last_known_addr { host: "127.21.73.66" port: 33921 } health_report { overall_health: UNKNOWN } } }
I20260710 11:03:48.384826 21797 auto_leader_rebalancer.cc:141] leader rebalance for table test-workload
I20260710 11:03:48.397928 22081 tablet_service.cc:2072] Received LeaderStepDown RPC: tablet_id: "48fad08bc6f44ff681ce6609aa1f3a83"
dest_uuid: "6f72824fead049e9a684dc03c18c7923"
mode: GRACEFUL
new_leader_uuid: "5f80e282c21848089c183e7a235dc1ee"
 from {username='slave'} at 127.0.0.1:44796
I20260710 11:03:48.398491 22081 raft_consensus.cc:606] T 48fad08bc6f44ff681ce6609aa1f3a83 P 6f72824fead049e9a684dc03c18c7923 [term 2 LEADER]: Received request to transfer leadership to TS 5f80e282c21848089c183e7a235dc1ee
I20260710 11:03:48.403162 21931 tablet_service.cc:2072] Received LeaderStepDown RPC: tablet_id: "9dce5158fb9543829d509e87f041225b"
dest_uuid: "f5053884ef8840169e481d9a7feaf3c3"
mode: GRACEFUL
new_leader_uuid: "5f80e282c21848089c183e7a235dc1ee"
 from {username='slave'} at 127.0.0.1:45864
I20260710 11:03:48.403753 21931 raft_consensus.cc:606] T 9dce5158fb9543829d509e87f041225b P f5053884ef8840169e481d9a7feaf3c3 [term 2 LEADER]: Received request to transfer leadership to TS 5f80e282c21848089c183e7a235dc1ee
I20260710 11:03:48.408470 21931 tablet_service.cc:2072] Received LeaderStepDown RPC: tablet_id: "e8026d5b6ddc45298cc6be1d37232c07"
dest_uuid: "f5053884ef8840169e481d9a7feaf3c3"
mode: GRACEFUL
new_leader_uuid: "5f80e282c21848089c183e7a235dc1ee"
 from {username='slave'} at 127.0.0.1:45864
I20260710 11:03:48.409046 21931 raft_consensus.cc:606] T e8026d5b6ddc45298cc6be1d37232c07 P f5053884ef8840169e481d9a7feaf3c3 [term 1 LEADER]: Received request to transfer leadership to TS 5f80e282c21848089c183e7a235dc1ee
I20260710 11:03:48.413769 21931 tablet_service.cc:2072] Received LeaderStepDown RPC: tablet_id: "6c9e36e8888644bd92f9701b7f694cdc"
dest_uuid: "f5053884ef8840169e481d9a7feaf3c3"
mode: GRACEFUL
new_leader_uuid: "5f80e282c21848089c183e7a235dc1ee"
 from {username='slave'} at 127.0.0.1:45864
I20260710 11:03:48.414248 21931 raft_consensus.cc:606] T 6c9e36e8888644bd92f9701b7f694cdc P f5053884ef8840169e481d9a7feaf3c3 [term 2 LEADER]: Received request to transfer leadership to TS 5f80e282c21848089c183e7a235dc1ee
I20260710 11:03:48.418686 22081 tablet_service.cc:2072] Received LeaderStepDown RPC: tablet_id: "32772d61799d4e9d8d14bcc9b2d3d51a"
dest_uuid: "6f72824fead049e9a684dc03c18c7923"
mode: GRACEFUL
new_leader_uuid: "5f80e282c21848089c183e7a235dc1ee"
 from {username='slave'} at 127.0.0.1:44796
I20260710 11:03:48.419140 22081 raft_consensus.cc:606] T 32772d61799d4e9d8d14bcc9b2d3d51a P 6f72824fead049e9a684dc03c18c7923 [term 2 LEADER]: Received request to transfer leadership to TS 5f80e282c21848089c183e7a235dc1ee
I20260710 11:03:48.465312 22006 raft_consensus.cc:1275] T 48fad08bc6f44ff681ce6609aa1f3a83 P 5f80e282c21848089c183e7a235dc1ee [term 2 FOLLOWER]: Refusing update from remote peer 6f72824fead049e9a684dc03c18c7923: Log matching property violated. Preceding OpId in replica: term: 1 index: 1. Preceding OpId from leader: term: 2 index: 2. (index mismatch)
I20260710 11:03:48.466449 22215 consensus_queue.cc:1048] T 48fad08bc6f44ff681ce6609aa1f3a83 P 6f72824fead049e9a684dc03c18c7923 [LEADER]: Connected to new peer: Peer: permanent_uuid: "5f80e282c21848089c183e7a235dc1ee" member_type: VOTER last_known_addr { host: "127.21.73.66" port: 33921 }, Status: LMP_MISMATCH, Last received: 0.0, Next index: 2, Last known committed idx: 1, Time since last communication: 0.000s
I20260710 11:03:48.472420 22228 raft_consensus.cc:993] T 48fad08bc6f44ff681ce6609aa1f3a83 P 6f72824fead049e9a684dc03c18c7923: : Instructing follower 5f80e282c21848089c183e7a235dc1ee to start an election
I20260710 11:03:48.472903 22228 raft_consensus.cc:1081] T 48fad08bc6f44ff681ce6609aa1f3a83 P 6f72824fead049e9a684dc03c18c7923 [term 2 LEADER]: Signalling peer 5f80e282c21848089c183e7a235dc1ee to start an election
I20260710 11:03:48.476282 22007 tablet_service.cc:2044] Received Run Leader Election RPC: tablet_id: "48fad08bc6f44ff681ce6609aa1f3a83"
dest_uuid: "5f80e282c21848089c183e7a235dc1ee"
 from {username='slave'} at 127.0.0.1:55172
I20260710 11:03:48.479374 22007 raft_consensus.cc:493] T 48fad08bc6f44ff681ce6609aa1f3a83 P 5f80e282c21848089c183e7a235dc1ee [term 2 FOLLOWER]: Starting forced leader election (received explicit request)
I20260710 11:03:48.479769 22007 raft_consensus.cc:3060] T 48fad08bc6f44ff681ce6609aa1f3a83 P 5f80e282c21848089c183e7a235dc1ee [term 2 FOLLOWER]: Advancing to term 3
I20260710 11:03:48.481236 21931 raft_consensus.cc:1275] T 48fad08bc6f44ff681ce6609aa1f3a83 P f5053884ef8840169e481d9a7feaf3c3 [term 2 FOLLOWER]: Refusing update from remote peer 6f72824fead049e9a684dc03c18c7923: Log matching property violated. Preceding OpId in replica: term: 1 index: 1. Preceding OpId from leader: term: 2 index: 2. (index mismatch)
I20260710 11:03:48.483491 22215 consensus_queue.cc:1048] T 48fad08bc6f44ff681ce6609aa1f3a83 P 6f72824fead049e9a684dc03c18c7923 [LEADER]: Connected to new peer: Peer: permanent_uuid: "f5053884ef8840169e481d9a7feaf3c3" member_type: VOTER last_known_addr { host: "127.21.73.65" port: 40043 }, Status: LMP_MISMATCH, Last received: 0.0, Next index: 2, Last known committed idx: 1, Time since last communication: 0.000s
I20260710 11:03:48.486243 22228 raft_consensus.cc:993] T 32772d61799d4e9d8d14bcc9b2d3d51a P 6f72824fead049e9a684dc03c18c7923: : Instructing follower 5f80e282c21848089c183e7a235dc1ee to start an election
I20260710 11:03:48.486331 22007 raft_consensus.cc:515] T 48fad08bc6f44ff681ce6609aa1f3a83 P 5f80e282c21848089c183e7a235dc1ee [term 3 FOLLOWER]: Starting forced leader election with config: opid_index: -1 OBSOLETE_local: false peers { permanent_uuid: "6f72824fead049e9a684dc03c18c7923" member_type: VOTER last_known_addr { host: "127.21.73.67" port: 45049 } } peers { permanent_uuid: "f5053884ef8840169e481d9a7feaf3c3" member_type: VOTER last_known_addr { host: "127.21.73.65" port: 40043 } } peers { permanent_uuid: "5f80e282c21848089c183e7a235dc1ee" member_type: VOTER last_known_addr { host: "127.21.73.66" port: 33921 } }
I20260710 11:03:48.486773 22228 raft_consensus.cc:1081] T 32772d61799d4e9d8d14bcc9b2d3d51a P 6f72824fead049e9a684dc03c18c7923 [term 2 LEADER]: Signalling peer 5f80e282c21848089c183e7a235dc1ee to start an election
I20260710 11:03:48.488353 22006 tablet_service.cc:2044] Received Run Leader Election RPC: tablet_id: "32772d61799d4e9d8d14bcc9b2d3d51a"
dest_uuid: "5f80e282c21848089c183e7a235dc1ee"
 from {username='slave'} at 127.0.0.1:55172
I20260710 11:03:48.489023 22006 raft_consensus.cc:493] T 32772d61799d4e9d8d14bcc9b2d3d51a P 5f80e282c21848089c183e7a235dc1ee [term 2 FOLLOWER]: Starting forced leader election (received explicit request)
I20260710 11:03:48.489645 22006 raft_consensus.cc:3060] T 32772d61799d4e9d8d14bcc9b2d3d51a P 5f80e282c21848089c183e7a235dc1ee [term 2 FOLLOWER]: Advancing to term 3
I20260710 11:03:48.491072 22007 leader_election.cc:290] T 48fad08bc6f44ff681ce6609aa1f3a83 P 5f80e282c21848089c183e7a235dc1ee [CANDIDATE]: Term 3 election: Requested vote from peers 6f72824fead049e9a684dc03c18c7923 (127.21.73.67:45049), f5053884ef8840169e481d9a7feaf3c3 (127.21.73.65:40043)
I20260710 11:03:48.492136 21930 tablet_service.cc:1917] Received RequestConsensusVote() RPC: tablet_id: "48fad08bc6f44ff681ce6609aa1f3a83" candidate_uuid: "5f80e282c21848089c183e7a235dc1ee" candidate_term: 3 candidate_status { last_received { term: 2 index: 2 } } ignore_live_leader: true dest_uuid: "f5053884ef8840169e481d9a7feaf3c3"
I20260710 11:03:48.492142 22081 tablet_service.cc:1917] Received RequestConsensusVote() RPC: tablet_id: "48fad08bc6f44ff681ce6609aa1f3a83" candidate_uuid: "5f80e282c21848089c183e7a235dc1ee" candidate_term: 3 candidate_status { last_received { term: 2 index: 2 } } ignore_live_leader: true dest_uuid: "6f72824fead049e9a684dc03c18c7923"
I20260710 11:03:48.492942 22081 raft_consensus.cc:3055] T 48fad08bc6f44ff681ce6609aa1f3a83 P 6f72824fead049e9a684dc03c18c7923 [term 2 LEADER]: Stepping down as leader of term 2
I20260710 11:03:48.493250 22081 raft_consensus.cc:740] T 48fad08bc6f44ff681ce6609aa1f3a83 P 6f72824fead049e9a684dc03c18c7923 [term 2 LEADER]: Becoming Follower/Learner. State: Replica: 6f72824fead049e9a684dc03c18c7923, State: Running, Role: LEADER
I20260710 11:03:48.494213 22081 consensus_queue.cc:260] T 48fad08bc6f44ff681ce6609aa1f3a83 P 6f72824fead049e9a684dc03c18c7923 [NON_LEADER]: Queue going to NON_LEADER mode. State: All replicated index: 0, Majority replicated index: 2, Committed index: 2, Last appended: 2.2, Last appended by leader: 2, Current term: 2, Majority size: -1, State: 0, Mode: NON_LEADER, active raft config: opid_index: -1 OBSOLETE_local: false peers { permanent_uuid: "6f72824fead049e9a684dc03c18c7923" member_type: VOTER last_known_addr { host: "127.21.73.67" port: 45049 } } peers { permanent_uuid: "f5053884ef8840169e481d9a7feaf3c3" member_type: VOTER last_known_addr { host: "127.21.73.65" port: 40043 } } peers { permanent_uuid: "5f80e282c21848089c183e7a235dc1ee" member_type: VOTER last_known_addr { host: "127.21.73.66" port: 33921 } }
I20260710 11:03:48.495850 22081 raft_consensus.cc:3060] T 48fad08bc6f44ff681ce6609aa1f3a83 P 6f72824fead049e9a684dc03c18c7923 [term 2 FOLLOWER]: Advancing to term 3
I20260710 11:03:48.497128 22006 raft_consensus.cc:515] T 32772d61799d4e9d8d14bcc9b2d3d51a P 5f80e282c21848089c183e7a235dc1ee [term 3 FOLLOWER]: Starting forced leader election with config: opid_index: -1 OBSOLETE_local: false peers { permanent_uuid: "f5053884ef8840169e481d9a7feaf3c3" member_type: VOTER last_known_addr { host: "127.21.73.65" port: 40043 } } peers { permanent_uuid: "5f80e282c21848089c183e7a235dc1ee" member_type: VOTER last_known_addr { host: "127.21.73.66" port: 33921 } } peers { permanent_uuid: "6f72824fead049e9a684dc03c18c7923" member_type: VOTER last_known_addr { host: "127.21.73.67" port: 45049 } }
I20260710 11:03:48.499373 22006 leader_election.cc:290] T 32772d61799d4e9d8d14bcc9b2d3d51a P 5f80e282c21848089c183e7a235dc1ee [CANDIDATE]: Term 3 election: Requested vote from peers f5053884ef8840169e481d9a7feaf3c3 (127.21.73.65:40043), 6f72824fead049e9a684dc03c18c7923 (127.21.73.67:45049)
I20260710 11:03:48.503052 21931 tablet_service.cc:1917] Received RequestConsensusVote() RPC: tablet_id: "32772d61799d4e9d8d14bcc9b2d3d51a" candidate_uuid: "5f80e282c21848089c183e7a235dc1ee" candidate_term: 3 candidate_status { last_received { term: 2 index: 2 } } ignore_live_leader: true dest_uuid: "f5053884ef8840169e481d9a7feaf3c3"
I20260710 11:03:48.503492 22080 tablet_service.cc:1917] Received RequestConsensusVote() RPC: tablet_id: "32772d61799d4e9d8d14bcc9b2d3d51a" candidate_uuid: "5f80e282c21848089c183e7a235dc1ee" candidate_term: 3 candidate_status { last_received { term: 2 index: 2 } } ignore_live_leader: true dest_uuid: "6f72824fead049e9a684dc03c18c7923"
I20260710 11:03:48.503706 22081 raft_consensus.cc:2468] T 48fad08bc6f44ff681ce6609aa1f3a83 P 6f72824fead049e9a684dc03c18c7923 [term 3 FOLLOWER]: Leader election vote request: Granting yes vote for candidate 5f80e282c21848089c183e7a235dc1ee in term 3.
I20260710 11:03:48.503846 21931 raft_consensus.cc:3060] T 32772d61799d4e9d8d14bcc9b2d3d51a P f5053884ef8840169e481d9a7feaf3c3 [term 2 FOLLOWER]: Advancing to term 3
I20260710 11:03:48.504181 22080 raft_consensus.cc:3055] T 32772d61799d4e9d8d14bcc9b2d3d51a P 6f72824fead049e9a684dc03c18c7923 [term 2 LEADER]: Stepping down as leader of term 2
I20260710 11:03:48.504522 22080 raft_consensus.cc:740] T 32772d61799d4e9d8d14bcc9b2d3d51a P 6f72824fead049e9a684dc03c18c7923 [term 2 LEADER]: Becoming Follower/Learner. State: Replica: 6f72824fead049e9a684dc03c18c7923, State: Running, Role: LEADER
I20260710 11:03:48.505177 22080 consensus_queue.cc:260] T 32772d61799d4e9d8d14bcc9b2d3d51a P 6f72824fead049e9a684dc03c18c7923 [NON_LEADER]: Queue going to NON_LEADER mode. State: All replicated index: 0, Majority replicated index: 2, Committed index: 2, Last appended: 2.2, Last appended by leader: 2, Current term: 2, Majority size: -1, State: 0, Mode: NON_LEADER, active raft config: opid_index: -1 OBSOLETE_local: false peers { permanent_uuid: "f5053884ef8840169e481d9a7feaf3c3" member_type: VOTER last_known_addr { host: "127.21.73.65" port: 40043 } } peers { permanent_uuid: "5f80e282c21848089c183e7a235dc1ee" member_type: VOTER last_known_addr { host: "127.21.73.66" port: 33921 } } peers { permanent_uuid: "6f72824fead049e9a684dc03c18c7923" member_type: VOTER last_known_addr { host: "127.21.73.67" port: 45049 } }
I20260710 11:03:48.505956 22080 raft_consensus.cc:3060] T 32772d61799d4e9d8d14bcc9b2d3d51a P 6f72824fead049e9a684dc03c18c7923 [term 2 FOLLOWER]: Advancing to term 3
I20260710 11:03:48.507287 21973 leader_election.cc:304] T 48fad08bc6f44ff681ce6609aa1f3a83 P 5f80e282c21848089c183e7a235dc1ee [CANDIDATE]: Term 3 election: Election decided. Result: candidate won. Election summary: received 3 responses out of 3 voters: 2 yes votes; 1 no votes. yes voters: 5f80e282c21848089c183e7a235dc1ee, 6f72824fead049e9a684dc03c18c7923; no voters: f5053884ef8840169e481d9a7feaf3c3
I20260710 11:03:48.510303 21931 raft_consensus.cc:2468] T 32772d61799d4e9d8d14bcc9b2d3d51a P f5053884ef8840169e481d9a7feaf3c3 [term 3 FOLLOWER]: Leader election vote request: Granting yes vote for candidate 5f80e282c21848089c183e7a235dc1ee in term 3.
I20260710 11:03:48.510900 22232 raft_consensus.cc:2804] T 48fad08bc6f44ff681ce6609aa1f3a83 P 5f80e282c21848089c183e7a235dc1ee [term 3 FOLLOWER]: Leader election won for term 3
I20260710 11:03:48.511395 22080 raft_consensus.cc:2468] T 32772d61799d4e9d8d14bcc9b2d3d51a P 6f72824fead049e9a684dc03c18c7923 [term 3 FOLLOWER]: Leader election vote request: Granting yes vote for candidate 5f80e282c21848089c183e7a235dc1ee in term 3.
I20260710 11:03:48.511438 21973 leader_election.cc:304] T 32772d61799d4e9d8d14bcc9b2d3d51a P 5f80e282c21848089c183e7a235dc1ee [CANDIDATE]: Term 3 election: Election decided. Result: candidate won. Election summary: received 2 responses out of 3 voters: 2 yes votes; 0 no votes. yes voters: 5f80e282c21848089c183e7a235dc1ee, f5053884ef8840169e481d9a7feaf3c3; no voters: 
I20260710 11:03:48.512329 22208 raft_consensus.cc:2804] T 32772d61799d4e9d8d14bcc9b2d3d51a P 5f80e282c21848089c183e7a235dc1ee [term 3 FOLLOWER]: Leader election won for term 3
I20260710 11:03:48.513639 22208 raft_consensus.cc:697] T 32772d61799d4e9d8d14bcc9b2d3d51a P 5f80e282c21848089c183e7a235dc1ee [term 3 LEADER]: Becoming Leader. State: Replica: 5f80e282c21848089c183e7a235dc1ee, State: Running, Role: LEADER
I20260710 11:03:48.512069 22232 raft_consensus.cc:697] T 48fad08bc6f44ff681ce6609aa1f3a83 P 5f80e282c21848089c183e7a235dc1ee [term 3 LEADER]: Becoming Leader. State: Replica: 5f80e282c21848089c183e7a235dc1ee, State: Running, Role: LEADER
I20260710 11:03:48.514588 22208 consensus_queue.cc:237] T 32772d61799d4e9d8d14bcc9b2d3d51a P 5f80e282c21848089c183e7a235dc1ee [LEADER]: Queue going to LEADER mode. State: All replicated index: 0, Majority replicated index: 2, Committed index: 2, Last appended: 2.2, Last appended by leader: 2, Current term: 3, Majority size: 2, State: 0, Mode: LEADER, active raft config: opid_index: -1 OBSOLETE_local: false peers { permanent_uuid: "f5053884ef8840169e481d9a7feaf3c3" member_type: VOTER last_known_addr { host: "127.21.73.65" port: 40043 } } peers { permanent_uuid: "5f80e282c21848089c183e7a235dc1ee" member_type: VOTER last_known_addr { host: "127.21.73.66" port: 33921 } } peers { permanent_uuid: "6f72824fead049e9a684dc03c18c7923" member_type: VOTER last_known_addr { host: "127.21.73.67" port: 45049 } }
I20260710 11:03:48.515466 22232 consensus_queue.cc:237] T 48fad08bc6f44ff681ce6609aa1f3a83 P 5f80e282c21848089c183e7a235dc1ee [LEADER]: Queue going to LEADER mode. State: All replicated index: 0, Majority replicated index: 2, Committed index: 2, Last appended: 2.2, Last appended by leader: 2, Current term: 3, Majority size: 2, State: 0, Mode: LEADER, active raft config: opid_index: -1 OBSOLETE_local: false peers { permanent_uuid: "6f72824fead049e9a684dc03c18c7923" member_type: VOTER last_known_addr { host: "127.21.73.67" port: 45049 } } peers { permanent_uuid: "f5053884ef8840169e481d9a7feaf3c3" member_type: VOTER last_known_addr { host: "127.21.73.65" port: 40043 } } peers { permanent_uuid: "5f80e282c21848089c183e7a235dc1ee" member_type: VOTER last_known_addr { host: "127.21.73.66" port: 33921 } }
I20260710 11:03:48.521389 21828 catalog_manager.cc:5697] T 48fad08bc6f44ff681ce6609aa1f3a83 P 5f80e282c21848089c183e7a235dc1ee reported cstate change: term changed from 2 to 3, leader changed from 6f72824fead049e9a684dc03c18c7923 (127.21.73.67) to 5f80e282c21848089c183e7a235dc1ee (127.21.73.66). New cstate: current_term: 3 leader_uuid: "5f80e282c21848089c183e7a235dc1ee" committed_config { opid_index: -1 OBSOLETE_local: false peers { permanent_uuid: "6f72824fead049e9a684dc03c18c7923" member_type: VOTER last_known_addr { host: "127.21.73.67" port: 45049 } health_report { overall_health: UNKNOWN } } peers { permanent_uuid: "f5053884ef8840169e481d9a7feaf3c3" member_type: VOTER last_known_addr { host: "127.21.73.65" port: 40043 } health_report { overall_health: UNKNOWN } } peers { permanent_uuid: "5f80e282c21848089c183e7a235dc1ee" member_type: VOTER last_known_addr { host: "127.21.73.66" port: 33921 } health_report { overall_health: HEALTHY } } }
I20260710 11:03:48.534781 21828 catalog_manager.cc:5697] T 32772d61799d4e9d8d14bcc9b2d3d51a P 5f80e282c21848089c183e7a235dc1ee reported cstate change: term changed from 2 to 3, leader changed from 6f72824fead049e9a684dc03c18c7923 (127.21.73.67) to 5f80e282c21848089c183e7a235dc1ee (127.21.73.66). New cstate: current_term: 3 leader_uuid: "5f80e282c21848089c183e7a235dc1ee" committed_config { opid_index: -1 OBSOLETE_local: false peers { permanent_uuid: "f5053884ef8840169e481d9a7feaf3c3" member_type: VOTER last_known_addr { host: "127.21.73.65" port: 40043 } health_report { overall_health: UNKNOWN } } peers { permanent_uuid: "5f80e282c21848089c183e7a235dc1ee" member_type: VOTER last_known_addr { host: "127.21.73.66" port: 33921 } health_report { overall_health: HEALTHY } } peers { permanent_uuid: "6f72824fead049e9a684dc03c18c7923" member_type: VOTER last_known_addr { host: "127.21.73.67" port: 45049 } health_report { overall_health: UNKNOWN } } }
I20260710 11:03:48.804979 22224 raft_consensus.cc:993] T 9dce5158fb9543829d509e87f041225b P f5053884ef8840169e481d9a7feaf3c3: : Instructing follower 5f80e282c21848089c183e7a235dc1ee to start an election
I20260710 11:03:48.805392 22209 raft_consensus.cc:1081] T 9dce5158fb9543829d509e87f041225b P f5053884ef8840169e481d9a7feaf3c3 [term 2 LEADER]: Signalling peer 5f80e282c21848089c183e7a235dc1ee to start an election
I20260710 11:03:48.806824 22006 tablet_service.cc:2044] Received Run Leader Election RPC: tablet_id: "9dce5158fb9543829d509e87f041225b"
dest_uuid: "5f80e282c21848089c183e7a235dc1ee"
 from {username='slave'} at 127.0.0.1:55166
I20260710 11:03:48.807324 22006 raft_consensus.cc:493] T 9dce5158fb9543829d509e87f041225b P 5f80e282c21848089c183e7a235dc1ee [term 2 FOLLOWER]: Starting forced leader election (received explicit request)
I20260710 11:03:48.807636 22006 raft_consensus.cc:3060] T 9dce5158fb9543829d509e87f041225b P 5f80e282c21848089c183e7a235dc1ee [term 2 FOLLOWER]: Advancing to term 3
I20260710 11:03:48.811985 22006 raft_consensus.cc:515] T 9dce5158fb9543829d509e87f041225b P 5f80e282c21848089c183e7a235dc1ee [term 3 FOLLOWER]: Starting forced leader election with config: opid_index: -1 OBSOLETE_local: false peers { permanent_uuid: "f5053884ef8840169e481d9a7feaf3c3" member_type: VOTER last_known_addr { host: "127.21.73.65" port: 40043 } } peers { permanent_uuid: "5f80e282c21848089c183e7a235dc1ee" member_type: VOTER last_known_addr { host: "127.21.73.66" port: 33921 } } peers { permanent_uuid: "6f72824fead049e9a684dc03c18c7923" member_type: VOTER last_known_addr { host: "127.21.73.67" port: 45049 } }
I20260710 11:03:48.813714 22006 leader_election.cc:290] T 9dce5158fb9543829d509e87f041225b P 5f80e282c21848089c183e7a235dc1ee [CANDIDATE]: Term 3 election: Requested vote from peers f5053884ef8840169e481d9a7feaf3c3 (127.21.73.65:40043), 6f72824fead049e9a684dc03c18c7923 (127.21.73.67:45049)
I20260710 11:03:48.814524 21931 tablet_service.cc:1917] Received RequestConsensusVote() RPC: tablet_id: "9dce5158fb9543829d509e87f041225b" candidate_uuid: "5f80e282c21848089c183e7a235dc1ee" candidate_term: 3 candidate_status { last_received { term: 2 index: 2 } } ignore_live_leader: true dest_uuid: "f5053884ef8840169e481d9a7feaf3c3"
I20260710 11:03:48.814745 22080 tablet_service.cc:1917] Received RequestConsensusVote() RPC: tablet_id: "9dce5158fb9543829d509e87f041225b" candidate_uuid: "5f80e282c21848089c183e7a235dc1ee" candidate_term: 3 candidate_status { last_received { term: 2 index: 2 } } ignore_live_leader: true dest_uuid: "6f72824fead049e9a684dc03c18c7923"
I20260710 11:03:48.815083 21931 raft_consensus.cc:3055] T 9dce5158fb9543829d509e87f041225b P f5053884ef8840169e481d9a7feaf3c3 [term 2 LEADER]: Stepping down as leader of term 2
I20260710 11:03:48.815333 22080 raft_consensus.cc:3060] T 9dce5158fb9543829d509e87f041225b P 6f72824fead049e9a684dc03c18c7923 [term 2 FOLLOWER]: Advancing to term 3
I20260710 11:03:48.815487 21931 raft_consensus.cc:740] T 9dce5158fb9543829d509e87f041225b P f5053884ef8840169e481d9a7feaf3c3 [term 2 LEADER]: Becoming Follower/Learner. State: Replica: f5053884ef8840169e481d9a7feaf3c3, State: Running, Role: LEADER
I20260710 11:03:48.816329 21931 consensus_queue.cc:260] T 9dce5158fb9543829d509e87f041225b P f5053884ef8840169e481d9a7feaf3c3 [NON_LEADER]: Queue going to NON_LEADER mode. State: All replicated index: 0, Majority replicated index: 2, Committed index: 2, Last appended: 2.2, Last appended by leader: 2, Current term: 2, Majority size: -1, State: 0, Mode: NON_LEADER, active raft config: opid_index: -1 OBSOLETE_local: false peers { permanent_uuid: "f5053884ef8840169e481d9a7feaf3c3" member_type: VOTER last_known_addr { host: "127.21.73.65" port: 40043 } } peers { permanent_uuid: "5f80e282c21848089c183e7a235dc1ee" member_type: VOTER last_known_addr { host: "127.21.73.66" port: 33921 } } peers { permanent_uuid: "6f72824fead049e9a684dc03c18c7923" member_type: VOTER last_known_addr { host: "127.21.73.67" port: 45049 } }
I20260710 11:03:48.817520 21931 raft_consensus.cc:3060] T 9dce5158fb9543829d509e87f041225b P f5053884ef8840169e481d9a7feaf3c3 [term 2 FOLLOWER]: Advancing to term 3
I20260710 11:03:48.820196 22080 raft_consensus.cc:2468] T 9dce5158fb9543829d509e87f041225b P 6f72824fead049e9a684dc03c18c7923 [term 3 FOLLOWER]: Leader election vote request: Granting yes vote for candidate 5f80e282c21848089c183e7a235dc1ee in term 3.
I20260710 11:03:48.821226 21973 leader_election.cc:304] T 9dce5158fb9543829d509e87f041225b P 5f80e282c21848089c183e7a235dc1ee [CANDIDATE]: Term 3 election: Election decided. Result: candidate won. Election summary: received 2 responses out of 3 voters: 2 yes votes; 0 no votes. yes voters: 5f80e282c21848089c183e7a235dc1ee, 6f72824fead049e9a684dc03c18c7923; no voters: 
I20260710 11:03:48.821969 22232 raft_consensus.cc:2804] T 9dce5158fb9543829d509e87f041225b P 5f80e282c21848089c183e7a235dc1ee [term 3 FOLLOWER]: Leader election won for term 3
I20260710 11:03:48.822373 22232 raft_consensus.cc:697] T 9dce5158fb9543829d509e87f041225b P 5f80e282c21848089c183e7a235dc1ee [term 3 LEADER]: Becoming Leader. State: Replica: 5f80e282c21848089c183e7a235dc1ee, State: Running, Role: LEADER
I20260710 11:03:48.822475 21931 raft_consensus.cc:2468] T 9dce5158fb9543829d509e87f041225b P f5053884ef8840169e481d9a7feaf3c3 [term 3 FOLLOWER]: Leader election vote request: Granting yes vote for candidate 5f80e282c21848089c183e7a235dc1ee in term 3.
I20260710 11:03:48.823138 22232 consensus_queue.cc:237] T 9dce5158fb9543829d509e87f041225b P 5f80e282c21848089c183e7a235dc1ee [LEADER]: Queue going to LEADER mode. State: All replicated index: 0, Majority replicated index: 2, Committed index: 2, Last appended: 2.2, Last appended by leader: 2, Current term: 3, Majority size: 2, State: 0, Mode: LEADER, active raft config: opid_index: -1 OBSOLETE_local: false peers { permanent_uuid: "f5053884ef8840169e481d9a7feaf3c3" member_type: VOTER last_known_addr { host: "127.21.73.65" port: 40043 } } peers { permanent_uuid: "5f80e282c21848089c183e7a235dc1ee" member_type: VOTER last_known_addr { host: "127.21.73.66" port: 33921 } } peers { permanent_uuid: "6f72824fead049e9a684dc03c18c7923" member_type: VOTER last_known_addr { host: "127.21.73.67" port: 45049 } }
I20260710 11:03:48.829329 21828 catalog_manager.cc:5697] T 9dce5158fb9543829d509e87f041225b P 5f80e282c21848089c183e7a235dc1ee reported cstate change: term changed from 2 to 3, leader changed from f5053884ef8840169e481d9a7feaf3c3 (127.21.73.65) to 5f80e282c21848089c183e7a235dc1ee (127.21.73.66). New cstate: current_term: 3 leader_uuid: "5f80e282c21848089c183e7a235dc1ee" committed_config { opid_index: -1 OBSOLETE_local: false peers { permanent_uuid: "f5053884ef8840169e481d9a7feaf3c3" member_type: VOTER last_known_addr { host: "127.21.73.65" port: 40043 } health_report { overall_health: UNKNOWN } } peers { permanent_uuid: "5f80e282c21848089c183e7a235dc1ee" member_type: VOTER last_known_addr { host: "127.21.73.66" port: 33921 } health_report { overall_health: HEALTHY } } peers { permanent_uuid: "6f72824fead049e9a684dc03c18c7923" member_type: VOTER last_known_addr { host: "127.21.73.67" port: 45049 } health_report { overall_health: UNKNOWN } } }
I20260710 11:03:48.873464 22224 raft_consensus.cc:993] T e8026d5b6ddc45298cc6be1d37232c07 P f5053884ef8840169e481d9a7feaf3c3: : Instructing follower 5f80e282c21848089c183e7a235dc1ee to start an election
I20260710 11:03:48.874037 22209 raft_consensus.cc:1081] T e8026d5b6ddc45298cc6be1d37232c07 P f5053884ef8840169e481d9a7feaf3c3 [term 1 LEADER]: Signalling peer 5f80e282c21848089c183e7a235dc1ee to start an election
I20260710 11:03:48.875669 22006 tablet_service.cc:2044] Received Run Leader Election RPC: tablet_id: "e8026d5b6ddc45298cc6be1d37232c07"
