I20260710 11:03:43.299381 15107 raft_consensus.cc:359] T f487551630f845d69172e5ecaa07fa97 P c507acba3e2841dd9e481214a0b9d974 [term 0 FOLLOWER]: Replica starting. Triggering 0 pending ops. Active config: opid_index: -1 OBSOLETE_local: false peers { permanent_uuid: "db301ca176934618b8e0d28c8c2b82cc" member_type: VOTER last_known_addr { host: "127.14.110.193" port: 41391 } } peers { permanent_uuid: "af8051e47213494ba27c744ae66df084" member_type: VOTER last_known_addr { host: "127.14.110.194" port: 38507 } } peers { permanent_uuid: "c507acba3e2841dd9e481214a0b9d974" member_type: VOTER last_known_addr { host: "127.14.110.195" port: 44487 } }
I20260710 11:03:43.300081 15107 raft_consensus.cc:385] T f487551630f845d69172e5ecaa07fa97 P c507acba3e2841dd9e481214a0b9d974 [term 0 FOLLOWER]: Consensus starting up: Expiring failure detector timer to make a prompt election more likely
I20260710 11:03:43.300442 15107 raft_consensus.cc:740] T f487551630f845d69172e5ecaa07fa97 P c507acba3e2841dd9e481214a0b9d974 [term 0 FOLLOWER]: Becoming Follower/Learner. State: Replica: c507acba3e2841dd9e481214a0b9d974, State: Initialized, Role: FOLLOWER
I20260710 11:03:43.301167 15107 consensus_queue.cc:260] T f487551630f845d69172e5ecaa07fa97 P c507acba3e2841dd9e481214a0b9d974 [NON_LEADER]: Queue going to NON_LEADER mode. State: All replicated index: 0, Majority replicated index: 0, Committed index: 0, Last appended: 0.0, Last appended by leader: 0, Current term: 0, Majority size: -1, State: 0, Mode: NON_LEADER, active raft config: opid_index: -1 OBSOLETE_local: false peers { permanent_uuid: "db301ca176934618b8e0d28c8c2b82cc" member_type: VOTER last_known_addr { host: "127.14.110.193" port: 41391 } } peers { permanent_uuid: "af8051e47213494ba27c744ae66df084" member_type: VOTER last_known_addr { host: "127.14.110.194" port: 38507 } } peers { permanent_uuid: "c507acba3e2841dd9e481214a0b9d974" member_type: VOTER last_known_addr { host: "127.14.110.195" port: 44487 } }
I20260710 11:03:43.304242 15108 tablet_bootstrap.cc:492] T 77b0a1f0974c4d5197a61a141e524b96 P af8051e47213494ba27c744ae66df084: No bootstrap required, opened a new log
I20260710 11:03:43.304674 15108 ts_tablet_manager.cc:1403] T 77b0a1f0974c4d5197a61a141e524b96 P af8051e47213494ba27c744ae66df084: Time spent bootstrapping tablet: real 0.122s	user 0.021s	sys 0.006s
I20260710 11:03:43.304739 15107 ts_tablet_manager.cc:1434] T f487551630f845d69172e5ecaa07fa97 P c507acba3e2841dd9e481214a0b9d974: Time spent starting tablet: real 0.008s	user 0.007s	sys 0.000s
I20260710 11:03:43.305810 15107 tablet_bootstrap.cc:492] T bed5167f403a422784f907427ebb9a10 P c507acba3e2841dd9e481214a0b9d974: Bootstrap starting.
I20260710 11:03:43.307456 15063 raft_consensus.cc:2468] T 77b0a1f0974c4d5197a61a141e524b96 P c507acba3e2841dd9e481214a0b9d974 [term 1 FOLLOWER]: Leader election vote request: Granting yes vote for candidate db301ca176934618b8e0d28c8c2b82cc in term 1.
I20260710 11:03:43.307569 15108 raft_consensus.cc:359] T 77b0a1f0974c4d5197a61a141e524b96 P af8051e47213494ba27c744ae66df084 [term 0 FOLLOWER]: Replica starting. Triggering 0 pending ops. Active config: opid_index: -1 OBSOLETE_local: false peers { permanent_uuid: "db301ca176934618b8e0d28c8c2b82cc" member_type: VOTER last_known_addr { host: "127.14.110.193" port: 41391 } } peers { permanent_uuid: "af8051e47213494ba27c744ae66df084" member_type: VOTER last_known_addr { host: "127.14.110.194" port: 38507 } } peers { permanent_uuid: "c507acba3e2841dd9e481214a0b9d974" member_type: VOTER last_known_addr { host: "127.14.110.195" port: 44487 } }
I20260710 11:03:43.308296 15108 raft_consensus.cc:385] T 77b0a1f0974c4d5197a61a141e524b96 P af8051e47213494ba27c744ae66df084 [term 0 FOLLOWER]: Consensus starting up: Expiring failure detector timer to make a prompt election more likely
I20260710 11:03:43.308624 15108 raft_consensus.cc:740] T 77b0a1f0974c4d5197a61a141e524b96 P af8051e47213494ba27c744ae66df084 [term 0 FOLLOWER]: Becoming Follower/Learner. State: Replica: af8051e47213494ba27c744ae66df084, State: Initialized, Role: FOLLOWER
I20260710 11:03:43.308682 14878 leader_election.cc:304] T 77b0a1f0974c4d5197a61a141e524b96 P db301ca176934618b8e0d28c8c2b82cc [CANDIDATE]: Term 1 election: Election decided. Result: candidate won. Election summary: received 3 responses out of 3 voters: 2 yes votes; 1 no votes. yes voters: c507acba3e2841dd9e481214a0b9d974, db301ca176934618b8e0d28c8c2b82cc; no voters: af8051e47213494ba27c744ae66df084
I20260710 11:03:43.309623 15139 raft_consensus.cc:2804] T 77b0a1f0974c4d5197a61a141e524b96 P db301ca176934618b8e0d28c8c2b82cc [term 1 FOLLOWER]: Leader election won for term 1
I20260710 11:03:43.309630 15108 consensus_queue.cc:260] T 77b0a1f0974c4d5197a61a141e524b96 P af8051e47213494ba27c744ae66df084 [NON_LEADER]: Queue going to NON_LEADER mode. State: All replicated index: 0, Majority replicated index: 0, Committed index: 0, Last appended: 0.0, Last appended by leader: 0, Current term: 0, Majority size: -1, State: 0, Mode: NON_LEADER, active raft config: opid_index: -1 OBSOLETE_local: false peers { permanent_uuid: "db301ca176934618b8e0d28c8c2b82cc" member_type: VOTER last_known_addr { host: "127.14.110.193" port: 41391 } } peers { permanent_uuid: "af8051e47213494ba27c744ae66df084" member_type: VOTER last_known_addr { host: "127.14.110.194" port: 38507 } } peers { permanent_uuid: "c507acba3e2841dd9e481214a0b9d974" member_type: VOTER last_known_addr { host: "127.14.110.195" port: 44487 } }
I20260710 11:03:43.310271 15139 raft_consensus.cc:697] T 77b0a1f0974c4d5197a61a141e524b96 P db301ca176934618b8e0d28c8c2b82cc [term 1 LEADER]: Becoming Leader. State: Replica: db301ca176934618b8e0d28c8c2b82cc, State: Running, Role: LEADER
I20260710 11:03:43.311173 15139 consensus_queue.cc:237] T 77b0a1f0974c4d5197a61a141e524b96 P db301ca176934618b8e0d28c8c2b82cc [LEADER]: Queue going to LEADER mode. State: All replicated index: 0, Majority replicated index: 0, Committed index: 0, Last appended: 0.0, Last appended by leader: 0, Current term: 1, Majority size: 2, State: 0, Mode: LEADER, active raft config: opid_index: -1 OBSOLETE_local: false peers { permanent_uuid: "db301ca176934618b8e0d28c8c2b82cc" member_type: VOTER last_known_addr { host: "127.14.110.193" port: 41391 } } peers { permanent_uuid: "af8051e47213494ba27c744ae66df084" member_type: VOTER last_known_addr { host: "127.14.110.194" port: 38507 } } peers { permanent_uuid: "c507acba3e2841dd9e481214a0b9d974" member_type: VOTER last_known_addr { host: "127.14.110.195" port: 44487 } }
I20260710 11:03:43.312377 15108 ts_tablet_manager.cc:1434] T 77b0a1f0974c4d5197a61a141e524b96 P af8051e47213494ba27c744ae66df084: Time spent starting tablet: real 0.007s	user 0.007s	sys 0.000s
I20260710 11:03:43.312762 15107 tablet_bootstrap.cc:654] T bed5167f403a422784f907427ebb9a10 P c507acba3e2841dd9e481214a0b9d974: Neither blocks nor log segments found. Creating new log.
I20260710 11:03:43.313505 15108 tablet_bootstrap.cc:492] T d3bbaf916c8d41a3b84c9fc6b51dbb01 P af8051e47213494ba27c744ae66df084: Bootstrap starting.
I20260710 11:03:43.322705 15106 tablet_bootstrap.cc:654] T 07e2ebc73ab14c8aa27c45207fba7b98 P db301ca176934618b8e0d28c8c2b82cc: Neither blocks nor log segments found. Creating new log.
I20260710 11:03:43.327682 15108 tablet_bootstrap.cc:654] T d3bbaf916c8d41a3b84c9fc6b51dbb01 P af8051e47213494ba27c744ae66df084: Neither blocks nor log segments found. Creating new log.
I20260710 11:03:43.329259 14807 catalog_manager.cc:5697] T 77b0a1f0974c4d5197a61a141e524b96 P db301ca176934618b8e0d28c8c2b82cc reported cstate change: term changed from 0 to 1, leader changed from <none> to db301ca176934618b8e0d28c8c2b82cc (127.14.110.193). New cstate: current_term: 1 leader_uuid: "db301ca176934618b8e0d28c8c2b82cc" committed_config { opid_index: -1 OBSOLETE_local: false peers { permanent_uuid: "db301ca176934618b8e0d28c8c2b82cc" member_type: VOTER last_known_addr { host: "127.14.110.193" port: 41391 } health_report { overall_health: HEALTHY } } peers { permanent_uuid: "af8051e47213494ba27c744ae66df084" member_type: VOTER last_known_addr { host: "127.14.110.194" port: 38507 } health_report { overall_health: UNKNOWN } } peers { permanent_uuid: "c507acba3e2841dd9e481214a0b9d974" member_type: VOTER last_known_addr { host: "127.14.110.195" port: 44487 } health_report { overall_health: UNKNOWN } } }
I20260710 11:03:43.347620 15108 tablet_bootstrap.cc:492] T d3bbaf916c8d41a3b84c9fc6b51dbb01 P af8051e47213494ba27c744ae66df084: No bootstrap required, opened a new log
I20260710 11:03:43.348127 15108 ts_tablet_manager.cc:1403] T d3bbaf916c8d41a3b84c9fc6b51dbb01 P af8051e47213494ba27c744ae66df084: Time spent bootstrapping tablet: real 0.035s	user 0.014s	sys 0.000s
I20260710 11:03:43.349511 14807 catalog_manager.cc:5697] T d7d1dc5fdf9f41fca9148a5384bbbae2 P af8051e47213494ba27c744ae66df084 reported cstate change: term changed from 0 to 1, leader changed from <none> to af8051e47213494ba27c744ae66df084 (127.14.110.194). New cstate: current_term: 1 leader_uuid: "af8051e47213494ba27c744ae66df084" committed_config { opid_index: -1 OBSOLETE_local: false peers { permanent_uuid: "db301ca176934618b8e0d28c8c2b82cc" member_type: VOTER last_known_addr { host: "127.14.110.193" port: 41391 } health_report { overall_health: UNKNOWN } } peers { permanent_uuid: "af8051e47213494ba27c744ae66df084" member_type: VOTER last_known_addr { host: "127.14.110.194" port: 38507 } health_report { overall_health: HEALTHY } } peers { permanent_uuid: "c507acba3e2841dd9e481214a0b9d974" member_type: VOTER last_known_addr { host: "127.14.110.195" port: 44487 } health_report { overall_health: UNKNOWN } } }
I20260710 11:03:43.354326 15114 raft_consensus.cc:493] T e436e5ed838641e7812e3ca7adc7b115 P af8051e47213494ba27c744ae66df084 [term 0 FOLLOWER]: Starting pre-election (no leader contacted us within the election timeout)
I20260710 11:03:43.354676 15107 tablet_bootstrap.cc:492] T bed5167f403a422784f907427ebb9a10 P c507acba3e2841dd9e481214a0b9d974: No bootstrap required, opened a new log
I20260710 11:03:43.355238 15107 ts_tablet_manager.cc:1403] T bed5167f403a422784f907427ebb9a10 P c507acba3e2841dd9e481214a0b9d974: Time spent bootstrapping tablet: real 0.050s	user 0.019s	sys 0.009s
I20260710 11:03:43.354796 15114 raft_consensus.cc:515] T e436e5ed838641e7812e3ca7adc7b115 P af8051e47213494ba27c744ae66df084 [term 0 FOLLOWER]: Starting pre-election with config: opid_index: -1 OBSOLETE_local: false peers { permanent_uuid: "db301ca176934618b8e0d28c8c2b82cc" member_type: VOTER last_known_addr { host: "127.14.110.193" port: 41391 } } peers { permanent_uuid: "af8051e47213494ba27c744ae66df084" member_type: VOTER last_known_addr { host: "127.14.110.194" port: 38507 } } peers { permanent_uuid: "c507acba3e2841dd9e481214a0b9d974" member_type: VOTER last_known_addr { host: "127.14.110.195" port: 44487 } }
I20260710 11:03:43.356971 15114 leader_election.cc:290] T e436e5ed838641e7812e3ca7adc7b115 P af8051e47213494ba27c744ae66df084 [CANDIDATE]: Term 1 pre-election: Requested pre-vote from peers db301ca176934618b8e0d28c8c2b82cc (127.14.110.193:41391), c507acba3e2841dd9e481214a0b9d974 (127.14.110.195:44487)
I20260710 11:03:43.350859 15108 raft_consensus.cc:359] T d3bbaf916c8d41a3b84c9fc6b51dbb01 P af8051e47213494ba27c744ae66df084 [term 0 FOLLOWER]: Replica starting. Triggering 0 pending ops. Active config: opid_index: -1 OBSOLETE_local: false peers { permanent_uuid: "db301ca176934618b8e0d28c8c2b82cc" member_type: VOTER last_known_addr { host: "127.14.110.193" port: 41391 } } peers { permanent_uuid: "af8051e47213494ba27c744ae66df084" member_type: VOTER last_known_addr { host: "127.14.110.194" port: 38507 } } peers { permanent_uuid: "c507acba3e2841dd9e481214a0b9d974" member_type: VOTER last_known_addr { host: "127.14.110.195" port: 44487 } }
I20260710 11:03:43.357520 15108 raft_consensus.cc:385] T d3bbaf916c8d41a3b84c9fc6b51dbb01 P af8051e47213494ba27c744ae66df084 [term 0 FOLLOWER]: Consensus starting up: Expiring failure detector timer to make a prompt election more likely
I20260710 11:03:43.357827 15108 raft_consensus.cc:740] T d3bbaf916c8d41a3b84c9fc6b51dbb01 P af8051e47213494ba27c744ae66df084 [term 0 FOLLOWER]: Becoming Follower/Learner. State: Replica: af8051e47213494ba27c744ae66df084, State: Initialized, Role: FOLLOWER
I20260710 11:03:43.358204 14914 tablet_service.cc:1917] Received RequestConsensusVote() RPC: tablet_id: "e436e5ed838641e7812e3ca7adc7b115" candidate_uuid: "af8051e47213494ba27c744ae66df084" candidate_term: 1 candidate_status { last_received { term: 0 index: 0 } } ignore_live_leader: false dest_uuid: "db301ca176934618b8e0d28c8c2b82cc" is_pre_election: true
I20260710 11:03:43.358052 15107 raft_consensus.cc:359] T bed5167f403a422784f907427ebb9a10 P c507acba3e2841dd9e481214a0b9d974 [term 0 FOLLOWER]: Replica starting. Triggering 0 pending ops. Active config: opid_index: -1 OBSOLETE_local: false peers { permanent_uuid: "db301ca176934618b8e0d28c8c2b82cc" member_type: VOTER last_known_addr { host: "127.14.110.193" port: 41391 } } peers { permanent_uuid: "af8051e47213494ba27c744ae66df084" member_type: VOTER last_known_addr { host: "127.14.110.194" port: 38507 } } peers { permanent_uuid: "c507acba3e2841dd9e481214a0b9d974" member_type: VOTER last_known_addr { host: "127.14.110.195" port: 44487 } }
I20260710 11:03:43.358529 15108 consensus_queue.cc:260] T d3bbaf916c8d41a3b84c9fc6b51dbb01 P af8051e47213494ba27c744ae66df084 [NON_LEADER]: Queue going to NON_LEADER mode. State: All replicated index: 0, Majority replicated index: 0, Committed index: 0, Last appended: 0.0, Last appended by leader: 0, Current term: 0, Majority size: -1, State: 0, Mode: NON_LEADER, active raft config: opid_index: -1 OBSOLETE_local: false peers { permanent_uuid: "db301ca176934618b8e0d28c8c2b82cc" member_type: VOTER last_known_addr { host: "127.14.110.193" port: 41391 } } peers { permanent_uuid: "af8051e47213494ba27c744ae66df084" member_type: VOTER last_known_addr { host: "127.14.110.194" port: 38507 } } peers { permanent_uuid: "c507acba3e2841dd9e481214a0b9d974" member_type: VOTER last_known_addr { host: "127.14.110.195" port: 44487 } }
I20260710 11:03:43.358812 15107 raft_consensus.cc:385] T bed5167f403a422784f907427ebb9a10 P c507acba3e2841dd9e481214a0b9d974 [term 0 FOLLOWER]: Consensus starting up: Expiring failure detector timer to make a prompt election more likely
I20260710 11:03:43.358836 14914 raft_consensus.cc:2468] T e436e5ed838641e7812e3ca7adc7b115 P db301ca176934618b8e0d28c8c2b82cc [term 0 FOLLOWER]: Leader pre-election vote request: Granting yes vote for candidate af8051e47213494ba27c744ae66df084 in term 0.
I20260710 11:03:43.359301 15107 raft_consensus.cc:740] T bed5167f403a422784f907427ebb9a10 P c507acba3e2841dd9e481214a0b9d974 [term 0 FOLLOWER]: Becoming Follower/Learner. State: Replica: c507acba3e2841dd9e481214a0b9d974, State: Initialized, Role: FOLLOWER
I20260710 11:03:43.359965 15107 consensus_queue.cc:260] T bed5167f403a422784f907427ebb9a10 P c507acba3e2841dd9e481214a0b9d974 [NON_LEADER]: Queue going to NON_LEADER mode. State: All replicated index: 0, Majority replicated index: 0, Committed index: 0, Last appended: 0.0, Last appended by leader: 0, Current term: 0, Majority size: -1, State: 0, Mode: NON_LEADER, active raft config: opid_index: -1 OBSOLETE_local: false peers { permanent_uuid: "db301ca176934618b8e0d28c8c2b82cc" member_type: VOTER last_known_addr { host: "127.14.110.193" port: 41391 } } peers { permanent_uuid: "af8051e47213494ba27c744ae66df084" member_type: VOTER last_known_addr { host: "127.14.110.194" port: 38507 } } peers { permanent_uuid: "c507acba3e2841dd9e481214a0b9d974" member_type: VOTER last_known_addr { host: "127.14.110.195" port: 44487 } }
I20260710 11:03:43.360258 15063 tablet_service.cc:1917] Received RequestConsensusVote() RPC: tablet_id: "e436e5ed838641e7812e3ca7adc7b115" candidate_uuid: "af8051e47213494ba27c744ae66df084" candidate_term: 1 candidate_status { last_received { term: 0 index: 0 } } ignore_live_leader: false dest_uuid: "c507acba3e2841dd9e481214a0b9d974" is_pre_election: true
I20260710 11:03:43.360859 15063 raft_consensus.cc:2468] T e436e5ed838641e7812e3ca7adc7b115 P c507acba3e2841dd9e481214a0b9d974 [term 0 FOLLOWER]: Leader pre-election vote request: Granting yes vote for candidate af8051e47213494ba27c744ae66df084 in term 0.
I20260710 11:03:43.361150 15108 ts_tablet_manager.cc:1434] T d3bbaf916c8d41a3b84c9fc6b51dbb01 P af8051e47213494ba27c744ae66df084: Time spent starting tablet: real 0.013s	user 0.007s	sys 0.000s
I20260710 11:03:43.362035 15107 ts_tablet_manager.cc:1434] T bed5167f403a422784f907427ebb9a10 P c507acba3e2841dd9e481214a0b9d974: Time spent starting tablet: real 0.006s	user 0.008s	sys 0.000s
I20260710 11:03:43.362074 15108 tablet_bootstrap.cc:492] T bed5167f403a422784f907427ebb9a10 P af8051e47213494ba27c744ae66df084: Bootstrap starting.
I20260710 11:03:43.362347 14952 leader_election.cc:304] T e436e5ed838641e7812e3ca7adc7b115 P af8051e47213494ba27c744ae66df084 [CANDIDATE]: Term 1 pre-election: Election decided. Result: candidate won. Election summary: received 2 responses out of 3 voters: 2 yes votes; 0 no votes. yes voters: af8051e47213494ba27c744ae66df084, db301ca176934618b8e0d28c8c2b82cc; no voters: 
I20260710 11:03:43.363035 15114 raft_consensus.cc:2804] T e436e5ed838641e7812e3ca7adc7b115 P af8051e47213494ba27c744ae66df084 [term 0 FOLLOWER]: Leader pre-election won for term 1
I20260710 11:03:43.363142 15107 tablet_bootstrap.cc:492] T 07e2ebc73ab14c8aa27c45207fba7b98 P c507acba3e2841dd9e481214a0b9d974: Bootstrap starting.
I20260710 11:03:43.363437 15114 raft_consensus.cc:493] T e436e5ed838641e7812e3ca7adc7b115 P af8051e47213494ba27c744ae66df084 [term 0 FOLLOWER]: Starting leader election (no leader contacted us within the election timeout)
I20260710 11:03:43.363793 15114 raft_consensus.cc:3060] T e436e5ed838641e7812e3ca7adc7b115 P af8051e47213494ba27c744ae66df084 [term 0 FOLLOWER]: Advancing to term 1
I20260710 11:03:43.369248 15107 tablet_bootstrap.cc:654] T 07e2ebc73ab14c8aa27c45207fba7b98 P c507acba3e2841dd9e481214a0b9d974: Neither blocks nor log segments found. Creating new log.
I20260710 11:03:43.371866 15114 raft_consensus.cc:515] T e436e5ed838641e7812e3ca7adc7b115 P af8051e47213494ba27c744ae66df084 [term 1 FOLLOWER]: Starting leader election with config: opid_index: -1 OBSOLETE_local: false peers { permanent_uuid: "db301ca176934618b8e0d28c8c2b82cc" member_type: VOTER last_known_addr { host: "127.14.110.193" port: 41391 } } peers { permanent_uuid: "af8051e47213494ba27c744ae66df084" member_type: VOTER last_known_addr { host: "127.14.110.194" port: 38507 } } peers { permanent_uuid: "c507acba3e2841dd9e481214a0b9d974" member_type: VOTER last_known_addr { host: "127.14.110.195" port: 44487 } }
I20260710 11:03:43.373842 15114 leader_election.cc:290] T e436e5ed838641e7812e3ca7adc7b115 P af8051e47213494ba27c744ae66df084 [CANDIDATE]: Term 1 election: Requested vote from peers db301ca176934618b8e0d28c8c2b82cc (127.14.110.193:41391), c507acba3e2841dd9e481214a0b9d974 (127.14.110.195:44487)
I20260710 11:03:43.374886 14914 tablet_service.cc:1917] Received RequestConsensusVote() RPC: tablet_id: "e436e5ed838641e7812e3ca7adc7b115" candidate_uuid: "af8051e47213494ba27c744ae66df084" candidate_term: 1 candidate_status { last_received { term: 0 index: 0 } } ignore_live_leader: false dest_uuid: "db301ca176934618b8e0d28c8c2b82cc"
I20260710 11:03:43.375415 14914 raft_consensus.cc:3060] T e436e5ed838641e7812e3ca7adc7b115 P db301ca176934618b8e0d28c8c2b82cc [term 0 FOLLOWER]: Advancing to term 1
I20260710 11:03:43.378906 15063 tablet_service.cc:1917] Received RequestConsensusVote() RPC: tablet_id: "e436e5ed838641e7812e3ca7adc7b115" candidate_uuid: "af8051e47213494ba27c744ae66df084" candidate_term: 1 candidate_status { last_received { term: 0 index: 0 } } ignore_live_leader: false dest_uuid: "c507acba3e2841dd9e481214a0b9d974"
I20260710 11:03:43.379458 15063 raft_consensus.cc:3060] T e436e5ed838641e7812e3ca7adc7b115 P c507acba3e2841dd9e481214a0b9d974 [term 0 FOLLOWER]: Advancing to term 1
I20260710 11:03:43.380646 15108 tablet_bootstrap.cc:654] T bed5167f403a422784f907427ebb9a10 P af8051e47213494ba27c744ae66df084: Neither blocks nor log segments found. Creating new log.
I20260710 11:03:43.381610 15112 raft_consensus.cc:493] T bed5167f403a422784f907427ebb9a10 P c507acba3e2841dd9e481214a0b9d974 [term 0 FOLLOWER]: Starting pre-election (no leader contacted us within the election timeout)
I20260710 11:03:43.382205 15112 raft_consensus.cc:515] T bed5167f403a422784f907427ebb9a10 P c507acba3e2841dd9e481214a0b9d974 [term 0 FOLLOWER]: Starting pre-election with config: opid_index: -1 OBSOLETE_local: false peers { permanent_uuid: "db301ca176934618b8e0d28c8c2b82cc" member_type: VOTER last_known_addr { host: "127.14.110.193" port: 41391 } } peers { permanent_uuid: "af8051e47213494ba27c744ae66df084" member_type: VOTER last_known_addr { host: "127.14.110.194" port: 38507 } } peers { permanent_uuid: "c507acba3e2841dd9e481214a0b9d974" member_type: VOTER last_known_addr { host: "127.14.110.195" port: 44487 } }
I20260710 11:03:43.385298 15112 leader_election.cc:290] T bed5167f403a422784f907427ebb9a10 P c507acba3e2841dd9e481214a0b9d974 [CANDIDATE]: Term 1 pre-election: Requested pre-vote from peers db301ca176934618b8e0d28c8c2b82cc (127.14.110.193:41391), af8051e47213494ba27c744ae66df084 (127.14.110.194:38507)
I20260710 11:03:43.386317 14989 tablet_service.cc:1917] Received RequestConsensusVote() RPC: tablet_id: "bed5167f403a422784f907427ebb9a10" candidate_uuid: "c507acba3e2841dd9e481214a0b9d974" candidate_term: 1 candidate_status { last_received { term: 0 index: 0 } } ignore_live_leader: false dest_uuid: "af8051e47213494ba27c744ae66df084" is_pre_election: true
I20260710 11:03:43.387033 15106 tablet_bootstrap.cc:492] T 07e2ebc73ab14c8aa27c45207fba7b98 P db301ca176934618b8e0d28c8c2b82cc: No bootstrap required, opened a new log
I20260710 11:03:43.387498 15106 ts_tablet_manager.cc:1403] T 07e2ebc73ab14c8aa27c45207fba7b98 P db301ca176934618b8e0d28c8c2b82cc: Time spent bootstrapping tablet: real 0.090s	user 0.011s	sys 0.008s
W20260710 11:03:43.387604 15029 leader_election.cc:343] T bed5167f403a422784f907427ebb9a10 P c507acba3e2841dd9e481214a0b9d974 [CANDIDATE]: Term 1 pre-election: Tablet error from VoteRequest() call to peer af8051e47213494ba27c744ae66df084 (127.14.110.194:38507): Illegal state: must be running to vote when last-logged opid is not known
I20260710 11:03:43.390170 15106 raft_consensus.cc:359] T 07e2ebc73ab14c8aa27c45207fba7b98 P db301ca176934618b8e0d28c8c2b82cc [term 0 FOLLOWER]: Replica starting. Triggering 0 pending ops. Active config: opid_index: -1 OBSOLETE_local: false peers { permanent_uuid: "db301ca176934618b8e0d28c8c2b82cc" member_type: VOTER last_known_addr { host: "127.14.110.193" port: 41391 } } peers { permanent_uuid: "af8051e47213494ba27c744ae66df084" member_type: VOTER last_known_addr { host: "127.14.110.194" port: 38507 } } peers { permanent_uuid: "c507acba3e2841dd9e481214a0b9d974" member_type: VOTER last_known_addr { host: "127.14.110.195" port: 44487 } }
I20260710 11:03:43.390947 15106 raft_consensus.cc:385] T 07e2ebc73ab14c8aa27c45207fba7b98 P db301ca176934618b8e0d28c8c2b82cc [term 0 FOLLOWER]: Consensus starting up: Expiring failure detector timer to make a prompt election more likely
I20260710 11:03:43.390954 14913 tablet_service.cc:1917] Received RequestConsensusVote() RPC: tablet_id: "bed5167f403a422784f907427ebb9a10" candidate_uuid: "c507acba3e2841dd9e481214a0b9d974" candidate_term: 1 candidate_status { last_received { term: 0 index: 0 } } ignore_live_leader: false dest_uuid: "db301ca176934618b8e0d28c8c2b82cc" is_pre_election: true
I20260710 11:03:43.391449 15106 raft_consensus.cc:740] T 07e2ebc73ab14c8aa27c45207fba7b98 P db301ca176934618b8e0d28c8c2b82cc [term 0 FOLLOWER]: Becoming Follower/Learner. State: Replica: db301ca176934618b8e0d28c8c2b82cc, State: Initialized, Role: FOLLOWER
I20260710 11:03:43.391917 14913 raft_consensus.cc:2468] T bed5167f403a422784f907427ebb9a10 P db301ca176934618b8e0d28c8c2b82cc [term 0 FOLLOWER]: Leader pre-election vote request: Granting yes vote for candidate c507acba3e2841dd9e481214a0b9d974 in term 0.
I20260710 11:03:43.392231 15106 consensus_queue.cc:260] T 07e2ebc73ab14c8aa27c45207fba7b98 P db301ca176934618b8e0d28c8c2b82cc [NON_LEADER]: Queue going to NON_LEADER mode. State: All replicated index: 0, Majority replicated index: 0, Committed index: 0, Last appended: 0.0, Last appended by leader: 0, Current term: 0, Majority size: -1, State: 0, Mode: NON_LEADER, active raft config: opid_index: -1 OBSOLETE_local: false peers { permanent_uuid: "db301ca176934618b8e0d28c8c2b82cc" member_type: VOTER last_known_addr { host: "127.14.110.193" port: 41391 } } peers { permanent_uuid: "af8051e47213494ba27c744ae66df084" member_type: VOTER last_known_addr { host: "127.14.110.194" port: 38507 } } peers { permanent_uuid: "c507acba3e2841dd9e481214a0b9d974" member_type: VOTER last_known_addr { host: "127.14.110.195" port: 44487 } }
I20260710 11:03:43.393527 15026 leader_election.cc:304] T bed5167f403a422784f907427ebb9a10 P c507acba3e2841dd9e481214a0b9d974 [CANDIDATE]: Term 1 pre-election: Election decided. Result: candidate won. Election summary: received 3 responses out of 3 voters: 2 yes votes; 1 no votes. yes voters: c507acba3e2841dd9e481214a0b9d974, db301ca176934618b8e0d28c8c2b82cc; no voters: af8051e47213494ba27c744ae66df084
I20260710 11:03:43.390702 15107 tablet_bootstrap.cc:492] T 07e2ebc73ab14c8aa27c45207fba7b98 P c507acba3e2841dd9e481214a0b9d974: No bootstrap required, opened a new log
I20260710 11:03:43.394299 15112 raft_consensus.cc:2804] T bed5167f403a422784f907427ebb9a10 P c507acba3e2841dd9e481214a0b9d974 [term 0 FOLLOWER]: Leader pre-election won for term 1
I20260710 11:03:43.394435 15107 ts_tablet_manager.cc:1403] T 07e2ebc73ab14c8aa27c45207fba7b98 P c507acba3e2841dd9e481214a0b9d974: Time spent bootstrapping tablet: real 0.031s	user 0.013s	sys 0.007s
I20260710 11:03:43.394675 15112 raft_consensus.cc:493] T bed5167f403a422784f907427ebb9a10 P c507acba3e2841dd9e481214a0b9d974 [term 0 FOLLOWER]: Starting leader election (no leader contacted us within the election timeout)
I20260710 11:03:43.395012 15112 raft_consensus.cc:3060] T bed5167f403a422784f907427ebb9a10 P c507acba3e2841dd9e481214a0b9d974 [term 0 FOLLOWER]: Advancing to term 1
I20260710 11:03:43.396476 15106 ts_tablet_manager.cc:1434] T 07e2ebc73ab14c8aa27c45207fba7b98 P db301ca176934618b8e0d28c8c2b82cc: Time spent starting tablet: real 0.009s	user 0.005s	sys 0.000s
I20260710 11:03:43.397341 15107 raft_consensus.cc:359] T 07e2ebc73ab14c8aa27c45207fba7b98 P c507acba3e2841dd9e481214a0b9d974 [term 0 FOLLOWER]: Replica starting. Triggering 0 pending ops. Active config: opid_index: -1 OBSOLETE_local: false peers { permanent_uuid: "db301ca176934618b8e0d28c8c2b82cc" member_type: VOTER last_known_addr { host: "127.14.110.193" port: 41391 } } peers { permanent_uuid: "af8051e47213494ba27c744ae66df084" member_type: VOTER last_known_addr { host: "127.14.110.194" port: 38507 } } peers { permanent_uuid: "c507acba3e2841dd9e481214a0b9d974" member_type: VOTER last_known_addr { host: "127.14.110.195" port: 44487 } }
I20260710 11:03:43.397960 15107 raft_consensus.cc:385] T 07e2ebc73ab14c8aa27c45207fba7b98 P c507acba3e2841dd9e481214a0b9d974 [term 0 FOLLOWER]: Consensus starting up: Expiring failure detector timer to make a prompt election more likely
I20260710 11:03:43.398193 15107 raft_consensus.cc:740] T 07e2ebc73ab14c8aa27c45207fba7b98 P c507acba3e2841dd9e481214a0b9d974 [term 0 FOLLOWER]: Becoming Follower/Learner. State: Replica: c507acba3e2841dd9e481214a0b9d974, State: Initialized, Role: FOLLOWER
I20260710 11:03:43.398774 15107 consensus_queue.cc:260] T 07e2ebc73ab14c8aa27c45207fba7b98 P c507acba3e2841dd9e481214a0b9d974 [NON_LEADER]: Queue going to NON_LEADER mode. State: All replicated index: 0, Majority replicated index: 0, Committed index: 0, Last appended: 0.0, Last appended by leader: 0, Current term: 0, Majority size: -1, State: 0, Mode: NON_LEADER, active raft config: opid_index: -1 OBSOLETE_local: false peers { permanent_uuid: "db301ca176934618b8e0d28c8c2b82cc" member_type: VOTER last_known_addr { host: "127.14.110.193" port: 41391 } } peers { permanent_uuid: "af8051e47213494ba27c744ae66df084" member_type: VOTER last_known_addr { host: "127.14.110.194" port: 38507 } } peers { permanent_uuid: "c507acba3e2841dd9e481214a0b9d974" member_type: VOTER last_known_addr { host: "127.14.110.195" port: 44487 } }
I20260710 11:03:43.400511 15107 ts_tablet_manager.cc:1434] T 07e2ebc73ab14c8aa27c45207fba7b98 P c507acba3e2841dd9e481214a0b9d974: Time spent starting tablet: real 0.006s	user 0.003s	sys 0.000s
I20260710 11:03:43.402710 15108 tablet_bootstrap.cc:492] T bed5167f403a422784f907427ebb9a10 P af8051e47213494ba27c744ae66df084: No bootstrap required, opened a new log
I20260710 11:03:43.403127 15108 ts_tablet_manager.cc:1403] T bed5167f403a422784f907427ebb9a10 P af8051e47213494ba27c744ae66df084: Time spent bootstrapping tablet: real 0.041s	user 0.015s	sys 0.000s
I20260710 11:03:43.402933 14914 raft_consensus.cc:2468] T e436e5ed838641e7812e3ca7adc7b115 P db301ca176934618b8e0d28c8c2b82cc [term 1 FOLLOWER]: Leader election vote request: Granting yes vote for candidate af8051e47213494ba27c744ae66df084 in term 1.
I20260710 11:03:43.401186 15112 raft_consensus.cc:515] T bed5167f403a422784f907427ebb9a10 P c507acba3e2841dd9e481214a0b9d974 [term 1 FOLLOWER]: Starting leader election with config: opid_index: -1 OBSOLETE_local: false peers { permanent_uuid: "db301ca176934618b8e0d28c8c2b82cc" member_type: VOTER last_known_addr { host: "127.14.110.193" port: 41391 } } peers { permanent_uuid: "af8051e47213494ba27c744ae66df084" member_type: VOTER last_known_addr { host: "127.14.110.194" port: 38507 } } peers { permanent_uuid: "c507acba3e2841dd9e481214a0b9d974" member_type: VOTER last_known_addr { host: "127.14.110.195" port: 44487 } }
I20260710 11:03:43.407003 14952 leader_election.cc:304] T e436e5ed838641e7812e3ca7adc7b115 P af8051e47213494ba27c744ae66df084 [CANDIDATE]: Term 1 election: Election decided. Result: candidate won. Election summary: received 2 responses out of 3 voters: 2 yes votes; 0 no votes. yes voters: af8051e47213494ba27c744ae66df084, db301ca176934618b8e0d28c8c2b82cc; no voters: 
I20260710 11:03:43.407748 15114 raft_consensus.cc:2804] T e436e5ed838641e7812e3ca7adc7b115 P af8051e47213494ba27c744ae66df084 [term 1 FOLLOWER]: Leader election won for term 1
I20260710 11:03:43.407963 15112 leader_election.cc:290] T bed5167f403a422784f907427ebb9a10 P c507acba3e2841dd9e481214a0b9d974 [CANDIDATE]: Term 1 election: Requested vote from peers db301ca176934618b8e0d28c8c2b82cc (127.14.110.193:41391), af8051e47213494ba27c744ae66df084 (127.14.110.194:38507)
I20260710 11:03:43.408222 15114 raft_consensus.cc:697] T e436e5ed838641e7812e3ca7adc7b115 P af8051e47213494ba27c744ae66df084 [term 1 LEADER]: Becoming Leader. State: Replica: af8051e47213494ba27c744ae66df084, State: Running, Role: LEADER
I20260710 11:03:43.405776 15063 raft_consensus.cc:2468] T e436e5ed838641e7812e3ca7adc7b115 P c507acba3e2841dd9e481214a0b9d974 [term 1 FOLLOWER]: Leader election vote request: Granting yes vote for candidate af8051e47213494ba27c744ae66df084 in term 1.
I20260710 11:03:43.408900 14913 tablet_service.cc:1917] Received RequestConsensusVote() RPC: tablet_id: "bed5167f403a422784f907427ebb9a10" candidate_uuid: "c507acba3e2841dd9e481214a0b9d974" candidate_term: 1 candidate_status { last_received { term: 0 index: 0 } } ignore_live_leader: false dest_uuid: "db301ca176934618b8e0d28c8c2b82cc"
I20260710 11:03:43.409412 14913 raft_consensus.cc:3060] T bed5167f403a422784f907427ebb9a10 P db301ca176934618b8e0d28c8c2b82cc [term 0 FOLLOWER]: Advancing to term 1
I20260710 11:03:43.409096 15114 consensus_queue.cc:237] T e436e5ed838641e7812e3ca7adc7b115 P af8051e47213494ba27c744ae66df084 [LEADER]: Queue going to LEADER mode. State: All replicated index: 0, Majority replicated index: 0, Committed index: 0, Last appended: 0.0, Last appended by leader: 0, Current term: 1, Majority size: 2, State: 0, Mode: LEADER, active raft config: opid_index: -1 OBSOLETE_local: false peers { permanent_uuid: "db301ca176934618b8e0d28c8c2b82cc" member_type: VOTER last_known_addr { host: "127.14.110.193" port: 41391 } } peers { permanent_uuid: "af8051e47213494ba27c744ae66df084" member_type: VOTER last_known_addr { host: "127.14.110.194" port: 38507 } } peers { permanent_uuid: "c507acba3e2841dd9e481214a0b9d974" member_type: VOTER last_known_addr { host: "127.14.110.195" port: 44487 } }
I20260710 11:03:43.409610 15108 raft_consensus.cc:359] T bed5167f403a422784f907427ebb9a10 P af8051e47213494ba27c744ae66df084 [term 0 FOLLOWER]: Replica starting. Triggering 0 pending ops. Active config: opid_index: -1 OBSOLETE_local: false peers { permanent_uuid: "db301ca176934618b8e0d28c8c2b82cc" member_type: VOTER last_known_addr { host: "127.14.110.193" port: 41391 } } peers { permanent_uuid: "af8051e47213494ba27c744ae66df084" member_type: VOTER last_known_addr { host: "127.14.110.194" port: 38507 } } peers { permanent_uuid: "c507acba3e2841dd9e481214a0b9d974" member_type: VOTER last_known_addr { host: "127.14.110.195" port: 44487 } }
I20260710 11:03:43.410300 15108 raft_consensus.cc:385] T bed5167f403a422784f907427ebb9a10 P af8051e47213494ba27c744ae66df084 [term 0 FOLLOWER]: Consensus starting up: Expiring failure detector timer to make a prompt election more likely
I20260710 11:03:43.410179 14989 tablet_service.cc:1917] Received RequestConsensusVote() RPC: tablet_id: "bed5167f403a422784f907427ebb9a10" candidate_uuid: "c507acba3e2841dd9e481214a0b9d974" candidate_term: 1 candidate_status { last_received { term: 0 index: 0 } } ignore_live_leader: false dest_uuid: "af8051e47213494ba27c744ae66df084"
I20260710 11:03:43.417421 14913 raft_consensus.cc:2468] T bed5167f403a422784f907427ebb9a10 P db301ca176934618b8e0d28c8c2b82cc [term 1 FOLLOWER]: Leader election vote request: Granting yes vote for candidate c507acba3e2841dd9e481214a0b9d974 in term 1.
I20260710 11:03:43.418709 15026 leader_election.cc:304] T bed5167f403a422784f907427ebb9a10 P c507acba3e2841dd9e481214a0b9d974 [CANDIDATE]: Term 1 election: Election decided. Result: candidate won. Election summary: received 2 responses out of 3 voters: 2 yes votes; 0 no votes. yes voters: c507acba3e2841dd9e481214a0b9d974, db301ca176934618b8e0d28c8c2b82cc; no voters: 
I20260710 11:03:43.419488 14810 catalog_manager.cc:5697] T e436e5ed838641e7812e3ca7adc7b115 P af8051e47213494ba27c744ae66df084 reported cstate change: term changed from 0 to 1, leader changed from <none> to af8051e47213494ba27c744ae66df084 (127.14.110.194). New cstate: current_term: 1 leader_uuid: "af8051e47213494ba27c744ae66df084" committed_config { opid_index: -1 OBSOLETE_local: false peers { permanent_uuid: "db301ca176934618b8e0d28c8c2b82cc" member_type: VOTER last_known_addr { host: "127.14.110.193" port: 41391 } health_report { overall_health: UNKNOWN } } peers { permanent_uuid: "af8051e47213494ba27c744ae66df084" member_type: VOTER last_known_addr { host: "127.14.110.194" port: 38507 } health_report { overall_health: HEALTHY } } peers { permanent_uuid: "c507acba3e2841dd9e481214a0b9d974" member_type: VOTER last_known_addr { host: "127.14.110.195" port: 44487 } health_report { overall_health: UNKNOWN } } }
I20260710 11:03:43.421219 15108 raft_consensus.cc:740] T bed5167f403a422784f907427ebb9a10 P af8051e47213494ba27c744ae66df084 [term 0 FOLLOWER]: Becoming Follower/Learner. State: Replica: af8051e47213494ba27c744ae66df084, State: Initialized, Role: FOLLOWER
I20260710 11:03:43.419415 15112 raft_consensus.cc:2804] T bed5167f403a422784f907427ebb9a10 P c507acba3e2841dd9e481214a0b9d974 [term 1 FOLLOWER]: Leader election won for term 1
I20260710 11:03:43.422011 15108 consensus_queue.cc:260] T bed5167f403a422784f907427ebb9a10 P af8051e47213494ba27c744ae66df084 [NON_LEADER]: Queue going to NON_LEADER mode. State: All replicated index: 0, Majority replicated index: 0, Committed index: 0, Last appended: 0.0, Last appended by leader: 0, Current term: 0, Majority size: -1, State: 0, Mode: NON_LEADER, active raft config: opid_index: -1 OBSOLETE_local: false peers { permanent_uuid: "db301ca176934618b8e0d28c8c2b82cc" member_type: VOTER last_known_addr { host: "127.14.110.193" port: 41391 } } peers { permanent_uuid: "af8051e47213494ba27c744ae66df084" member_type: VOTER last_known_addr { host: "127.14.110.194" port: 38507 } } peers { permanent_uuid: "c507acba3e2841dd9e481214a0b9d974" member_type: VOTER last_known_addr { host: "127.14.110.195" port: 44487 } }
I20260710 11:03:43.422806 14989 raft_consensus.cc:3060] T bed5167f403a422784f907427ebb9a10 P af8051e47213494ba27c744ae66df084 [term 0 FOLLOWER]: Advancing to term 1
I20260710 11:03:43.422529 15112 raft_consensus.cc:697] T bed5167f403a422784f907427ebb9a10 P c507acba3e2841dd9e481214a0b9d974 [term 1 LEADER]: Becoming Leader. State: Replica: c507acba3e2841dd9e481214a0b9d974, State: Running, Role: LEADER
I20260710 11:03:43.423780 15108 ts_tablet_manager.cc:1434] T bed5167f403a422784f907427ebb9a10 P af8051e47213494ba27c744ae66df084: Time spent starting tablet: real 0.020s	user 0.006s	sys 0.000s
I20260710 11:03:43.423854 15112 consensus_queue.cc:237] T bed5167f403a422784f907427ebb9a10 P c507acba3e2841dd9e481214a0b9d974 [LEADER]: Queue going to LEADER mode. State: All replicated index: 0, Majority replicated index: 0, Committed index: 0, Last appended: 0.0, Last appended by leader: 0, Current term: 1, Majority size: 2, State: 0, Mode: LEADER, active raft config: opid_index: -1 OBSOLETE_local: false peers { permanent_uuid: "db301ca176934618b8e0d28c8c2b82cc" member_type: VOTER last_known_addr { host: "127.14.110.193" port: 41391 } } peers { permanent_uuid: "af8051e47213494ba27c744ae66df084" member_type: VOTER last_known_addr { host: "127.14.110.194" port: 38507 } } peers { permanent_uuid: "c507acba3e2841dd9e481214a0b9d974" member_type: VOTER last_known_addr { host: "127.14.110.195" port: 44487 } }
I20260710 11:03:43.424413 15108 tablet_bootstrap.cc:492] T 07e2ebc73ab14c8aa27c45207fba7b98 P af8051e47213494ba27c744ae66df084: Bootstrap starting.
I20260710 11:03:43.430060 15108 tablet_bootstrap.cc:654] T 07e2ebc73ab14c8aa27c45207fba7b98 P af8051e47213494ba27c744ae66df084: Neither blocks nor log segments found. Creating new log.
I20260710 11:03:43.438104 14989 raft_consensus.cc:2468] T bed5167f403a422784f907427ebb9a10 P af8051e47213494ba27c744ae66df084 [term 1 FOLLOWER]: Leader election vote request: Granting yes vote for candidate c507acba3e2841dd9e481214a0b9d974 in term 1.
I20260710 11:03:43.447434 15130 consensus_queue.cc:1048] T 0c2f46f21ab4485cae56b3d33f67f4e6 P c507acba3e2841dd9e481214a0b9d974 [LEADER]: Connected to new peer: Peer: permanent_uuid: "db301ca176934618b8e0d28c8c2b82cc" member_type: VOTER last_known_addr { host: "127.14.110.193" port: 41391 }, Status: LMP_MISMATCH, Last received: 0.0, Next index: 1, Last known committed idx: 0, Time since last communication: 0.001s
I20260710 11:03:43.463414 15108 tablet_bootstrap.cc:492] T 07e2ebc73ab14c8aa27c45207fba7b98 P af8051e47213494ba27c744ae66df084: No bootstrap required, opened a new log
I20260710 11:03:43.463855 15108 ts_tablet_manager.cc:1403] T 07e2ebc73ab14c8aa27c45207fba7b98 P af8051e47213494ba27c744ae66df084: Time spent bootstrapping tablet: real 0.040s	user 0.016s	sys 0.017s
I20260710 11:03:43.464872 15114 consensus_queue.cc:1048] T 6b6950312f814e6c9dab8cc6256465ab P af8051e47213494ba27c744ae66df084 [LEADER]: Connected to new peer: Peer: permanent_uuid: "db301ca176934618b8e0d28c8c2b82cc" member_type: VOTER last_known_addr { host: "127.14.110.193" port: 41391 }, Status: LMP_MISMATCH, Last received: 0.0, Next index: 1, Last known committed idx: 0, Time since last communication: 0.000s
I20260710 11:03:43.467777 15108 raft_consensus.cc:359] T 07e2ebc73ab14c8aa27c45207fba7b98 P af8051e47213494ba27c744ae66df084 [term 0 FOLLOWER]: Replica starting. Triggering 0 pending ops. Active config: opid_index: -1 OBSOLETE_local: false peers { permanent_uuid: "db301ca176934618b8e0d28c8c2b82cc" member_type: VOTER last_known_addr { host: "127.14.110.193" port: 41391 } } peers { permanent_uuid: "af8051e47213494ba27c744ae66df084" member_type: VOTER last_known_addr { host: "127.14.110.194" port: 38507 } } peers { permanent_uuid: "c507acba3e2841dd9e481214a0b9d974" member_type: VOTER last_known_addr { host: "127.14.110.195" port: 44487 } }
I20260710 11:03:43.468670 15108 raft_consensus.cc:385] T 07e2ebc73ab14c8aa27c45207fba7b98 P af8051e47213494ba27c744ae66df084 [term 0 FOLLOWER]: Consensus starting up: Expiring failure detector timer to make a prompt election more likely
I20260710 11:03:43.469015 15108 raft_consensus.cc:740] T 07e2ebc73ab14c8aa27c45207fba7b98 P af8051e47213494ba27c744ae66df084 [term 0 FOLLOWER]: Becoming Follower/Learner. State: Replica: af8051e47213494ba27c744ae66df084, State: Initialized, Role: FOLLOWER
I20260710 11:03:43.468086 14810 catalog_manager.cc:5697] T bed5167f403a422784f907427ebb9a10 P c507acba3e2841dd9e481214a0b9d974 reported cstate change: term changed from 0 to 1, leader changed from <none> to c507acba3e2841dd9e481214a0b9d974 (127.14.110.195). New cstate: current_term: 1 leader_uuid: "c507acba3e2841dd9e481214a0b9d974" committed_config { opid_index: -1 OBSOLETE_local: false peers { permanent_uuid: "db301ca176934618b8e0d28c8c2b82cc" member_type: VOTER last_known_addr { host: "127.14.110.193" port: 41391 } health_report { overall_health: UNKNOWN } } peers { permanent_uuid: "af8051e47213494ba27c744ae66df084" member_type: VOTER last_known_addr { host: "127.14.110.194" port: 38507 } health_report { overall_health: UNKNOWN } } peers { permanent_uuid: "c507acba3e2841dd9e481214a0b9d974" member_type: VOTER last_known_addr { host: "127.14.110.195" port: 44487 } health_report { overall_health: HEALTHY } } }
I20260710 11:03:43.469981 15108 consensus_queue.cc:260] T 07e2ebc73ab14c8aa27c45207fba7b98 P af8051e47213494ba27c744ae66df084 [NON_LEADER]: Queue going to NON_LEADER mode. State: All replicated index: 0, Majority replicated index: 0, Committed index: 0, Last appended: 0.0, Last appended by leader: 0, Current term: 0, Majority size: -1, State: 0, Mode: NON_LEADER, active raft config: opid_index: -1 OBSOLETE_local: false peers { permanent_uuid: "db301ca176934618b8e0d28c8c2b82cc" member_type: VOTER last_known_addr { host: "127.14.110.193" port: 41391 } } peers { permanent_uuid: "af8051e47213494ba27c744ae66df084" member_type: VOTER last_known_addr { host: "127.14.110.194" port: 38507 } } peers { permanent_uuid: "c507acba3e2841dd9e481214a0b9d974" member_type: VOTER last_known_addr { host: "127.14.110.195" port: 44487 } }
I20260710 11:03:43.474157 15108 ts_tablet_manager.cc:1434] T 07e2ebc73ab14c8aa27c45207fba7b98 P af8051e47213494ba27c744ae66df084: Time spent starting tablet: real 0.010s	user 0.008s	sys 0.000s
I20260710 11:03:43.479624 15130 consensus_queue.cc:1048] T 0c2f46f21ab4485cae56b3d33f67f4e6 P c507acba3e2841dd9e481214a0b9d974 [LEADER]: Connected to new peer: Peer: permanent_uuid: "af8051e47213494ba27c744ae66df084" member_type: VOTER last_known_addr { host: "127.14.110.194" port: 38507 }, Status: LMP_MISMATCH, Last received: 0.0, Next index: 1, Last known committed idx: 0, Time since last communication: 0.000s
I20260710 11:03:43.515092 15139 raft_consensus.cc:493] T 07e2ebc73ab14c8aa27c45207fba7b98 P db301ca176934618b8e0d28c8c2b82cc [term 0 FOLLOWER]: Starting pre-election (no leader contacted us within the election timeout)
I20260710 11:03:43.523854 15139 raft_consensus.cc:515] T 07e2ebc73ab14c8aa27c45207fba7b98 P db301ca176934618b8e0d28c8c2b82cc [term 0 FOLLOWER]: Starting pre-election with config: opid_index: -1 OBSOLETE_local: false peers { permanent_uuid: "db301ca176934618b8e0d28c8c2b82cc" member_type: VOTER last_known_addr { host: "127.14.110.193" port: 41391 } } peers { permanent_uuid: "af8051e47213494ba27c744ae66df084" member_type: VOTER last_known_addr { host: "127.14.110.194" port: 38507 } } peers { permanent_uuid: "c507acba3e2841dd9e481214a0b9d974" member_type: VOTER last_known_addr { host: "127.14.110.195" port: 44487 } }
I20260710 11:03:43.531867 15162 raft_consensus.cc:493] T 07e2ebc73ab14c8aa27c45207fba7b98 P c507acba3e2841dd9e481214a0b9d974 [term 0 FOLLOWER]: Starting pre-election (no leader contacted us within the election timeout)
I20260710 11:03:43.532500 15162 raft_consensus.cc:515] T 07e2ebc73ab14c8aa27c45207fba7b98 P c507acba3e2841dd9e481214a0b9d974 [term 0 FOLLOWER]: Starting pre-election with config: opid_index: -1 OBSOLETE_local: false peers { permanent_uuid: "db301ca176934618b8e0d28c8c2b82cc" member_type: VOTER last_known_addr { host: "127.14.110.193" port: 41391 } } peers { permanent_uuid: "af8051e47213494ba27c744ae66df084" member_type: VOTER last_known_addr { host: "127.14.110.194" port: 38507 } } peers { permanent_uuid: "c507acba3e2841dd9e481214a0b9d974" member_type: VOTER last_known_addr { host: "127.14.110.195" port: 44487 } }
I20260710 11:03:43.539888 15162 leader_election.cc:290] T 07e2ebc73ab14c8aa27c45207fba7b98 P c507acba3e2841dd9e481214a0b9d974 [CANDIDATE]: Term 1 pre-election: Requested pre-vote from peers db301ca176934618b8e0d28c8c2b82cc (127.14.110.193:41391), af8051e47213494ba27c744ae66df084 (127.14.110.194:38507)
I20260710 11:03:43.541703 15139 leader_election.cc:290] T 07e2ebc73ab14c8aa27c45207fba7b98 P db301ca176934618b8e0d28c8c2b82cc [CANDIDATE]: Term 1 pre-election: Requested pre-vote from peers af8051e47213494ba27c744ae66df084 (127.14.110.194:38507), c507acba3e2841dd9e481214a0b9d974 (127.14.110.195:44487)
I20260710 11:03:43.544529 14987 tablet_service.cc:1917] Received RequestConsensusVote() RPC: tablet_id: "07e2ebc73ab14c8aa27c45207fba7b98" candidate_uuid: "c507acba3e2841dd9e481214a0b9d974" candidate_term: 1 candidate_status { last_received { term: 0 index: 0 } } ignore_live_leader: false dest_uuid: "af8051e47213494ba27c744ae66df084" is_pre_election: true
I20260710 11:03:43.543744 14914 tablet_service.cc:1917] Received RequestConsensusVote() RPC: tablet_id: "07e2ebc73ab14c8aa27c45207fba7b98" candidate_uuid: "c507acba3e2841dd9e481214a0b9d974" candidate_term: 1 candidate_status { last_received { term: 0 index: 0 } } ignore_live_leader: false dest_uuid: "db301ca176934618b8e0d28c8c2b82cc" is_pre_election: true
I20260710 11:03:43.545190 14987 raft_consensus.cc:2468] T 07e2ebc73ab14c8aa27c45207fba7b98 P af8051e47213494ba27c744ae66df084 [term 0 FOLLOWER]: Leader pre-election vote request: Granting yes vote for candidate c507acba3e2841dd9e481214a0b9d974 in term 0.
I20260710 11:03:43.545346 14914 raft_consensus.cc:2468] T 07e2ebc73ab14c8aa27c45207fba7b98 P db301ca176934618b8e0d28c8c2b82cc [term 0 FOLLOWER]: Leader pre-election vote request: Granting yes vote for candidate c507acba3e2841dd9e481214a0b9d974 in term 0.
I20260710 11:03:43.546336 15029 leader_election.cc:304] T 07e2ebc73ab14c8aa27c45207fba7b98 P c507acba3e2841dd9e481214a0b9d974 [CANDIDATE]: Term 1 pre-election: Election decided. Result: candidate won. Election summary: received 2 responses out of 3 voters: 2 yes votes; 0 no votes. yes voters: af8051e47213494ba27c744ae66df084, c507acba3e2841dd9e481214a0b9d974; no voters: 
I20260710 11:03:43.540650 15113 raft_consensus.cc:493] T f487551630f845d69172e5ecaa07fa97 P db301ca176934618b8e0d28c8c2b82cc [term 0 FOLLOWER]: Starting pre-election (no leader contacted us within the election timeout)
I20260710 11:03:43.547124 15162 raft_consensus.cc:2804] T 07e2ebc73ab14c8aa27c45207fba7b98 P c507acba3e2841dd9e481214a0b9d974 [term 0 FOLLOWER]: Leader pre-election won for term 1
I20260710 11:03:43.546944 15113 raft_consensus.cc:515] T f487551630f845d69172e5ecaa07fa97 P db301ca176934618b8e0d28c8c2b82cc [term 0 FOLLOWER]: Starting pre-election with config: opid_index: -1 OBSOLETE_local: false peers { permanent_uuid: "db301ca176934618b8e0d28c8c2b82cc" member_type: VOTER last_known_addr { host: "127.14.110.193" port: 41391 } } peers { permanent_uuid: "af8051e47213494ba27c744ae66df084" member_type: VOTER last_known_addr { host: "127.14.110.194" port: 38507 } } peers { permanent_uuid: "c507acba3e2841dd9e481214a0b9d974" member_type: VOTER last_known_addr { host: "127.14.110.195" port: 44487 } }
I20260710 11:03:43.547497 15162 raft_consensus.cc:493] T 07e2ebc73ab14c8aa27c45207fba7b98 P c507acba3e2841dd9e481214a0b9d974 [term 0 FOLLOWER]: Starting leader election (no leader contacted us within the election timeout)
I20260710 11:03:43.547878 15162 raft_consensus.cc:3060] T 07e2ebc73ab14c8aa27c45207fba7b98 P c507acba3e2841dd9e481214a0b9d974 [term 0 FOLLOWER]: Advancing to term 1
I20260710 11:03:43.549019 15113 leader_election.cc:290] T f487551630f845d69172e5ecaa07fa97 P db301ca176934618b8e0d28c8c2b82cc [CANDIDATE]: Term 1 pre-election: Requested pre-vote from peers af8051e47213494ba27c744ae66df084 (127.14.110.194:38507), c507acba3e2841dd9e481214a0b9d974 (127.14.110.195:44487)
I20260710 11:03:43.544661 14988 tablet_service.cc:1917] Received RequestConsensusVote() RPC: tablet_id: "07e2ebc73ab14c8aa27c45207fba7b98" candidate_uuid: "db301ca176934618b8e0d28c8c2b82cc" candidate_term: 1 candidate_status { last_received { term: 0 index: 0 } } ignore_live_leader: false dest_uuid: "af8051e47213494ba27c744ae66df084" is_pre_election: true
I20260710 11:03:43.549548 15114 consensus_queue.cc:1048] T 6b6950312f814e6c9dab8cc6256465ab P af8051e47213494ba27c744ae66df084 [LEADER]: Connected to new peer: Peer: permanent_uuid: "c507acba3e2841dd9e481214a0b9d974" member_type: VOTER last_known_addr { host: "127.14.110.195" port: 44487 }, Status: LMP_MISMATCH, Last received: 0.0, Next index: 1, Last known committed idx: 0, Time since last communication: 0.001s
I20260710 11:03:43.550871 14988 raft_consensus.cc:2468] T 07e2ebc73ab14c8aa27c45207fba7b98 P af8051e47213494ba27c744ae66df084 [term 0 FOLLOWER]: Leader pre-election vote request: Granting yes vote for candidate db301ca176934618b8e0d28c8c2b82cc in term 0.
