I20260710 11:00:02.347679 23919 consensus_queue.cc:237] T 4a9c46327eb94a5696647a5b88de775b P d7e0457225fa4878b1003254aa4f1937 [LEADER]: Queue going to LEADER mode. State: All replicated index: 0, Majority replicated index: 2, Committed index: 2, Last appended: 2.2, Last appended by leader: 2, Current term: 3, Majority size: 2, State: 0, Mode: LEADER, active raft config: opid_index: -1 OBSOLETE_local: false peers { permanent_uuid: "d7e0457225fa4878b1003254aa4f1937" member_type: VOTER last_known_addr { host: "127.22.112.1" port: 36583 } } peers { permanent_uuid: "7a2185b75a2342e1adc28e6b2a0cedeb" member_type: VOTER last_known_addr { host: "127.22.112.2" port: 44295 } } peers { permanent_uuid: "7611e15534da4181bb9b9ce7e50f2910" member_type: VOTER last_known_addr { host: "127.22.112.3" port: 35089 } }
I20260710 11:00:02.357592 23521 catalog_manager.cc:5697] T 4a9c46327eb94a5696647a5b88de775b P d7e0457225fa4878b1003254aa4f1937 reported cstate change: term changed from 2 to 3, leader changed from 7611e15534da4181bb9b9ce7e50f2910 (127.22.112.3) to d7e0457225fa4878b1003254aa4f1937 (127.22.112.1). New cstate: current_term: 3 leader_uuid: "d7e0457225fa4878b1003254aa4f1937" committed_config { opid_index: -1 OBSOLETE_local: false peers { permanent_uuid: "d7e0457225fa4878b1003254aa4f1937" member_type: VOTER last_known_addr { host: "127.22.112.1" port: 36583 } health_report { overall_health: HEALTHY } } peers { permanent_uuid: "7a2185b75a2342e1adc28e6b2a0cedeb" member_type: VOTER last_known_addr { host: "127.22.112.2" port: 44295 } health_report { overall_health: UNKNOWN } } peers { permanent_uuid: "7611e15534da4181bb9b9ce7e50f2910" member_type: VOTER last_known_addr { host: "127.22.112.3" port: 35089 } health_report { overall_health: UNKNOWN } } }
I20260710 11:00:02.397408 23911 raft_consensus.cc:993] T bd98bb0f288b4b739391013b5574c465 P 7a2185b75a2342e1adc28e6b2a0cedeb: : Instructing follower d7e0457225fa4878b1003254aa4f1937 to start an election
I20260710 11:00:02.397959 23911 raft_consensus.cc:1081] T bd98bb0f288b4b739391013b5574c465 P 7a2185b75a2342e1adc28e6b2a0cedeb [term 1 LEADER]: Signalling peer d7e0457225fa4878b1003254aa4f1937 to start an election
I20260710 11:00:02.400004 23625 tablet_service.cc:2044] Received Run Leader Election RPC: tablet_id: "bd98bb0f288b4b739391013b5574c465"
dest_uuid: "d7e0457225fa4878b1003254aa4f1937"
 from {username='slave'} at 127.0.0.1:50396
I20260710 11:00:02.400607 23625 raft_consensus.cc:493] T bd98bb0f288b4b739391013b5574c465 P d7e0457225fa4878b1003254aa4f1937 [term 1 FOLLOWER]: Starting forced leader election (received explicit request)
I20260710 11:00:02.400961 23625 raft_consensus.cc:3060] T bd98bb0f288b4b739391013b5574c465 P d7e0457225fa4878b1003254aa4f1937 [term 1 FOLLOWER]: Advancing to term 2
I20260710 11:00:02.407644 23625 raft_consensus.cc:515] T bd98bb0f288b4b739391013b5574c465 P d7e0457225fa4878b1003254aa4f1937 [term 2 FOLLOWER]: Starting forced leader election with config: opid_index: -1 OBSOLETE_local: false peers { permanent_uuid: "d7e0457225fa4878b1003254aa4f1937" member_type: VOTER last_known_addr { host: "127.22.112.1" port: 36583 } } peers { permanent_uuid: "7a2185b75a2342e1adc28e6b2a0cedeb" member_type: VOTER last_known_addr { host: "127.22.112.2" port: 44295 } } peers { permanent_uuid: "7611e15534da4181bb9b9ce7e50f2910" member_type: VOTER last_known_addr { host: "127.22.112.3" port: 35089 } }
I20260710 11:00:02.410487 23625 leader_election.cc:290] T bd98bb0f288b4b739391013b5574c465 P d7e0457225fa4878b1003254aa4f1937 [CANDIDATE]: Term 2 election: Requested vote from peers 7a2185b75a2342e1adc28e6b2a0cedeb (127.22.112.2:44295), 7611e15534da4181bb9b9ce7e50f2910 (127.22.112.3:35089)
I20260710 11:00:02.411720 23773 tablet_service.cc:1917] Received RequestConsensusVote() RPC: tablet_id: "bd98bb0f288b4b739391013b5574c465" candidate_uuid: "d7e0457225fa4878b1003254aa4f1937" candidate_term: 2 candidate_status { last_received { term: 1 index: 1 } } ignore_live_leader: true dest_uuid: "7611e15534da4181bb9b9ce7e50f2910"
I20260710 11:00:02.412233 23698 tablet_service.cc:1917] Received RequestConsensusVote() RPC: tablet_id: "bd98bb0f288b4b739391013b5574c465" candidate_uuid: "d7e0457225fa4878b1003254aa4f1937" candidate_term: 2 candidate_status { last_received { term: 1 index: 1 } } ignore_live_leader: true dest_uuid: "7a2185b75a2342e1adc28e6b2a0cedeb"
I20260710 11:00:02.412504 23773 raft_consensus.cc:3060] T bd98bb0f288b4b739391013b5574c465 P 7611e15534da4181bb9b9ce7e50f2910 [term 1 FOLLOWER]: Advancing to term 2
I20260710 11:00:02.412955 23698 raft_consensus.cc:3055] T bd98bb0f288b4b739391013b5574c465 P 7a2185b75a2342e1adc28e6b2a0cedeb [term 1 LEADER]: Stepping down as leader of term 1
I20260710 11:00:02.413341 23698 raft_consensus.cc:740] T bd98bb0f288b4b739391013b5574c465 P 7a2185b75a2342e1adc28e6b2a0cedeb [term 1 LEADER]: Becoming Follower/Learner. State: Replica: 7a2185b75a2342e1adc28e6b2a0cedeb, State: Running, Role: LEADER
I20260710 11:00:02.414191 23698 consensus_queue.cc:260] T bd98bb0f288b4b739391013b5574c465 P 7a2185b75a2342e1adc28e6b2a0cedeb [NON_LEADER]: Queue going to NON_LEADER mode. State: All replicated index: 0, Majority replicated index: 1, Committed index: 1, Last appended: 1.1, Last appended by leader: 1, Current term: 1, Majority size: -1, State: 0, Mode: NON_LEADER, active raft config: opid_index: -1 OBSOLETE_local: false peers { permanent_uuid: "d7e0457225fa4878b1003254aa4f1937" member_type: VOTER last_known_addr { host: "127.22.112.1" port: 36583 } } peers { permanent_uuid: "7a2185b75a2342e1adc28e6b2a0cedeb" member_type: VOTER last_known_addr { host: "127.22.112.2" port: 44295 } } peers { permanent_uuid: "7611e15534da4181bb9b9ce7e50f2910" member_type: VOTER last_known_addr { host: "127.22.112.3" port: 35089 } }
I20260710 11:00:02.415553 23698 raft_consensus.cc:3060] T bd98bb0f288b4b739391013b5574c465 P 7a2185b75a2342e1adc28e6b2a0cedeb [term 1 FOLLOWER]: Advancing to term 2
I20260710 11:00:02.421623 23773 raft_consensus.cc:2468] T bd98bb0f288b4b739391013b5574c465 P 7611e15534da4181bb9b9ce7e50f2910 [term 2 FOLLOWER]: Leader election vote request: Granting yes vote for candidate d7e0457225fa4878b1003254aa4f1937 in term 2.
I20260710 11:00:02.422830 23698 raft_consensus.cc:2468] T bd98bb0f288b4b739391013b5574c465 P 7a2185b75a2342e1adc28e6b2a0cedeb [term 2 FOLLOWER]: Leader election vote request: Granting yes vote for candidate d7e0457225fa4878b1003254aa4f1937 in term 2.
I20260710 11:00:02.423377 23588 leader_election.cc:304] T bd98bb0f288b4b739391013b5574c465 P d7e0457225fa4878b1003254aa4f1937 [CANDIDATE]: Term 2 election: Election decided. Result: candidate won. Election summary: received 2 responses out of 3 voters: 2 yes votes; 0 no votes. yes voters: 7611e15534da4181bb9b9ce7e50f2910, d7e0457225fa4878b1003254aa4f1937; no voters: 
I20260710 11:00:02.424553 23919 raft_consensus.cc:2804] T bd98bb0f288b4b739391013b5574c465 P d7e0457225fa4878b1003254aa4f1937 [term 2 FOLLOWER]: Leader election won for term 2
I20260710 11:00:02.425077 23919 raft_consensus.cc:697] T bd98bb0f288b4b739391013b5574c465 P d7e0457225fa4878b1003254aa4f1937 [term 2 LEADER]: Becoming Leader. State: Replica: d7e0457225fa4878b1003254aa4f1937, State: Running, Role: LEADER
I20260710 11:00:02.426039 23919 consensus_queue.cc:237] T bd98bb0f288b4b739391013b5574c465 P d7e0457225fa4878b1003254aa4f1937 [LEADER]: Queue going to LEADER mode. State: All replicated index: 0, Majority replicated index: 1, Committed index: 1, Last appended: 1.1, Last appended by leader: 1, Current term: 2, Majority size: 2, State: 0, Mode: LEADER, active raft config: opid_index: -1 OBSOLETE_local: false peers { permanent_uuid: "d7e0457225fa4878b1003254aa4f1937" member_type: VOTER last_known_addr { host: "127.22.112.1" port: 36583 } } peers { permanent_uuid: "7a2185b75a2342e1adc28e6b2a0cedeb" member_type: VOTER last_known_addr { host: "127.22.112.2" port: 44295 } } peers { permanent_uuid: "7611e15534da4181bb9b9ce7e50f2910" member_type: VOTER last_known_addr { host: "127.22.112.3" port: 35089 } }
I20260710 11:00:02.436738 23521 catalog_manager.cc:5697] T bd98bb0f288b4b739391013b5574c465 P d7e0457225fa4878b1003254aa4f1937 reported cstate change: term changed from 1 to 2, leader changed from 7a2185b75a2342e1adc28e6b2a0cedeb (127.22.112.2) to d7e0457225fa4878b1003254aa4f1937 (127.22.112.1). New cstate: current_term: 2 leader_uuid: "d7e0457225fa4878b1003254aa4f1937" committed_config { opid_index: -1 OBSOLETE_local: false peers { permanent_uuid: "d7e0457225fa4878b1003254aa4f1937" member_type: VOTER last_known_addr { host: "127.22.112.1" port: 36583 } health_report { overall_health: HEALTHY } } peers { permanent_uuid: "7a2185b75a2342e1adc28e6b2a0cedeb" member_type: VOTER last_known_addr { host: "127.22.112.2" port: 44295 } health_report { overall_health: UNKNOWN } } peers { permanent_uuid: "7611e15534da4181bb9b9ce7e50f2910" member_type: VOTER last_known_addr { host: "127.22.112.3" port: 35089 } health_report { overall_health: UNKNOWN } } }
I20260710 11:00:02.496310 23935 raft_consensus.cc:993] T 6703ced7abd8445a81f1a0420e42f521 P 7a2185b75a2342e1adc28e6b2a0cedeb: : Instructing follower d7e0457225fa4878b1003254aa4f1937 to start an election
I20260710 11:00:02.496874 23911 raft_consensus.cc:1081] T 6703ced7abd8445a81f1a0420e42f521 P 7a2185b75a2342e1adc28e6b2a0cedeb [term 2 LEADER]: Signalling peer d7e0457225fa4878b1003254aa4f1937 to start an election
I20260710 11:00:02.499199 23625 tablet_service.cc:2044] Received Run Leader Election RPC: tablet_id: "6703ced7abd8445a81f1a0420e42f521"
dest_uuid: "d7e0457225fa4878b1003254aa4f1937"
 from {username='slave'} at 127.0.0.1:50396
I20260710 11:00:02.499841 23625 raft_consensus.cc:493] T 6703ced7abd8445a81f1a0420e42f521 P d7e0457225fa4878b1003254aa4f1937 [term 2 FOLLOWER]: Starting forced leader election (received explicit request)
I20260710 11:00:02.500236 23625 raft_consensus.cc:3060] T 6703ced7abd8445a81f1a0420e42f521 P d7e0457225fa4878b1003254aa4f1937 [term 2 FOLLOWER]: Advancing to term 3
I20260710 11:00:02.508529 23625 raft_consensus.cc:515] T 6703ced7abd8445a81f1a0420e42f521 P d7e0457225fa4878b1003254aa4f1937 [term 3 FOLLOWER]: Starting forced leader election with config: opid_index: -1 OBSOLETE_local: false peers { permanent_uuid: "d7e0457225fa4878b1003254aa4f1937" member_type: VOTER last_known_addr { host: "127.22.112.1" port: 36583 } } peers { permanent_uuid: "7a2185b75a2342e1adc28e6b2a0cedeb" member_type: VOTER last_known_addr { host: "127.22.112.2" port: 44295 } } peers { permanent_uuid: "7611e15534da4181bb9b9ce7e50f2910" member_type: VOTER last_known_addr { host: "127.22.112.3" port: 35089 } }
I20260710 11:00:02.510963 23625 leader_election.cc:290] T 6703ced7abd8445a81f1a0420e42f521 P d7e0457225fa4878b1003254aa4f1937 [CANDIDATE]: Term 3 election: Requested vote from peers 7a2185b75a2342e1adc28e6b2a0cedeb (127.22.112.2:44295), 7611e15534da4181bb9b9ce7e50f2910 (127.22.112.3:35089)
I20260710 11:00:02.512111 23698 tablet_service.cc:1917] Received RequestConsensusVote() RPC: tablet_id: "6703ced7abd8445a81f1a0420e42f521" candidate_uuid: "d7e0457225fa4878b1003254aa4f1937" candidate_term: 3 candidate_status { last_received { term: 2 index: 2 } } ignore_live_leader: true dest_uuid: "7a2185b75a2342e1adc28e6b2a0cedeb"
I20260710 11:00:02.512871 23698 raft_consensus.cc:3055] T 6703ced7abd8445a81f1a0420e42f521 P 7a2185b75a2342e1adc28e6b2a0cedeb [term 2 LEADER]: Stepping down as leader of term 2
I20260710 11:00:02.513226 23698 raft_consensus.cc:740] T 6703ced7abd8445a81f1a0420e42f521 P 7a2185b75a2342e1adc28e6b2a0cedeb [term 2 LEADER]: Becoming Follower/Learner. State: Replica: 7a2185b75a2342e1adc28e6b2a0cedeb, State: Running, Role: LEADER
I20260710 11:00:02.514191 23698 consensus_queue.cc:260] T 6703ced7abd8445a81f1a0420e42f521 P 7a2185b75a2342e1adc28e6b2a0cedeb [NON_LEADER]: Queue going to NON_LEADER mode. State: All replicated index: 0, Majority replicated index: 2, Committed index: 2, Last appended: 2.2, Last appended by leader: 2, Current term: 2, Majority size: -1, State: 0, Mode: NON_LEADER, active raft config: opid_index: -1 OBSOLETE_local: false peers { permanent_uuid: "d7e0457225fa4878b1003254aa4f1937" member_type: VOTER last_known_addr { host: "127.22.112.1" port: 36583 } } peers { permanent_uuid: "7a2185b75a2342e1adc28e6b2a0cedeb" member_type: VOTER last_known_addr { host: "127.22.112.2" port: 44295 } } peers { permanent_uuid: "7611e15534da4181bb9b9ce7e50f2910" member_type: VOTER last_known_addr { host: "127.22.112.3" port: 35089 } }
I20260710 11:00:02.516569 23698 raft_consensus.cc:3060] T 6703ced7abd8445a81f1a0420e42f521 P 7a2185b75a2342e1adc28e6b2a0cedeb [term 2 FOLLOWER]: Advancing to term 3
I20260710 11:00:02.516870 23773 tablet_service.cc:1917] Received RequestConsensusVote() RPC: tablet_id: "6703ced7abd8445a81f1a0420e42f521" candidate_uuid: "d7e0457225fa4878b1003254aa4f1937" candidate_term: 3 candidate_status { last_received { term: 2 index: 2 } } ignore_live_leader: true dest_uuid: "7611e15534da4181bb9b9ce7e50f2910"
I20260710 11:00:02.517716 23773 raft_consensus.cc:3060] T 6703ced7abd8445a81f1a0420e42f521 P 7611e15534da4181bb9b9ce7e50f2910 [term 2 FOLLOWER]: Advancing to term 3
I20260710 11:00:02.525383 23698 raft_consensus.cc:2468] T 6703ced7abd8445a81f1a0420e42f521 P 7a2185b75a2342e1adc28e6b2a0cedeb [term 3 FOLLOWER]: Leader election vote request: Granting yes vote for candidate d7e0457225fa4878b1003254aa4f1937 in term 3.
I20260710 11:00:02.526809 23773 raft_consensus.cc:2468] T 6703ced7abd8445a81f1a0420e42f521 P 7611e15534da4181bb9b9ce7e50f2910 [term 3 FOLLOWER]: Leader election vote request: Granting yes vote for candidate d7e0457225fa4878b1003254aa4f1937 in term 3.
I20260710 11:00:02.526962 23591 leader_election.cc:304] T 6703ced7abd8445a81f1a0420e42f521 P d7e0457225fa4878b1003254aa4f1937 [CANDIDATE]: Term 3 election: Election decided. Result: candidate won. Election summary: received 2 responses out of 3 voters: 2 yes votes; 0 no votes. yes voters: 7a2185b75a2342e1adc28e6b2a0cedeb, d7e0457225fa4878b1003254aa4f1937; no voters: 
I20260710 11:00:02.528293 23919 raft_consensus.cc:2804] T 6703ced7abd8445a81f1a0420e42f521 P d7e0457225fa4878b1003254aa4f1937 [term 3 FOLLOWER]: Leader election won for term 3
I20260710 11:00:02.528791 23919 raft_consensus.cc:697] T 6703ced7abd8445a81f1a0420e42f521 P d7e0457225fa4878b1003254aa4f1937 [term 3 LEADER]: Becoming Leader. State: Replica: d7e0457225fa4878b1003254aa4f1937, State: Running, Role: LEADER
I20260710 11:00:02.529770 23919 consensus_queue.cc:237] T 6703ced7abd8445a81f1a0420e42f521 P d7e0457225fa4878b1003254aa4f1937 [LEADER]: Queue going to LEADER mode. State: All replicated index: 0, Majority replicated index: 2, Committed index: 2, Last appended: 2.2, Last appended by leader: 2, Current term: 3, Majority size: 2, State: 0, Mode: LEADER, active raft config: opid_index: -1 OBSOLETE_local: false peers { permanent_uuid: "d7e0457225fa4878b1003254aa4f1937" member_type: VOTER last_known_addr { host: "127.22.112.1" port: 36583 } } peers { permanent_uuid: "7a2185b75a2342e1adc28e6b2a0cedeb" member_type: VOTER last_known_addr { host: "127.22.112.2" port: 44295 } } peers { permanent_uuid: "7611e15534da4181bb9b9ce7e50f2910" member_type: VOTER last_known_addr { host: "127.22.112.3" port: 35089 } }
I20260710 11:00:02.541522 23521 catalog_manager.cc:5697] T 6703ced7abd8445a81f1a0420e42f521 P d7e0457225fa4878b1003254aa4f1937 reported cstate change: term changed from 2 to 3, leader changed from 7a2185b75a2342e1adc28e6b2a0cedeb (127.22.112.2) to d7e0457225fa4878b1003254aa4f1937 (127.22.112.1). New cstate: current_term: 3 leader_uuid: "d7e0457225fa4878b1003254aa4f1937" committed_config { opid_index: -1 OBSOLETE_local: false peers { permanent_uuid: "d7e0457225fa4878b1003254aa4f1937" member_type: VOTER last_known_addr { host: "127.22.112.1" port: 36583 } health_report { overall_health: HEALTHY } } peers { permanent_uuid: "7a2185b75a2342e1adc28e6b2a0cedeb" member_type: VOTER last_known_addr { host: "127.22.112.2" port: 44295 } health_report { overall_health: UNKNOWN } } peers { permanent_uuid: "7611e15534da4181bb9b9ce7e50f2910" member_type: VOTER last_known_addr { host: "127.22.112.3" port: 35089 } health_report { overall_health: UNKNOWN } } }
I20260710 11:00:02.669346 23700 raft_consensus.cc:1275] T edf803d8d2e04ede8953949232fa0267 P 7a2185b75a2342e1adc28e6b2a0cedeb [term 2 FOLLOWER]: Refusing update from remote peer d7e0457225fa4878b1003254aa4f1937: Log matching property violated. Preceding OpId in replica: term: 1 index: 1. Preceding OpId from leader: term: 2 index: 2. (index mismatch)
I20260710 11:00:02.671311 23919 consensus_queue.cc:1048] T edf803d8d2e04ede8953949232fa0267 P d7e0457225fa4878b1003254aa4f1937 [LEADER]: Connected to new peer: Peer: permanent_uuid: "7a2185b75a2342e1adc28e6b2a0cedeb" member_type: VOTER last_known_addr { host: "127.22.112.2" port: 44295 }, Status: LMP_MISMATCH, Last received: 0.0, Next index: 2, Last known committed idx: 1, Time since last communication: 0.001s
I20260710 11:00:02.684194 23773 raft_consensus.cc:1275] T d1248e09fcd6498180d5c108c9295a89 P 7611e15534da4181bb9b9ce7e50f2910 [term 3 FOLLOWER]: Refusing update from remote peer d7e0457225fa4878b1003254aa4f1937: Log matching property violated. Preceding OpId in replica: term: 2 index: 2. Preceding OpId from leader: term: 3 index: 3. (index mismatch)
I20260710 11:00:02.685987 23919 consensus_queue.cc:1048] T d1248e09fcd6498180d5c108c9295a89 P d7e0457225fa4878b1003254aa4f1937 [LEADER]: Connected to new peer: Peer: permanent_uuid: "7611e15534da4181bb9b9ce7e50f2910" member_type: VOTER last_known_addr { host: "127.22.112.3" port: 35089 }, Status: LMP_MISMATCH, Last received: 0.0, Next index: 3, Last known committed idx: 2, Time since last communication: 0.000s
I20260710 11:00:02.705415 23772 raft_consensus.cc:1275] T edf803d8d2e04ede8953949232fa0267 P 7611e15534da4181bb9b9ce7e50f2910 [term 2 FOLLOWER]: Refusing update from remote peer d7e0457225fa4878b1003254aa4f1937: Log matching property violated. Preceding OpId in replica: term: 1 index: 1. Preceding OpId from leader: term: 2 index: 2. (index mismatch)
I20260710 11:00:02.707666 23820 consensus_queue.cc:1048] T edf803d8d2e04ede8953949232fa0267 P d7e0457225fa4878b1003254aa4f1937 [LEADER]: Connected to new peer: Peer: permanent_uuid: "7611e15534da4181bb9b9ce7e50f2910" member_type: VOTER last_known_addr { host: "127.22.112.3" port: 35089 }, Status: LMP_MISMATCH, Last received: 0.0, Next index: 2, Last known committed idx: 1, Time since last communication: 0.001s
I20260710 11:00:02.746534 23771 raft_consensus.cc:1275] T 4a9c46327eb94a5696647a5b88de775b P 7611e15534da4181bb9b9ce7e50f2910 [term 3 FOLLOWER]: Refusing update from remote peer d7e0457225fa4878b1003254aa4f1937: Log matching property violated. Preceding OpId in replica: term: 2 index: 2. Preceding OpId from leader: term: 3 index: 3. (index mismatch)
I20260710 11:00:02.748214 23919 consensus_queue.cc:1048] T 4a9c46327eb94a5696647a5b88de775b P d7e0457225fa4878b1003254aa4f1937 [LEADER]: Connected to new peer: Peer: permanent_uuid: "7611e15534da4181bb9b9ce7e50f2910" member_type: VOTER last_known_addr { host: "127.22.112.3" port: 35089 }, Status: LMP_MISMATCH, Last received: 0.0, Next index: 3, Last known committed idx: 2, Time since last communication: 0.001s
I20260710 11:00:02.759481 23698 raft_consensus.cc:1275] T 4a9c46327eb94a5696647a5b88de775b P 7a2185b75a2342e1adc28e6b2a0cedeb [term 3 FOLLOWER]: Refusing update from remote peer d7e0457225fa4878b1003254aa4f1937: Log matching property violated. Preceding OpId in replica: term: 2 index: 2. Preceding OpId from leader: term: 3 index: 3. (index mismatch)
I20260710 11:00:02.761300 23820 consensus_queue.cc:1048] T 4a9c46327eb94a5696647a5b88de775b P d7e0457225fa4878b1003254aa4f1937 [LEADER]: Connected to new peer: Peer: permanent_uuid: "7a2185b75a2342e1adc28e6b2a0cedeb" member_type: VOTER last_known_addr { host: "127.22.112.2" port: 44295 }, Status: LMP_MISMATCH, Last received: 0.0, Next index: 3, Last known committed idx: 2, Time since last communication: 0.000s
I20260710 11:00:02.777128 23698 raft_consensus.cc:1275] T d1248e09fcd6498180d5c108c9295a89 P 7a2185b75a2342e1adc28e6b2a0cedeb [term 3 FOLLOWER]: Refusing update from remote peer d7e0457225fa4878b1003254aa4f1937: Log matching property violated. Preceding OpId in replica: term: 2 index: 2. Preceding OpId from leader: term: 3 index: 3. (index mismatch)
I20260710 11:00:02.781183 23820 consensus_queue.cc:1048] T d1248e09fcd6498180d5c108c9295a89 P d7e0457225fa4878b1003254aa4f1937 [LEADER]: Connected to new peer: Peer: permanent_uuid: "7a2185b75a2342e1adc28e6b2a0cedeb" member_type: VOTER last_known_addr { host: "127.22.112.2" port: 44295 }, Status: LMP_MISMATCH, Last received: 0.0, Next index: 3, Last known committed idx: 2, Time since last communication: 0.000s
I20260710 11:00:02.894454 23773 raft_consensus.cc:1275] T bd98bb0f288b4b739391013b5574c465 P 7611e15534da4181bb9b9ce7e50f2910 [term 2 FOLLOWER]: Refusing update from remote peer d7e0457225fa4878b1003254aa4f1937: Log matching property violated. Preceding OpId in replica: term: 1 index: 1. Preceding OpId from leader: term: 2 index: 2. (index mismatch)
I20260710 11:00:02.897169 23919 consensus_queue.cc:1048] T bd98bb0f288b4b739391013b5574c465 P d7e0457225fa4878b1003254aa4f1937 [LEADER]: Connected to new peer: Peer: permanent_uuid: "7611e15534da4181bb9b9ce7e50f2910" member_type: VOTER last_known_addr { host: "127.22.112.3" port: 35089 }, Status: LMP_MISMATCH, Last received: 0.0, Next index: 2, Last known committed idx: 1, Time since last communication: 0.001s
I20260710 11:00:02.913511 23698 raft_consensus.cc:1275] T bd98bb0f288b4b739391013b5574c465 P 7a2185b75a2342e1adc28e6b2a0cedeb [term 2 FOLLOWER]: Refusing update from remote peer d7e0457225fa4878b1003254aa4f1937: Log matching property violated. Preceding OpId in replica: term: 1 index: 1. Preceding OpId from leader: term: 2 index: 2. (index mismatch)
I20260710 11:00:02.915074 23948 consensus_queue.cc:1048] T bd98bb0f288b4b739391013b5574c465 P d7e0457225fa4878b1003254aa4f1937 [LEADER]: Connected to new peer: Peer: permanent_uuid: "7a2185b75a2342e1adc28e6b2a0cedeb" member_type: VOTER last_known_addr { host: "127.22.112.2" port: 44295 }, Status: LMP_MISMATCH, Last received: 0.0, Next index: 2, Last known committed idx: 1, Time since last communication: 0.000s
I20260710 11:00:02.946044 23698 raft_consensus.cc:1275] T 6703ced7abd8445a81f1a0420e42f521 P 7a2185b75a2342e1adc28e6b2a0cedeb [term 3 FOLLOWER]: Refusing update from remote peer d7e0457225fa4878b1003254aa4f1937: Log matching property violated. Preceding OpId in replica: term: 2 index: 2. Preceding OpId from leader: term: 3 index: 3. (index mismatch)
I20260710 11:00:02.947830 23919 consensus_queue.cc:1048] T 6703ced7abd8445a81f1a0420e42f521 P d7e0457225fa4878b1003254aa4f1937 [LEADER]: Connected to new peer: Peer: permanent_uuid: "7a2185b75a2342e1adc28e6b2a0cedeb" member_type: VOTER last_known_addr { host: "127.22.112.2" port: 44295 }, Status: LMP_MISMATCH, Last received: 0.0, Next index: 3, Last known committed idx: 2, Time since last communication: 0.001s
I20260710 11:00:02.964278 23773 raft_consensus.cc:1275] T 6703ced7abd8445a81f1a0420e42f521 P 7611e15534da4181bb9b9ce7e50f2910 [term 3 FOLLOWER]: Refusing update from remote peer d7e0457225fa4878b1003254aa4f1937: Log matching property violated. Preceding OpId in replica: term: 2 index: 2. Preceding OpId from leader: term: 3 index: 3. (index mismatch)
I20260710 11:00:02.966284 23919 consensus_queue.cc:1048] T 6703ced7abd8445a81f1a0420e42f521 P d7e0457225fa4878b1003254aa4f1937 [LEADER]: Connected to new peer: Peer: permanent_uuid: "7611e15534da4181bb9b9ce7e50f2910" member_type: VOTER last_known_addr { host: "127.22.112.3" port: 35089 }, Status: LMP_MISMATCH, Last received: 0.0, Next index: 3, Last known committed idx: 2, Time since last communication: 0.000s
I20260710 11:00:04.968431 22976 auto_leader_rebalancer.cc:141] leader rebalance for table test-workload
I20260710 11:00:04.977098 23625 tablet_service.cc:2072] Received LeaderStepDown RPC: tablet_id: "3ad3437d125a4efabb04e51812fbcb56"
dest_uuid: "d7e0457225fa4878b1003254aa4f1937"
mode: GRACEFUL
new_leader_uuid: "7a2185b75a2342e1adc28e6b2a0cedeb"
 from {username='slave'} at 127.0.0.1:50412
I20260710 11:00:04.977694 23625 raft_consensus.cc:606] T 3ad3437d125a4efabb04e51812fbcb56 P d7e0457225fa4878b1003254aa4f1937 [term 2 LEADER]: Received request to transfer leadership to TS 7a2185b75a2342e1adc28e6b2a0cedeb
I20260710 11:00:04.980705 23625 tablet_service.cc:2072] Received LeaderStepDown RPC: tablet_id: "4a9c46327eb94a5696647a5b88de775b"
dest_uuid: "d7e0457225fa4878b1003254aa4f1937"
mode: GRACEFUL
new_leader_uuid: "7611e15534da4181bb9b9ce7e50f2910"
 from {username='slave'} at 127.0.0.1:50412
I20260710 11:00:04.981195 23625 raft_consensus.cc:606] T 4a9c46327eb94a5696647a5b88de775b P d7e0457225fa4878b1003254aa4f1937 [term 3 LEADER]: Received request to transfer leadership to TS 7611e15534da4181bb9b9ce7e50f2910
I20260710 11:00:04.984058 23625 tablet_service.cc:2072] Received LeaderStepDown RPC: tablet_id: "6703ced7abd8445a81f1a0420e42f521"
dest_uuid: "d7e0457225fa4878b1003254aa4f1937"
mode: GRACEFUL
new_leader_uuid: "7611e15534da4181bb9b9ce7e50f2910"
 from {username='slave'} at 127.0.0.1:50412
I20260710 11:00:04.984573 23625 raft_consensus.cc:606] T 6703ced7abd8445a81f1a0420e42f521 P d7e0457225fa4878b1003254aa4f1937 [term 3 LEADER]: Received request to transfer leadership to TS 7611e15534da4181bb9b9ce7e50f2910
I20260710 11:00:04.987394 23625 tablet_service.cc:2072] Received LeaderStepDown RPC: tablet_id: "d1248e09fcd6498180d5c108c9295a89"
dest_uuid: "d7e0457225fa4878b1003254aa4f1937"
mode: GRACEFUL
new_leader_uuid: "7a2185b75a2342e1adc28e6b2a0cedeb"
 from {username='slave'} at 127.0.0.1:50412
I20260710 11:00:04.988107 23625 raft_consensus.cc:606] T d1248e09fcd6498180d5c108c9295a89 P d7e0457225fa4878b1003254aa4f1937 [term 3 LEADER]: Received request to transfer leadership to TS 7a2185b75a2342e1adc28e6b2a0cedeb
I20260710 11:00:04.989634 22976 auto_leader_rebalancer.cc:452] table: test-workload, leader rebalance finish, leader transfer count: 4
I20260710 11:00:04.990423 22976 auto_leader_rebalancer.cc:527] All tables' leader rebalancing finished this round
I20260710 11:00:05.063578 23955 raft_consensus.cc:993] T 4a9c46327eb94a5696647a5b88de775b P d7e0457225fa4878b1003254aa4f1937: : Instructing follower 7611e15534da4181bb9b9ce7e50f2910 to start an election
I20260710 11:00:05.064152 23955 raft_consensus.cc:1081] T 4a9c46327eb94a5696647a5b88de775b P d7e0457225fa4878b1003254aa4f1937 [term 3 LEADER]: Signalling peer 7611e15534da4181bb9b9ce7e50f2910 to start an election
I20260710 11:00:05.065845 23772 tablet_service.cc:2044] Received Run Leader Election RPC: tablet_id: "4a9c46327eb94a5696647a5b88de775b"
dest_uuid: "7611e15534da4181bb9b9ce7e50f2910"
 from {username='slave'} at 127.0.0.1:34298
I20260710 11:00:05.066429 23772 raft_consensus.cc:493] T 4a9c46327eb94a5696647a5b88de775b P 7611e15534da4181bb9b9ce7e50f2910 [term 3 FOLLOWER]: Starting forced leader election (received explicit request)
I20260710 11:00:05.066781 23772 raft_consensus.cc:3060] T 4a9c46327eb94a5696647a5b88de775b P 7611e15534da4181bb9b9ce7e50f2910 [term 3 FOLLOWER]: Advancing to term 4
I20260710 11:00:05.072273 23772 raft_consensus.cc:515] T 4a9c46327eb94a5696647a5b88de775b P 7611e15534da4181bb9b9ce7e50f2910 [term 4 FOLLOWER]: Starting forced leader election with config: opid_index: -1 OBSOLETE_local: false peers { permanent_uuid: "d7e0457225fa4878b1003254aa4f1937" member_type: VOTER last_known_addr { host: "127.22.112.1" port: 36583 } } peers { permanent_uuid: "7a2185b75a2342e1adc28e6b2a0cedeb" member_type: VOTER last_known_addr { host: "127.22.112.2" port: 44295 } } peers { permanent_uuid: "7611e15534da4181bb9b9ce7e50f2910" member_type: VOTER last_known_addr { host: "127.22.112.3" port: 35089 } }
I20260710 11:00:05.074225 23772 leader_election.cc:290] T 4a9c46327eb94a5696647a5b88de775b P 7611e15534da4181bb9b9ce7e50f2910 [CANDIDATE]: Term 4 election: Requested vote from peers d7e0457225fa4878b1003254aa4f1937 (127.22.112.1:36583), 7a2185b75a2342e1adc28e6b2a0cedeb (127.22.112.2:44295)
I20260710 11:00:05.075589 23700 tablet_service.cc:1917] Received RequestConsensusVote() RPC: tablet_id: "4a9c46327eb94a5696647a5b88de775b" candidate_uuid: "7611e15534da4181bb9b9ce7e50f2910" candidate_term: 4 candidate_status { last_received { term: 3 index: 3 } } ignore_live_leader: true dest_uuid: "7a2185b75a2342e1adc28e6b2a0cedeb"
I20260710 11:00:05.075789 23625 tablet_service.cc:1917] Received RequestConsensusVote() RPC: tablet_id: "4a9c46327eb94a5696647a5b88de775b" candidate_uuid: "7611e15534da4181bb9b9ce7e50f2910" candidate_term: 4 candidate_status { last_received { term: 3 index: 3 } } ignore_live_leader: true dest_uuid: "d7e0457225fa4878b1003254aa4f1937"
I20260710 11:00:05.076303 23700 raft_consensus.cc:3060] T 4a9c46327eb94a5696647a5b88de775b P 7a2185b75a2342e1adc28e6b2a0cedeb [term 3 FOLLOWER]: Advancing to term 4
I20260710 11:00:05.076434 23625 raft_consensus.cc:3055] T 4a9c46327eb94a5696647a5b88de775b P d7e0457225fa4878b1003254aa4f1937 [term 3 LEADER]: Stepping down as leader of term 3
I20260710 11:00:05.076848 23625 raft_consensus.cc:740] T 4a9c46327eb94a5696647a5b88de775b P d7e0457225fa4878b1003254aa4f1937 [term 3 LEADER]: Becoming Follower/Learner. State: Replica: d7e0457225fa4878b1003254aa4f1937, State: Running, Role: LEADER
I20260710 11:00:05.077560 23625 consensus_queue.cc:260] T 4a9c46327eb94a5696647a5b88de775b P d7e0457225fa4878b1003254aa4f1937 [NON_LEADER]: Queue going to NON_LEADER mode. State: All replicated index: 0, Majority replicated index: 3, Committed index: 3, Last appended: 3.3, Last appended by leader: 3, Current term: 3, Majority size: -1, State: 0, Mode: NON_LEADER, active raft config: opid_index: -1 OBSOLETE_local: false peers { permanent_uuid: "d7e0457225fa4878b1003254aa4f1937" member_type: VOTER last_known_addr { host: "127.22.112.1" port: 36583 } } peers { permanent_uuid: "7a2185b75a2342e1adc28e6b2a0cedeb" member_type: VOTER last_known_addr { host: "127.22.112.2" port: 44295 } } peers { permanent_uuid: "7611e15534da4181bb9b9ce7e50f2910" member_type: VOTER last_known_addr { host: "127.22.112.3" port: 35089 } }
I20260710 11:00:05.078539 23625 raft_consensus.cc:3060] T 4a9c46327eb94a5696647a5b88de775b P d7e0457225fa4878b1003254aa4f1937 [term 3 FOLLOWER]: Advancing to term 4
I20260710 11:00:05.081897 23700 raft_consensus.cc:2468] T 4a9c46327eb94a5696647a5b88de775b P 7a2185b75a2342e1adc28e6b2a0cedeb [term 4 FOLLOWER]: Leader election vote request: Granting yes vote for candidate 7611e15534da4181bb9b9ce7e50f2910 in term 4.
I20260710 11:00:05.083287 23740 leader_election.cc:304] T 4a9c46327eb94a5696647a5b88de775b P 7611e15534da4181bb9b9ce7e50f2910 [CANDIDATE]: Term 4 election: Election decided. Result: candidate won. Election summary: received 2 responses out of 3 voters: 2 yes votes; 0 no votes. yes voters: 7611e15534da4181bb9b9ce7e50f2910, 7a2185b75a2342e1adc28e6b2a0cedeb; no voters: 
I20260710 11:00:05.083570 23625 raft_consensus.cc:2468] T 4a9c46327eb94a5696647a5b88de775b P d7e0457225fa4878b1003254aa4f1937 [term 4 FOLLOWER]: Leader election vote request: Granting yes vote for candidate 7611e15534da4181bb9b9ce7e50f2910 in term 4.
I20260710 11:00:05.084020 23920 raft_consensus.cc:2804] T 4a9c46327eb94a5696647a5b88de775b P 7611e15534da4181bb9b9ce7e50f2910 [term 4 FOLLOWER]: Leader election won for term 4
I20260710 11:00:05.085186 23920 raft_consensus.cc:697] T 4a9c46327eb94a5696647a5b88de775b P 7611e15534da4181bb9b9ce7e50f2910 [term 4 LEADER]: Becoming Leader. State: Replica: 7611e15534da4181bb9b9ce7e50f2910, State: Running, Role: LEADER
I20260710 11:00:05.085959 23920 consensus_queue.cc:237] T 4a9c46327eb94a5696647a5b88de775b P 7611e15534da4181bb9b9ce7e50f2910 [LEADER]: Queue going to LEADER mode. State: All replicated index: 0, Majority replicated index: 3, Committed index: 3, Last appended: 3.3, Last appended by leader: 3, Current term: 4, Majority size: 2, State: 0, Mode: LEADER, active raft config: opid_index: -1 OBSOLETE_local: false peers { permanent_uuid: "d7e0457225fa4878b1003254aa4f1937" member_type: VOTER last_known_addr { host: "127.22.112.1" port: 36583 } } peers { permanent_uuid: "7a2185b75a2342e1adc28e6b2a0cedeb" member_type: VOTER last_known_addr { host: "127.22.112.2" port: 44295 } } peers { permanent_uuid: "7611e15534da4181bb9b9ce7e50f2910" member_type: VOTER last_known_addr { host: "127.22.112.3" port: 35089 } }
I20260710 11:00:05.093823 23521 catalog_manager.cc:5697] T 4a9c46327eb94a5696647a5b88de775b P 7611e15534da4181bb9b9ce7e50f2910 reported cstate change: term changed from 3 to 4, leader changed from d7e0457225fa4878b1003254aa4f1937 (127.22.112.1) to 7611e15534da4181bb9b9ce7e50f2910 (127.22.112.3). New cstate: current_term: 4 leader_uuid: "7611e15534da4181bb9b9ce7e50f2910" committed_config { opid_index: -1 OBSOLETE_local: false peers { permanent_uuid: "d7e0457225fa4878b1003254aa4f1937" member_type: VOTER last_known_addr { host: "127.22.112.1" port: 36583 } health_report { overall_health: UNKNOWN } } peers { permanent_uuid: "7a2185b75a2342e1adc28e6b2a0cedeb" member_type: VOTER last_known_addr { host: "127.22.112.2" port: 44295 } health_report { overall_health: UNKNOWN } } peers { permanent_uuid: "7611e15534da4181bb9b9ce7e50f2910" member_type: VOTER last_known_addr { host: "127.22.112.3" port: 35089 } health_report { overall_health: HEALTHY } } }
I20260710 11:00:05.190294 23958 raft_consensus.cc:993] T 3ad3437d125a4efabb04e51812fbcb56 P d7e0457225fa4878b1003254aa4f1937: : Instructing follower 7a2185b75a2342e1adc28e6b2a0cedeb to start an election
I20260710 11:00:05.190915 23958 raft_consensus.cc:1081] T 3ad3437d125a4efabb04e51812fbcb56 P d7e0457225fa4878b1003254aa4f1937 [term 2 LEADER]: Signalling peer 7a2185b75a2342e1adc28e6b2a0cedeb to start an election
I20260710 11:00:05.192603 23700 tablet_service.cc:2044] Received Run Leader Election RPC: tablet_id: "3ad3437d125a4efabb04e51812fbcb56"
dest_uuid: "7a2185b75a2342e1adc28e6b2a0cedeb"
 from {username='slave'} at 127.0.0.1:60276
I20260710 11:00:05.193161 23700 raft_consensus.cc:493] T 3ad3437d125a4efabb04e51812fbcb56 P 7a2185b75a2342e1adc28e6b2a0cedeb [term 2 FOLLOWER]: Starting forced leader election (received explicit request)
I20260710 11:00:05.193427 23700 raft_consensus.cc:3060] T 3ad3437d125a4efabb04e51812fbcb56 P 7a2185b75a2342e1adc28e6b2a0cedeb [term 2 FOLLOWER]: Advancing to term 3
I20260710 11:00:05.198416 23700 raft_consensus.cc:515] T 3ad3437d125a4efabb04e51812fbcb56 P 7a2185b75a2342e1adc28e6b2a0cedeb [term 3 FOLLOWER]: Starting forced leader election with config: opid_index: -1 OBSOLETE_local: false peers { permanent_uuid: "d7e0457225fa4878b1003254aa4f1937" member_type: VOTER last_known_addr { host: "127.22.112.1" port: 36583 } } peers { permanent_uuid: "7a2185b75a2342e1adc28e6b2a0cedeb" member_type: VOTER last_known_addr { host: "127.22.112.2" port: 44295 } } peers { permanent_uuid: "7611e15534da4181bb9b9ce7e50f2910" member_type: VOTER last_known_addr { host: "127.22.112.3" port: 35089 } }
I20260710 11:00:05.200479 23700 leader_election.cc:290] T 3ad3437d125a4efabb04e51812fbcb56 P 7a2185b75a2342e1adc28e6b2a0cedeb [CANDIDATE]: Term 3 election: Requested vote from peers d7e0457225fa4878b1003254aa4f1937 (127.22.112.1:36583), 7611e15534da4181bb9b9ce7e50f2910 (127.22.112.3:35089)
I20260710 11:00:05.201588 23625 tablet_service.cc:1917] Received RequestConsensusVote() RPC: tablet_id: "3ad3437d125a4efabb04e51812fbcb56" candidate_uuid: "7a2185b75a2342e1adc28e6b2a0cedeb" candidate_term: 3 candidate_status { last_received { term: 2 index: 2 } } ignore_live_leader: true dest_uuid: "d7e0457225fa4878b1003254aa4f1937"
I20260710 11:00:05.201687 23772 tablet_service.cc:1917] Received RequestConsensusVote() RPC: tablet_id: "3ad3437d125a4efabb04e51812fbcb56" candidate_uuid: "7a2185b75a2342e1adc28e6b2a0cedeb" candidate_term: 3 candidate_status { last_received { term: 2 index: 2 } } ignore_live_leader: true dest_uuid: "7611e15534da4181bb9b9ce7e50f2910"
I20260710 11:00:05.202342 23625 raft_consensus.cc:3055] T 3ad3437d125a4efabb04e51812fbcb56 P d7e0457225fa4878b1003254aa4f1937 [term 2 LEADER]: Stepping down as leader of term 2
I20260710 11:00:05.202373 23772 raft_consensus.cc:3060] T 3ad3437d125a4efabb04e51812fbcb56 P 7611e15534da4181bb9b9ce7e50f2910 [term 2 FOLLOWER]: Advancing to term 3
I20260710 11:00:05.202704 23625 raft_consensus.cc:740] T 3ad3437d125a4efabb04e51812fbcb56 P d7e0457225fa4878b1003254aa4f1937 [term 2 LEADER]: Becoming Follower/Learner. State: Replica: d7e0457225fa4878b1003254aa4f1937, State: Running, Role: LEADER
I20260710 11:00:05.203717 23625 consensus_queue.cc:260] T 3ad3437d125a4efabb04e51812fbcb56 P d7e0457225fa4878b1003254aa4f1937 [NON_LEADER]: Queue going to NON_LEADER mode. State: All replicated index: 0, Majority replicated index: 2, Committed index: 2, Last appended: 2.2, Last appended by leader: 2, Current term: 2, Majority size: -1, State: 0, Mode: NON_LEADER, active raft config: opid_index: -1 OBSOLETE_local: false peers { permanent_uuid: "d7e0457225fa4878b1003254aa4f1937" member_type: VOTER last_known_addr { host: "127.22.112.1" port: 36583 } } peers { permanent_uuid: "7a2185b75a2342e1adc28e6b2a0cedeb" member_type: VOTER last_known_addr { host: "127.22.112.2" port: 44295 } } peers { permanent_uuid: "7611e15534da4181bb9b9ce7e50f2910" member_type: VOTER last_known_addr { host: "127.22.112.3" port: 35089 } }
I20260710 11:00:05.204653 23625 raft_consensus.cc:3060] T 3ad3437d125a4efabb04e51812fbcb56 P d7e0457225fa4878b1003254aa4f1937 [term 2 FOLLOWER]: Advancing to term 3
I20260710 11:00:05.207880 23772 raft_consensus.cc:2468] T 3ad3437d125a4efabb04e51812fbcb56 P 7611e15534da4181bb9b9ce7e50f2910 [term 3 FOLLOWER]: Leader election vote request: Granting yes vote for candidate 7a2185b75a2342e1adc28e6b2a0cedeb in term 3.
I20260710 11:00:05.209456 23663 leader_election.cc:304] T 3ad3437d125a4efabb04e51812fbcb56 P 7a2185b75a2342e1adc28e6b2a0cedeb [CANDIDATE]: Term 3 election: Election decided. Result: candidate won. Election summary: received 2 responses out of 3 voters: 2 yes votes; 0 no votes. yes voters: 7611e15534da4181bb9b9ce7e50f2910, 7a2185b75a2342e1adc28e6b2a0cedeb; no voters: 
I20260710 11:00:05.209934 23625 raft_consensus.cc:2468] T 3ad3437d125a4efabb04e51812fbcb56 P d7e0457225fa4878b1003254aa4f1937 [term 3 FOLLOWER]: Leader election vote request: Granting yes vote for candidate 7a2185b75a2342e1adc28e6b2a0cedeb in term 3.
I20260710 11:00:05.210248 23957 raft_consensus.cc:2804] T 3ad3437d125a4efabb04e51812fbcb56 P 7a2185b75a2342e1adc28e6b2a0cedeb [term 3 FOLLOWER]: Leader election won for term 3
I20260710 11:00:05.212008 23957 raft_consensus.cc:697] T 3ad3437d125a4efabb04e51812fbcb56 P 7a2185b75a2342e1adc28e6b2a0cedeb [term 3 LEADER]: Becoming Leader. State: Replica: 7a2185b75a2342e1adc28e6b2a0cedeb, State: Running, Role: LEADER
I20260710 11:00:05.212860 23957 consensus_queue.cc:237] T 3ad3437d125a4efabb04e51812fbcb56 P 7a2185b75a2342e1adc28e6b2a0cedeb [LEADER]: Queue going to LEADER mode. State: All replicated index: 0, Majority replicated index: 2, Committed index: 2, Last appended: 2.2, Last appended by leader: 2, Current term: 3, Majority size: 2, State: 0, Mode: LEADER, active raft config: opid_index: -1 OBSOLETE_local: false peers { permanent_uuid: "d7e0457225fa4878b1003254aa4f1937" member_type: VOTER last_known_addr { host: "127.22.112.1" port: 36583 } } peers { permanent_uuid: "7a2185b75a2342e1adc28e6b2a0cedeb" member_type: VOTER last_known_addr { host: "127.22.112.2" port: 44295 } } peers { permanent_uuid: "7611e15534da4181bb9b9ce7e50f2910" member_type: VOTER last_known_addr { host: "127.22.112.3" port: 35089 } }
I20260710 11:00:05.220835 23521 catalog_manager.cc:5697] T 3ad3437d125a4efabb04e51812fbcb56 P 7a2185b75a2342e1adc28e6b2a0cedeb reported cstate change: term changed from 2 to 3, leader changed from d7e0457225fa4878b1003254aa4f1937 (127.22.112.1) to 7a2185b75a2342e1adc28e6b2a0cedeb (127.22.112.2). New cstate: current_term: 3 leader_uuid: "7a2185b75a2342e1adc28e6b2a0cedeb" committed_config { opid_index: -1 OBSOLETE_local: false peers { permanent_uuid: "d7e0457225fa4878b1003254aa4f1937" member_type: VOTER last_known_addr { host: "127.22.112.1" port: 36583 } health_report { overall_health: UNKNOWN } } peers { permanent_uuid: "7a2185b75a2342e1adc28e6b2a0cedeb" member_type: VOTER last_known_addr { host: "127.22.112.2" port: 44295 } health_report { overall_health: HEALTHY } } peers { permanent_uuid: "7611e15534da4181bb9b9ce7e50f2910" member_type: VOTER last_known_addr { host: "127.22.112.3" port: 35089 } health_report { overall_health: UNKNOWN } } }
I20260710 11:00:05.253145 23955 raft_consensus.cc:993] T d1248e09fcd6498180d5c108c9295a89 P d7e0457225fa4878b1003254aa4f1937: : Instructing follower 7a2185b75a2342e1adc28e6b2a0cedeb to start an election
I20260710 11:00:05.253676 23958 raft_consensus.cc:1081] T d1248e09fcd6498180d5c108c9295a89 P d7e0457225fa4878b1003254aa4f1937 [term 3 LEADER]: Signalling peer 7a2185b75a2342e1adc28e6b2a0cedeb to start an election
I20260710 11:00:05.255365 23700 tablet_service.cc:2044] Received Run Leader Election RPC: tablet_id: "d1248e09fcd6498180d5c108c9295a89"
dest_uuid: "7a2185b75a2342e1adc28e6b2a0cedeb"
 from {username='slave'} at 127.0.0.1:60276
I20260710 11:00:05.255865 23700 raft_consensus.cc:493] T d1248e09fcd6498180d5c108c9295a89 P 7a2185b75a2342e1adc28e6b2a0cedeb [term 3 FOLLOWER]: Starting forced leader election (received explicit request)
I20260710 11:00:05.256174 23700 raft_consensus.cc:3060] T d1248e09fcd6498180d5c108c9295a89 P 7a2185b75a2342e1adc28e6b2a0cedeb [term 3 FOLLOWER]: Advancing to term 4
I20260710 11:00:05.260787 23700 raft_consensus.cc:515] T d1248e09fcd6498180d5c108c9295a89 P 7a2185b75a2342e1adc28e6b2a0cedeb [term 4 FOLLOWER]: Starting forced leader election with config: opid_index: -1 OBSOLETE_local: false peers { permanent_uuid: "d7e0457225fa4878b1003254aa4f1937" member_type: VOTER last_known_addr { host: "127.22.112.1" port: 36583 } } peers { permanent_uuid: "7a2185b75a2342e1adc28e6b2a0cedeb" member_type: VOTER last_known_addr { host: "127.22.112.2" port: 44295 } } peers { permanent_uuid: "7611e15534da4181bb9b9ce7e50f2910" member_type: VOTER last_known_addr { host: "127.22.112.3" port: 35089 } }
I20260710 11:00:05.262487 23700 leader_election.cc:290] T d1248e09fcd6498180d5c108c9295a89 P 7a2185b75a2342e1adc28e6b2a0cedeb [CANDIDATE]: Term 4 election: Requested vote from peers d7e0457225fa4878b1003254aa4f1937 (127.22.112.1:36583), 7611e15534da4181bb9b9ce7e50f2910 (127.22.112.3:35089)
I20260710 11:00:05.263549 23625 tablet_service.cc:1917] Received RequestConsensusVote() RPC: tablet_id: "d1248e09fcd6498180d5c108c9295a89" candidate_uuid: "7a2185b75a2342e1adc28e6b2a0cedeb" candidate_term: 4 candidate_status { last_received { term: 3 index: 3 } } ignore_live_leader: true dest_uuid: "d7e0457225fa4878b1003254aa4f1937"
I20260710 11:00:05.263782 23772 tablet_service.cc:1917] Received RequestConsensusVote() RPC: tablet_id: "d1248e09fcd6498180d5c108c9295a89" candidate_uuid: "7a2185b75a2342e1adc28e6b2a0cedeb" candidate_term: 4 candidate_status { last_received { term: 3 index: 3 } } ignore_live_leader: true dest_uuid: "7611e15534da4181bb9b9ce7e50f2910"
I20260710 11:00:05.264142 23625 raft_consensus.cc:3055] T d1248e09fcd6498180d5c108c9295a89 P d7e0457225fa4878b1003254aa4f1937 [term 3 LEADER]: Stepping down as leader of term 3
I20260710 11:00:05.264241 23772 raft_consensus.cc:3060] T d1248e09fcd6498180d5c108c9295a89 P 7611e15534da4181bb9b9ce7e50f2910 [term 3 FOLLOWER]: Advancing to term 4
I20260710 11:00:05.264506 23625 raft_consensus.cc:740] T d1248e09fcd6498180d5c108c9295a89 P d7e0457225fa4878b1003254aa4f1937 [term 3 LEADER]: Becoming Follower/Learner. State: Replica: d7e0457225fa4878b1003254aa4f1937, State: Running, Role: LEADER
I20260710 11:00:05.265298 23625 consensus_queue.cc:260] T d1248e09fcd6498180d5c108c9295a89 P d7e0457225fa4878b1003254aa4f1937 [NON_LEADER]: Queue going to NON_LEADER mode. State: All replicated index: 0, Majority replicated index: 3, Committed index: 3, Last appended: 3.3, Last appended by leader: 3, Current term: 3, Majority size: -1, State: 0, Mode: NON_LEADER, active raft config: opid_index: -1 OBSOLETE_local: false peers { permanent_uuid: "d7e0457225fa4878b1003254aa4f1937" member_type: VOTER last_known_addr { host: "127.22.112.1" port: 36583 } } peers { permanent_uuid: "7a2185b75a2342e1adc28e6b2a0cedeb" member_type: VOTER last_known_addr { host: "127.22.112.2" port: 44295 } } peers { permanent_uuid: "7611e15534da4181bb9b9ce7e50f2910" member_type: VOTER last_known_addr { host: "127.22.112.3" port: 35089 } }
I20260710 11:00:05.266444 23625 raft_consensus.cc:3060] T d1248e09fcd6498180d5c108c9295a89 P d7e0457225fa4878b1003254aa4f1937 [term 3 FOLLOWER]: Advancing to term 4
I20260710 11:00:05.271253 23772 raft_consensus.cc:2468] T d1248e09fcd6498180d5c108c9295a89 P 7611e15534da4181bb9b9ce7e50f2910 [term 4 FOLLOWER]: Leader election vote request: Granting yes vote for candidate 7a2185b75a2342e1adc28e6b2a0cedeb in term 4.
I20260710 11:00:05.272651 23663 leader_election.cc:304] T d1248e09fcd6498180d5c108c9295a89 P 7a2185b75a2342e1adc28e6b2a0cedeb [CANDIDATE]: Term 4 election: Election decided. Result: candidate won. Election summary: received 2 responses out of 3 voters: 2 yes votes; 0 no votes. yes voters: 7611e15534da4181bb9b9ce7e50f2910, 7a2185b75a2342e1adc28e6b2a0cedeb; no voters: 
I20260710 11:00:05.272867 23625 raft_consensus.cc:2468] T d1248e09fcd6498180d5c108c9295a89 P d7e0457225fa4878b1003254aa4f1937 [term 4 FOLLOWER]: Leader election vote request: Granting yes vote for candidate 7a2185b75a2342e1adc28e6b2a0cedeb in term 4.
I20260710 11:00:05.273613 23957 raft_consensus.cc:2804] T d1248e09fcd6498180d5c108c9295a89 P 7a2185b75a2342e1adc28e6b2a0cedeb [term 4 FOLLOWER]: Leader election won for term 4
I20260710 11:00:05.274267 23957 raft_consensus.cc:697] T d1248e09fcd6498180d5c108c9295a89 P 7a2185b75a2342e1adc28e6b2a0cedeb [term 4 LEADER]: Becoming Leader. State: Replica: 7a2185b75a2342e1adc28e6b2a0cedeb, State: Running, Role: LEADER
I20260710 11:00:05.275178 23957 consensus_queue.cc:237] T d1248e09fcd6498180d5c108c9295a89 P 7a2185b75a2342e1adc28e6b2a0cedeb [LEADER]: Queue going to LEADER mode. State: All replicated index: 0, Majority replicated index: 3, Committed index: 3, Last appended: 3.3, Last appended by leader: 3, Current term: 4, Majority size: 2, State: 0, Mode: LEADER, active raft config: opid_index: -1 OBSOLETE_local: false peers { permanent_uuid: "d7e0457225fa4878b1003254aa4f1937" member_type: VOTER last_known_addr { host: "127.22.112.1" port: 36583 } } peers { permanent_uuid: "7a2185b75a2342e1adc28e6b2a0cedeb" member_type: VOTER last_known_addr { host: "127.22.112.2" port: 44295 } } peers { permanent_uuid: "7611e15534da4181bb9b9ce7e50f2910" member_type: VOTER last_known_addr { host: "127.22.112.3" port: 35089 } }
I20260710 11:00:05.283321 23521 catalog_manager.cc:5697] T d1248e09fcd6498180d5c108c9295a89 P 7a2185b75a2342e1adc28e6b2a0cedeb reported cstate change: term changed from 3 to 4, leader changed from d7e0457225fa4878b1003254aa4f1937 (127.22.112.1) to 7a2185b75a2342e1adc28e6b2a0cedeb (127.22.112.2). New cstate: current_term: 4 leader_uuid: "7a2185b75a2342e1adc28e6b2a0cedeb" committed_config { opid_index: -1 OBSOLETE_local: false peers { permanent_uuid: "d7e0457225fa4878b1003254aa4f1937" member_type: VOTER last_known_addr { host: "127.22.112.1" port: 36583 } health_report { overall_health: UNKNOWN } } peers { permanent_uuid: "7a2185b75a2342e1adc28e6b2a0cedeb" member_type: VOTER last_known_addr { host: "127.22.112.2" port: 44295 } health_report { overall_health: HEALTHY } } peers { permanent_uuid: "7611e15534da4181bb9b9ce7e50f2910" member_type: VOTER last_known_addr { host: "127.22.112.3" port: 35089 } health_report { overall_health: UNKNOWN } } }
I20260710 11:00:05.395784 23955 raft_consensus.cc:993] T 6703ced7abd8445a81f1a0420e42f521 P d7e0457225fa4878b1003254aa4f1937: : Instructing follower 7611e15534da4181bb9b9ce7e50f2910 to start an election
I20260710 11:00:05.396351 23955 raft_consensus.cc:1081] T 6703ced7abd8445a81f1a0420e42f521 P d7e0457225fa4878b1003254aa4f1937 [term 3 LEADER]: Signalling peer 7611e15534da4181bb9b9ce7e50f2910 to start an election
I20260710 11:00:05.398095 23772 tablet_service.cc:2044] Received Run Leader Election RPC: tablet_id: "6703ced7abd8445a81f1a0420e42f521"
dest_uuid: "7611e15534da4181bb9b9ce7e50f2910"
 from {username='slave'} at 127.0.0.1:34298
I20260710 11:00:05.398752 23772 raft_consensus.cc:493] T 6703ced7abd8445a81f1a0420e42f521 P 7611e15534da4181bb9b9ce7e50f2910 [term 3 FOLLOWER]: Starting forced leader election (received explicit request)
I20260710 11:00:05.399169 23772 raft_consensus.cc:3060] T 6703ced7abd8445a81f1a0420e42f521 P 7611e15534da4181bb9b9ce7e50f2910 [term 3 FOLLOWER]: Advancing to term 4
I20260710 11:00:05.405131 23772 raft_consensus.cc:515] T 6703ced7abd8445a81f1a0420e42f521 P 7611e15534da4181bb9b9ce7e50f2910 [term 4 FOLLOWER]: Starting forced leader election with config: opid_index: -1 OBSOLETE_local: false peers { permanent_uuid: "d7e0457225fa4878b1003254aa4f1937" member_type: VOTER last_known_addr { host: "127.22.112.1" port: 36583 } } peers { permanent_uuid: "7a2185b75a2342e1adc28e6b2a0cedeb" member_type: VOTER last_known_addr { host: "127.22.112.2" port: 44295 } } peers { permanent_uuid: "7611e15534da4181bb9b9ce7e50f2910" member_type: VOTER last_known_addr { host: "127.22.112.3" port: 35089 } }
I20260710 11:00:05.407501 23772 leader_election.cc:290] T 6703ced7abd8445a81f1a0420e42f521 P 7611e15534da4181bb9b9ce7e50f2910 [CANDIDATE]: Term 4 election: Requested vote from peers d7e0457225fa4878b1003254aa4f1937 (127.22.112.1:36583), 7a2185b75a2342e1adc28e6b2a0cedeb (127.22.112.2:44295)
