I20260710 11:00:00.672448 28066 consensus_queue.cc:237] T 8a3099cd85ce45279da7ebd17f61450f P a35791db2d4d41ad904adc7d81f5a913 [LEADER]: Queue going to LEADER mode. State: All replicated index: 0, Majority replicated index: 1, Committed index: 1, Last appended: 1.1, Last appended by leader: 1, Current term: 2, Majority size: 2, State: 0, Mode: LEADER, active raft config: opid_index: -1 OBSOLETE_local: false peers { permanent_uuid: "a35791db2d4d41ad904adc7d81f5a913" member_type: VOTER last_known_addr { host: "127.26.140.129" port: 37589 } } peers { permanent_uuid: "f8260bba36704c66ac1109d0bd75977a" member_type: VOTER last_known_addr { host: "127.26.140.130" port: 46751 } } peers { permanent_uuid: "4db71b4a743d4389b7e0a691fc4e96ca" member_type: VOTER last_known_addr { host: "127.26.140.131" port: 35249 } }
I20260710 11:00:00.677742 27970 tablet_service.cc:1917] Received RequestConsensusVote() RPC: tablet_id: "8a3099cd85ce45279da7ebd17f61450f" candidate_uuid: "a35791db2d4d41ad904adc7d81f5a913" candidate_term: 2 candidate_status { last_received { term: 1 index: 1 } } ignore_live_leader: true dest_uuid: "4db71b4a743d4389b7e0a691fc4e96ca"
I20260710 11:00:00.678455 27970 raft_consensus.cc:3055] T 8a3099cd85ce45279da7ebd17f61450f P 4db71b4a743d4389b7e0a691fc4e96ca [term 1 LEADER]: Stepping down as leader of term 1
I20260710 11:00:00.678797 27970 raft_consensus.cc:740] T 8a3099cd85ce45279da7ebd17f61450f P 4db71b4a743d4389b7e0a691fc4e96ca [term 1 LEADER]: Becoming Follower/Learner. State: Replica: 4db71b4a743d4389b7e0a691fc4e96ca, State: Running, Role: LEADER
I20260710 11:00:00.679786 27970 consensus_queue.cc:260] T 8a3099cd85ce45279da7ebd17f61450f P 4db71b4a743d4389b7e0a691fc4e96ca [NON_LEADER]: Queue going to NON_LEADER mode. State: All replicated index: 0, Majority replicated index: 1, Committed index: 1, Last appended: 1.1, Last appended by leader: 1, Current term: 1, Majority size: -1, State: 0, Mode: NON_LEADER, active raft config: opid_index: -1 OBSOLETE_local: false peers { permanent_uuid: "a35791db2d4d41ad904adc7d81f5a913" member_type: VOTER last_known_addr { host: "127.26.140.129" port: 37589 } } peers { permanent_uuid: "f8260bba36704c66ac1109d0bd75977a" member_type: VOTER last_known_addr { host: "127.26.140.130" port: 46751 } } peers { permanent_uuid: "4db71b4a743d4389b7e0a691fc4e96ca" member_type: VOTER last_known_addr { host: "127.26.140.131" port: 35249 } }
I20260710 11:00:00.681275 27970 raft_consensus.cc:3060] T 8a3099cd85ce45279da7ebd17f61450f P 4db71b4a743d4389b7e0a691fc4e96ca [term 1 FOLLOWER]: Advancing to term 2
I20260710 11:00:00.681511 28019 raft_consensus.cc:993] T 50688fd407a74838b6bc2de672482602 P 4db71b4a743d4389b7e0a691fc4e96ca: : Instructing follower f8260bba36704c66ac1109d0bd75977a to start an election
I20260710 11:00:00.682111 28019 raft_consensus.cc:1081] T 50688fd407a74838b6bc2de672482602 P 4db71b4a743d4389b7e0a691fc4e96ca [term 1 LEADER]: Signalling peer f8260bba36704c66ac1109d0bd75977a to start an election
I20260710 11:00:00.689756 27896 tablet_service.cc:2044] Received Run Leader Election RPC: tablet_id: "50688fd407a74838b6bc2de672482602"
dest_uuid: "f8260bba36704c66ac1109d0bd75977a"
 from {username='slave'} at 127.0.0.1:59496
I20260710 11:00:00.690331 27970 raft_consensus.cc:2468] T 8a3099cd85ce45279da7ebd17f61450f P 4db71b4a743d4389b7e0a691fc4e96ca [term 2 FOLLOWER]: Leader election vote request: Granting yes vote for candidate a35791db2d4d41ad904adc7d81f5a913 in term 2.
I20260710 11:00:00.690439 27896 raft_consensus.cc:493] T 50688fd407a74838b6bc2de672482602 P f8260bba36704c66ac1109d0bd75977a [term 1 FOLLOWER]: Starting forced leader election (received explicit request)
I20260710 11:00:00.690615 28021 raft_consensus.cc:993] T ff89e63da16a4fd1bf121aa9e441df59 P f8260bba36704c66ac1109d0bd75977a: : Instructing follower 4db71b4a743d4389b7e0a691fc4e96ca to start an election
I20260710 11:00:00.691004 27896 raft_consensus.cc:3060] T 50688fd407a74838b6bc2de672482602 P f8260bba36704c66ac1109d0bd75977a [term 1 FOLLOWER]: Advancing to term 2
I20260710 11:00:00.691282 28021 raft_consensus.cc:1081] T ff89e63da16a4fd1bf121aa9e441df59 P f8260bba36704c66ac1109d0bd75977a [term 1 LEADER]: Signalling peer 4db71b4a743d4389b7e0a691fc4e96ca to start an election
I20260710 11:00:00.693260 27972 tablet_service.cc:2044] Received Run Leader Election RPC: tablet_id: "ff89e63da16a4fd1bf121aa9e441df59"
dest_uuid: "4db71b4a743d4389b7e0a691fc4e96ca"
 from {username='slave'} at 127.0.0.1:55616
I20260710 11:00:00.693912 27972 raft_consensus.cc:493] T ff89e63da16a4fd1bf121aa9e441df59 P 4db71b4a743d4389b7e0a691fc4e96ca [term 1 FOLLOWER]: Starting forced leader election (received explicit request)
I20260710 11:00:00.694348 27972 raft_consensus.cc:3060] T ff89e63da16a4fd1bf121aa9e441df59 P 4db71b4a743d4389b7e0a691fc4e96ca [term 1 FOLLOWER]: Advancing to term 2
I20260710 11:00:00.697275 27721 catalog_manager.cc:5697] T d7b501b7097e47ff8a7a53bd451e4c06 P f8260bba36704c66ac1109d0bd75977a reported cstate change: term changed from 1 to 2, leader changed from a35791db2d4d41ad904adc7d81f5a913 (127.26.140.129) to f8260bba36704c66ac1109d0bd75977a (127.26.140.130). New cstate: current_term: 2 leader_uuid: "f8260bba36704c66ac1109d0bd75977a" committed_config { opid_index: -1 OBSOLETE_local: false peers { permanent_uuid: "a35791db2d4d41ad904adc7d81f5a913" member_type: VOTER last_known_addr { host: "127.26.140.129" port: 37589 } health_report { overall_health: UNKNOWN } } peers { permanent_uuid: "f8260bba36704c66ac1109d0bd75977a" member_type: VOTER last_known_addr { host: "127.26.140.130" port: 46751 } health_report { overall_health: HEALTHY } } peers { permanent_uuid: "4db71b4a743d4389b7e0a691fc4e96ca" member_type: VOTER last_known_addr { host: "127.26.140.131" port: 35249 } health_report { overall_health: UNKNOWN } } }
I20260710 11:00:00.698743 27719 catalog_manager.cc:5697] T 8a3099cd85ce45279da7ebd17f61450f P a35791db2d4d41ad904adc7d81f5a913 reported cstate change: term changed from 1 to 2, leader changed from 4db71b4a743d4389b7e0a691fc4e96ca (127.26.140.131) to a35791db2d4d41ad904adc7d81f5a913 (127.26.140.129). New cstate: current_term: 2 leader_uuid: "a35791db2d4d41ad904adc7d81f5a913" committed_config { opid_index: -1 OBSOLETE_local: false peers { permanent_uuid: "a35791db2d4d41ad904adc7d81f5a913" member_type: VOTER last_known_addr { host: "127.26.140.129" port: 37589 } health_report { overall_health: HEALTHY } } peers { permanent_uuid: "f8260bba36704c66ac1109d0bd75977a" member_type: VOTER last_known_addr { host: "127.26.140.130" port: 46751 } health_report { overall_health: UNKNOWN } } peers { permanent_uuid: "4db71b4a743d4389b7e0a691fc4e96ca" member_type: VOTER last_known_addr { host: "127.26.140.131" port: 35249 } health_report { overall_health: UNKNOWN } } }
I20260710 11:00:00.700937 27896 raft_consensus.cc:515] T 50688fd407a74838b6bc2de672482602 P f8260bba36704c66ac1109d0bd75977a [term 2 FOLLOWER]: Starting forced leader election with config: opid_index: -1 OBSOLETE_local: false peers { permanent_uuid: "a35791db2d4d41ad904adc7d81f5a913" member_type: VOTER last_known_addr { host: "127.26.140.129" port: 37589 } } peers { permanent_uuid: "f8260bba36704c66ac1109d0bd75977a" member_type: VOTER last_known_addr { host: "127.26.140.130" port: 46751 } } peers { permanent_uuid: "4db71b4a743d4389b7e0a691fc4e96ca" member_type: VOTER last_known_addr { host: "127.26.140.131" port: 35249 } }
I20260710 11:00:00.701699 27972 raft_consensus.cc:515] T ff89e63da16a4fd1bf121aa9e441df59 P 4db71b4a743d4389b7e0a691fc4e96ca [term 2 FOLLOWER]: Starting forced leader election with config: opid_index: -1 OBSOLETE_local: false peers { permanent_uuid: "a35791db2d4d41ad904adc7d81f5a913" member_type: VOTER last_known_addr { host: "127.26.140.129" port: 37589 } } peers { permanent_uuid: "f8260bba36704c66ac1109d0bd75977a" member_type: VOTER last_known_addr { host: "127.26.140.130" port: 46751 } } peers { permanent_uuid: "4db71b4a743d4389b7e0a691fc4e96ca" member_type: VOTER last_known_addr { host: "127.26.140.131" port: 35249 } }
I20260710 11:00:00.703552 27896 leader_election.cc:290] T 50688fd407a74838b6bc2de672482602 P f8260bba36704c66ac1109d0bd75977a [CANDIDATE]: Term 2 election: Requested vote from peers a35791db2d4d41ad904adc7d81f5a913 (127.26.140.129:37589), 4db71b4a743d4389b7e0a691fc4e96ca (127.26.140.131:35249)
I20260710 11:00:00.704120 27822 tablet_service.cc:1917] Received RequestConsensusVote() RPC: tablet_id: "50688fd407a74838b6bc2de672482602" candidate_uuid: "f8260bba36704c66ac1109d0bd75977a" candidate_term: 2 candidate_status { last_received { term: 1 index: 1 } } ignore_live_leader: true dest_uuid: "a35791db2d4d41ad904adc7d81f5a913"
I20260710 11:00:00.706462 27970 tablet_service.cc:1917] Received RequestConsensusVote() RPC: tablet_id: "50688fd407a74838b6bc2de672482602" candidate_uuid: "f8260bba36704c66ac1109d0bd75977a" candidate_term: 2 candidate_status { last_received { term: 1 index: 1 } } ignore_live_leader: true dest_uuid: "4db71b4a743d4389b7e0a691fc4e96ca"
I20260710 11:00:00.707082 27970 raft_consensus.cc:3055] T 50688fd407a74838b6bc2de672482602 P 4db71b4a743d4389b7e0a691fc4e96ca [term 1 LEADER]: Stepping down as leader of term 1
I20260710 11:00:00.707186 27972 leader_election.cc:290] T ff89e63da16a4fd1bf121aa9e441df59 P 4db71b4a743d4389b7e0a691fc4e96ca [CANDIDATE]: Term 2 election: Requested vote from peers a35791db2d4d41ad904adc7d81f5a913 (127.26.140.129:37589), f8260bba36704c66ac1109d0bd75977a (127.26.140.130:46751)
I20260710 11:00:00.707442 27970 raft_consensus.cc:740] T 50688fd407a74838b6bc2de672482602 P 4db71b4a743d4389b7e0a691fc4e96ca [term 1 LEADER]: Becoming Follower/Learner. State: Replica: 4db71b4a743d4389b7e0a691fc4e96ca, State: Running, Role: LEADER
I20260710 11:00:00.708328 27970 consensus_queue.cc:260] T 50688fd407a74838b6bc2de672482602 P 4db71b4a743d4389b7e0a691fc4e96ca [NON_LEADER]: Queue going to NON_LEADER mode. State: All replicated index: 0, Majority replicated index: 1, Committed index: 1, Last appended: 1.1, Last appended by leader: 1, Current term: 1, Majority size: -1, State: 0, Mode: NON_LEADER, active raft config: opid_index: -1 OBSOLETE_local: false peers { permanent_uuid: "a35791db2d4d41ad904adc7d81f5a913" member_type: VOTER last_known_addr { host: "127.26.140.129" port: 37589 } } peers { permanent_uuid: "f8260bba36704c66ac1109d0bd75977a" member_type: VOTER last_known_addr { host: "127.26.140.130" port: 46751 } } peers { permanent_uuid: "4db71b4a743d4389b7e0a691fc4e96ca" member_type: VOTER last_known_addr { host: "127.26.140.131" port: 35249 } }
I20260710 11:00:00.709458 27896 tablet_service.cc:1917] Received RequestConsensusVote() RPC: tablet_id: "ff89e63da16a4fd1bf121aa9e441df59" candidate_uuid: "4db71b4a743d4389b7e0a691fc4e96ca" candidate_term: 2 candidate_status { last_received { term: 1 index: 1 } } ignore_live_leader: true dest_uuid: "f8260bba36704c66ac1109d0bd75977a"
I20260710 11:00:00.709575 27970 raft_consensus.cc:3060] T 50688fd407a74838b6bc2de672482602 P 4db71b4a743d4389b7e0a691fc4e96ca [term 1 FOLLOWER]: Advancing to term 2
I20260710 11:00:00.710151 27896 raft_consensus.cc:3055] T ff89e63da16a4fd1bf121aa9e441df59 P f8260bba36704c66ac1109d0bd75977a [term 1 LEADER]: Stepping down as leader of term 1
I20260710 11:00:00.710525 27896 raft_consensus.cc:740] T ff89e63da16a4fd1bf121aa9e441df59 P f8260bba36704c66ac1109d0bd75977a [term 1 LEADER]: Becoming Follower/Learner. State: Replica: f8260bba36704c66ac1109d0bd75977a, State: Running, Role: LEADER
I20260710 11:00:00.709627 27821 tablet_service.cc:1917] Received RequestConsensusVote() RPC: tablet_id: "ff89e63da16a4fd1bf121aa9e441df59" candidate_uuid: "4db71b4a743d4389b7e0a691fc4e96ca" candidate_term: 2 candidate_status { last_received { term: 1 index: 1 } } ignore_live_leader: true dest_uuid: "a35791db2d4d41ad904adc7d81f5a913"
I20260710 11:00:00.711552 27821 raft_consensus.cc:3060] T ff89e63da16a4fd1bf121aa9e441df59 P a35791db2d4d41ad904adc7d81f5a913 [term 1 FOLLOWER]: Advancing to term 2
I20260710 11:00:00.711345 27896 consensus_queue.cc:260] T ff89e63da16a4fd1bf121aa9e441df59 P f8260bba36704c66ac1109d0bd75977a [NON_LEADER]: Queue going to NON_LEADER mode. State: All replicated index: 0, Majority replicated index: 1, Committed index: 1, Last appended: 1.1, Last appended by leader: 1, Current term: 1, Majority size: -1, State: 0, Mode: NON_LEADER, active raft config: opid_index: -1 OBSOLETE_local: false peers { permanent_uuid: "a35791db2d4d41ad904adc7d81f5a913" member_type: VOTER last_known_addr { host: "127.26.140.129" port: 37589 } } peers { permanent_uuid: "f8260bba36704c66ac1109d0bd75977a" member_type: VOTER last_known_addr { host: "127.26.140.130" port: 46751 } } peers { permanent_uuid: "4db71b4a743d4389b7e0a691fc4e96ca" member_type: VOTER last_known_addr { host: "127.26.140.131" port: 35249 } }
I20260710 11:00:00.712710 27896 raft_consensus.cc:3060] T ff89e63da16a4fd1bf121aa9e441df59 P f8260bba36704c66ac1109d0bd75977a [term 1 FOLLOWER]: Advancing to term 2
I20260710 11:00:00.717285 27970 raft_consensus.cc:2468] T 50688fd407a74838b6bc2de672482602 P 4db71b4a743d4389b7e0a691fc4e96ca [term 2 FOLLOWER]: Leader election vote request: Granting yes vote for candidate f8260bba36704c66ac1109d0bd75977a in term 2.
I20260710 11:00:00.718639 27864 leader_election.cc:304] T 50688fd407a74838b6bc2de672482602 P f8260bba36704c66ac1109d0bd75977a [CANDIDATE]: Term 2 election: Election decided. Result: candidate won. Election summary: received 3 responses out of 3 voters: 2 yes votes; 1 no votes. yes voters: 4db71b4a743d4389b7e0a691fc4e96ca, f8260bba36704c66ac1109d0bd75977a; no voters: a35791db2d4d41ad904adc7d81f5a913
I20260710 11:00:00.719491 27821 raft_consensus.cc:2468] T ff89e63da16a4fd1bf121aa9e441df59 P a35791db2d4d41ad904adc7d81f5a913 [term 2 FOLLOWER]: Leader election vote request: Granting yes vote for candidate 4db71b4a743d4389b7e0a691fc4e96ca in term 2.
I20260710 11:00:00.719646 27896 raft_consensus.cc:2468] T ff89e63da16a4fd1bf121aa9e441df59 P f8260bba36704c66ac1109d0bd75977a [term 2 FOLLOWER]: Leader election vote request: Granting yes vote for candidate 4db71b4a743d4389b7e0a691fc4e96ca in term 2.
I20260710 11:00:00.719771 28042 raft_consensus.cc:2804] T 50688fd407a74838b6bc2de672482602 P f8260bba36704c66ac1109d0bd75977a [term 2 FOLLOWER]: Leader election won for term 2
I20260710 11:00:00.720295 28042 raft_consensus.cc:697] T 50688fd407a74838b6bc2de672482602 P f8260bba36704c66ac1109d0bd75977a [term 2 LEADER]: Becoming Leader. State: Replica: f8260bba36704c66ac1109d0bd75977a, State: Running, Role: LEADER
I20260710 11:00:00.721138 28042 consensus_queue.cc:237] T 50688fd407a74838b6bc2de672482602 P f8260bba36704c66ac1109d0bd75977a [LEADER]: Queue going to LEADER mode. State: All replicated index: 0, Majority replicated index: 1, Committed index: 1, Last appended: 1.1, Last appended by leader: 1, Current term: 2, Majority size: 2, State: 0, Mode: LEADER, active raft config: opid_index: -1 OBSOLETE_local: false peers { permanent_uuid: "a35791db2d4d41ad904adc7d81f5a913" member_type: VOTER last_known_addr { host: "127.26.140.129" port: 37589 } } peers { permanent_uuid: "f8260bba36704c66ac1109d0bd75977a" member_type: VOTER last_known_addr { host: "127.26.140.130" port: 46751 } } peers { permanent_uuid: "4db71b4a743d4389b7e0a691fc4e96ca" member_type: VOTER last_known_addr { host: "127.26.140.131" port: 35249 } }
I20260710 11:00:00.721809 27935 leader_election.cc:304] T ff89e63da16a4fd1bf121aa9e441df59 P 4db71b4a743d4389b7e0a691fc4e96ca [CANDIDATE]: Term 2 election: Election decided. Result: candidate won. Election summary: received 2 responses out of 3 voters: 2 yes votes; 0 no votes. yes voters: 4db71b4a743d4389b7e0a691fc4e96ca, a35791db2d4d41ad904adc7d81f5a913; no voters: 
I20260710 11:00:00.722649 28037 raft_consensus.cc:2804] T ff89e63da16a4fd1bf121aa9e441df59 P 4db71b4a743d4389b7e0a691fc4e96ca [term 2 FOLLOWER]: Leader election won for term 2
I20260710 11:00:00.723399 28037 raft_consensus.cc:697] T ff89e63da16a4fd1bf121aa9e441df59 P 4db71b4a743d4389b7e0a691fc4e96ca [term 2 LEADER]: Becoming Leader. State: Replica: 4db71b4a743d4389b7e0a691fc4e96ca, State: Running, Role: LEADER
I20260710 11:00:00.724284 28037 consensus_queue.cc:237] T ff89e63da16a4fd1bf121aa9e441df59 P 4db71b4a743d4389b7e0a691fc4e96ca [LEADER]: Queue going to LEADER mode. State: All replicated index: 0, Majority replicated index: 1, Committed index: 1, Last appended: 1.1, Last appended by leader: 1, Current term: 2, Majority size: 2, State: 0, Mode: LEADER, active raft config: opid_index: -1 OBSOLETE_local: false peers { permanent_uuid: "a35791db2d4d41ad904adc7d81f5a913" member_type: VOTER last_known_addr { host: "127.26.140.129" port: 37589 } } peers { permanent_uuid: "f8260bba36704c66ac1109d0bd75977a" member_type: VOTER last_known_addr { host: "127.26.140.130" port: 46751 } } peers { permanent_uuid: "4db71b4a743d4389b7e0a691fc4e96ca" member_type: VOTER last_known_addr { host: "127.26.140.131" port: 35249 } }
I20260710 11:00:00.734500 27719 catalog_manager.cc:5697] T 50688fd407a74838b6bc2de672482602 P f8260bba36704c66ac1109d0bd75977a reported cstate change: term changed from 1 to 2, leader changed from 4db71b4a743d4389b7e0a691fc4e96ca (127.26.140.131) to f8260bba36704c66ac1109d0bd75977a (127.26.140.130). New cstate: current_term: 2 leader_uuid: "f8260bba36704c66ac1109d0bd75977a" committed_config { opid_index: -1 OBSOLETE_local: false peers { permanent_uuid: "a35791db2d4d41ad904adc7d81f5a913" member_type: VOTER last_known_addr { host: "127.26.140.129" port: 37589 } health_report { overall_health: UNKNOWN } } peers { permanent_uuid: "f8260bba36704c66ac1109d0bd75977a" member_type: VOTER last_known_addr { host: "127.26.140.130" port: 46751 } health_report { overall_health: HEALTHY } } peers { permanent_uuid: "4db71b4a743d4389b7e0a691fc4e96ca" member_type: VOTER last_known_addr { host: "127.26.140.131" port: 35249 } health_report { overall_health: UNKNOWN } } }
I20260710 11:00:00.743965 27721 catalog_manager.cc:5697] T ff89e63da16a4fd1bf121aa9e441df59 P 4db71b4a743d4389b7e0a691fc4e96ca reported cstate change: term changed from 1 to 2, leader changed from f8260bba36704c66ac1109d0bd75977a (127.26.140.130) to 4db71b4a743d4389b7e0a691fc4e96ca (127.26.140.131). New cstate: current_term: 2 leader_uuid: "4db71b4a743d4389b7e0a691fc4e96ca" committed_config { opid_index: -1 OBSOLETE_local: false peers { permanent_uuid: "a35791db2d4d41ad904adc7d81f5a913" member_type: VOTER last_known_addr { host: "127.26.140.129" port: 37589 } health_report { overall_health: UNKNOWN } } peers { permanent_uuid: "f8260bba36704c66ac1109d0bd75977a" member_type: VOTER last_known_addr { host: "127.26.140.130" port: 46751 } health_report { overall_health: UNKNOWN } } peers { permanent_uuid: "4db71b4a743d4389b7e0a691fc4e96ca" member_type: VOTER last_known_addr { host: "127.26.140.131" port: 35249 } health_report { overall_health: HEALTHY } } }
I20260710 11:00:00.815086 28045 raft_consensus.cc:993] T 38969f5f25934252a9e61fa0b26ed7f9 P 4db71b4a743d4389b7e0a691fc4e96ca: : Instructing follower a35791db2d4d41ad904adc7d81f5a913 to start an election
I20260710 11:00:00.815735 28019 raft_consensus.cc:1081] T 38969f5f25934252a9e61fa0b26ed7f9 P 4db71b4a743d4389b7e0a691fc4e96ca [term 1 LEADER]: Signalling peer a35791db2d4d41ad904adc7d81f5a913 to start an election
I20260710 11:00:00.817744 27821 tablet_service.cc:2044] Received Run Leader Election RPC: tablet_id: "38969f5f25934252a9e61fa0b26ed7f9"
dest_uuid: "a35791db2d4d41ad904adc7d81f5a913"
 from {username='slave'} at 127.0.0.1:59398
I20260710 11:00:00.818388 27821 raft_consensus.cc:493] T 38969f5f25934252a9e61fa0b26ed7f9 P a35791db2d4d41ad904adc7d81f5a913 [term 1 FOLLOWER]: Starting forced leader election (received explicit request)
I20260710 11:00:00.818810 27821 raft_consensus.cc:3060] T 38969f5f25934252a9e61fa0b26ed7f9 P a35791db2d4d41ad904adc7d81f5a913 [term 1 FOLLOWER]: Advancing to term 2
I20260710 11:00:00.824700 27821 raft_consensus.cc:515] T 38969f5f25934252a9e61fa0b26ed7f9 P a35791db2d4d41ad904adc7d81f5a913 [term 2 FOLLOWER]: Starting forced leader election with config: opid_index: -1 OBSOLETE_local: false peers { permanent_uuid: "a35791db2d4d41ad904adc7d81f5a913" member_type: VOTER last_known_addr { host: "127.26.140.129" port: 37589 } } peers { permanent_uuid: "f8260bba36704c66ac1109d0bd75977a" member_type: VOTER last_known_addr { host: "127.26.140.130" port: 46751 } } peers { permanent_uuid: "4db71b4a743d4389b7e0a691fc4e96ca" member_type: VOTER last_known_addr { host: "127.26.140.131" port: 35249 } }
I20260710 11:00:00.826412 27821 leader_election.cc:290] T 38969f5f25934252a9e61fa0b26ed7f9 P a35791db2d4d41ad904adc7d81f5a913 [CANDIDATE]: Term 2 election: Requested vote from peers f8260bba36704c66ac1109d0bd75977a (127.26.140.130:46751), 4db71b4a743d4389b7e0a691fc4e96ca (127.26.140.131:35249)
I20260710 11:00:00.827391 27896 tablet_service.cc:1917] Received RequestConsensusVote() RPC: tablet_id: "38969f5f25934252a9e61fa0b26ed7f9" candidate_uuid: "a35791db2d4d41ad904adc7d81f5a913" candidate_term: 2 candidate_status { last_received { term: 1 index: 1 } } ignore_live_leader: true dest_uuid: "f8260bba36704c66ac1109d0bd75977a"
I20260710 11:00:00.827576 27970 tablet_service.cc:1917] Received RequestConsensusVote() RPC: tablet_id: "38969f5f25934252a9e61fa0b26ed7f9" candidate_uuid: "a35791db2d4d41ad904adc7d81f5a913" candidate_term: 2 candidate_status { last_received { term: 1 index: 1 } } ignore_live_leader: true dest_uuid: "4db71b4a743d4389b7e0a691fc4e96ca"
I20260710 11:00:00.827886 27896 raft_consensus.cc:3060] T 38969f5f25934252a9e61fa0b26ed7f9 P f8260bba36704c66ac1109d0bd75977a [term 1 FOLLOWER]: Advancing to term 2
I20260710 11:00:00.828096 27970 raft_consensus.cc:3055] T 38969f5f25934252a9e61fa0b26ed7f9 P 4db71b4a743d4389b7e0a691fc4e96ca [term 1 LEADER]: Stepping down as leader of term 1
I20260710 11:00:00.828439 27970 raft_consensus.cc:740] T 38969f5f25934252a9e61fa0b26ed7f9 P 4db71b4a743d4389b7e0a691fc4e96ca [term 1 LEADER]: Becoming Follower/Learner. State: Replica: 4db71b4a743d4389b7e0a691fc4e96ca, State: Running, Role: LEADER
I20260710 11:00:00.829080 27970 consensus_queue.cc:260] T 38969f5f25934252a9e61fa0b26ed7f9 P 4db71b4a743d4389b7e0a691fc4e96ca [NON_LEADER]: Queue going to NON_LEADER mode. State: All replicated index: 0, Majority replicated index: 1, Committed index: 1, Last appended: 1.1, Last appended by leader: 1, Current term: 1, Majority size: -1, State: 0, Mode: NON_LEADER, active raft config: opid_index: -1 OBSOLETE_local: false peers { permanent_uuid: "a35791db2d4d41ad904adc7d81f5a913" member_type: VOTER last_known_addr { host: "127.26.140.129" port: 37589 } } peers { permanent_uuid: "f8260bba36704c66ac1109d0bd75977a" member_type: VOTER last_known_addr { host: "127.26.140.130" port: 46751 } } peers { permanent_uuid: "4db71b4a743d4389b7e0a691fc4e96ca" member_type: VOTER last_known_addr { host: "127.26.140.131" port: 35249 } }
I20260710 11:00:00.829946 27970 raft_consensus.cc:3060] T 38969f5f25934252a9e61fa0b26ed7f9 P 4db71b4a743d4389b7e0a691fc4e96ca [term 1 FOLLOWER]: Advancing to term 2
I20260710 11:00:00.832835 27896 raft_consensus.cc:2468] T 38969f5f25934252a9e61fa0b26ed7f9 P f8260bba36704c66ac1109d0bd75977a [term 2 FOLLOWER]: Leader election vote request: Granting yes vote for candidate a35791db2d4d41ad904adc7d81f5a913 in term 2.
I20260710 11:00:00.834156 27789 leader_election.cc:304] T 38969f5f25934252a9e61fa0b26ed7f9 P a35791db2d4d41ad904adc7d81f5a913 [CANDIDATE]: Term 2 election: Election decided. Result: candidate won. Election summary: received 2 responses out of 3 voters: 2 yes votes; 0 no votes. yes voters: a35791db2d4d41ad904adc7d81f5a913, f8260bba36704c66ac1109d0bd75977a; no voters: 
I20260710 11:00:00.835142 28066 raft_consensus.cc:2804] T 38969f5f25934252a9e61fa0b26ed7f9 P a35791db2d4d41ad904adc7d81f5a913 [term 2 FOLLOWER]: Leader election won for term 2
I20260710 11:00:00.835646 28066 raft_consensus.cc:697] T 38969f5f25934252a9e61fa0b26ed7f9 P a35791db2d4d41ad904adc7d81f5a913 [term 2 LEADER]: Becoming Leader. State: Replica: a35791db2d4d41ad904adc7d81f5a913, State: Running, Role: LEADER
I20260710 11:00:00.836277 27970 raft_consensus.cc:2468] T 38969f5f25934252a9e61fa0b26ed7f9 P 4db71b4a743d4389b7e0a691fc4e96ca [term 2 FOLLOWER]: Leader election vote request: Granting yes vote for candidate a35791db2d4d41ad904adc7d81f5a913 in term 2.
I20260710 11:00:00.836476 28066 consensus_queue.cc:237] T 38969f5f25934252a9e61fa0b26ed7f9 P a35791db2d4d41ad904adc7d81f5a913 [LEADER]: Queue going to LEADER mode. State: All replicated index: 0, Majority replicated index: 1, Committed index: 1, Last appended: 1.1, Last appended by leader: 1, Current term: 2, Majority size: 2, State: 0, Mode: LEADER, active raft config: opid_index: -1 OBSOLETE_local: false peers { permanent_uuid: "a35791db2d4d41ad904adc7d81f5a913" member_type: VOTER last_known_addr { host: "127.26.140.129" port: 37589 } } peers { permanent_uuid: "f8260bba36704c66ac1109d0bd75977a" member_type: VOTER last_known_addr { host: "127.26.140.130" port: 46751 } } peers { permanent_uuid: "4db71b4a743d4389b7e0a691fc4e96ca" member_type: VOTER last_known_addr { host: "127.26.140.131" port: 35249 } }
I20260710 11:00:00.843266 27721 catalog_manager.cc:5697] T 38969f5f25934252a9e61fa0b26ed7f9 P a35791db2d4d41ad904adc7d81f5a913 reported cstate change: term changed from 1 to 2, leader changed from 4db71b4a743d4389b7e0a691fc4e96ca (127.26.140.131) to a35791db2d4d41ad904adc7d81f5a913 (127.26.140.129). New cstate: current_term: 2 leader_uuid: "a35791db2d4d41ad904adc7d81f5a913" committed_config { opid_index: -1 OBSOLETE_local: false peers { permanent_uuid: "a35791db2d4d41ad904adc7d81f5a913" member_type: VOTER last_known_addr { host: "127.26.140.129" port: 37589 } health_report { overall_health: HEALTHY } } peers { permanent_uuid: "f8260bba36704c66ac1109d0bd75977a" member_type: VOTER last_known_addr { host: "127.26.140.130" port: 46751 } health_report { overall_health: UNKNOWN } } peers { permanent_uuid: "4db71b4a743d4389b7e0a691fc4e96ca" member_type: VOTER last_known_addr { host: "127.26.140.131" port: 35249 } health_report { overall_health: UNKNOWN } } }
I20260710 11:00:00.904323 27896 raft_consensus.cc:1275] T b60f619a01ce42f8a9536e643abbb0ca P f8260bba36704c66ac1109d0bd75977a [term 2 FOLLOWER]: Refusing update from remote peer a35791db2d4d41ad904adc7d81f5a913: Log matching property violated. Preceding OpId in replica: term: 1 index: 1. Preceding OpId from leader: term: 2 index: 2. (index mismatch)
I20260710 11:00:00.906348 28066 consensus_queue.cc:1048] T b60f619a01ce42f8a9536e643abbb0ca P a35791db2d4d41ad904adc7d81f5a913 [LEADER]: Connected to new peer: Peer: permanent_uuid: "f8260bba36704c66ac1109d0bd75977a" member_type: VOTER last_known_addr { host: "127.26.140.130" port: 46751 }, Status: LMP_MISMATCH, Last received: 0.0, Next index: 2, Last known committed idx: 1, Time since last communication: 0.000s
I20260710 11:00:00.917237 27970 raft_consensus.cc:1275] T b60f619a01ce42f8a9536e643abbb0ca P 4db71b4a743d4389b7e0a691fc4e96ca [term 2 FOLLOWER]: Refusing update from remote peer a35791db2d4d41ad904adc7d81f5a913: Log matching property violated. Preceding OpId in replica: term: 1 index: 1. Preceding OpId from leader: term: 2 index: 2. (index mismatch)
I20260710 11:00:00.919688 28039 consensus_queue.cc:1048] T b60f619a01ce42f8a9536e643abbb0ca P a35791db2d4d41ad904adc7d81f5a913 [LEADER]: Connected to new peer: Peer: permanent_uuid: "4db71b4a743d4389b7e0a691fc4e96ca" member_type: VOTER last_known_addr { host: "127.26.140.131" port: 35249 }, Status: LMP_MISMATCH, Last received: 0.0, Next index: 2, Last known committed idx: 1, Time since last communication: 0.000s
I20260710 11:00:00.981640 27821 raft_consensus.cc:1275] T 35291537eb1846f7bd9ec1418217e664 P a35791db2d4d41ad904adc7d81f5a913 [term 2 FOLLOWER]: Refusing update from remote peer f8260bba36704c66ac1109d0bd75977a: Log matching property violated. Preceding OpId in replica: term: 1 index: 1. Preceding OpId from leader: term: 2 index: 2. (index mismatch)
I20260710 11:00:00.983053 28042 consensus_queue.cc:1048] T 35291537eb1846f7bd9ec1418217e664 P f8260bba36704c66ac1109d0bd75977a [LEADER]: Connected to new peer: Peer: permanent_uuid: "a35791db2d4d41ad904adc7d81f5a913" member_type: VOTER last_known_addr { host: "127.26.140.129" port: 37589 }, Status: LMP_MISMATCH, Last received: 0.0, Next index: 2, Last known committed idx: 1, Time since last communication: 0.000s
I20260710 11:00:00.992388 27970 raft_consensus.cc:1275] T 35291537eb1846f7bd9ec1418217e664 P 4db71b4a743d4389b7e0a691fc4e96ca [term 2 FOLLOWER]: Refusing update from remote peer f8260bba36704c66ac1109d0bd75977a: Log matching property violated. Preceding OpId in replica: term: 1 index: 1. Preceding OpId from leader: term: 2 index: 2. (index mismatch)
I20260710 11:00:00.994171 28021 consensus_queue.cc:1048] T 35291537eb1846f7bd9ec1418217e664 P f8260bba36704c66ac1109d0bd75977a [LEADER]: Connected to new peer: Peer: permanent_uuid: "4db71b4a743d4389b7e0a691fc4e96ca" member_type: VOTER last_known_addr { host: "127.26.140.131" port: 35249 }, Status: LMP_MISMATCH, Last received: 0.0, Next index: 2, Last known committed idx: 1, Time since last communication: 0.000s
I20260710 11:00:01.110427 27970 raft_consensus.cc:1275] T 47ba566b4db1419ca1ad0d67274d7a83 P 4db71b4a743d4389b7e0a691fc4e96ca [term 2 FOLLOWER]: Refusing update from remote peer f8260bba36704c66ac1109d0bd75977a: Log matching property violated. Preceding OpId in replica: term: 1 index: 1. Preceding OpId from leader: term: 2 index: 2. (index mismatch)
I20260710 11:00:01.112223 28021 consensus_queue.cc:1048] T 47ba566b4db1419ca1ad0d67274d7a83 P f8260bba36704c66ac1109d0bd75977a [LEADER]: Connected to new peer: Peer: permanent_uuid: "4db71b4a743d4389b7e0a691fc4e96ca" member_type: VOTER last_known_addr { host: "127.26.140.131" port: 35249 }, Status: LMP_MISMATCH, Last received: 0.0, Next index: 2, Last known committed idx: 1, Time since last communication: 0.000s
I20260710 11:00:01.120584 27821 raft_consensus.cc:1275] T 47ba566b4db1419ca1ad0d67274d7a83 P a35791db2d4d41ad904adc7d81f5a913 [term 2 FOLLOWER]: Refusing update from remote peer f8260bba36704c66ac1109d0bd75977a: Log matching property violated. Preceding OpId in replica: term: 1 index: 1. Preceding OpId from leader: term: 2 index: 2. (index mismatch)
I20260710 11:00:01.123901 28042 consensus_queue.cc:1048] T 47ba566b4db1419ca1ad0d67274d7a83 P f8260bba36704c66ac1109d0bd75977a [LEADER]: Connected to new peer: Peer: permanent_uuid: "a35791db2d4d41ad904adc7d81f5a913" member_type: VOTER last_known_addr { host: "127.26.140.129" port: 37589 }, Status: LMP_MISMATCH, Last received: 0.0, Next index: 2, Last known committed idx: 1, Time since last communication: 0.000s
I20260710 11:00:01.126828 27821 raft_consensus.cc:1275] T d7b501b7097e47ff8a7a53bd451e4c06 P a35791db2d4d41ad904adc7d81f5a913 [term 2 FOLLOWER]: Refusing update from remote peer f8260bba36704c66ac1109d0bd75977a: Log matching property violated. Preceding OpId in replica: term: 1 index: 1. Preceding OpId from leader: term: 2 index: 2. (index mismatch)
I20260710 11:00:01.133013 28042 consensus_queue.cc:1048] T d7b501b7097e47ff8a7a53bd451e4c06 P f8260bba36704c66ac1109d0bd75977a [LEADER]: Connected to new peer: Peer: permanent_uuid: "a35791db2d4d41ad904adc7d81f5a913" member_type: VOTER last_known_addr { host: "127.26.140.129" port: 37589 }, Status: LMP_MISMATCH, Last received: 0.0, Next index: 2, Last known committed idx: 1, Time since last communication: 0.000s
I20260710 11:00:01.141830 27970 raft_consensus.cc:1275] T d7b501b7097e47ff8a7a53bd451e4c06 P 4db71b4a743d4389b7e0a691fc4e96ca [term 2 FOLLOWER]: Refusing update from remote peer f8260bba36704c66ac1109d0bd75977a: Log matching property violated. Preceding OpId in replica: term: 1 index: 1. Preceding OpId from leader: term: 2 index: 2. (index mismatch)
I20260710 11:00:01.143332 28060 consensus_queue.cc:1048] T d7b501b7097e47ff8a7a53bd451e4c06 P f8260bba36704c66ac1109d0bd75977a [LEADER]: Connected to new peer: Peer: permanent_uuid: "4db71b4a743d4389b7e0a691fc4e96ca" member_type: VOTER last_known_addr { host: "127.26.140.131" port: 35249 }, Status: LMP_MISMATCH, Last received: 0.0, Next index: 2, Last known committed idx: 1, Time since last communication: 0.000s
I20260710 11:00:01.144516 27970 raft_consensus.cc:1275] T 50688fd407a74838b6bc2de672482602 P 4db71b4a743d4389b7e0a691fc4e96ca [term 2 FOLLOWER]: Refusing update from remote peer f8260bba36704c66ac1109d0bd75977a: Log matching property violated. Preceding OpId in replica: term: 1 index: 1. Preceding OpId from leader: term: 2 index: 2. (index mismatch)
I20260710 11:00:01.146616 28060 consensus_queue.cc:1048] T 50688fd407a74838b6bc2de672482602 P f8260bba36704c66ac1109d0bd75977a [LEADER]: Connected to new peer: Peer: permanent_uuid: "4db71b4a743d4389b7e0a691fc4e96ca" member_type: VOTER last_known_addr { host: "127.26.140.131" port: 35249 }, Status: LMP_MISMATCH, Last received: 0.0, Next index: 2, Last known committed idx: 1, Time since last communication: 0.000s
I20260710 11:00:01.156203 27822 raft_consensus.cc:3060] T 50688fd407a74838b6bc2de672482602 P a35791db2d4d41ad904adc7d81f5a913 [term 1 FOLLOWER]: Advancing to term 2
I20260710 11:00:01.165146 27822 raft_consensus.cc:1275] T 50688fd407a74838b6bc2de672482602 P a35791db2d4d41ad904adc7d81f5a913 [term 2 FOLLOWER]: Refusing update from remote peer f8260bba36704c66ac1109d0bd75977a: Log matching property violated. Preceding OpId in replica: term: 1 index: 1. Preceding OpId from leader: term: 2 index: 2. (index mismatch)
I20260710 11:00:01.169313 28107 consensus_queue.cc:1048] T 50688fd407a74838b6bc2de672482602 P f8260bba36704c66ac1109d0bd75977a [LEADER]: Connected to new peer: Peer: permanent_uuid: "a35791db2d4d41ad904adc7d81f5a913" member_type: VOTER last_known_addr { host: "127.26.140.129" port: 37589 }, Status: LMP_MISMATCH, Last received: 0.0, Next index: 2, Last known committed idx: 1, Time since last communication: 0.001s
I20260710 11:00:01.178342 27896 raft_consensus.cc:1275] T 8a3099cd85ce45279da7ebd17f61450f P f8260bba36704c66ac1109d0bd75977a [term 2 FOLLOWER]: Refusing update from remote peer a35791db2d4d41ad904adc7d81f5a913: Log matching property violated. Preceding OpId in replica: term: 1 index: 1. Preceding OpId from leader: term: 2 index: 2. (index mismatch)
I20260710 11:00:01.179903 28039 consensus_queue.cc:1048] T 8a3099cd85ce45279da7ebd17f61450f P a35791db2d4d41ad904adc7d81f5a913 [LEADER]: Connected to new peer: Peer: permanent_uuid: "f8260bba36704c66ac1109d0bd75977a" member_type: VOTER last_known_addr { host: "127.26.140.130" port: 46751 }, Status: LMP_MISMATCH, Last received: 0.0, Next index: 2, Last known committed idx: 1, Time since last communication: 0.000s
I20260710 11:00:01.191141 27970 raft_consensus.cc:1275] T 8a3099cd85ce45279da7ebd17f61450f P 4db71b4a743d4389b7e0a691fc4e96ca [term 2 FOLLOWER]: Refusing update from remote peer a35791db2d4d41ad904adc7d81f5a913: Log matching property violated. Preceding OpId in replica: term: 1 index: 1. Preceding OpId from leader: term: 2 index: 2. (index mismatch)
I20260710 11:00:01.193327 28017 consensus_queue.cc:1048] T 8a3099cd85ce45279da7ebd17f61450f P a35791db2d4d41ad904adc7d81f5a913 [LEADER]: Connected to new peer: Peer: permanent_uuid: "4db71b4a743d4389b7e0a691fc4e96ca" member_type: VOTER last_known_addr { host: "127.26.140.131" port: 35249 }, Status: LMP_MISMATCH, Last received: 0.0, Next index: 2, Last known committed idx: 1, Time since last communication: 0.000s
I20260710 11:00:01.220516 27896 raft_consensus.cc:1275] T 38969f5f25934252a9e61fa0b26ed7f9 P f8260bba36704c66ac1109d0bd75977a [term 2 FOLLOWER]: Refusing update from remote peer a35791db2d4d41ad904adc7d81f5a913: Log matching property violated. Preceding OpId in replica: term: 1 index: 1. Preceding OpId from leader: term: 2 index: 2. (index mismatch)
I20260710 11:00:01.221897 28017 consensus_queue.cc:1048] T 38969f5f25934252a9e61fa0b26ed7f9 P a35791db2d4d41ad904adc7d81f5a913 [LEADER]: Connected to new peer: Peer: permanent_uuid: "f8260bba36704c66ac1109d0bd75977a" member_type: VOTER last_known_addr { host: "127.26.140.130" port: 46751 }, Status: LMP_MISMATCH, Last received: 0.0, Next index: 2, Last known committed idx: 1, Time since last communication: 0.000s
I20260710 11:00:01.232350 27970 raft_consensus.cc:1275] T 38969f5f25934252a9e61fa0b26ed7f9 P 4db71b4a743d4389b7e0a691fc4e96ca [term 2 FOLLOWER]: Refusing update from remote peer a35791db2d4d41ad904adc7d81f5a913: Log matching property violated. Preceding OpId in replica: term: 1 index: 1. Preceding OpId from leader: term: 2 index: 2. (index mismatch)
I20260710 11:00:01.234467 28017 consensus_queue.cc:1048] T 38969f5f25934252a9e61fa0b26ed7f9 P a35791db2d4d41ad904adc7d81f5a913 [LEADER]: Connected to new peer: Peer: permanent_uuid: "4db71b4a743d4389b7e0a691fc4e96ca" member_type: VOTER last_known_addr { host: "127.26.140.131" port: 35249 }, Status: LMP_MISMATCH, Last received: 0.0, Next index: 2, Last known committed idx: 1, Time since last communication: 0.000s
I20260710 11:00:01.337719 27896 raft_consensus.cc:1275] T ff89e63da16a4fd1bf121aa9e441df59 P f8260bba36704c66ac1109d0bd75977a [term 2 FOLLOWER]: Refusing update from remote peer 4db71b4a743d4389b7e0a691fc4e96ca: Log matching property violated. Preceding OpId in replica: term: 1 index: 1. Preceding OpId from leader: term: 2 index: 2. (index mismatch)
I20260710 11:00:01.339319 28019 consensus_queue.cc:1048] T ff89e63da16a4fd1bf121aa9e441df59 P 4db71b4a743d4389b7e0a691fc4e96ca [LEADER]: Connected to new peer: Peer: permanent_uuid: "f8260bba36704c66ac1109d0bd75977a" member_type: VOTER last_known_addr { host: "127.26.140.130" port: 46751 }, Status: LMP_MISMATCH, Last received: 0.0, Next index: 2, Last known committed idx: 1, Time since last communication: 0.001s
I20260710 11:00:01.350340 27822 raft_consensus.cc:1275] T ff89e63da16a4fd1bf121aa9e441df59 P a35791db2d4d41ad904adc7d81f5a913 [term 2 FOLLOWER]: Refusing update from remote peer 4db71b4a743d4389b7e0a691fc4e96ca: Log matching property violated. Preceding OpId in replica: term: 1 index: 1. Preceding OpId from leader: term: 2 index: 2. (index mismatch)
I20260710 11:00:01.358163 28111 consensus_queue.cc:1048] T ff89e63da16a4fd1bf121aa9e441df59 P 4db71b4a743d4389b7e0a691fc4e96ca [LEADER]: Connected to new peer: Peer: permanent_uuid: "a35791db2d4d41ad904adc7d81f5a913" member_type: VOTER last_known_addr { host: "127.26.140.129" port: 37589 }, Status: LMP_MISMATCH, Last received: 0.0, Next index: 2, Last known committed idx: 1, Time since last communication: 0.001s
I20260710 11:00:03.371019 27186 auto_leader_rebalancer-test.cc:348] The leader distribution is 
I20260710 11:00:03.371949 27186 auto_leader_rebalancer.cc:141] leader rebalance for table test-workload
I20260710 11:00:03.388528 27822 tablet_service.cc:2072] Received LeaderStepDown RPC: tablet_id: "8a3099cd85ce45279da7ebd17f61450f"
dest_uuid: "a35791db2d4d41ad904adc7d81f5a913"
mode: GRACEFUL
new_leader_uuid: "4db71b4a743d4389b7e0a691fc4e96ca"
 from {username='slave'} at 127.0.0.1:55396
I20260710 11:00:03.389323 27822 raft_consensus.cc:606] T 8a3099cd85ce45279da7ebd17f61450f P a35791db2d4d41ad904adc7d81f5a913 [term 2 LEADER]: Received request to transfer leadership to TS 4db71b4a743d4389b7e0a691fc4e96ca
I20260710 11:00:03.392166 27822 tablet_service.cc:2072] Received LeaderStepDown RPC: tablet_id: "fdba325409ab49b8b711fab7661f3195"
dest_uuid: "a35791db2d4d41ad904adc7d81f5a913"
mode: GRACEFUL
new_leader_uuid: "4db71b4a743d4389b7e0a691fc4e96ca"
 from {username='slave'} at 127.0.0.1:55396
I20260710 11:00:03.392866 27822 raft_consensus.cc:606] T fdba325409ab49b8b711fab7661f3195 P a35791db2d4d41ad904adc7d81f5a913 [term 1 LEADER]: Received request to transfer leadership to TS 4db71b4a743d4389b7e0a691fc4e96ca
I20260710 11:00:03.394282 27186 auto_leader_rebalancer.cc:452] table: test-workload, leader rebalance finish, leader transfer count: 2
I20260710 11:00:03.395749 27186 auto_leader_rebalancer.cc:527] All tables' leader rebalancing finished this round
I20260710 11:00:03.614167 28117 raft_consensus.cc:993] T 8a3099cd85ce45279da7ebd17f61450f P a35791db2d4d41ad904adc7d81f5a913: : Instructing follower 4db71b4a743d4389b7e0a691fc4e96ca to start an election
I20260710 11:00:03.614717 28017 raft_consensus.cc:1081] T 8a3099cd85ce45279da7ebd17f61450f P a35791db2d4d41ad904adc7d81f5a913 [term 2 LEADER]: Signalling peer 4db71b4a743d4389b7e0a691fc4e96ca to start an election
I20260710 11:00:03.616386 27970 tablet_service.cc:2044] Received Run Leader Election RPC: tablet_id: "8a3099cd85ce45279da7ebd17f61450f"
dest_uuid: "4db71b4a743d4389b7e0a691fc4e96ca"
 from {username='slave'} at 127.0.0.1:55614
I20260710 11:00:03.616935 27970 raft_consensus.cc:493] T 8a3099cd85ce45279da7ebd17f61450f P 4db71b4a743d4389b7e0a691fc4e96ca [term 2 FOLLOWER]: Starting forced leader election (received explicit request)
I20260710 11:00:03.617262 27970 raft_consensus.cc:3060] T 8a3099cd85ce45279da7ebd17f61450f P 4db71b4a743d4389b7e0a691fc4e96ca [term 2 FOLLOWER]: Advancing to term 3
I20260710 11:00:03.621784 27970 raft_consensus.cc:515] T 8a3099cd85ce45279da7ebd17f61450f P 4db71b4a743d4389b7e0a691fc4e96ca [term 3 FOLLOWER]: Starting forced leader election with config: opid_index: -1 OBSOLETE_local: false peers { permanent_uuid: "a35791db2d4d41ad904adc7d81f5a913" member_type: VOTER last_known_addr { host: "127.26.140.129" port: 37589 } } peers { permanent_uuid: "f8260bba36704c66ac1109d0bd75977a" member_type: VOTER last_known_addr { host: "127.26.140.130" port: 46751 } } peers { permanent_uuid: "4db71b4a743d4389b7e0a691fc4e96ca" member_type: VOTER last_known_addr { host: "127.26.140.131" port: 35249 } }
I20260710 11:00:03.624140 27970 leader_election.cc:290] T 8a3099cd85ce45279da7ebd17f61450f P 4db71b4a743d4389b7e0a691fc4e96ca [CANDIDATE]: Term 3 election: Requested vote from peers a35791db2d4d41ad904adc7d81f5a913 (127.26.140.129:37589), f8260bba36704c66ac1109d0bd75977a (127.26.140.130:46751)
I20260710 11:00:03.624284 27822 tablet_service.cc:1917] Received RequestConsensusVote() RPC: tablet_id: "8a3099cd85ce45279da7ebd17f61450f" candidate_uuid: "4db71b4a743d4389b7e0a691fc4e96ca" candidate_term: 3 candidate_status { last_received { term: 2 index: 2 } } ignore_live_leader: true dest_uuid: "a35791db2d4d41ad904adc7d81f5a913"
I20260710 11:00:03.624554 27895 tablet_service.cc:1917] Received RequestConsensusVote() RPC: tablet_id: "8a3099cd85ce45279da7ebd17f61450f" candidate_uuid: "4db71b4a743d4389b7e0a691fc4e96ca" candidate_term: 3 candidate_status { last_received { term: 2 index: 2 } } ignore_live_leader: true dest_uuid: "f8260bba36704c66ac1109d0bd75977a"
I20260710 11:00:03.624856 27822 raft_consensus.cc:3055] T 8a3099cd85ce45279da7ebd17f61450f P a35791db2d4d41ad904adc7d81f5a913 [term 2 LEADER]: Stepping down as leader of term 2
I20260710 11:00:03.625109 27895 raft_consensus.cc:3060] T 8a3099cd85ce45279da7ebd17f61450f P f8260bba36704c66ac1109d0bd75977a [term 2 FOLLOWER]: Advancing to term 3
I20260710 11:00:03.625239 27822 raft_consensus.cc:740] T 8a3099cd85ce45279da7ebd17f61450f P a35791db2d4d41ad904adc7d81f5a913 [term 2 LEADER]: Becoming Follower/Learner. State: Replica: a35791db2d4d41ad904adc7d81f5a913, State: Running, Role: LEADER
I20260710 11:00:03.626108 27822 consensus_queue.cc:260] T 8a3099cd85ce45279da7ebd17f61450f P a35791db2d4d41ad904adc7d81f5a913 [NON_LEADER]: Queue going to NON_LEADER mode. State: All replicated index: 0, Majority replicated index: 2, Committed index: 2, Last appended: 2.2, Last appended by leader: 2, Current term: 2, Majority size: -1, State: 0, Mode: NON_LEADER, active raft config: opid_index: -1 OBSOLETE_local: false peers { permanent_uuid: "a35791db2d4d41ad904adc7d81f5a913" member_type: VOTER last_known_addr { host: "127.26.140.129" port: 37589 } } peers { permanent_uuid: "f8260bba36704c66ac1109d0bd75977a" member_type: VOTER last_known_addr { host: "127.26.140.130" port: 46751 } } peers { permanent_uuid: "4db71b4a743d4389b7e0a691fc4e96ca" member_type: VOTER last_known_addr { host: "127.26.140.131" port: 35249 } }
I20260710 11:00:03.627103 27822 raft_consensus.cc:3060] T 8a3099cd85ce45279da7ebd17f61450f P a35791db2d4d41ad904adc7d81f5a913 [term 2 FOLLOWER]: Advancing to term 3
I20260710 11:00:03.630200 27895 raft_consensus.cc:2468] T 8a3099cd85ce45279da7ebd17f61450f P f8260bba36704c66ac1109d0bd75977a [term 3 FOLLOWER]: Leader election vote request: Granting yes vote for candidate 4db71b4a743d4389b7e0a691fc4e96ca in term 3.
I20260710 11:00:03.631346 27938 leader_election.cc:304] T 8a3099cd85ce45279da7ebd17f61450f P 4db71b4a743d4389b7e0a691fc4e96ca [CANDIDATE]: Term 3 election: Election decided. Result: candidate won. Election summary: received 2 responses out of 3 voters: 2 yes votes; 0 no votes. yes voters: 4db71b4a743d4389b7e0a691fc4e96ca, f8260bba36704c66ac1109d0bd75977a; no voters: 
I20260710 11:00:03.631727 27822 raft_consensus.cc:2468] T 8a3099cd85ce45279da7ebd17f61450f P a35791db2d4d41ad904adc7d81f5a913 [term 3 FOLLOWER]: Leader election vote request: Granting yes vote for candidate 4db71b4a743d4389b7e0a691fc4e96ca in term 3.
I20260710 11:00:03.632227 28019 raft_consensus.cc:2804] T 8a3099cd85ce45279da7ebd17f61450f P 4db71b4a743d4389b7e0a691fc4e96ca [term 3 FOLLOWER]: Leader election won for term 3
I20260710 11:00:03.633140 28019 raft_consensus.cc:697] T 8a3099cd85ce45279da7ebd17f61450f P 4db71b4a743d4389b7e0a691fc4e96ca [term 3 LEADER]: Becoming Leader. State: Replica: 4db71b4a743d4389b7e0a691fc4e96ca, State: Running, Role: LEADER
I20260710 11:00:03.633837 28019 consensus_queue.cc:237] T 8a3099cd85ce45279da7ebd17f61450f P 4db71b4a743d4389b7e0a691fc4e96ca [LEADER]: Queue going to LEADER mode. State: All replicated index: 0, Majority replicated index: 2, Committed index: 2, Last appended: 2.2, Last appended by leader: 2, Current term: 3, Majority size: 2, State: 0, Mode: LEADER, active raft config: opid_index: -1 OBSOLETE_local: false peers { permanent_uuid: "a35791db2d4d41ad904adc7d81f5a913" member_type: VOTER last_known_addr { host: "127.26.140.129" port: 37589 } } peers { permanent_uuid: "f8260bba36704c66ac1109d0bd75977a" member_type: VOTER last_known_addr { host: "127.26.140.130" port: 46751 } } peers { permanent_uuid: "4db71b4a743d4389b7e0a691fc4e96ca" member_type: VOTER last_known_addr { host: "127.26.140.131" port: 35249 } }
I20260710 11:00:03.640970 27719 catalog_manager.cc:5697] T 8a3099cd85ce45279da7ebd17f61450f P 4db71b4a743d4389b7e0a691fc4e96ca reported cstate change: term changed from 2 to 3, leader changed from a35791db2d4d41ad904adc7d81f5a913 (127.26.140.129) to 4db71b4a743d4389b7e0a691fc4e96ca (127.26.140.131). New cstate: current_term: 3 leader_uuid: "4db71b4a743d4389b7e0a691fc4e96ca" committed_config { opid_index: -1 OBSOLETE_local: false peers { permanent_uuid: "a35791db2d4d41ad904adc7d81f5a913" member_type: VOTER last_known_addr { host: "127.26.140.129" port: 37589 } health_report { overall_health: UNKNOWN } } peers { permanent_uuid: "f8260bba36704c66ac1109d0bd75977a" member_type: VOTER last_known_addr { host: "127.26.140.130" port: 46751 } health_report { overall_health: UNKNOWN } } peers { permanent_uuid: "4db71b4a743d4389b7e0a691fc4e96ca" member_type: VOTER last_known_addr { host: "127.26.140.131" port: 35249 } health_report { overall_health: HEALTHY } } }
I20260710 11:00:03.819653 28117 raft_consensus.cc:993] T fdba325409ab49b8b711fab7661f3195 P a35791db2d4d41ad904adc7d81f5a913: : Instructing follower 4db71b4a743d4389b7e0a691fc4e96ca to start an election
I20260710 11:00:03.820156 28017 raft_consensus.cc:1081] T fdba325409ab49b8b711fab7661f3195 P a35791db2d4d41ad904adc7d81f5a913 [term 1 LEADER]: Signalling peer 4db71b4a743d4389b7e0a691fc4e96ca to start an election
I20260710 11:00:03.821785 27971 tablet_service.cc:2044] Received Run Leader Election RPC: tablet_id: "fdba325409ab49b8b711fab7661f3195"
dest_uuid: "4db71b4a743d4389b7e0a691fc4e96ca"
 from {username='slave'} at 127.0.0.1:55614
I20260710 11:00:03.822314 27971 raft_consensus.cc:493] T fdba325409ab49b8b711fab7661f3195 P 4db71b4a743d4389b7e0a691fc4e96ca [term 1 FOLLOWER]: Starting forced leader election (received explicit request)
I20260710 11:00:03.822605 27971 raft_consensus.cc:3060] T fdba325409ab49b8b711fab7661f3195 P 4db71b4a743d4389b7e0a691fc4e96ca [term 1 FOLLOWER]: Advancing to term 2
I20260710 11:00:03.828871 27971 raft_consensus.cc:515] T fdba325409ab49b8b711fab7661f3195 P 4db71b4a743d4389b7e0a691fc4e96ca [term 2 FOLLOWER]: Starting forced leader election with config: opid_index: -1 OBSOLETE_local: false peers { permanent_uuid: "a35791db2d4d41ad904adc7d81f5a913" member_type: VOTER last_known_addr { host: "127.26.140.129" port: 37589 } } peers { permanent_uuid: "f8260bba36704c66ac1109d0bd75977a" member_type: VOTER last_known_addr { host: "127.26.140.130" port: 46751 } } peers { permanent_uuid: "4db71b4a743d4389b7e0a691fc4e96ca" member_type: VOTER last_known_addr { host: "127.26.140.131" port: 35249 } }
I20260710 11:00:03.830371 27971 leader_election.cc:290] T fdba325409ab49b8b711fab7661f3195 P 4db71b4a743d4389b7e0a691fc4e96ca [CANDIDATE]: Term 2 election: Requested vote from peers a35791db2d4d41ad904adc7d81f5a913 (127.26.140.129:37589), f8260bba36704c66ac1109d0bd75977a (127.26.140.130:46751)
I20260710 11:00:03.831652 27822 tablet_service.cc:1917] Received RequestConsensusVote() RPC: tablet_id: "fdba325409ab49b8b711fab7661f3195" candidate_uuid: "4db71b4a743d4389b7e0a691fc4e96ca" candidate_term: 2 candidate_status { last_received { term: 1 index: 1 } } ignore_live_leader: true dest_uuid: "a35791db2d4d41ad904adc7d81f5a913"
I20260710 11:00:03.831702 27895 tablet_service.cc:1917] Received RequestConsensusVote() RPC: tablet_id: "fdba325409ab49b8b711fab7661f3195" candidate_uuid: "4db71b4a743d4389b7e0a691fc4e96ca" candidate_term: 2 candidate_status { last_received { term: 1 index: 1 } } ignore_live_leader: true dest_uuid: "f8260bba36704c66ac1109d0bd75977a"
