I20260710 11:04:05.201189 17929 consensus_queue.cc:237] T 90c0b674d07447aa959dffbadcce9219 P a36eaff671934e1badf7ae0436fe9c6d [LEADER]: Queue going to LEADER mode. State: All replicated index: 0, Majority replicated index: 0, Committed index: 0, Last appended: 0.0, Last appended by leader: 0, Current term: 1, Majority size: 2, State: 0, Mode: LEADER, active raft config: opid_index: -1 OBSOLETE_local: false peers { permanent_uuid: "dc819ecda7b74bcb9c5dea9ce01178f0" member_type: VOTER last_known_addr { host: "127.16.46.129" port: 36613 } } peers { permanent_uuid: "3631c3c42e6548e1947fe906224008c0" member_type: VOTER last_known_addr { host: "127.16.46.130" port: 36279 } } peers { permanent_uuid: "a36eaff671934e1badf7ae0436fe9c6d" member_type: VOTER last_known_addr { host: "127.16.46.131" port: 44677 } }
I20260710 11:04:05.203991 17878 raft_consensus.cc:359] T 5a9e8fd556cb41478e7b4ea641e9456e P dc819ecda7b74bcb9c5dea9ce01178f0 [term 0 FOLLOWER]: Replica starting. Triggering 0 pending ops. Active config: opid_index: -1 OBSOLETE_local: false peers { permanent_uuid: "dc819ecda7b74bcb9c5dea9ce01178f0" member_type: VOTER last_known_addr { host: "127.16.46.129" port: 36613 } } peers { permanent_uuid: "3631c3c42e6548e1947fe906224008c0" member_type: VOTER last_known_addr { host: "127.16.46.130" port: 36279 } } peers { permanent_uuid: "a36eaff671934e1badf7ae0436fe9c6d" member_type: VOTER last_known_addr { host: "127.16.46.131" port: 44677 } }
I20260710 11:04:05.204587 17878 raft_consensus.cc:385] T 5a9e8fd556cb41478e7b4ea641e9456e P dc819ecda7b74bcb9c5dea9ce01178f0 [term 0 FOLLOWER]: Consensus starting up: Expiring failure detector timer to make a prompt election more likely
I20260710 11:04:05.204813 17878 raft_consensus.cc:740] T 5a9e8fd556cb41478e7b4ea641e9456e P dc819ecda7b74bcb9c5dea9ce01178f0 [term 0 FOLLOWER]: Becoming Follower/Learner. State: Replica: dc819ecda7b74bcb9c5dea9ce01178f0, State: Initialized, Role: FOLLOWER
I20260710 11:04:05.205504 17878 consensus_queue.cc:260] T 5a9e8fd556cb41478e7b4ea641e9456e P dc819ecda7b74bcb9c5dea9ce01178f0 [NON_LEADER]: Queue going to NON_LEADER mode. State: All replicated index: 0, Majority replicated index: 0, Committed index: 0, Last appended: 0.0, Last appended by leader: 0, Current term: 0, Majority size: -1, State: 0, Mode: NON_LEADER, active raft config: opid_index: -1 OBSOLETE_local: false peers { permanent_uuid: "dc819ecda7b74bcb9c5dea9ce01178f0" member_type: VOTER last_known_addr { host: "127.16.46.129" port: 36613 } } peers { permanent_uuid: "3631c3c42e6548e1947fe906224008c0" member_type: VOTER last_known_addr { host: "127.16.46.130" port: 36279 } } peers { permanent_uuid: "a36eaff671934e1badf7ae0436fe9c6d" member_type: VOTER last_known_addr { host: "127.16.46.131" port: 44677 } }
I20260710 11:04:05.198331 17881 raft_consensus.cc:515] T 0c5f6d15a2ef48afaa89f06271f2113e P a36eaff671934e1badf7ae0436fe9c6d [term 1 FOLLOWER]: Starting leader election with config: opid_index: -1 OBSOLETE_local: false peers { permanent_uuid: "dc819ecda7b74bcb9c5dea9ce01178f0" member_type: VOTER last_known_addr { host: "127.16.46.129" port: 36613 } } peers { permanent_uuid: "3631c3c42e6548e1947fe906224008c0" member_type: VOTER last_known_addr { host: "127.16.46.130" port: 36279 } } peers { permanent_uuid: "a36eaff671934e1badf7ae0436fe9c6d" member_type: VOTER last_known_addr { host: "127.16.46.131" port: 44677 } }
I20260710 11:04:05.207299 17878 ts_tablet_manager.cc:1434] T 5a9e8fd556cb41478e7b4ea641e9456e P dc819ecda7b74bcb9c5dea9ce01178f0: Time spent starting tablet: real 0.006s	user 0.005s	sys 0.001s
I20260710 11:04:05.208138 17878 tablet_bootstrap.cc:492] T fed1f3a51de846c7b7bebb3f4eb849c5 P dc819ecda7b74bcb9c5dea9ce01178f0: Bootstrap starting.
I20260710 11:04:05.208540 17682 tablet_service.cc:1917] Received RequestConsensusVote() RPC: tablet_id: "0c5f6d15a2ef48afaa89f06271f2113e" candidate_uuid: "a36eaff671934e1badf7ae0436fe9c6d" candidate_term: 1 candidate_status { last_received { term: 0 index: 0 } } ignore_live_leader: false dest_uuid: "dc819ecda7b74bcb9c5dea9ce01178f0"
I20260710 11:04:05.209098 17682 raft_consensus.cc:3060] T 0c5f6d15a2ef48afaa89f06271f2113e P dc819ecda7b74bcb9c5dea9ce01178f0 [term 0 FOLLOWER]: Advancing to term 1
I20260710 11:04:05.209982 17881 leader_election.cc:290] T 0c5f6d15a2ef48afaa89f06271f2113e P a36eaff671934e1badf7ae0436fe9c6d [CANDIDATE]: Term 1 election: Requested vote from peers dc819ecda7b74bcb9c5dea9ce01178f0 (127.16.46.129:36613), 3631c3c42e6548e1947fe906224008c0 (127.16.46.130:36279)
I20260710 11:04:05.211315 17760 tablet_service.cc:1917] Received RequestConsensusVote() RPC: tablet_id: "0c5f6d15a2ef48afaa89f06271f2113e" candidate_uuid: "a36eaff671934e1badf7ae0436fe9c6d" candidate_term: 1 candidate_status { last_received { term: 0 index: 0 } } ignore_live_leader: false dest_uuid: "3631c3c42e6548e1947fe906224008c0"
I20260710 11:04:05.212069 17760 raft_consensus.cc:3060] T 0c5f6d15a2ef48afaa89f06271f2113e P 3631c3c42e6548e1947fe906224008c0 [term 0 FOLLOWER]: Advancing to term 1
I20260710 11:04:05.214145 17878 tablet_bootstrap.cc:654] T fed1f3a51de846c7b7bebb3f4eb849c5 P dc819ecda7b74bcb9c5dea9ce01178f0: Neither blocks nor log segments found. Creating new log.
I20260710 11:04:05.221033 17760 raft_consensus.cc:2468] T 0c5f6d15a2ef48afaa89f06271f2113e P 3631c3c42e6548e1947fe906224008c0 [term 1 FOLLOWER]: Leader election vote request: Granting yes vote for candidate a36eaff671934e1badf7ae0436fe9c6d in term 1.
I20260710 11:04:05.222481 17798 leader_election.cc:304] T 0c5f6d15a2ef48afaa89f06271f2113e P a36eaff671934e1badf7ae0436fe9c6d [CANDIDATE]: Term 1 election: Election decided. Result: candidate won. Election summary: received 2 responses out of 3 voters: 2 yes votes; 0 no votes. yes voters: 3631c3c42e6548e1947fe906224008c0, a36eaff671934e1badf7ae0436fe9c6d; no voters: 
I20260710 11:04:05.223160 17929 raft_consensus.cc:2804] T 0c5f6d15a2ef48afaa89f06271f2113e P a36eaff671934e1badf7ae0436fe9c6d [term 1 FOLLOWER]: Leader election won for term 1
I20260710 11:04:05.223337 17914 raft_consensus.cc:493] T fed1f3a51de846c7b7bebb3f4eb849c5 P 3631c3c42e6548e1947fe906224008c0 [term 0 FOLLOWER]: Starting pre-election (no leader contacted us within the election timeout)
I20260710 11:04:05.223800 17929 raft_consensus.cc:697] T 0c5f6d15a2ef48afaa89f06271f2113e P a36eaff671934e1badf7ae0436fe9c6d [term 1 LEADER]: Becoming Leader. State: Replica: a36eaff671934e1badf7ae0436fe9c6d, State: Running, Role: LEADER
I20260710 11:04:05.223873 17914 raft_consensus.cc:515] T fed1f3a51de846c7b7bebb3f4eb849c5 P 3631c3c42e6548e1947fe906224008c0 [term 0 FOLLOWER]: Starting pre-election with config: opid_index: -1 OBSOLETE_local: false peers { permanent_uuid: "dc819ecda7b74bcb9c5dea9ce01178f0" member_type: VOTER last_known_addr { host: "127.16.46.129" port: 36613 } } peers { permanent_uuid: "3631c3c42e6548e1947fe906224008c0" member_type: VOTER last_known_addr { host: "127.16.46.130" port: 36279 } } peers { permanent_uuid: "a36eaff671934e1badf7ae0436fe9c6d" member_type: VOTER last_known_addr { host: "127.16.46.131" port: 44677 } }
I20260710 11:04:05.224786 17878 tablet_bootstrap.cc:492] T fed1f3a51de846c7b7bebb3f4eb849c5 P dc819ecda7b74bcb9c5dea9ce01178f0: No bootstrap required, opened a new log
I20260710 11:04:05.224934 17929 consensus_queue.cc:237] T 0c5f6d15a2ef48afaa89f06271f2113e P a36eaff671934e1badf7ae0436fe9c6d [LEADER]: Queue going to LEADER mode. State: All replicated index: 0, Majority replicated index: 0, Committed index: 0, Last appended: 0.0, Last appended by leader: 0, Current term: 1, Majority size: 2, State: 0, Mode: LEADER, active raft config: opid_index: -1 OBSOLETE_local: false peers { permanent_uuid: "dc819ecda7b74bcb9c5dea9ce01178f0" member_type: VOTER last_known_addr { host: "127.16.46.129" port: 36613 } } peers { permanent_uuid: "3631c3c42e6548e1947fe906224008c0" member_type: VOTER last_known_addr { host: "127.16.46.130" port: 36279 } } peers { permanent_uuid: "a36eaff671934e1badf7ae0436fe9c6d" member_type: VOTER last_known_addr { host: "127.16.46.131" port: 44677 } }
I20260710 11:04:05.225656 17878 ts_tablet_manager.cc:1403] T fed1f3a51de846c7b7bebb3f4eb849c5 P dc819ecda7b74bcb9c5dea9ce01178f0: Time spent bootstrapping tablet: real 0.018s	user 0.010s	sys 0.004s
I20260710 11:04:05.226119 17682 raft_consensus.cc:2468] T 0c5f6d15a2ef48afaa89f06271f2113e P dc819ecda7b74bcb9c5dea9ce01178f0 [term 1 FOLLOWER]: Leader election vote request: Granting yes vote for candidate a36eaff671934e1badf7ae0436fe9c6d in term 1.
I20260710 11:04:05.228471 17832 tablet_service.cc:1917] Received RequestConsensusVote() RPC: tablet_id: "fed1f3a51de846c7b7bebb3f4eb849c5" candidate_uuid: "3631c3c42e6548e1947fe906224008c0" candidate_term: 1 candidate_status { last_received { term: 0 index: 0 } } ignore_live_leader: false dest_uuid: "a36eaff671934e1badf7ae0436fe9c6d" is_pre_election: true
I20260710 11:04:05.228286 17878 raft_consensus.cc:359] T fed1f3a51de846c7b7bebb3f4eb849c5 P dc819ecda7b74bcb9c5dea9ce01178f0 [term 0 FOLLOWER]: Replica starting. Triggering 0 pending ops. Active config: opid_index: -1 OBSOLETE_local: false peers { permanent_uuid: "dc819ecda7b74bcb9c5dea9ce01178f0" member_type: VOTER last_known_addr { host: "127.16.46.129" port: 36613 } } peers { permanent_uuid: "3631c3c42e6548e1947fe906224008c0" member_type: VOTER last_known_addr { host: "127.16.46.130" port: 36279 } } peers { permanent_uuid: "a36eaff671934e1badf7ae0436fe9c6d" member_type: VOTER last_known_addr { host: "127.16.46.131" port: 44677 } }
I20260710 11:04:05.228991 17878 raft_consensus.cc:385] T fed1f3a51de846c7b7bebb3f4eb849c5 P dc819ecda7b74bcb9c5dea9ce01178f0 [term 0 FOLLOWER]: Consensus starting up: Expiring failure detector timer to make a prompt election more likely
I20260710 11:04:05.229286 17914 leader_election.cc:290] T fed1f3a51de846c7b7bebb3f4eb849c5 P 3631c3c42e6548e1947fe906224008c0 [CANDIDATE]: Term 1 pre-election: Requested pre-vote from peers dc819ecda7b74bcb9c5dea9ce01178f0 (127.16.46.129:36613), a36eaff671934e1badf7ae0436fe9c6d (127.16.46.131:44677)
I20260710 11:04:05.229347 17878 raft_consensus.cc:740] T fed1f3a51de846c7b7bebb3f4eb849c5 P dc819ecda7b74bcb9c5dea9ce01178f0 [term 0 FOLLOWER]: Becoming Follower/Learner. State: Replica: dc819ecda7b74bcb9c5dea9ce01178f0, State: Initialized, Role: FOLLOWER
I20260710 11:04:05.229046 17832 raft_consensus.cc:2468] T fed1f3a51de846c7b7bebb3f4eb849c5 P a36eaff671934e1badf7ae0436fe9c6d [term 0 FOLLOWER]: Leader pre-election vote request: Granting yes vote for candidate 3631c3c42e6548e1947fe906224008c0 in term 0.
I20260710 11:04:05.229110 17583 catalog_manager.cc:5697] T 90c0b674d07447aa959dffbadcce9219 P a36eaff671934e1badf7ae0436fe9c6d reported cstate change: term changed from 0 to 1, leader changed from <none> to a36eaff671934e1badf7ae0436fe9c6d (127.16.46.131). New cstate: current_term: 1 leader_uuid: "a36eaff671934e1badf7ae0436fe9c6d" committed_config { opid_index: -1 OBSOLETE_local: false peers { permanent_uuid: "dc819ecda7b74bcb9c5dea9ce01178f0" member_type: VOTER last_known_addr { host: "127.16.46.129" port: 36613 } health_report { overall_health: UNKNOWN } } peers { permanent_uuid: "3631c3c42e6548e1947fe906224008c0" member_type: VOTER last_known_addr { host: "127.16.46.130" port: 36279 } health_report { overall_health: UNKNOWN } } peers { permanent_uuid: "a36eaff671934e1badf7ae0436fe9c6d" member_type: VOTER last_known_addr { host: "127.16.46.131" port: 44677 } health_report { overall_health: HEALTHY } } }
I20260710 11:04:05.230039 17878 consensus_queue.cc:260] T fed1f3a51de846c7b7bebb3f4eb849c5 P dc819ecda7b74bcb9c5dea9ce01178f0 [NON_LEADER]: Queue going to NON_LEADER mode. State: All replicated index: 0, Majority replicated index: 0, Committed index: 0, Last appended: 0.0, Last appended by leader: 0, Current term: 0, Majority size: -1, State: 0, Mode: NON_LEADER, active raft config: opid_index: -1 OBSOLETE_local: false peers { permanent_uuid: "dc819ecda7b74bcb9c5dea9ce01178f0" member_type: VOTER last_known_addr { host: "127.16.46.129" port: 36613 } } peers { permanent_uuid: "3631c3c42e6548e1947fe906224008c0" member_type: VOTER last_known_addr { host: "127.16.46.130" port: 36279 } } peers { permanent_uuid: "a36eaff671934e1badf7ae0436fe9c6d" member_type: VOTER last_known_addr { host: "127.16.46.131" port: 44677 } }
I20260710 11:04:05.230698 17725 leader_election.cc:304] T fed1f3a51de846c7b7bebb3f4eb849c5 P 3631c3c42e6548e1947fe906224008c0 [CANDIDATE]: Term 1 pre-election: Election decided. Result: candidate won. Election summary: received 2 responses out of 3 voters: 2 yes votes; 0 no votes. yes voters: 3631c3c42e6548e1947fe906224008c0, a36eaff671934e1badf7ae0436fe9c6d; no voters: 
I20260710 11:04:05.231676 17914 raft_consensus.cc:2804] T fed1f3a51de846c7b7bebb3f4eb849c5 P 3631c3c42e6548e1947fe906224008c0 [term 0 FOLLOWER]: Leader pre-election won for term 1
I20260710 11:04:05.232023 17914 raft_consensus.cc:493] T fed1f3a51de846c7b7bebb3f4eb849c5 P 3631c3c42e6548e1947fe906224008c0 [term 0 FOLLOWER]: Starting leader election (no leader contacted us within the election timeout)
I20260710 11:04:05.232347 17914 raft_consensus.cc:3060] T fed1f3a51de846c7b7bebb3f4eb849c5 P 3631c3c42e6548e1947fe906224008c0 [term 0 FOLLOWER]: Advancing to term 1
I20260710 11:04:05.236693 17682 tablet_service.cc:1917] Received RequestConsensusVote() RPC: tablet_id: "fed1f3a51de846c7b7bebb3f4eb849c5" candidate_uuid: "3631c3c42e6548e1947fe906224008c0" candidate_term: 1 candidate_status { last_received { term: 0 index: 0 } } ignore_live_leader: false dest_uuid: "dc819ecda7b74bcb9c5dea9ce01178f0" is_pre_election: true
I20260710 11:04:05.237452 17682 raft_consensus.cc:2468] T fed1f3a51de846c7b7bebb3f4eb849c5 P dc819ecda7b74bcb9c5dea9ce01178f0 [term 0 FOLLOWER]: Leader pre-election vote request: Granting yes vote for candidate 3631c3c42e6548e1947fe906224008c0 in term 0.
I20260710 11:04:05.237690 17980 raft_consensus.cc:493] T 0a0119cb7d8d4526ab962fc8feffb24e P dc819ecda7b74bcb9c5dea9ce01178f0 [term 0 FOLLOWER]: Starting pre-election (no leader contacted us within the election timeout)
I20260710 11:04:05.238158 17980 raft_consensus.cc:515] T 0a0119cb7d8d4526ab962fc8feffb24e P dc819ecda7b74bcb9c5dea9ce01178f0 [term 0 FOLLOWER]: Starting pre-election with config: opid_index: -1 OBSOLETE_local: false peers { permanent_uuid: "dc819ecda7b74bcb9c5dea9ce01178f0" member_type: VOTER last_known_addr { host: "127.16.46.129" port: 36613 } } peers { permanent_uuid: "3631c3c42e6548e1947fe906224008c0" member_type: VOTER last_known_addr { host: "127.16.46.130" port: 36279 } } peers { permanent_uuid: "a36eaff671934e1badf7ae0436fe9c6d" member_type: VOTER last_known_addr { host: "127.16.46.131" port: 44677 } }
I20260710 11:04:05.239531 17878 ts_tablet_manager.cc:1434] T fed1f3a51de846c7b7bebb3f4eb849c5 P dc819ecda7b74bcb9c5dea9ce01178f0: Time spent starting tablet: real 0.014s	user 0.007s	sys 0.001s
I20260710 11:04:05.240114 17980 leader_election.cc:290] T 0a0119cb7d8d4526ab962fc8feffb24e P dc819ecda7b74bcb9c5dea9ce01178f0 [CANDIDATE]: Term 1 pre-election: Requested pre-vote from peers 3631c3c42e6548e1947fe906224008c0 (127.16.46.130:36279), a36eaff671934e1badf7ae0436fe9c6d (127.16.46.131:44677)
I20260710 11:04:05.240393 17878 tablet_bootstrap.cc:492] T 2e098208e40f4b09997e2d8604ec322d P dc819ecda7b74bcb9c5dea9ce01178f0: Bootstrap starting.
I20260710 11:04:05.241521 17832 tablet_service.cc:1917] Received RequestConsensusVote() RPC: tablet_id: "0a0119cb7d8d4526ab962fc8feffb24e" candidate_uuid: "dc819ecda7b74bcb9c5dea9ce01178f0" candidate_term: 1 candidate_status { last_received { term: 0 index: 0 } } ignore_live_leader: false dest_uuid: "a36eaff671934e1badf7ae0436fe9c6d" is_pre_election: true
I20260710 11:04:05.244019 17760 tablet_service.cc:1917] Received RequestConsensusVote() RPC: tablet_id: "0a0119cb7d8d4526ab962fc8feffb24e" candidate_uuid: "dc819ecda7b74bcb9c5dea9ce01178f0" candidate_term: 1 candidate_status { last_received { term: 0 index: 0 } } ignore_live_leader: false dest_uuid: "3631c3c42e6548e1947fe906224008c0" is_pre_election: true
I20260710 11:04:05.245203 17649 leader_election.cc:304] T 0a0119cb7d8d4526ab962fc8feffb24e P dc819ecda7b74bcb9c5dea9ce01178f0 [CANDIDATE]: Term 1 pre-election: Election decided. Result: candidate lost. Election summary: received 3 responses out of 3 voters: 1 yes votes; 2 no votes. yes voters: dc819ecda7b74bcb9c5dea9ce01178f0; no voters: 3631c3c42e6548e1947fe906224008c0, a36eaff671934e1badf7ae0436fe9c6d
I20260710 11:04:05.246204 17878 tablet_bootstrap.cc:654] T 2e098208e40f4b09997e2d8604ec322d P dc819ecda7b74bcb9c5dea9ce01178f0: Neither blocks nor log segments found. Creating new log.
I20260710 11:04:05.246124 17980 raft_consensus.cc:2749] T 0a0119cb7d8d4526ab962fc8feffb24e P dc819ecda7b74bcb9c5dea9ce01178f0 [term 0 FOLLOWER]: Leader pre-election lost for term 1. Reason: could not achieve majority
I20260710 11:04:05.246994 17914 raft_consensus.cc:515] T fed1f3a51de846c7b7bebb3f4eb849c5 P 3631c3c42e6548e1947fe906224008c0 [term 1 FOLLOWER]: Starting leader election with config: opid_index: -1 OBSOLETE_local: false peers { permanent_uuid: "dc819ecda7b74bcb9c5dea9ce01178f0" member_type: VOTER last_known_addr { host: "127.16.46.129" port: 36613 } } peers { permanent_uuid: "3631c3c42e6548e1947fe906224008c0" member_type: VOTER last_known_addr { host: "127.16.46.130" port: 36279 } } peers { permanent_uuid: "a36eaff671934e1badf7ae0436fe9c6d" member_type: VOTER last_known_addr { host: "127.16.46.131" port: 44677 } }
I20260710 11:04:05.251431 17682 tablet_service.cc:1917] Received RequestConsensusVote() RPC: tablet_id: "fed1f3a51de846c7b7bebb3f4eb849c5" candidate_uuid: "3631c3c42e6548e1947fe906224008c0" candidate_term: 1 candidate_status { last_received { term: 0 index: 0 } } ignore_live_leader: false dest_uuid: "dc819ecda7b74bcb9c5dea9ce01178f0"
I20260710 11:04:05.252303 17682 raft_consensus.cc:3060] T fed1f3a51de846c7b7bebb3f4eb849c5 P dc819ecda7b74bcb9c5dea9ce01178f0 [term 0 FOLLOWER]: Advancing to term 1
I20260710 11:04:05.252895 17832 tablet_service.cc:1917] Received RequestConsensusVote() RPC: tablet_id: "fed1f3a51de846c7b7bebb3f4eb849c5" candidate_uuid: "3631c3c42e6548e1947fe906224008c0" candidate_term: 1 candidate_status { last_received { term: 0 index: 0 } } ignore_live_leader: false dest_uuid: "a36eaff671934e1badf7ae0436fe9c6d"
I20260710 11:04:05.253428 17832 raft_consensus.cc:3060] T fed1f3a51de846c7b7bebb3f4eb849c5 P a36eaff671934e1badf7ae0436fe9c6d [term 0 FOLLOWER]: Advancing to term 1
I20260710 11:04:05.254696 17878 tablet_bootstrap.cc:492] T 2e098208e40f4b09997e2d8604ec322d P dc819ecda7b74bcb9c5dea9ce01178f0: No bootstrap required, opened a new log
I20260710 11:04:05.255113 17878 ts_tablet_manager.cc:1403] T 2e098208e40f4b09997e2d8604ec322d P dc819ecda7b74bcb9c5dea9ce01178f0: Time spent bootstrapping tablet: real 0.015s	user 0.010s	sys 0.000s
I20260710 11:04:05.257511 17583 catalog_manager.cc:5697] T 0c5f6d15a2ef48afaa89f06271f2113e P a36eaff671934e1badf7ae0436fe9c6d reported cstate change: term changed from 0 to 1, leader changed from <none> to a36eaff671934e1badf7ae0436fe9c6d (127.16.46.131). New cstate: current_term: 1 leader_uuid: "a36eaff671934e1badf7ae0436fe9c6d" committed_config { opid_index: -1 OBSOLETE_local: false peers { permanent_uuid: "dc819ecda7b74bcb9c5dea9ce01178f0" member_type: VOTER last_known_addr { host: "127.16.46.129" port: 36613 } health_report { overall_health: UNKNOWN } } peers { permanent_uuid: "3631c3c42e6548e1947fe906224008c0" member_type: VOTER last_known_addr { host: "127.16.46.130" port: 36279 } health_report { overall_health: UNKNOWN } } peers { permanent_uuid: "a36eaff671934e1badf7ae0436fe9c6d" member_type: VOTER last_known_addr { host: "127.16.46.131" port: 44677 } health_report { overall_health: HEALTHY } } }
I20260710 11:04:05.257725 17878 raft_consensus.cc:359] T 2e098208e40f4b09997e2d8604ec322d P dc819ecda7b74bcb9c5dea9ce01178f0 [term 0 FOLLOWER]: Replica starting. Triggering 0 pending ops. Active config: opid_index: -1 OBSOLETE_local: false peers { permanent_uuid: "dc819ecda7b74bcb9c5dea9ce01178f0" member_type: VOTER last_known_addr { host: "127.16.46.129" port: 36613 } } peers { permanent_uuid: "3631c3c42e6548e1947fe906224008c0" member_type: VOTER last_known_addr { host: "127.16.46.130" port: 36279 } } peers { permanent_uuid: "a36eaff671934e1badf7ae0436fe9c6d" member_type: VOTER last_known_addr { host: "127.16.46.131" port: 44677 } }
I20260710 11:04:05.258723 17878 raft_consensus.cc:385] T 2e098208e40f4b09997e2d8604ec322d P dc819ecda7b74bcb9c5dea9ce01178f0 [term 0 FOLLOWER]: Consensus starting up: Expiring failure detector timer to make a prompt election more likely
I20260710 11:04:05.259157 17878 raft_consensus.cc:740] T 2e098208e40f4b09997e2d8604ec322d P dc819ecda7b74bcb9c5dea9ce01178f0 [term 0 FOLLOWER]: Becoming Follower/Learner. State: Replica: dc819ecda7b74bcb9c5dea9ce01178f0, State: Initialized, Role: FOLLOWER
I20260710 11:04:05.258652 17682 raft_consensus.cc:2468] T fed1f3a51de846c7b7bebb3f4eb849c5 P dc819ecda7b74bcb9c5dea9ce01178f0 [term 1 FOLLOWER]: Leader election vote request: Granting yes vote for candidate 3631c3c42e6548e1947fe906224008c0 in term 1.
I20260710 11:04:05.259929 17832 raft_consensus.cc:2468] T fed1f3a51de846c7b7bebb3f4eb849c5 P a36eaff671934e1badf7ae0436fe9c6d [term 1 FOLLOWER]: Leader election vote request: Granting yes vote for candidate 3631c3c42e6548e1947fe906224008c0 in term 1.
I20260710 11:04:05.260252 17726 leader_election.cc:304] T fed1f3a51de846c7b7bebb3f4eb849c5 P 3631c3c42e6548e1947fe906224008c0 [CANDIDATE]: Term 1 election: Election decided. Result: candidate won. Election summary: received 2 responses out of 3 voters: 2 yes votes; 0 no votes. yes voters: 3631c3c42e6548e1947fe906224008c0, dc819ecda7b74bcb9c5dea9ce01178f0; no voters: 
I20260710 11:04:05.261209 17914 leader_election.cc:290] T fed1f3a51de846c7b7bebb3f4eb849c5 P 3631c3c42e6548e1947fe906224008c0 [CANDIDATE]: Term 1 election: Requested vote from peers dc819ecda7b74bcb9c5dea9ce01178f0 (127.16.46.129:36613), a36eaff671934e1badf7ae0436fe9c6d (127.16.46.131:44677)
I20260710 11:04:05.261704 17914 raft_consensus.cc:2804] T fed1f3a51de846c7b7bebb3f4eb849c5 P 3631c3c42e6548e1947fe906224008c0 [term 1 FOLLOWER]: Leader election won for term 1
I20260710 11:04:05.262126 17914 raft_consensus.cc:697] T fed1f3a51de846c7b7bebb3f4eb849c5 P 3631c3c42e6548e1947fe906224008c0 [term 1 LEADER]: Becoming Leader. State: Replica: 3631c3c42e6548e1947fe906224008c0, State: Running, Role: LEADER
I20260710 11:04:05.262826 17914 consensus_queue.cc:237] T fed1f3a51de846c7b7bebb3f4eb849c5 P 3631c3c42e6548e1947fe906224008c0 [LEADER]: Queue going to LEADER mode. State: All replicated index: 0, Majority replicated index: 0, Committed index: 0, Last appended: 0.0, Last appended by leader: 0, Current term: 1, Majority size: 2, State: 0, Mode: LEADER, active raft config: opid_index: -1 OBSOLETE_local: false peers { permanent_uuid: "dc819ecda7b74bcb9c5dea9ce01178f0" member_type: VOTER last_known_addr { host: "127.16.46.129" port: 36613 } } peers { permanent_uuid: "3631c3c42e6548e1947fe906224008c0" member_type: VOTER last_known_addr { host: "127.16.46.130" port: 36279 } } peers { permanent_uuid: "a36eaff671934e1badf7ae0436fe9c6d" member_type: VOTER last_known_addr { host: "127.16.46.131" port: 44677 } }
I20260710 11:04:05.259809 17878 consensus_queue.cc:260] T 2e098208e40f4b09997e2d8604ec322d P dc819ecda7b74bcb9c5dea9ce01178f0 [NON_LEADER]: Queue going to NON_LEADER mode. State: All replicated index: 0, Majority replicated index: 0, Committed index: 0, Last appended: 0.0, Last appended by leader: 0, Current term: 0, Majority size: -1, State: 0, Mode: NON_LEADER, active raft config: opid_index: -1 OBSOLETE_local: false peers { permanent_uuid: "dc819ecda7b74bcb9c5dea9ce01178f0" member_type: VOTER last_known_addr { host: "127.16.46.129" port: 36613 } } peers { permanent_uuid: "3631c3c42e6548e1947fe906224008c0" member_type: VOTER last_known_addr { host: "127.16.46.130" port: 36279 } } peers { permanent_uuid: "a36eaff671934e1badf7ae0436fe9c6d" member_type: VOTER last_known_addr { host: "127.16.46.131" port: 44677 } }
I20260710 11:04:05.269711 17878 ts_tablet_manager.cc:1434] T 2e098208e40f4b09997e2d8604ec322d P dc819ecda7b74bcb9c5dea9ce01178f0: Time spent starting tablet: real 0.014s	user 0.006s	sys 0.000s
I20260710 11:04:05.271158 17878 tablet_bootstrap.cc:492] T 90c0b674d07447aa959dffbadcce9219 P dc819ecda7b74bcb9c5dea9ce01178f0: Bootstrap starting.
I20260710 11:04:05.275741 17582 catalog_manager.cc:5697] T fed1f3a51de846c7b7bebb3f4eb849c5 P 3631c3c42e6548e1947fe906224008c0 reported cstate change: term changed from 0 to 1, leader changed from <none> to 3631c3c42e6548e1947fe906224008c0 (127.16.46.130). New cstate: current_term: 1 leader_uuid: "3631c3c42e6548e1947fe906224008c0" committed_config { opid_index: -1 OBSOLETE_local: false peers { permanent_uuid: "dc819ecda7b74bcb9c5dea9ce01178f0" member_type: VOTER last_known_addr { host: "127.16.46.129" port: 36613 } health_report { overall_health: UNKNOWN } } peers { permanent_uuid: "3631c3c42e6548e1947fe906224008c0" member_type: VOTER last_known_addr { host: "127.16.46.130" port: 36279 } health_report { overall_health: HEALTHY } } peers { permanent_uuid: "a36eaff671934e1badf7ae0436fe9c6d" member_type: VOTER last_known_addr { host: "127.16.46.131" port: 44677 } health_report { overall_health: UNKNOWN } } }
I20260710 11:04:05.276543 17878 tablet_bootstrap.cc:654] T 90c0b674d07447aa959dffbadcce9219 P dc819ecda7b74bcb9c5dea9ce01178f0: Neither blocks nor log segments found. Creating new log.
I20260710 11:04:05.281919 17914 consensus_queue.cc:1048] T 2e098208e40f4b09997e2d8604ec322d P 3631c3c42e6548e1947fe906224008c0 [LEADER]: Connected to new peer: Peer: permanent_uuid: "a36eaff671934e1badf7ae0436fe9c6d" member_type: VOTER last_known_addr { host: "127.16.46.131" port: 44677 }, Status: LMP_MISMATCH, Last received: 0.0, Next index: 1, Last known committed idx: 0, Time since last communication: 0.000s
I20260710 11:04:05.288406 17878 tablet_bootstrap.cc:492] T 90c0b674d07447aa959dffbadcce9219 P dc819ecda7b74bcb9c5dea9ce01178f0: No bootstrap required, opened a new log
I20260710 11:04:05.288797 17878 ts_tablet_manager.cc:1403] T 90c0b674d07447aa959dffbadcce9219 P dc819ecda7b74bcb9c5dea9ce01178f0: Time spent bootstrapping tablet: real 0.018s	user 0.009s	sys 0.004s
I20260710 11:04:05.290897 17878 raft_consensus.cc:359] T 90c0b674d07447aa959dffbadcce9219 P dc819ecda7b74bcb9c5dea9ce01178f0 [term 0 FOLLOWER]: Replica starting. Triggering 0 pending ops. Active config: opid_index: -1 OBSOLETE_local: false peers { permanent_uuid: "dc819ecda7b74bcb9c5dea9ce01178f0" member_type: VOTER last_known_addr { host: "127.16.46.129" port: 36613 } } peers { permanent_uuid: "3631c3c42e6548e1947fe906224008c0" member_type: VOTER last_known_addr { host: "127.16.46.130" port: 36279 } } peers { permanent_uuid: "a36eaff671934e1badf7ae0436fe9c6d" member_type: VOTER last_known_addr { host: "127.16.46.131" port: 44677 } }
I20260710 11:04:05.291415 17878 raft_consensus.cc:385] T 90c0b674d07447aa959dffbadcce9219 P dc819ecda7b74bcb9c5dea9ce01178f0 [term 0 FOLLOWER]: Consensus starting up: Expiring failure detector timer to make a prompt election more likely
I20260710 11:04:05.291621 17980 raft_consensus.cc:493] T 5a9e8fd556cb41478e7b4ea641e9456e P dc819ecda7b74bcb9c5dea9ce01178f0 [term 0 FOLLOWER]: Starting pre-election (no leader contacted us within the election timeout)
I20260710 11:04:05.292167 17980 raft_consensus.cc:515] T 5a9e8fd556cb41478e7b4ea641e9456e P dc819ecda7b74bcb9c5dea9ce01178f0 [term 0 FOLLOWER]: Starting pre-election with config: opid_index: -1 OBSOLETE_local: false peers { permanent_uuid: "dc819ecda7b74bcb9c5dea9ce01178f0" member_type: VOTER last_known_addr { host: "127.16.46.129" port: 36613 } } peers { permanent_uuid: "3631c3c42e6548e1947fe906224008c0" member_type: VOTER last_known_addr { host: "127.16.46.130" port: 36279 } } peers { permanent_uuid: "a36eaff671934e1badf7ae0436fe9c6d" member_type: VOTER last_known_addr { host: "127.16.46.131" port: 44677 } }
I20260710 11:04:05.294157 17980 leader_election.cc:290] T 5a9e8fd556cb41478e7b4ea641e9456e P dc819ecda7b74bcb9c5dea9ce01178f0 [CANDIDATE]: Term 1 pre-election: Requested pre-vote from peers 3631c3c42e6548e1947fe906224008c0 (127.16.46.130:36279), a36eaff671934e1badf7ae0436fe9c6d (127.16.46.131:44677)
I20260710 11:04:05.291664 17878 raft_consensus.cc:740] T 90c0b674d07447aa959dffbadcce9219 P dc819ecda7b74bcb9c5dea9ce01178f0 [term 0 FOLLOWER]: Becoming Follower/Learner. State: Replica: dc819ecda7b74bcb9c5dea9ce01178f0, State: Initialized, Role: FOLLOWER
I20260710 11:04:05.295106 17760 tablet_service.cc:1917] Received RequestConsensusVote() RPC: tablet_id: "5a9e8fd556cb41478e7b4ea641e9456e" candidate_uuid: "dc819ecda7b74bcb9c5dea9ce01178f0" candidate_term: 1 candidate_status { last_received { term: 0 index: 0 } } ignore_live_leader: false dest_uuid: "3631c3c42e6548e1947fe906224008c0" is_pre_election: true
I20260710 11:04:05.295550 17833 tablet_service.cc:1917] Received RequestConsensusVote() RPC: tablet_id: "5a9e8fd556cb41478e7b4ea641e9456e" candidate_uuid: "dc819ecda7b74bcb9c5dea9ce01178f0" candidate_term: 1 candidate_status { last_received { term: 0 index: 0 } } ignore_live_leader: false dest_uuid: "a36eaff671934e1badf7ae0436fe9c6d" is_pre_election: true
I20260710 11:04:05.296190 17760 raft_consensus.cc:2393] T 5a9e8fd556cb41478e7b4ea641e9456e P 3631c3c42e6548e1947fe906224008c0 [term 1 FOLLOWER]: Leader pre-election vote request: Denying vote to candidate dc819ecda7b74bcb9c5dea9ce01178f0 in current term 1: Already voted for candidate a36eaff671934e1badf7ae0436fe9c6d in this term.
I20260710 11:04:05.295393 17878 consensus_queue.cc:260] T 90c0b674d07447aa959dffbadcce9219 P dc819ecda7b74bcb9c5dea9ce01178f0 [NON_LEADER]: Queue going to NON_LEADER mode. State: All replicated index: 0, Majority replicated index: 0, Committed index: 0, Last appended: 0.0, Last appended by leader: 0, Current term: 0, Majority size: -1, State: 0, Mode: NON_LEADER, active raft config: opid_index: -1 OBSOLETE_local: false peers { permanent_uuid: "dc819ecda7b74bcb9c5dea9ce01178f0" member_type: VOTER last_known_addr { host: "127.16.46.129" port: 36613 } } peers { permanent_uuid: "3631c3c42e6548e1947fe906224008c0" member_type: VOTER last_known_addr { host: "127.16.46.130" port: 36279 } } peers { permanent_uuid: "a36eaff671934e1badf7ae0436fe9c6d" member_type: VOTER last_known_addr { host: "127.16.46.131" port: 44677 } }
I20260710 11:04:05.297700 17649 leader_election.cc:304] T 5a9e8fd556cb41478e7b4ea641e9456e P dc819ecda7b74bcb9c5dea9ce01178f0 [CANDIDATE]: Term 1 pre-election: Election decided. Result: candidate lost. Election summary: received 3 responses out of 3 voters: 1 yes votes; 2 no votes. yes voters: dc819ecda7b74bcb9c5dea9ce01178f0; no voters: 3631c3c42e6548e1947fe906224008c0, a36eaff671934e1badf7ae0436fe9c6d
I20260710 11:04:05.298657 17980 raft_consensus.cc:3060] T 5a9e8fd556cb41478e7b4ea641e9456e P dc819ecda7b74bcb9c5dea9ce01178f0 [term 0 FOLLOWER]: Advancing to term 1
W20260710 11:04:05.305151 17632 auto_rebalancer.cc:288] Could not retrieve cluster info: Service unavailable: Tablet not running
I20260710 11:04:05.309386 17878 ts_tablet_manager.cc:1434] T 90c0b674d07447aa959dffbadcce9219 P dc819ecda7b74bcb9c5dea9ce01178f0: Time spent starting tablet: real 0.020s	user 0.009s	sys 0.000s
I20260710 11:04:05.307080 17980 raft_consensus.cc:2749] T 5a9e8fd556cb41478e7b4ea641e9456e P dc819ecda7b74bcb9c5dea9ce01178f0 [term 1 FOLLOWER]: Leader pre-election lost for term 1. Reason: could not achieve majority
I20260710 11:04:05.312208 17682 raft_consensus.cc:3060] T 2e098208e40f4b09997e2d8604ec322d P dc819ecda7b74bcb9c5dea9ce01178f0 [term 0 FOLLOWER]: Advancing to term 1
I20260710 11:04:05.319418 17886 consensus_queue.cc:1048] T 2e098208e40f4b09997e2d8604ec322d P 3631c3c42e6548e1947fe906224008c0 [LEADER]: Connected to new peer: Peer: permanent_uuid: "dc819ecda7b74bcb9c5dea9ce01178f0" member_type: VOTER last_known_addr { host: "127.16.46.129" port: 36613 }, Status: LMP_MISMATCH, Last received: 0.0, Next index: 1, Last known committed idx: 0, Time since last communication: 0.000s
I20260710 11:04:05.321065 17980 raft_consensus.cc:493] T 90c0b674d07447aa959dffbadcce9219 P dc819ecda7b74bcb9c5dea9ce01178f0 [term 0 FOLLOWER]: Starting pre-election (no leader contacted us within the election timeout)
I20260710 11:04:05.321573 17980 raft_consensus.cc:515] T 90c0b674d07447aa959dffbadcce9219 P dc819ecda7b74bcb9c5dea9ce01178f0 [term 0 FOLLOWER]: Starting pre-election with config: opid_index: -1 OBSOLETE_local: false peers { permanent_uuid: "dc819ecda7b74bcb9c5dea9ce01178f0" member_type: VOTER last_known_addr { host: "127.16.46.129" port: 36613 } } peers { permanent_uuid: "3631c3c42e6548e1947fe906224008c0" member_type: VOTER last_known_addr { host: "127.16.46.130" port: 36279 } } peers { permanent_uuid: "a36eaff671934e1badf7ae0436fe9c6d" member_type: VOTER last_known_addr { host: "127.16.46.131" port: 44677 } }
I20260710 11:04:05.328770 17760 tablet_service.cc:1917] Received RequestConsensusVote() RPC: tablet_id: "90c0b674d07447aa959dffbadcce9219" candidate_uuid: "dc819ecda7b74bcb9c5dea9ce01178f0" candidate_term: 1 candidate_status { last_received { term: 0 index: 0 } } ignore_live_leader: false dest_uuid: "3631c3c42e6548e1947fe906224008c0" is_pre_election: true
I20260710 11:04:05.329484 17760 raft_consensus.cc:2393] T 90c0b674d07447aa959dffbadcce9219 P 3631c3c42e6548e1947fe906224008c0 [term 1 FOLLOWER]: Leader pre-election vote request: Denying vote to candidate dc819ecda7b74bcb9c5dea9ce01178f0 in current term 1: Already voted for candidate a36eaff671934e1badf7ae0436fe9c6d in this term.
I20260710 11:04:05.330770 17980 leader_election.cc:290] T 90c0b674d07447aa959dffbadcce9219 P dc819ecda7b74bcb9c5dea9ce01178f0 [CANDIDATE]: Term 1 pre-election: Requested pre-vote from peers 3631c3c42e6548e1947fe906224008c0 (127.16.46.130:36279), a36eaff671934e1badf7ae0436fe9c6d (127.16.46.131:44677)
I20260710 11:04:05.331807 17832 tablet_service.cc:1917] Received RequestConsensusVote() RPC: tablet_id: "90c0b674d07447aa959dffbadcce9219" candidate_uuid: "dc819ecda7b74bcb9c5dea9ce01178f0" candidate_term: 1 candidate_status { last_received { term: 0 index: 0 } } ignore_live_leader: false dest_uuid: "a36eaff671934e1badf7ae0436fe9c6d" is_pre_election: true
I20260710 11:04:05.333025 17650 leader_election.cc:304] T 90c0b674d07447aa959dffbadcce9219 P dc819ecda7b74bcb9c5dea9ce01178f0 [CANDIDATE]: Term 1 pre-election: Election decided. Result: candidate lost. Election summary: received 3 responses out of 3 voters: 1 yes votes; 2 no votes. yes voters: dc819ecda7b74bcb9c5dea9ce01178f0; no voters: 3631c3c42e6548e1947fe906224008c0, a36eaff671934e1badf7ae0436fe9c6d
I20260710 11:04:05.333789 17980 raft_consensus.cc:3060] T 90c0b674d07447aa959dffbadcce9219 P dc819ecda7b74bcb9c5dea9ce01178f0 [term 0 FOLLOWER]: Advancing to term 1
I20260710 11:04:05.340394 17980 raft_consensus.cc:2749] T 90c0b674d07447aa959dffbadcce9219 P dc819ecda7b74bcb9c5dea9ce01178f0 [term 1 FOLLOWER]: Leader pre-election lost for term 1. Reason: could not achieve majority
I20260710 11:04:05.342296 17924 raft_consensus.cc:493] T 9b45a08d6215400ea1daa5ba19a50b3e P 3631c3c42e6548e1947fe906224008c0 [term 0 FOLLOWER]: Starting pre-election (no leader contacted us within the election timeout)
I20260710 11:04:05.342768 17924 raft_consensus.cc:515] T 9b45a08d6215400ea1daa5ba19a50b3e P 3631c3c42e6548e1947fe906224008c0 [term 0 FOLLOWER]: Starting pre-election with config: opid_index: -1 OBSOLETE_local: false peers { permanent_uuid: "dc819ecda7b74bcb9c5dea9ce01178f0" member_type: VOTER last_known_addr { host: "127.16.46.129" port: 36613 } } peers { permanent_uuid: "3631c3c42e6548e1947fe906224008c0" member_type: VOTER last_known_addr { host: "127.16.46.130" port: 36279 } } peers { permanent_uuid: "a36eaff671934e1badf7ae0436fe9c6d" member_type: VOTER last_known_addr { host: "127.16.46.131" port: 44677 } }
I20260710 11:04:05.345362 17682 tablet_service.cc:1917] Received RequestConsensusVote() RPC: tablet_id: "9b45a08d6215400ea1daa5ba19a50b3e" candidate_uuid: "3631c3c42e6548e1947fe906224008c0" candidate_term: 1 candidate_status { last_received { term: 0 index: 0 } } ignore_live_leader: false dest_uuid: "dc819ecda7b74bcb9c5dea9ce01178f0" is_pre_election: true
I20260710 11:04:05.346058 17832 tablet_service.cc:1917] Received RequestConsensusVote() RPC: tablet_id: "9b45a08d6215400ea1daa5ba19a50b3e" candidate_uuid: "3631c3c42e6548e1947fe906224008c0" candidate_term: 1 candidate_status { last_received { term: 0 index: 0 } } ignore_live_leader: false dest_uuid: "a36eaff671934e1badf7ae0436fe9c6d" is_pre_election: true
I20260710 11:04:05.346378 17682 raft_consensus.cc:2468] T 9b45a08d6215400ea1daa5ba19a50b3e P dc819ecda7b74bcb9c5dea9ce01178f0 [term 0 FOLLOWER]: Leader pre-election vote request: Granting yes vote for candidate 3631c3c42e6548e1947fe906224008c0 in term 0.
I20260710 11:04:05.346658 17832 raft_consensus.cc:2468] T 9b45a08d6215400ea1daa5ba19a50b3e P a36eaff671934e1badf7ae0436fe9c6d [term 0 FOLLOWER]: Leader pre-election vote request: Granting yes vote for candidate 3631c3c42e6548e1947fe906224008c0 in term 0.
I20260710 11:04:05.347502 17726 leader_election.cc:304] T 9b45a08d6215400ea1daa5ba19a50b3e P 3631c3c42e6548e1947fe906224008c0 [CANDIDATE]: Term 1 pre-election: Election decided. Result: candidate won. Election summary: received 2 responses out of 3 voters: 2 yes votes; 0 no votes. yes voters: 3631c3c42e6548e1947fe906224008c0, dc819ecda7b74bcb9c5dea9ce01178f0; no voters: 
I20260710 11:04:05.347656 17924 leader_election.cc:290] T 9b45a08d6215400ea1daa5ba19a50b3e P 3631c3c42e6548e1947fe906224008c0 [CANDIDATE]: Term 1 pre-election: Requested pre-vote from peers dc819ecda7b74bcb9c5dea9ce01178f0 (127.16.46.129:36613), a36eaff671934e1badf7ae0436fe9c6d (127.16.46.131:44677)
I20260710 11:04:05.348289 17924 raft_consensus.cc:2804] T 9b45a08d6215400ea1daa5ba19a50b3e P 3631c3c42e6548e1947fe906224008c0 [term 0 FOLLOWER]: Leader pre-election won for term 1
I20260710 11:04:05.348517 17924 raft_consensus.cc:493] T 9b45a08d6215400ea1daa5ba19a50b3e P 3631c3c42e6548e1947fe906224008c0 [term 0 FOLLOWER]: Starting leader election (no leader contacted us within the election timeout)
I20260710 11:04:05.348718 17924 raft_consensus.cc:3060] T 9b45a08d6215400ea1daa5ba19a50b3e P 3631c3c42e6548e1947fe906224008c0 [term 0 FOLLOWER]: Advancing to term 1
I20260710 11:04:05.352766 17924 raft_consensus.cc:515] T 9b45a08d6215400ea1daa5ba19a50b3e P 3631c3c42e6548e1947fe906224008c0 [term 1 FOLLOWER]: Starting leader election with config: opid_index: -1 OBSOLETE_local: false peers { permanent_uuid: "dc819ecda7b74bcb9c5dea9ce01178f0" member_type: VOTER last_known_addr { host: "127.16.46.129" port: 36613 } } peers { permanent_uuid: "3631c3c42e6548e1947fe906224008c0" member_type: VOTER last_known_addr { host: "127.16.46.130" port: 36279 } } peers { permanent_uuid: "a36eaff671934e1badf7ae0436fe9c6d" member_type: VOTER last_known_addr { host: "127.16.46.131" port: 44677 } }
I20260710 11:04:05.354154 17924 leader_election.cc:290] T 9b45a08d6215400ea1daa5ba19a50b3e P 3631c3c42e6548e1947fe906224008c0 [CANDIDATE]: Term 1 election: Requested vote from peers dc819ecda7b74bcb9c5dea9ce01178f0 (127.16.46.129:36613), a36eaff671934e1badf7ae0436fe9c6d (127.16.46.131:44677)
I20260710 11:04:05.354794 17684 tablet_service.cc:1917] Received RequestConsensusVote() RPC: tablet_id: "9b45a08d6215400ea1daa5ba19a50b3e" candidate_uuid: "3631c3c42e6548e1947fe906224008c0" candidate_term: 1 candidate_status { last_received { term: 0 index: 0 } } ignore_live_leader: false dest_uuid: "dc819ecda7b74bcb9c5dea9ce01178f0"
I20260710 11:04:05.355104 17832 tablet_service.cc:1917] Received RequestConsensusVote() RPC: tablet_id: "9b45a08d6215400ea1daa5ba19a50b3e" candidate_uuid: "3631c3c42e6548e1947fe906224008c0" candidate_term: 1 candidate_status { last_received { term: 0 index: 0 } } ignore_live_leader: false dest_uuid: "a36eaff671934e1badf7ae0436fe9c6d"
I20260710 11:04:05.355412 17684 raft_consensus.cc:3060] T 9b45a08d6215400ea1daa5ba19a50b3e P dc819ecda7b74bcb9c5dea9ce01178f0 [term 0 FOLLOWER]: Advancing to term 1
I20260710 11:04:05.355691 17832 raft_consensus.cc:3060] T 9b45a08d6215400ea1daa5ba19a50b3e P a36eaff671934e1badf7ae0436fe9c6d [term 0 FOLLOWER]: Advancing to term 1
I20260710 11:04:05.361652 17832 raft_consensus.cc:2468] T 9b45a08d6215400ea1daa5ba19a50b3e P a36eaff671934e1badf7ae0436fe9c6d [term 1 FOLLOWER]: Leader election vote request: Granting yes vote for candidate 3631c3c42e6548e1947fe906224008c0 in term 1.
I20260710 11:04:05.361794 17684 raft_consensus.cc:2468] T 9b45a08d6215400ea1daa5ba19a50b3e P dc819ecda7b74bcb9c5dea9ce01178f0 [term 1 FOLLOWER]: Leader election vote request: Granting yes vote for candidate 3631c3c42e6548e1947fe906224008c0 in term 1.
I20260710 11:04:05.362754 17725 leader_election.cc:304] T 9b45a08d6215400ea1daa5ba19a50b3e P 3631c3c42e6548e1947fe906224008c0 [CANDIDATE]: Term 1 election: Election decided. Result: candidate won. Election summary: received 2 responses out of 3 voters: 2 yes votes; 0 no votes. yes voters: 3631c3c42e6548e1947fe906224008c0, a36eaff671934e1badf7ae0436fe9c6d; no voters: 
I20260710 11:04:05.363562 17924 raft_consensus.cc:2804] T 9b45a08d6215400ea1daa5ba19a50b3e P 3631c3c42e6548e1947fe906224008c0 [term 1 FOLLOWER]: Leader election won for term 1
I20260710 11:04:05.363977 17924 raft_consensus.cc:697] T 9b45a08d6215400ea1daa5ba19a50b3e P 3631c3c42e6548e1947fe906224008c0 [term 1 LEADER]: Becoming Leader. State: Replica: 3631c3c42e6548e1947fe906224008c0, State: Running, Role: LEADER
I20260710 11:04:05.364718 17924 consensus_queue.cc:237] T 9b45a08d6215400ea1daa5ba19a50b3e P 3631c3c42e6548e1947fe906224008c0 [LEADER]: Queue going to LEADER mode. State: All replicated index: 0, Majority replicated index: 0, Committed index: 0, Last appended: 0.0, Last appended by leader: 0, Current term: 1, Majority size: 2, State: 0, Mode: LEADER, active raft config: opid_index: -1 OBSOLETE_local: false peers { permanent_uuid: "dc819ecda7b74bcb9c5dea9ce01178f0" member_type: VOTER last_known_addr { host: "127.16.46.129" port: 36613 } } peers { permanent_uuid: "3631c3c42e6548e1947fe906224008c0" member_type: VOTER last_known_addr { host: "127.16.46.130" port: 36279 } } peers { permanent_uuid: "a36eaff671934e1badf7ae0436fe9c6d" member_type: VOTER last_known_addr { host: "127.16.46.131" port: 44677 } }
I20260710 11:04:05.371644 17584 catalog_manager.cc:5697] T 9b45a08d6215400ea1daa5ba19a50b3e P 3631c3c42e6548e1947fe906224008c0 reported cstate change: term changed from 0 to 1, leader changed from <none> to 3631c3c42e6548e1947fe906224008c0 (127.16.46.130). New cstate: current_term: 1 leader_uuid: "3631c3c42e6548e1947fe906224008c0" committed_config { opid_index: -1 OBSOLETE_local: false peers { permanent_uuid: "dc819ecda7b74bcb9c5dea9ce01178f0" member_type: VOTER last_known_addr { host: "127.16.46.129" port: 36613 } health_report { overall_health: UNKNOWN } } peers { permanent_uuid: "3631c3c42e6548e1947fe906224008c0" member_type: VOTER last_known_addr { host: "127.16.46.130" port: 36279 } health_report { overall_health: HEALTHY } } peers { permanent_uuid: "a36eaff671934e1badf7ae0436fe9c6d" member_type: VOTER last_known_addr { host: "127.16.46.131" port: 44677 } health_report { overall_health: UNKNOWN } } }
I20260710 11:04:05.491006 17980 consensus_queue.cc:1048] T 292363956a09421d82fda08b5eaa9150 P dc819ecda7b74bcb9c5dea9ce01178f0 [LEADER]: Connected to new peer: Peer: permanent_uuid: "3631c3c42e6548e1947fe906224008c0" member_type: VOTER last_known_addr { host: "127.16.46.130" port: 36279 }, Status: LMP_MISMATCH, Last received: 0.0, Next index: 1, Last known committed idx: 0, Time since last communication: 0.000s
I20260710 11:04:05.500591 17980 consensus_queue.cc:1048] T 292363956a09421d82fda08b5eaa9150 P dc819ecda7b74bcb9c5dea9ce01178f0 [LEADER]: Connected to new peer: Peer: permanent_uuid: "a36eaff671934e1badf7ae0436fe9c6d" member_type: VOTER last_known_addr { host: "127.16.46.131" port: 44677 }, Status: LMP_MISMATCH, Last received: 0.0, Next index: 1, Last known committed idx: 0, Time since last communication: 0.000s
I20260710 11:04:05.545508 16570 file_cache.cc:504] Constructed file cache file cache with capacity 419430
W20260710 11:04:05.553223 18038 instance_detector.cc:116] could not retrieve Azure instance metadata: Network error: curl error: HTTP response code said error: The requested URL returned error: 404
W20260710 11:04:05.554185 18037 instance_detector.cc:116] could not retrieve AWS instance metadata: Network error: curl error: HTTP response code said error: The requested URL returned error: 404
W20260710 11:04:05.556531 18040 instance_detector.cc:116] could not retrieve OpenStack instance metadata: Network error: curl error: HTTP response code said error: The requested URL returned error: 404
I20260710 11:04:05.558204 16570 server_base.cc:1061] running on GCE node
I20260710 11:04:05.559158 16570 hybrid_clock.cc:584] initializing the hybrid clock with 'system_unsync' time source
W20260710 11:04:05.559451 16570 system_unsync_time.cc:38] NTP support is disabled. Clock error bounds will not be accurate. This configuration is not suitable for distributed clusters.
I20260710 11:04:05.559664 16570 hybrid_clock.cc:648] HybridClock initialized: now 1783681445559645 us; error 0 us; skew 500 ppm
I20260710 11:04:05.560398 16570 server_base.cc:861] Flag tcmalloc_max_total_thread_cache_bytes is not working since tcmalloc is not enabled.
I20260710 11:04:05.564061 16570 webserver.cc:533] Webserver started at http://127.16.46.132:41725/ using document root <none> and password file <none>
I20260710 11:04:05.564566 16570 fs_manager.cc:362] Metadata directory not provided
I20260710 11:04:05.564353 17899 consensus_queue.cc:1048] T dbe7b5caf1f04a45bdef313938bb9ebe P a36eaff671934e1badf7ae0436fe9c6d [LEADER]: Connected to new peer: Peer: permanent_uuid: "3631c3c42e6548e1947fe906224008c0" member_type: VOTER last_known_addr { host: "127.16.46.130" port: 36279 }, Status: LMP_MISMATCH, Last received: 0.0, Next index: 1, Last known committed idx: 0, Time since last communication: 0.000s
I20260710 11:04:05.564857 16570 fs_manager.cc:368] Using write-ahead log directory (fs_wal_dir) as metadata directory
I20260710 11:04:05.565395 16570 server_base.cc:909] This appears to be a new deployment of Kudu; creating new FS layout
I20260710 11:04:05.566442 16570 fs_manager.cc:1068] Generated new instance metadata in path /tmp/dist-test-taskkWbCaw/test-tmp/auto_leader_rebalancer-test.0.LeaderRebalancerTest.AddTserver.1783681417619829-16570-0/minicluster-data/ts-3-root/instance:
uuid: "09b8b72bb7984d98864720852a097087"
format_stamp: "Formatted at 2026-07-10 11:04:05 on dist-test-slave-wmx9"
I20260710 11:04:05.576680 17881 consensus_queue.cc:1048] T dbe7b5caf1f04a45bdef313938bb9ebe P a36eaff671934e1badf7ae0436fe9c6d [LEADER]: Connected to new peer: Peer: permanent_uuid: "dc819ecda7b74bcb9c5dea9ce01178f0" member_type: VOTER last_known_addr { host: "127.16.46.129" port: 36613 }, Status: LMP_MISMATCH, Last received: 0.0, Next index: 1, Last known committed idx: 0, Time since last communication: 0.000s
I20260710 11:04:05.579520 16570 fs_manager.cc:696] Time spent creating directory manager: real 0.012s	user 0.005s	sys 0.009s
I20260710 11:04:05.588363 18046 log_block_manager.cc:4127] Time spent loading block containers with low live blocks: real 0.000s	user 0.000s	sys 0.000s
I20260710 11:04:05.589507 16570 fs_manager.cc:730] Time spent opening block manager: real 0.007s	user 0.003s	sys 0.003s
I20260710 11:04:05.589825 16570 fs_manager.cc:647] Opened local filesystem: /tmp/dist-test-taskkWbCaw/test-tmp/auto_leader_rebalancer-test.0.LeaderRebalancerTest.AddTserver.1783681417619829-16570-0/minicluster-data/ts-3-root
uuid: "09b8b72bb7984d98864720852a097087"
format_stamp: "Formatted at 2026-07-10 11:04:05 on dist-test-slave-wmx9"
I20260710 11:04:05.590153 16570 fs_report.cc:389] FS layout report
--------------------
wal directory: /tmp/dist-test-taskkWbCaw/test-tmp/auto_leader_rebalancer-test.0.LeaderRebalancerTest.AddTserver.1783681417619829-16570-0/minicluster-data/ts-3-root
metadata directory: /tmp/dist-test-taskkWbCaw/test-tmp/auto_leader_rebalancer-test.0.LeaderRebalancerTest.AddTserver.1783681417619829-16570-0/minicluster-data/ts-3-root
1 data directories: /tmp/dist-test-taskkWbCaw/test-tmp/auto_leader_rebalancer-test.0.LeaderRebalancerTest.AddTserver.1783681417619829-16570-0/minicluster-data/ts-3-root/data
Total live blocks: 0
Total live bytes: 0
Total live bytes (after alignment): 0
Total number of LBM containers: 0 (0 full)
Did not check for missing blocks
Did not check for orphaned blocks
Total full LBM containers with extra space: 0 (0 repaired)
Total full LBM container extra space in bytes: 0 (0 repaired)
Total incomplete LBM containers: 0 (0 repaired)
Total LBM partial records: 0 (0 repaired)
Total corrupted LBM metadata records in RocksDB: 0 (0 repaired)
I20260710 11:04:05.595058 17685 raft_consensus.cc:3060] T cd3aca7343d74b20b1511c0237deed56 P dc819ecda7b74bcb9c5dea9ce01178f0 [term 0 FOLLOWER]: Advancing to term 1
I20260710 11:04:05.610375 17898 raft_consensus.cc:493] T cd3aca7343d74b20b1511c0237deed56 P dc819ecda7b74bcb9c5dea9ce01178f0 [term 1 FOLLOWER]: Starting pre-election (detected failure of leader 3631c3c42e6548e1947fe906224008c0)
