I20260710 11:04:14.101322 20246 consensus_queue.cc:237] T 6796d81cf2984df0abd840df9b7e5cb9 P 66dff9bfff89403f9f98c3b4b149dc7f [LEADER]: Queue going to LEADER mode. State: All replicated index: 0, Majority replicated index: 2, Committed index: 2, Last appended: 1.2, Last appended by leader: 0, Current term: 1, Majority size: 3, State: 0, Mode: LEADER, active raft config: opid_index: 3 OBSOLETE_local: false peers { permanent_uuid: "66dff9bfff89403f9f98c3b4b149dc7f" member_type: VOTER last_known_addr { host: "127.18.13.65" port: 33317 } } peers { permanent_uuid: "3c9171a12b064d55b16fcb98606199ed" member_type: VOTER last_known_addr { host: "127.18.13.66" port: 44149 } attrs { replace: true } } peers { permanent_uuid: "8f95373462754c449061660d57bc5307" member_type: VOTER last_known_addr { host: "127.18.13.67" port: 40349 } } peers { permanent_uuid: "2cc2d61b0a5d4436ab3ae282b43cc4e3" member_type: VOTER last_known_addr { host: "127.18.13.68" port: 46161 } attrs { promote: false } }
I20260710 11:04:14.103310 20288 ts_tablet_manager.cc:1916] T f68f1463aa64451a9af46617d7a6a322 P 66dff9bfff89403f9f98c3b4b149dc7f: Deleting tablet data with delete state TABLET_DATA_TOMBSTONED
I20260710 11:04:14.106642 20270 raft_consensus.cc:2955] T 695b52d3c03a4bc884a034ea48a3b761 P 3c9171a12b064d55b16fcb98606199ed [term 1 LEADER]: Committing config change with OpId 1.3: config changed from index 2 to 3, 2cc2d61b0a5d4436ab3ae282b43cc4e3 (127.18.13.68) changed from NON_VOTER to VOTER. New config: { opid_index: 3 OBSOLETE_local: false peers { permanent_uuid: "66dff9bfff89403f9f98c3b4b149dc7f" member_type: VOTER last_known_addr { host: "127.18.13.65" port: 33317 } attrs { replace: true } } peers { permanent_uuid: "3c9171a12b064d55b16fcb98606199ed" member_type: VOTER last_known_addr { host: "127.18.13.66" port: 44149 } } peers { permanent_uuid: "8f95373462754c449061660d57bc5307" member_type: VOTER last_known_addr { host: "127.18.13.67" port: 40349 } } peers { permanent_uuid: "2cc2d61b0a5d4436ab3ae282b43cc4e3" member_type: VOTER last_known_addr { host: "127.18.13.68" port: 46161 } attrs { promote: false } } }
I20260710 11:04:14.109181 20015 raft_consensus.cc:2955] T 695b52d3c03a4bc884a034ea48a3b761 P 2cc2d61b0a5d4436ab3ae282b43cc4e3 [term 1 FOLLOWER]: Committing config change with OpId 1.3: config changed from index 2 to 3, 2cc2d61b0a5d4436ab3ae282b43cc4e3 (127.18.13.68) changed from NON_VOTER to VOTER. New config: { opid_index: 3 OBSOLETE_local: false peers { permanent_uuid: "66dff9bfff89403f9f98c3b4b149dc7f" member_type: VOTER last_known_addr { host: "127.18.13.65" port: 33317 } attrs { replace: true } } peers { permanent_uuid: "3c9171a12b064d55b16fcb98606199ed" member_type: VOTER last_known_addr { host: "127.18.13.66" port: 44149 } } peers { permanent_uuid: "8f95373462754c449061660d57bc5307" member_type: VOTER last_known_addr { host: "127.18.13.67" port: 40349 } } peers { permanent_uuid: "2cc2d61b0a5d4436ab3ae282b43cc4e3" member_type: VOTER last_known_addr { host: "127.18.13.68" port: 46161 } attrs { promote: false } } }
I20260710 11:04:14.109210 19590 raft_consensus.cc:2955] T 695b52d3c03a4bc884a034ea48a3b761 P 66dff9bfff89403f9f98c3b4b149dc7f [term 1 FOLLOWER]: Committing config change with OpId 1.3: config changed from index 2 to 3, 2cc2d61b0a5d4436ab3ae282b43cc4e3 (127.18.13.68) changed from NON_VOTER to VOTER. New config: { opid_index: 3 OBSOLETE_local: false peers { permanent_uuid: "66dff9bfff89403f9f98c3b4b149dc7f" member_type: VOTER last_known_addr { host: "127.18.13.65" port: 33317 } attrs { replace: true } } peers { permanent_uuid: "3c9171a12b064d55b16fcb98606199ed" member_type: VOTER last_known_addr { host: "127.18.13.66" port: 44149 } } peers { permanent_uuid: "8f95373462754c449061660d57bc5307" member_type: VOTER last_known_addr { host: "127.18.13.67" port: 40349 } } peers { permanent_uuid: "2cc2d61b0a5d4436ab3ae282b43cc4e3" member_type: VOTER last_known_addr { host: "127.18.13.68" port: 46161 } attrs { promote: false } } }
I20260710 11:04:14.118624 19739 raft_consensus.cc:2955] T 695b52d3c03a4bc884a034ea48a3b761 P 8f95373462754c449061660d57bc5307 [term 1 FOLLOWER]: Committing config change with OpId 1.3: config changed from index 2 to 3, 2cc2d61b0a5d4436ab3ae282b43cc4e3 (127.18.13.68) changed from NON_VOTER to VOTER. New config: { opid_index: 3 OBSOLETE_local: false peers { permanent_uuid: "66dff9bfff89403f9f98c3b4b149dc7f" member_type: VOTER last_known_addr { host: "127.18.13.65" port: 33317 } attrs { replace: true } } peers { permanent_uuid: "3c9171a12b064d55b16fcb98606199ed" member_type: VOTER last_known_addr { host: "127.18.13.66" port: 44149 } } peers { permanent_uuid: "8f95373462754c449061660d57bc5307" member_type: VOTER last_known_addr { host: "127.18.13.67" port: 40349 } } peers { permanent_uuid: "2cc2d61b0a5d4436ab3ae282b43cc4e3" member_type: VOTER last_known_addr { host: "127.18.13.68" port: 46161 } attrs { promote: false } } }
I20260710 11:04:14.122977 19490 catalog_manager.cc:5697] T 695b52d3c03a4bc884a034ea48a3b761 P 2cc2d61b0a5d4436ab3ae282b43cc4e3 reported cstate change: config changed from index 2 to 3, 2cc2d61b0a5d4436ab3ae282b43cc4e3 (127.18.13.68) changed from NON_VOTER to VOTER. New cstate: current_term: 1 leader_uuid: "3c9171a12b064d55b16fcb98606199ed" committed_config { opid_index: 3 OBSOLETE_local: false peers { permanent_uuid: "66dff9bfff89403f9f98c3b4b149dc7f" member_type: VOTER last_known_addr { host: "127.18.13.65" port: 33317 } attrs { replace: true } } peers { permanent_uuid: "3c9171a12b064d55b16fcb98606199ed" member_type: VOTER last_known_addr { host: "127.18.13.66" port: 44149 } } peers { permanent_uuid: "8f95373462754c449061660d57bc5307" member_type: VOTER last_known_addr { host: "127.18.13.67" port: 40349 } } peers { permanent_uuid: "2cc2d61b0a5d4436ab3ae282b43cc4e3" member_type: VOTER last_known_addr { host: "127.18.13.68" port: 46161 } attrs { promote: false } } }
I20260710 11:04:14.139119 20015 raft_consensus.cc:1275] T 6796d81cf2984df0abd840df9b7e5cb9 P 2cc2d61b0a5d4436ab3ae282b43cc4e3 [term 1 LEARNER]: Refusing update from remote peer 66dff9bfff89403f9f98c3b4b149dc7f: Log matching property violated. Preceding OpId in replica: term: 1 index: 2. Preceding OpId from leader: term: 1 index: 3. (index mismatch)
I20260710 11:04:14.140537 19741 raft_consensus.cc:1275] T 6796d81cf2984df0abd840df9b7e5cb9 P 8f95373462754c449061660d57bc5307 [term 1 FOLLOWER]: Refusing update from remote peer 66dff9bfff89403f9f98c3b4b149dc7f: Log matching property violated. Preceding OpId in replica: term: 1 index: 2. Preceding OpId from leader: term: 1 index: 3. (index mismatch)
I20260710 11:04:14.140635 20220 consensus_queue.cc:1048] T 6796d81cf2984df0abd840df9b7e5cb9 P 66dff9bfff89403f9f98c3b4b149dc7f [LEADER]: Connected to new peer: Peer: permanent_uuid: "2cc2d61b0a5d4436ab3ae282b43cc4e3" member_type: VOTER last_known_addr { host: "127.18.13.68" port: 46161 } attrs { promote: false }, Status: LMP_MISMATCH, Last received: 0.0, Next index: 3, Last known committed idx: 2, Time since last communication: 0.001s
I20260710 11:04:14.142611 20246 consensus_queue.cc:1048] T 6796d81cf2984df0abd840df9b7e5cb9 P 66dff9bfff89403f9f98c3b4b149dc7f [LEADER]: Connected to new peer: Peer: permanent_uuid: "8f95373462754c449061660d57bc5307" member_type: VOTER last_known_addr { host: "127.18.13.67" port: 40349 }, Status: LMP_MISMATCH, Last received: 0.0, Next index: 3, Last known committed idx: 2, Time since last communication: 0.000s
I20260710 11:04:14.144266 19666 raft_consensus.cc:1275] T 6796d81cf2984df0abd840df9b7e5cb9 P 3c9171a12b064d55b16fcb98606199ed [term 1 FOLLOWER]: Refusing update from remote peer 66dff9bfff89403f9f98c3b4b149dc7f: Log matching property violated. Preceding OpId in replica: term: 1 index: 2. Preceding OpId from leader: term: 1 index: 3. (index mismatch)
I20260710 11:04:14.145721 20220 consensus_queue.cc:1048] T 6796d81cf2984df0abd840df9b7e5cb9 P 66dff9bfff89403f9f98c3b4b149dc7f [LEADER]: Connected to new peer: Peer: permanent_uuid: "3c9171a12b064d55b16fcb98606199ed" member_type: VOTER last_known_addr { host: "127.18.13.66" port: 44149 } attrs { replace: true }, Status: LMP_MISMATCH, Last received: 0.0, Next index: 3, Last known committed idx: 2, Time since last communication: 0.000s
I20260710 11:04:14.146701 19665 consensus_queue.cc:237] T 695b52d3c03a4bc884a034ea48a3b761 P 3c9171a12b064d55b16fcb98606199ed [LEADER]: Queue going to LEADER mode. State: All replicated index: 0, Majority replicated index: 3, Committed index: 3, Last appended: 1.3, Last appended by leader: 0, Current term: 1, Majority size: 2, State: 0, Mode: LEADER, active raft config: opid_index: 4 OBSOLETE_local: false peers { permanent_uuid: "3c9171a12b064d55b16fcb98606199ed" member_type: VOTER last_known_addr { host: "127.18.13.66" port: 44149 } } peers { permanent_uuid: "8f95373462754c449061660d57bc5307" member_type: VOTER last_known_addr { host: "127.18.13.67" port: 40349 } } peers { permanent_uuid: "2cc2d61b0a5d4436ab3ae282b43cc4e3" member_type: VOTER last_known_addr { host: "127.18.13.68" port: 46161 } attrs { promote: false } }
I20260710 11:04:14.153666 19739 raft_consensus.cc:1275] T 695b52d3c03a4bc884a034ea48a3b761 P 8f95373462754c449061660d57bc5307 [term 1 FOLLOWER]: Refusing update from remote peer 3c9171a12b064d55b16fcb98606199ed: Log matching property violated. Preceding OpId in replica: term: 1 index: 3. Preceding OpId from leader: term: 1 index: 4. (index mismatch)
I20260710 11:04:14.155843 20288 ts_tablet_manager.cc:1929] T f68f1463aa64451a9af46617d7a6a322 P 66dff9bfff89403f9f98c3b4b149dc7f: tablet deleted with delete type TABLET_DATA_TOMBSTONED: last-logged OpId 1.3
I20260710 11:04:14.156368 20288 log.cc:1199] T f68f1463aa64451a9af46617d7a6a322 P 66dff9bfff89403f9f98c3b4b149dc7f: Deleting WAL directory at /tmp/dist-test-taskpdVVwI/test-tmp/auto_leader_rebalancer-test.0.LeaderRebalancerTest.AddTserver.1783681416022365-18485-0/minicluster-data/ts-0-root/wals/f68f1463aa64451a9af46617d7a6a322
I20260710 11:04:14.157397 20266 consensus_queue.cc:1048] T 695b52d3c03a4bc884a034ea48a3b761 P 3c9171a12b064d55b16fcb98606199ed [LEADER]: Connected to new peer: Peer: permanent_uuid: "8f95373462754c449061660d57bc5307" member_type: VOTER last_known_addr { host: "127.18.13.67" port: 40349 }, Status: LMP_MISMATCH, Last received: 0.0, Next index: 4, Last known committed idx: 3, Time since last communication: 0.000s
I20260710 11:04:14.158499 19474 catalog_manager.cc:5028] TS 66dff9bfff89403f9f98c3b4b149dc7f (127.18.13.65:33317): tablet f68f1463aa64451a9af46617d7a6a322 (table test-workload [id=2252179c8ad54e5c98169c70767ee7a7]) successfully deleted
I20260710 11:04:14.160470 20013 raft_consensus.cc:1275] T 695b52d3c03a4bc884a034ea48a3b761 P 2cc2d61b0a5d4436ab3ae282b43cc4e3 [term 1 FOLLOWER]: Refusing update from remote peer 3c9171a12b064d55b16fcb98606199ed: Log matching property violated. Preceding OpId in replica: term: 1 index: 3. Preceding OpId from leader: term: 1 index: 4. (index mismatch)
I20260710 11:04:14.162297 20266 consensus_queue.cc:1048] T 695b52d3c03a4bc884a034ea48a3b761 P 3c9171a12b064d55b16fcb98606199ed [LEADER]: Connected to new peer: Peer: permanent_uuid: "2cc2d61b0a5d4436ab3ae282b43cc4e3" member_type: VOTER last_known_addr { host: "127.18.13.68" port: 46161 } attrs { promote: false }, Status: LMP_MISMATCH, Last received: 0.0, Next index: 4, Last known committed idx: 3, Time since last communication: 0.000s
I20260710 11:04:14.167205 20175 raft_consensus.cc:2955] T 695b52d3c03a4bc884a034ea48a3b761 P 3c9171a12b064d55b16fcb98606199ed [term 1 LEADER]: Committing config change with OpId 1.4: config changed from index 3 to 4, VOTER 66dff9bfff89403f9f98c3b4b149dc7f (127.18.13.65) evicted. New config: { opid_index: 4 OBSOLETE_local: false peers { permanent_uuid: "3c9171a12b064d55b16fcb98606199ed" member_type: VOTER last_known_addr { host: "127.18.13.66" port: 44149 } } peers { permanent_uuid: "8f95373462754c449061660d57bc5307" member_type: VOTER last_known_addr { host: "127.18.13.67" port: 40349 } } peers { permanent_uuid: "2cc2d61b0a5d4436ab3ae282b43cc4e3" member_type: VOTER last_known_addr { host: "127.18.13.68" port: 46161 } attrs { promote: false } } }
I20260710 11:04:14.171676 19739 raft_consensus.cc:2955] T 695b52d3c03a4bc884a034ea48a3b761 P 8f95373462754c449061660d57bc5307 [term 1 FOLLOWER]: Committing config change with OpId 1.4: config changed from index 3 to 4, VOTER 66dff9bfff89403f9f98c3b4b149dc7f (127.18.13.65) evicted. New config: { opid_index: 4 OBSOLETE_local: false peers { permanent_uuid: "3c9171a12b064d55b16fcb98606199ed" member_type: VOTER last_known_addr { host: "127.18.13.66" port: 44149 } } peers { permanent_uuid: "8f95373462754c449061660d57bc5307" member_type: VOTER last_known_addr { host: "127.18.13.67" port: 40349 } } peers { permanent_uuid: "2cc2d61b0a5d4436ab3ae282b43cc4e3" member_type: VOTER last_known_addr { host: "127.18.13.68" port: 46161 } attrs { promote: false } } }
I20260710 11:04:14.175514 20013 raft_consensus.cc:2955] T 695b52d3c03a4bc884a034ea48a3b761 P 2cc2d61b0a5d4436ab3ae282b43cc4e3 [term 1 FOLLOWER]: Committing config change with OpId 1.4: config changed from index 3 to 4, VOTER 66dff9bfff89403f9f98c3b4b149dc7f (127.18.13.65) evicted. New config: { opid_index: 4 OBSOLETE_local: false peers { permanent_uuid: "3c9171a12b064d55b16fcb98606199ed" member_type: VOTER last_known_addr { host: "127.18.13.66" port: 44149 } } peers { permanent_uuid: "8f95373462754c449061660d57bc5307" member_type: VOTER last_known_addr { host: "127.18.13.67" port: 40349 } } peers { permanent_uuid: "2cc2d61b0a5d4436ab3ae282b43cc4e3" member_type: VOTER last_known_addr { host: "127.18.13.68" port: 46161 } attrs { promote: false } } }
I20260710 11:04:14.178289 19474 catalog_manager.cc:5210] ChangeConfig:REMOVE_PEER RPC for tablet 695b52d3c03a4bc884a034ea48a3b761 with cas_config_opid_index 3: ChangeConfig:REMOVE_PEER succeeded (attempt 1)
I20260710 11:04:14.177937 20290 raft_consensus.cc:2955] T 6796d81cf2984df0abd840df9b7e5cb9 P 66dff9bfff89403f9f98c3b4b149dc7f [term 1 LEADER]: Committing config change with OpId 1.3: config changed from index 2 to 3, 2cc2d61b0a5d4436ab3ae282b43cc4e3 (127.18.13.68) changed from NON_VOTER to VOTER. New config: { opid_index: 3 OBSOLETE_local: false peers { permanent_uuid: "66dff9bfff89403f9f98c3b4b149dc7f" member_type: VOTER last_known_addr { host: "127.18.13.65" port: 33317 } } peers { permanent_uuid: "3c9171a12b064d55b16fcb98606199ed" member_type: VOTER last_known_addr { host: "127.18.13.66" port: 44149 } attrs { replace: true } } peers { permanent_uuid: "8f95373462754c449061660d57bc5307" member_type: VOTER last_known_addr { host: "127.18.13.67" port: 40349 } } peers { permanent_uuid: "2cc2d61b0a5d4436ab3ae282b43cc4e3" member_type: VOTER last_known_addr { host: "127.18.13.68" port: 46161 } attrs { promote: false } } }
I20260710 11:04:14.183323 19665 raft_consensus.cc:2955] T 6796d81cf2984df0abd840df9b7e5cb9 P 3c9171a12b064d55b16fcb98606199ed [term 1 FOLLOWER]: Committing config change with OpId 1.3: config changed from index 2 to 3, 2cc2d61b0a5d4436ab3ae282b43cc4e3 (127.18.13.68) changed from NON_VOTER to VOTER. New config: { opid_index: 3 OBSOLETE_local: false peers { permanent_uuid: "66dff9bfff89403f9f98c3b4b149dc7f" member_type: VOTER last_known_addr { host: "127.18.13.65" port: 33317 } } peers { permanent_uuid: "3c9171a12b064d55b16fcb98606199ed" member_type: VOTER last_known_addr { host: "127.18.13.66" port: 44149 } attrs { replace: true } } peers { permanent_uuid: "8f95373462754c449061660d57bc5307" member_type: VOTER last_known_addr { host: "127.18.13.67" port: 40349 } } peers { permanent_uuid: "2cc2d61b0a5d4436ab3ae282b43cc4e3" member_type: VOTER last_known_addr { host: "127.18.13.68" port: 46161 } attrs { promote: false } } }
I20260710 11:04:14.186244 20015 raft_consensus.cc:2955] T 6796d81cf2984df0abd840df9b7e5cb9 P 2cc2d61b0a5d4436ab3ae282b43cc4e3 [term 1 FOLLOWER]: Committing config change with OpId 1.3: config changed from index 2 to 3, 2cc2d61b0a5d4436ab3ae282b43cc4e3 (127.18.13.68) changed from NON_VOTER to VOTER. New config: { opid_index: 3 OBSOLETE_local: false peers { permanent_uuid: "66dff9bfff89403f9f98c3b4b149dc7f" member_type: VOTER last_known_addr { host: "127.18.13.65" port: 33317 } } peers { permanent_uuid: "3c9171a12b064d55b16fcb98606199ed" member_type: VOTER last_known_addr { host: "127.18.13.66" port: 44149 } attrs { replace: true } } peers { permanent_uuid: "8f95373462754c449061660d57bc5307" member_type: VOTER last_known_addr { host: "127.18.13.67" port: 40349 } } peers { permanent_uuid: "2cc2d61b0a5d4436ab3ae282b43cc4e3" member_type: VOTER last_known_addr { host: "127.18.13.68" port: 46161 } attrs { promote: false } } }
I20260710 11:04:14.193101 19487 catalog_manager.cc:5697] T 695b52d3c03a4bc884a034ea48a3b761 P 3c9171a12b064d55b16fcb98606199ed reported cstate change: config changed from index 3 to 4, VOTER 66dff9bfff89403f9f98c3b4b149dc7f (127.18.13.65) evicted. New cstate: current_term: 1 leader_uuid: "3c9171a12b064d55b16fcb98606199ed" committed_config { opid_index: 4 OBSOLETE_local: false peers { permanent_uuid: "3c9171a12b064d55b16fcb98606199ed" member_type: VOTER last_known_addr { host: "127.18.13.66" port: 44149 } health_report { overall_health: HEALTHY } } peers { permanent_uuid: "8f95373462754c449061660d57bc5307" member_type: VOTER last_known_addr { host: "127.18.13.67" port: 40349 } health_report { overall_health: HEALTHY } } peers { permanent_uuid: "2cc2d61b0a5d4436ab3ae282b43cc4e3" member_type: VOTER last_known_addr { host: "127.18.13.68" port: 46161 } attrs { promote: false } health_report { overall_health: HEALTHY } } }
I20260710 11:04:14.203917 19576 tablet_service.cc:1558] Processing DeleteTablet for tablet 695b52d3c03a4bc884a034ea48a3b761 with delete_type TABLET_DATA_TOMBSTONED (TS 66dff9bfff89403f9f98c3b4b149dc7f not found in new config with opid_index 4) from {username='slave'} at 127.0.0.1:35202
I20260710 11:04:14.204880 20288 tablet_replica.cc:333] T 695b52d3c03a4bc884a034ea48a3b761 P 66dff9bfff89403f9f98c3b4b149dc7f: stopping tablet replica
I20260710 11:04:14.205884 20288 raft_consensus.cc:2243] T 695b52d3c03a4bc884a034ea48a3b761 P 66dff9bfff89403f9f98c3b4b149dc7f [term 1 FOLLOWER]: Raft consensus shutting down.
I20260710 11:04:14.206599 20288 raft_consensus.cc:2272] T 695b52d3c03a4bc884a034ea48a3b761 P 66dff9bfff89403f9f98c3b4b149dc7f [term 1 FOLLOWER]: Raft consensus is shut down!
I20260710 11:04:14.213965 19741 raft_consensus.cc:2955] T 6796d81cf2984df0abd840df9b7e5cb9 P 8f95373462754c449061660d57bc5307 [term 1 FOLLOWER]: Committing config change with OpId 1.3: config changed from index 2 to 3, 2cc2d61b0a5d4436ab3ae282b43cc4e3 (127.18.13.68) changed from NON_VOTER to VOTER. New config: { opid_index: 3 OBSOLETE_local: false peers { permanent_uuid: "66dff9bfff89403f9f98c3b4b149dc7f" member_type: VOTER last_known_addr { host: "127.18.13.65" port: 33317 } } peers { permanent_uuid: "3c9171a12b064d55b16fcb98606199ed" member_type: VOTER last_known_addr { host: "127.18.13.66" port: 44149 } attrs { replace: true } } peers { permanent_uuid: "8f95373462754c449061660d57bc5307" member_type: VOTER last_known_addr { host: "127.18.13.67" port: 40349 } } peers { permanent_uuid: "2cc2d61b0a5d4436ab3ae282b43cc4e3" member_type: VOTER last_known_addr { host: "127.18.13.68" port: 46161 } attrs { promote: false } } }
I20260710 11:04:14.206633 19486 catalog_manager.cc:5697] T 6796d81cf2984df0abd840df9b7e5cb9 P 66dff9bfff89403f9f98c3b4b149dc7f reported cstate change: config changed from index 2 to 3, 2cc2d61b0a5d4436ab3ae282b43cc4e3 (127.18.13.68) changed from NON_VOTER to VOTER. New cstate: current_term: 1 leader_uuid: "66dff9bfff89403f9f98c3b4b149dc7f" committed_config { opid_index: 3 OBSOLETE_local: false peers { permanent_uuid: "66dff9bfff89403f9f98c3b4b149dc7f" member_type: VOTER last_known_addr { host: "127.18.13.65" port: 33317 } health_report { overall_health: HEALTHY } } peers { permanent_uuid: "3c9171a12b064d55b16fcb98606199ed" member_type: VOTER last_known_addr { host: "127.18.13.66" port: 44149 } attrs { replace: true } health_report { overall_health: HEALTHY } } peers { permanent_uuid: "8f95373462754c449061660d57bc5307" member_type: VOTER last_known_addr { host: "127.18.13.67" port: 40349 } health_report { overall_health: HEALTHY } } peers { permanent_uuid: "2cc2d61b0a5d4436ab3ae282b43cc4e3" member_type: VOTER last_known_addr { host: "127.18.13.68" port: 46161 } attrs { promote: false } health_report { overall_health: HEALTHY } } }
I20260710 11:04:14.219285 20288 ts_tablet_manager.cc:1916] T 695b52d3c03a4bc884a034ea48a3b761 P 66dff9bfff89403f9f98c3b4b149dc7f: Deleting tablet data with delete state TABLET_DATA_TOMBSTONED
I20260710 11:04:14.228739 19590 consensus_queue.cc:237] T 6796d81cf2984df0abd840df9b7e5cb9 P 66dff9bfff89403f9f98c3b4b149dc7f [LEADER]: Queue going to LEADER mode. State: All replicated index: 0, Majority replicated index: 3, Committed index: 3, Last appended: 1.3, Last appended by leader: 0, Current term: 1, Majority size: 2, State: 0, Mode: LEADER, active raft config: opid_index: 4 OBSOLETE_local: false peers { permanent_uuid: "66dff9bfff89403f9f98c3b4b149dc7f" member_type: VOTER last_known_addr { host: "127.18.13.65" port: 33317 } } peers { permanent_uuid: "8f95373462754c449061660d57bc5307" member_type: VOTER last_known_addr { host: "127.18.13.67" port: 40349 } } peers { permanent_uuid: "2cc2d61b0a5d4436ab3ae282b43cc4e3" member_type: VOTER last_known_addr { host: "127.18.13.68" port: 46161 } attrs { promote: false } }
I20260710 11:04:14.239576 19741 raft_consensus.cc:1275] T 6796d81cf2984df0abd840df9b7e5cb9 P 8f95373462754c449061660d57bc5307 [term 1 FOLLOWER]: Refusing update from remote peer 66dff9bfff89403f9f98c3b4b149dc7f: Log matching property violated. Preceding OpId in replica: term: 1 index: 3. Preceding OpId from leader: term: 1 index: 4. (index mismatch)
I20260710 11:04:14.241056 20290 consensus_queue.cc:1048] T 6796d81cf2984df0abd840df9b7e5cb9 P 66dff9bfff89403f9f98c3b4b149dc7f [LEADER]: Connected to new peer: Peer: permanent_uuid: "8f95373462754c449061660d57bc5307" member_type: VOTER last_known_addr { host: "127.18.13.67" port: 40349 }, Status: LMP_MISMATCH, Last received: 0.0, Next index: 4, Last known committed idx: 3, Time since last communication: 0.000s
I20260710 11:04:14.241801 20013 raft_consensus.cc:1275] T 6796d81cf2984df0abd840df9b7e5cb9 P 2cc2d61b0a5d4436ab3ae282b43cc4e3 [term 1 FOLLOWER]: Refusing update from remote peer 66dff9bfff89403f9f98c3b4b149dc7f: Log matching property violated. Preceding OpId in replica: term: 1 index: 3. Preceding OpId from leader: term: 1 index: 4. (index mismatch)
I20260710 11:04:14.243407 20220 consensus_queue.cc:1048] T 6796d81cf2984df0abd840df9b7e5cb9 P 66dff9bfff89403f9f98c3b4b149dc7f [LEADER]: Connected to new peer: Peer: permanent_uuid: "2cc2d61b0a5d4436ab3ae282b43cc4e3" member_type: VOTER last_known_addr { host: "127.18.13.68" port: 46161 } attrs { promote: false }, Status: LMP_MISMATCH, Last received: 0.0, Next index: 4, Last known committed idx: 3, Time since last communication: 0.000s
I20260710 11:04:14.245188 20288 ts_tablet_manager.cc:1929] T 695b52d3c03a4bc884a034ea48a3b761 P 66dff9bfff89403f9f98c3b4b149dc7f: tablet deleted with delete type TABLET_DATA_TOMBSTONED: last-logged OpId 1.3
I20260710 11:04:14.245625 20288 log.cc:1199] T 695b52d3c03a4bc884a034ea48a3b761 P 66dff9bfff89403f9f98c3b4b149dc7f: Deleting WAL directory at /tmp/dist-test-taskpdVVwI/test-tmp/auto_leader_rebalancer-test.0.LeaderRebalancerTest.AddTserver.1783681416022365-18485-0/minicluster-data/ts-0-root/wals/695b52d3c03a4bc884a034ea48a3b761
I20260710 11:04:14.247391 19474 catalog_manager.cc:5028] TS 66dff9bfff89403f9f98c3b4b149dc7f (127.18.13.65:33317): tablet 695b52d3c03a4bc884a034ea48a3b761 (table test-workload [id=2252179c8ad54e5c98169c70767ee7a7]) successfully deleted
I20260710 11:04:14.249207 20290 raft_consensus.cc:2955] T 6796d81cf2984df0abd840df9b7e5cb9 P 66dff9bfff89403f9f98c3b4b149dc7f [term 1 LEADER]: Committing config change with OpId 1.4: config changed from index 3 to 4, VOTER 3c9171a12b064d55b16fcb98606199ed (127.18.13.66) evicted. New config: { opid_index: 4 OBSOLETE_local: false peers { permanent_uuid: "66dff9bfff89403f9f98c3b4b149dc7f" member_type: VOTER last_known_addr { host: "127.18.13.65" port: 33317 } } peers { permanent_uuid: "8f95373462754c449061660d57bc5307" member_type: VOTER last_known_addr { host: "127.18.13.67" port: 40349 } } peers { permanent_uuid: "2cc2d61b0a5d4436ab3ae282b43cc4e3" member_type: VOTER last_known_addr { host: "127.18.13.68" port: 46161 } attrs { promote: false } } }
I20260710 11:04:14.253471 20015 raft_consensus.cc:2955] T 6796d81cf2984df0abd840df9b7e5cb9 P 2cc2d61b0a5d4436ab3ae282b43cc4e3 [term 1 FOLLOWER]: Committing config change with OpId 1.4: config changed from index 3 to 4, VOTER 3c9171a12b064d55b16fcb98606199ed (127.18.13.66) evicted. New config: { opid_index: 4 OBSOLETE_local: false peers { permanent_uuid: "66dff9bfff89403f9f98c3b4b149dc7f" member_type: VOTER last_known_addr { host: "127.18.13.65" port: 33317 } } peers { permanent_uuid: "8f95373462754c449061660d57bc5307" member_type: VOTER last_known_addr { host: "127.18.13.67" port: 40349 } } peers { permanent_uuid: "2cc2d61b0a5d4436ab3ae282b43cc4e3" member_type: VOTER last_known_addr { host: "127.18.13.68" port: 46161 } attrs { promote: false } } }
I20260710 11:04:14.259989 19474 catalog_manager.cc:5210] ChangeConfig:REMOVE_PEER RPC for tablet 6796d81cf2984df0abd840df9b7e5cb9 with cas_config_opid_index 3: ChangeConfig:REMOVE_PEER succeeded (attempt 1)
I20260710 11:04:14.260607 19741 raft_consensus.cc:2955] T 6796d81cf2984df0abd840df9b7e5cb9 P 8f95373462754c449061660d57bc5307 [term 1 FOLLOWER]: Committing config change with OpId 1.4: config changed from index 3 to 4, VOTER 3c9171a12b064d55b16fcb98606199ed (127.18.13.66) evicted. New config: { opid_index: 4 OBSOLETE_local: false peers { permanent_uuid: "66dff9bfff89403f9f98c3b4b149dc7f" member_type: VOTER last_known_addr { host: "127.18.13.65" port: 33317 } } peers { permanent_uuid: "8f95373462754c449061660d57bc5307" member_type: VOTER last_known_addr { host: "127.18.13.67" port: 40349 } } peers { permanent_uuid: "2cc2d61b0a5d4436ab3ae282b43cc4e3" member_type: VOTER last_known_addr { host: "127.18.13.68" port: 46161 } attrs { promote: false } } }
I20260710 11:04:14.264477 19489 catalog_manager.cc:5697] T 6796d81cf2984df0abd840df9b7e5cb9 P 66dff9bfff89403f9f98c3b4b149dc7f reported cstate change: config changed from index 3 to 4, VOTER 3c9171a12b064d55b16fcb98606199ed (127.18.13.66) evicted. New cstate: current_term: 1 leader_uuid: "66dff9bfff89403f9f98c3b4b149dc7f" committed_config { opid_index: 4 OBSOLETE_local: false peers { permanent_uuid: "66dff9bfff89403f9f98c3b4b149dc7f" member_type: VOTER last_known_addr { host: "127.18.13.65" port: 33317 } health_report { overall_health: HEALTHY } } peers { permanent_uuid: "8f95373462754c449061660d57bc5307" member_type: VOTER last_known_addr { host: "127.18.13.67" port: 40349 } health_report { overall_health: HEALTHY } } peers { permanent_uuid: "2cc2d61b0a5d4436ab3ae282b43cc4e3" member_type: VOTER last_known_addr { host: "127.18.13.68" port: 46161 } attrs { promote: false } health_report { overall_health: HEALTHY } } }
I20260710 11:04:14.278280 19655 tablet_service.cc:1558] Processing DeleteTablet for tablet 6796d81cf2984df0abd840df9b7e5cb9 with delete_type TABLET_DATA_TOMBSTONED (TS 3c9171a12b064d55b16fcb98606199ed not found in new config with opid_index 4) from {username='slave'} at 127.0.0.1:36332
I20260710 11:04:14.280565 20294 tablet_replica.cc:333] T 6796d81cf2984df0abd840df9b7e5cb9 P 3c9171a12b064d55b16fcb98606199ed: stopping tablet replica
I20260710 11:04:14.281651 20294 raft_consensus.cc:2243] T 6796d81cf2984df0abd840df9b7e5cb9 P 3c9171a12b064d55b16fcb98606199ed [term 1 FOLLOWER]: Raft consensus shutting down.
I20260710 11:04:14.282326 20294 raft_consensus.cc:2272] T 6796d81cf2984df0abd840df9b7e5cb9 P 3c9171a12b064d55b16fcb98606199ed [term 1 FOLLOWER]: Raft consensus is shut down!
I20260710 11:04:14.285302 20294 ts_tablet_manager.cc:1916] T 6796d81cf2984df0abd840df9b7e5cb9 P 3c9171a12b064d55b16fcb98606199ed: Deleting tablet data with delete state TABLET_DATA_TOMBSTONED
I20260710 11:04:14.296167 20294 ts_tablet_manager.cc:1929] T 6796d81cf2984df0abd840df9b7e5cb9 P 3c9171a12b064d55b16fcb98606199ed: tablet deleted with delete type TABLET_DATA_TOMBSTONED: last-logged OpId 1.3
I20260710 11:04:14.296485 20294 log.cc:1199] T 6796d81cf2984df0abd840df9b7e5cb9 P 3c9171a12b064d55b16fcb98606199ed: Deleting WAL directory at /tmp/dist-test-taskpdVVwI/test-tmp/auto_leader_rebalancer-test.0.LeaderRebalancerTest.AddTserver.1783681416022365-18485-0/minicluster-data/ts-1-root/wals/6796d81cf2984df0abd840df9b7e5cb9
I20260710 11:04:14.297782 19474 catalog_manager.cc:5028] TS 3c9171a12b064d55b16fcb98606199ed (127.18.13.66:44149): tablet 6796d81cf2984df0abd840df9b7e5cb9 (table test-workload [id=2252179c8ad54e5c98169c70767ee7a7]) successfully deleted
I20260710 11:04:15.307711 19590 consensus_queue.cc:237] T fb118f0486a047c587b0440999a1f659 P 66dff9bfff89403f9f98c3b4b149dc7f [LEADER]: Queue going to LEADER mode. State: All replicated index: 0, Majority replicated index: 1, Committed index: 1, Last appended: 1.1, Last appended by leader: 0, Current term: 1, Majority size: 2, State: 0, Mode: LEADER, active raft config: opid_index: 2 OBSOLETE_local: false peers { permanent_uuid: "66dff9bfff89403f9f98c3b4b149dc7f" member_type: VOTER last_known_addr { host: "127.18.13.65" port: 33317 } } peers { permanent_uuid: "3c9171a12b064d55b16fcb98606199ed" member_type: VOTER last_known_addr { host: "127.18.13.66" port: 44149 } } peers { permanent_uuid: "8f95373462754c449061660d57bc5307" member_type: VOTER last_known_addr { host: "127.18.13.67" port: 40349 } attrs { replace: true } } peers { permanent_uuid: "2cc2d61b0a5d4436ab3ae282b43cc4e3" member_type: NON_VOTER last_known_addr { host: "127.18.13.68" port: 46161 } attrs { promote: true } }
I20260710 11:04:15.314114 19665 raft_consensus.cc:1275] T fb118f0486a047c587b0440999a1f659 P 3c9171a12b064d55b16fcb98606199ed [term 1 FOLLOWER]: Refusing update from remote peer 66dff9bfff89403f9f98c3b4b149dc7f: Log matching property violated. Preceding OpId in replica: term: 1 index: 1. Preceding OpId from leader: term: 1 index: 2. (index mismatch)
W20260710 11:04:15.314380 19555 consensus_peers.cc:597] T fb118f0486a047c587b0440999a1f659 P 66dff9bfff89403f9f98c3b4b149dc7f -> Peer 2cc2d61b0a5d4436ab3ae282b43cc4e3 (127.18.13.68:46161): Couldn't send request to peer 2cc2d61b0a5d4436ab3ae282b43cc4e3. Error code: TABLET_NOT_FOUND (6). Status: Not found: Tablet not found: fb118f0486a047c587b0440999a1f659. This is attempt 1: this message will repeat every 5th retry.
I20260710 11:04:15.314388 19741 raft_consensus.cc:1275] T fb118f0486a047c587b0440999a1f659 P 8f95373462754c449061660d57bc5307 [term 1 FOLLOWER]: Refusing update from remote peer 66dff9bfff89403f9f98c3b4b149dc7f: Log matching property violated. Preceding OpId in replica: term: 1 index: 1. Preceding OpId from leader: term: 1 index: 2. (index mismatch)
I20260710 11:04:15.315474 20297 consensus_queue.cc:1048] T fb118f0486a047c587b0440999a1f659 P 66dff9bfff89403f9f98c3b4b149dc7f [LEADER]: Connected to new peer: Peer: permanent_uuid: "3c9171a12b064d55b16fcb98606199ed" member_type: VOTER last_known_addr { host: "127.18.13.66" port: 44149 }, Status: LMP_MISMATCH, Last received: 0.0, Next index: 2, Last known committed idx: 1, Time since last communication: 0.000s
I20260710 11:04:15.316296 20290 consensus_queue.cc:1048] T fb118f0486a047c587b0440999a1f659 P 66dff9bfff89403f9f98c3b4b149dc7f [LEADER]: Connected to new peer: Peer: permanent_uuid: "8f95373462754c449061660d57bc5307" member_type: VOTER last_known_addr { host: "127.18.13.67" port: 40349 } attrs { replace: true }, Status: LMP_MISMATCH, Last received: 0.0, Next index: 2, Last known committed idx: 1, Time since last communication: 0.000s
I20260710 11:04:15.330190 20290 raft_consensus.cc:2955] T fb118f0486a047c587b0440999a1f659 P 66dff9bfff89403f9f98c3b4b149dc7f [term 1 LEADER]: Committing config change with OpId 1.2: config changed from index -1 to 2, NON_VOTER 2cc2d61b0a5d4436ab3ae282b43cc4e3 (127.18.13.68) added. New config: { opid_index: 2 OBSOLETE_local: false peers { permanent_uuid: "66dff9bfff89403f9f98c3b4b149dc7f" member_type: VOTER last_known_addr { host: "127.18.13.65" port: 33317 } } peers { permanent_uuid: "3c9171a12b064d55b16fcb98606199ed" member_type: VOTER last_known_addr { host: "127.18.13.66" port: 44149 } } peers { permanent_uuid: "8f95373462754c449061660d57bc5307" member_type: VOTER last_known_addr { host: "127.18.13.67" port: 40349 } attrs { replace: true } } peers { permanent_uuid: "2cc2d61b0a5d4436ab3ae282b43cc4e3" member_type: NON_VOTER last_known_addr { host: "127.18.13.68" port: 46161 } attrs { promote: true } } }
I20260710 11:04:15.331912 19665 raft_consensus.cc:2955] T fb118f0486a047c587b0440999a1f659 P 3c9171a12b064d55b16fcb98606199ed [term 1 FOLLOWER]: Committing config change with OpId 1.2: config changed from index -1 to 2, NON_VOTER 2cc2d61b0a5d4436ab3ae282b43cc4e3 (127.18.13.68) added. New config: { opid_index: 2 OBSOLETE_local: false peers { permanent_uuid: "66dff9bfff89403f9f98c3b4b149dc7f" member_type: VOTER last_known_addr { host: "127.18.13.65" port: 33317 } } peers { permanent_uuid: "3c9171a12b064d55b16fcb98606199ed" member_type: VOTER last_known_addr { host: "127.18.13.66" port: 44149 } } peers { permanent_uuid: "8f95373462754c449061660d57bc5307" member_type: VOTER last_known_addr { host: "127.18.13.67" port: 40349 } attrs { replace: true } } peers { permanent_uuid: "2cc2d61b0a5d4436ab3ae282b43cc4e3" member_type: NON_VOTER last_known_addr { host: "127.18.13.68" port: 46161 } attrs { promote: true } } }
I20260710 11:04:15.335453 19741 raft_consensus.cc:2955] T fb118f0486a047c587b0440999a1f659 P 8f95373462754c449061660d57bc5307 [term 1 FOLLOWER]: Committing config change with OpId 1.2: config changed from index -1 to 2, NON_VOTER 2cc2d61b0a5d4436ab3ae282b43cc4e3 (127.18.13.68) added. New config: { opid_index: 2 OBSOLETE_local: false peers { permanent_uuid: "66dff9bfff89403f9f98c3b4b149dc7f" member_type: VOTER last_known_addr { host: "127.18.13.65" port: 33317 } } peers { permanent_uuid: "3c9171a12b064d55b16fcb98606199ed" member_type: VOTER last_known_addr { host: "127.18.13.66" port: 44149 } } peers { permanent_uuid: "8f95373462754c449061660d57bc5307" member_type: VOTER last_known_addr { host: "127.18.13.67" port: 40349 } attrs { replace: true } } peers { permanent_uuid: "2cc2d61b0a5d4436ab3ae282b43cc4e3" member_type: NON_VOTER last_known_addr { host: "127.18.13.68" port: 46161 } attrs { promote: true } } }
I20260710 11:04:15.350324 19490 catalog_manager.cc:5697] T fb118f0486a047c587b0440999a1f659 P 3c9171a12b064d55b16fcb98606199ed reported cstate change: config changed from index -1 to 2, NON_VOTER 2cc2d61b0a5d4436ab3ae282b43cc4e3 (127.18.13.68) added. New cstate: current_term: 1 leader_uuid: "66dff9bfff89403f9f98c3b4b149dc7f" committed_config { opid_index: 2 OBSOLETE_local: false peers { permanent_uuid: "66dff9bfff89403f9f98c3b4b149dc7f" member_type: VOTER last_known_addr { host: "127.18.13.65" port: 33317 } } peers { permanent_uuid: "3c9171a12b064d55b16fcb98606199ed" member_type: VOTER last_known_addr { host: "127.18.13.66" port: 44149 } } peers { permanent_uuid: "8f95373462754c449061660d57bc5307" member_type: VOTER last_known_addr { host: "127.18.13.67" port: 40349 } attrs { replace: true } } peers { permanent_uuid: "2cc2d61b0a5d4436ab3ae282b43cc4e3" member_type: NON_VOTER last_known_addr { host: "127.18.13.68" port: 46161 } attrs { promote: true } } }
I20260710 11:04:15.353845 19590 consensus_queue.cc:237] T da9982be1b234f99abbe88b9442d3aee P 66dff9bfff89403f9f98c3b4b149dc7f [LEADER]: Queue going to LEADER mode. State: All replicated index: 0, Majority replicated index: 1, Committed index: 1, Last appended: 1.1, Last appended by leader: 0, Current term: 1, Majority size: 2, State: 0, Mode: LEADER, active raft config: opid_index: 2 OBSOLETE_local: false peers { permanent_uuid: "66dff9bfff89403f9f98c3b4b149dc7f" member_type: VOTER last_known_addr { host: "127.18.13.65" port: 33317 } } peers { permanent_uuid: "3c9171a12b064d55b16fcb98606199ed" member_type: VOTER last_known_addr { host: "127.18.13.66" port: 44149 } attrs { replace: true } } peers { permanent_uuid: "8f95373462754c449061660d57bc5307" member_type: VOTER last_known_addr { host: "127.18.13.67" port: 40349 } } peers { permanent_uuid: "2cc2d61b0a5d4436ab3ae282b43cc4e3" member_type: NON_VOTER last_known_addr { host: "127.18.13.68" port: 46161 } attrs { promote: true } }
I20260710 11:04:15.363448 19665 raft_consensus.cc:1275] T da9982be1b234f99abbe88b9442d3aee P 3c9171a12b064d55b16fcb98606199ed [term 1 FOLLOWER]: Refusing update from remote peer 66dff9bfff89403f9f98c3b4b149dc7f: Log matching property violated. Preceding OpId in replica: term: 1 index: 1. Preceding OpId from leader: term: 1 index: 2. (index mismatch)
I20260710 11:04:15.365067 20220 consensus_queue.cc:1048] T da9982be1b234f99abbe88b9442d3aee P 66dff9bfff89403f9f98c3b4b149dc7f [LEADER]: Connected to new peer: Peer: permanent_uuid: "3c9171a12b064d55b16fcb98606199ed" member_type: VOTER last_known_addr { host: "127.18.13.66" port: 44149 } attrs { replace: true }, Status: LMP_MISMATCH, Last received: 0.0, Next index: 2, Last known committed idx: 1, Time since last communication: 0.001s
W20260710 11:04:15.370004 19555 consensus_peers.cc:597] T da9982be1b234f99abbe88b9442d3aee P 66dff9bfff89403f9f98c3b4b149dc7f -> Peer 2cc2d61b0a5d4436ab3ae282b43cc4e3 (127.18.13.68:46161): Couldn't send request to peer 2cc2d61b0a5d4436ab3ae282b43cc4e3. Error code: TABLET_NOT_FOUND (6). Status: Not found: Tablet not found: da9982be1b234f99abbe88b9442d3aee. This is attempt 1: this message will repeat every 5th retry.
I20260710 11:04:15.372073 19741 raft_consensus.cc:1275] T da9982be1b234f99abbe88b9442d3aee P 8f95373462754c449061660d57bc5307 [term 1 FOLLOWER]: Refusing update from remote peer 66dff9bfff89403f9f98c3b4b149dc7f: Log matching property violated. Preceding OpId in replica: term: 1 index: 1. Preceding OpId from leader: term: 1 index: 2. (index mismatch)
I20260710 11:04:15.373744 20290 consensus_queue.cc:1048] T da9982be1b234f99abbe88b9442d3aee P 66dff9bfff89403f9f98c3b4b149dc7f [LEADER]: Connected to new peer: Peer: permanent_uuid: "8f95373462754c449061660d57bc5307" member_type: VOTER last_known_addr { host: "127.18.13.67" port: 40349 }, Status: LMP_MISMATCH, Last received: 0.0, Next index: 2, Last known committed idx: 1, Time since last communication: 0.000s
I20260710 11:04:15.393790 20297 raft_consensus.cc:2955] T da9982be1b234f99abbe88b9442d3aee P 66dff9bfff89403f9f98c3b4b149dc7f [term 1 LEADER]: Committing config change with OpId 1.2: config changed from index -1 to 2, NON_VOTER 2cc2d61b0a5d4436ab3ae282b43cc4e3 (127.18.13.68) added. New config: { opid_index: 2 OBSOLETE_local: false peers { permanent_uuid: "66dff9bfff89403f9f98c3b4b149dc7f" member_type: VOTER last_known_addr { host: "127.18.13.65" port: 33317 } } peers { permanent_uuid: "3c9171a12b064d55b16fcb98606199ed" member_type: VOTER last_known_addr { host: "127.18.13.66" port: 44149 } attrs { replace: true } } peers { permanent_uuid: "8f95373462754c449061660d57bc5307" member_type: VOTER last_known_addr { host: "127.18.13.67" port: 40349 } } peers { permanent_uuid: "2cc2d61b0a5d4436ab3ae282b43cc4e3" member_type: NON_VOTER last_known_addr { host: "127.18.13.68" port: 46161 } attrs { promote: true } } }
I20260710 11:04:15.402124 19741 raft_consensus.cc:2955] T da9982be1b234f99abbe88b9442d3aee P 8f95373462754c449061660d57bc5307 [term 1 FOLLOWER]: Committing config change with OpId 1.2: config changed from index -1 to 2, NON_VOTER 2cc2d61b0a5d4436ab3ae282b43cc4e3 (127.18.13.68) added. New config: { opid_index: 2 OBSOLETE_local: false peers { permanent_uuid: "66dff9bfff89403f9f98c3b4b149dc7f" member_type: VOTER last_known_addr { host: "127.18.13.65" port: 33317 } } peers { permanent_uuid: "3c9171a12b064d55b16fcb98606199ed" member_type: VOTER last_known_addr { host: "127.18.13.66" port: 44149 } attrs { replace: true } } peers { permanent_uuid: "8f95373462754c449061660d57bc5307" member_type: VOTER last_known_addr { host: "127.18.13.67" port: 40349 } } peers { permanent_uuid: "2cc2d61b0a5d4436ab3ae282b43cc4e3" member_type: NON_VOTER last_known_addr { host: "127.18.13.68" port: 46161 } attrs { promote: true } } }
I20260710 11:04:15.417711 19489 catalog_manager.cc:5697] T da9982be1b234f99abbe88b9442d3aee P 8f95373462754c449061660d57bc5307 reported cstate change: config changed from index -1 to 2, NON_VOTER 2cc2d61b0a5d4436ab3ae282b43cc4e3 (127.18.13.68) added. New cstate: current_term: 1 leader_uuid: "66dff9bfff89403f9f98c3b4b149dc7f" committed_config { opid_index: 2 OBSOLETE_local: false peers { permanent_uuid: "66dff9bfff89403f9f98c3b4b149dc7f" member_type: VOTER last_known_addr { host: "127.18.13.65" port: 33317 } } peers { permanent_uuid: "3c9171a12b064d55b16fcb98606199ed" member_type: VOTER last_known_addr { host: "127.18.13.66" port: 44149 } attrs { replace: true } } peers { permanent_uuid: "8f95373462754c449061660d57bc5307" member_type: VOTER last_known_addr { host: "127.18.13.67" port: 40349 } } peers { permanent_uuid: "2cc2d61b0a5d4436ab3ae282b43cc4e3" member_type: NON_VOTER last_known_addr { host: "127.18.13.68" port: 46161 } attrs { promote: true } } }
I20260710 11:04:15.422319 19665 raft_consensus.cc:2955] T da9982be1b234f99abbe88b9442d3aee P 3c9171a12b064d55b16fcb98606199ed [term 1 FOLLOWER]: Committing config change with OpId 1.2: config changed from index -1 to 2, NON_VOTER 2cc2d61b0a5d4436ab3ae282b43cc4e3 (127.18.13.68) added. New config: { opid_index: 2 OBSOLETE_local: false peers { permanent_uuid: "66dff9bfff89403f9f98c3b4b149dc7f" member_type: VOTER last_known_addr { host: "127.18.13.65" port: 33317 } } peers { permanent_uuid: "3c9171a12b064d55b16fcb98606199ed" member_type: VOTER last_known_addr { host: "127.18.13.66" port: 44149 } attrs { replace: true } } peers { permanent_uuid: "8f95373462754c449061660d57bc5307" member_type: VOTER last_known_addr { host: "127.18.13.67" port: 40349 } } peers { permanent_uuid: "2cc2d61b0a5d4436ab3ae282b43cc4e3" member_type: NON_VOTER last_known_addr { host: "127.18.13.68" port: 46161 } attrs { promote: true } } }
I20260710 11:04:15.797974 20308 ts_tablet_manager.cc:933] T fb118f0486a047c587b0440999a1f659 P 2cc2d61b0a5d4436ab3ae282b43cc4e3: Initiating tablet copy from peer 66dff9bfff89403f9f98c3b4b149dc7f (127.18.13.65:33317)
I20260710 11:04:15.799911 20308 tablet_copy_client.cc:323] T fb118f0486a047c587b0440999a1f659 P 2cc2d61b0a5d4436ab3ae282b43cc4e3: tablet copy: Beginning tablet copy session from remote peer at address 127.18.13.65:33317
I20260710 11:04:15.801433 19602 tablet_copy_service.cc:140] P 66dff9bfff89403f9f98c3b4b149dc7f: Received BeginTabletCopySession request for tablet fb118f0486a047c587b0440999a1f659 from peer 2cc2d61b0a5d4436ab3ae282b43cc4e3 ({username='slave'} at 127.0.0.1:49678)
I20260710 11:04:15.801942 19602 tablet_copy_service.cc:161] P 66dff9bfff89403f9f98c3b4b149dc7f: Beginning new tablet copy session on tablet fb118f0486a047c587b0440999a1f659 from peer 2cc2d61b0a5d4436ab3ae282b43cc4e3 at {username='slave'} at 127.0.0.1:49678: session id = 2cc2d61b0a5d4436ab3ae282b43cc4e3-fb118f0486a047c587b0440999a1f659
I20260710 11:04:15.807022 19602 tablet_copy_source_session.cc:215] T fb118f0486a047c587b0440999a1f659 P 66dff9bfff89403f9f98c3b4b149dc7f: Tablet Copy: opened 0 blocks and 1 log segments
I20260710 11:04:15.809576 20308 data_dirs.cc:400] Could only allocate 1 dirs of requested 3 for tablet fb118f0486a047c587b0440999a1f659. 1 dirs total, 0 dirs full, 0 dirs failed
I20260710 11:04:15.825186 20308 tablet_copy_client.cc:806] T fb118f0486a047c587b0440999a1f659 P 2cc2d61b0a5d4436ab3ae282b43cc4e3: tablet copy: Starting download of 0 data blocks...
I20260710 11:04:15.825838 20308 tablet_copy_client.cc:670] T fb118f0486a047c587b0440999a1f659 P 2cc2d61b0a5d4436ab3ae282b43cc4e3: tablet copy: Starting download of 1 WAL segments...
I20260710 11:04:15.829787 20308 tablet_copy_client.cc:538] T fb118f0486a047c587b0440999a1f659 P 2cc2d61b0a5d4436ab3ae282b43cc4e3: tablet copy: Tablet Copy complete. Replacing tablet superblock.
I20260710 11:04:15.836817 20308 tablet_bootstrap.cc:492] T fb118f0486a047c587b0440999a1f659 P 2cc2d61b0a5d4436ab3ae282b43cc4e3: Bootstrap starting.
I20260710 11:04:15.855433 20308 tablet_bootstrap.cc:492] T fb118f0486a047c587b0440999a1f659 P 2cc2d61b0a5d4436ab3ae282b43cc4e3: Bootstrap replayed 1/1 log segments. Stats: ops{read=2 overwritten=0 applied=2 ignored=0} inserts{seen=0 ignored=0} mutations{seen=0 ignored=0} orphaned_commits=0. Pending: 0 replicates
I20260710 11:04:15.856112 20308 tablet_bootstrap.cc:492] T fb118f0486a047c587b0440999a1f659 P 2cc2d61b0a5d4436ab3ae282b43cc4e3: Bootstrap complete.
I20260710 11:04:15.856621 20308 ts_tablet_manager.cc:1403] T fb118f0486a047c587b0440999a1f659 P 2cc2d61b0a5d4436ab3ae282b43cc4e3: Time spent bootstrapping tablet: real 0.020s	user 0.014s	sys 0.005s
I20260710 11:04:15.858736 20308 raft_consensus.cc:359] T fb118f0486a047c587b0440999a1f659 P 2cc2d61b0a5d4436ab3ae282b43cc4e3 [term 1 LEARNER]: Replica starting. Triggering 0 pending ops. Active config: opid_index: 2 OBSOLETE_local: false peers { permanent_uuid: "66dff9bfff89403f9f98c3b4b149dc7f" member_type: VOTER last_known_addr { host: "127.18.13.65" port: 33317 } } peers { permanent_uuid: "3c9171a12b064d55b16fcb98606199ed" member_type: VOTER last_known_addr { host: "127.18.13.66" port: 44149 } } peers { permanent_uuid: "8f95373462754c449061660d57bc5307" member_type: VOTER last_known_addr { host: "127.18.13.67" port: 40349 } attrs { replace: true } } peers { permanent_uuid: "2cc2d61b0a5d4436ab3ae282b43cc4e3" member_type: NON_VOTER last_known_addr { host: "127.18.13.68" port: 46161 } attrs { promote: true } }
I20260710 11:04:15.859381 20308 raft_consensus.cc:740] T fb118f0486a047c587b0440999a1f659 P 2cc2d61b0a5d4436ab3ae282b43cc4e3 [term 1 LEARNER]: Becoming Follower/Learner. State: Replica: 2cc2d61b0a5d4436ab3ae282b43cc4e3, State: Initialized, Role: LEARNER
I20260710 11:04:15.859880 20308 consensus_queue.cc:260] T fb118f0486a047c587b0440999a1f659 P 2cc2d61b0a5d4436ab3ae282b43cc4e3 [NON_LEADER]: Queue going to NON_LEADER mode. State: All replicated index: 0, Majority replicated index: 0, Committed index: 2, Last appended: 1.2, Last appended by leader: 2, Current term: 0, Majority size: -1, State: 0, Mode: NON_LEADER, active raft config: opid_index: 2 OBSOLETE_local: false peers { permanent_uuid: "66dff9bfff89403f9f98c3b4b149dc7f" member_type: VOTER last_known_addr { host: "127.18.13.65" port: 33317 } } peers { permanent_uuid: "3c9171a12b064d55b16fcb98606199ed" member_type: VOTER last_known_addr { host: "127.18.13.66" port: 44149 } } peers { permanent_uuid: "8f95373462754c449061660d57bc5307" member_type: VOTER last_known_addr { host: "127.18.13.67" port: 40349 } attrs { replace: true } } peers { permanent_uuid: "2cc2d61b0a5d4436ab3ae282b43cc4e3" member_type: NON_VOTER last_known_addr { host: "127.18.13.68" port: 46161 } attrs { promote: true } }
I20260710 11:04:15.862813 20308 ts_tablet_manager.cc:1434] T fb118f0486a047c587b0440999a1f659 P 2cc2d61b0a5d4436ab3ae282b43cc4e3: Time spent starting tablet: real 0.006s	user 0.006s	sys 0.000s
I20260710 11:04:15.864936 19602 tablet_copy_service.cc:342] P 66dff9bfff89403f9f98c3b4b149dc7f: Request end of tablet copy session 2cc2d61b0a5d4436ab3ae282b43cc4e3-fb118f0486a047c587b0440999a1f659 received from {username='slave'} at 127.0.0.1:49678
I20260710 11:04:15.865350 19602 tablet_copy_service.cc:434] P 66dff9bfff89403f9f98c3b4b149dc7f: ending tablet copy session 2cc2d61b0a5d4436ab3ae282b43cc4e3-fb118f0486a047c587b0440999a1f659 on tablet fb118f0486a047c587b0440999a1f659 with peer 2cc2d61b0a5d4436ab3ae282b43cc4e3
I20260710 11:04:15.888625 20308 ts_tablet_manager.cc:933] T da9982be1b234f99abbe88b9442d3aee P 2cc2d61b0a5d4436ab3ae282b43cc4e3: Initiating tablet copy from peer 66dff9bfff89403f9f98c3b4b149dc7f (127.18.13.65:33317)
I20260710 11:04:15.890180 20308 tablet_copy_client.cc:323] T da9982be1b234f99abbe88b9442d3aee P 2cc2d61b0a5d4436ab3ae282b43cc4e3: tablet copy: Beginning tablet copy session from remote peer at address 127.18.13.65:33317
I20260710 11:04:15.891644 19602 tablet_copy_service.cc:140] P 66dff9bfff89403f9f98c3b4b149dc7f: Received BeginTabletCopySession request for tablet da9982be1b234f99abbe88b9442d3aee from peer 2cc2d61b0a5d4436ab3ae282b43cc4e3 ({username='slave'} at 127.0.0.1:49678)
I20260710 11:04:15.892082 19602 tablet_copy_service.cc:161] P 66dff9bfff89403f9f98c3b4b149dc7f: Beginning new tablet copy session on tablet da9982be1b234f99abbe88b9442d3aee from peer 2cc2d61b0a5d4436ab3ae282b43cc4e3 at {username='slave'} at 127.0.0.1:49678: session id = 2cc2d61b0a5d4436ab3ae282b43cc4e3-da9982be1b234f99abbe88b9442d3aee
I20260710 11:04:15.897284 19602 tablet_copy_source_session.cc:215] T da9982be1b234f99abbe88b9442d3aee P 66dff9bfff89403f9f98c3b4b149dc7f: Tablet Copy: opened 0 blocks and 1 log segments
I20260710 11:04:15.899701 20308 data_dirs.cc:400] Could only allocate 1 dirs of requested 3 for tablet da9982be1b234f99abbe88b9442d3aee. 1 dirs total, 0 dirs full, 0 dirs failed
I20260710 11:04:15.909865 20308 tablet_copy_client.cc:806] T da9982be1b234f99abbe88b9442d3aee P 2cc2d61b0a5d4436ab3ae282b43cc4e3: tablet copy: Starting download of 0 data blocks...
I20260710 11:04:15.910410 20308 tablet_copy_client.cc:670] T da9982be1b234f99abbe88b9442d3aee P 2cc2d61b0a5d4436ab3ae282b43cc4e3: tablet copy: Starting download of 1 WAL segments...
I20260710 11:04:15.913539 20308 tablet_copy_client.cc:538] T da9982be1b234f99abbe88b9442d3aee P 2cc2d61b0a5d4436ab3ae282b43cc4e3: tablet copy: Tablet Copy complete. Replacing tablet superblock.
