I20260710 11:04:02.661186  3912 leader_election.cc:290] T 660ca228755e491ab4504663bc10fc17 P 5ca146b3e153407a9286c742f72e4538 [CANDIDATE]: Term 1 pre-election: Requested pre-vote from peers 5ff07c66c583446e88b5c3a8350dd7a2 (127.2.133.194:35111), 1ed0336a52dc4c2499ea82717ae77e31 (127.2.133.195:34719)
I20260710 11:04:02.662984  3905 raft_consensus.cc:359] T b2fc87e9d9e849b0b2b1fa361b63df5b P 1ed0336a52dc4c2499ea82717ae77e31 [term 0 FOLLOWER]: Replica starting. Triggering 0 pending ops. Active config: opid_index: -1 OBSOLETE_local: false peers { permanent_uuid: "5ca146b3e153407a9286c742f72e4538" member_type: VOTER last_known_addr { host: "127.2.133.193" port: 41049 } } peers { permanent_uuid: "5ff07c66c583446e88b5c3a8350dd7a2" member_type: VOTER last_known_addr { host: "127.2.133.194" port: 35111 } } peers { permanent_uuid: "1ed0336a52dc4c2499ea82717ae77e31" member_type: VOTER last_known_addr { host: "127.2.133.195" port: 34719 } }
I20260710 11:04:02.663746  3905 raft_consensus.cc:385] T b2fc87e9d9e849b0b2b1fa361b63df5b P 1ed0336a52dc4c2499ea82717ae77e31 [term 0 FOLLOWER]: Consensus starting up: Expiring failure detector timer to make a prompt election more likely
I20260710 11:04:02.664059  3905 raft_consensus.cc:740] T b2fc87e9d9e849b0b2b1fa361b63df5b P 1ed0336a52dc4c2499ea82717ae77e31 [term 0 FOLLOWER]: Becoming Follower/Learner. State: Replica: 1ed0336a52dc4c2499ea82717ae77e31, State: Initialized, Role: FOLLOWER
I20260710 11:04:02.664475  3908 raft_consensus.cc:493] T 3cb2a341407143958a7a5161815a94b4 P 5ff07c66c583446e88b5c3a8350dd7a2 [term 0 FOLLOWER]: Starting pre-election (no leader contacted us within the election timeout)
I20260710 11:04:02.664108  3906 raft_consensus.cc:359] T e4a6136d821b429ca72e162e598304f5 P 5ff07c66c583446e88b5c3a8350dd7a2 [term 0 FOLLOWER]: Replica starting. Triggering 0 pending ops. Active config: opid_index: -1 OBSOLETE_local: false peers { permanent_uuid: "5ca146b3e153407a9286c742f72e4538" member_type: VOTER last_known_addr { host: "127.2.133.193" port: 41049 } } peers { permanent_uuid: "5ff07c66c583446e88b5c3a8350dd7a2" member_type: VOTER last_known_addr { host: "127.2.133.194" port: 35111 } } peers { permanent_uuid: "1ed0336a52dc4c2499ea82717ae77e31" member_type: VOTER last_known_addr { host: "127.2.133.195" port: 34719 } }
I20260710 11:04:02.665062  3906 raft_consensus.cc:385] T e4a6136d821b429ca72e162e598304f5 P 5ff07c66c583446e88b5c3a8350dd7a2 [term 0 FOLLOWER]: Consensus starting up: Expiring failure detector timer to make a prompt election more likely
I20260710 11:04:02.664907  3905 consensus_queue.cc:260] T b2fc87e9d9e849b0b2b1fa361b63df5b P 1ed0336a52dc4c2499ea82717ae77e31 [NON_LEADER]: Queue going to NON_LEADER mode. State: All replicated index: 0, Majority replicated index: 0, Committed index: 0, Last appended: 0.0, Last appended by leader: 0, Current term: 0, Majority size: -1, State: 0, Mode: NON_LEADER, active raft config: opid_index: -1 OBSOLETE_local: false peers { permanent_uuid: "5ca146b3e153407a9286c742f72e4538" member_type: VOTER last_known_addr { host: "127.2.133.193" port: 41049 } } peers { permanent_uuid: "5ff07c66c583446e88b5c3a8350dd7a2" member_type: VOTER last_known_addr { host: "127.2.133.194" port: 35111 } } peers { permanent_uuid: "1ed0336a52dc4c2499ea82717ae77e31" member_type: VOTER last_known_addr { host: "127.2.133.195" port: 34719 } }
I20260710 11:04:02.664961  3908 raft_consensus.cc:515] T 3cb2a341407143958a7a5161815a94b4 P 5ff07c66c583446e88b5c3a8350dd7a2 [term 0 FOLLOWER]: Starting pre-election with config: opid_index: -1 OBSOLETE_local: false peers { permanent_uuid: "5ca146b3e153407a9286c742f72e4538" member_type: VOTER last_known_addr { host: "127.2.133.193" port: 41049 } } peers { permanent_uuid: "5ff07c66c583446e88b5c3a8350dd7a2" member_type: VOTER last_known_addr { host: "127.2.133.194" port: 35111 } } peers { permanent_uuid: "1ed0336a52dc4c2499ea82717ae77e31" member_type: VOTER last_known_addr { host: "127.2.133.195" port: 34719 } }
I20260710 11:04:02.665613  3906 raft_consensus.cc:740] T e4a6136d821b429ca72e162e598304f5 P 5ff07c66c583446e88b5c3a8350dd7a2 [term 0 FOLLOWER]: Becoming Follower/Learner. State: Replica: 5ff07c66c583446e88b5c3a8350dd7a2, State: Initialized, Role: FOLLOWER
I20260710 11:04:02.667276  3905 ts_tablet_manager.cc:1434] T b2fc87e9d9e849b0b2b1fa361b63df5b P 1ed0336a52dc4c2499ea82717ae77e31: Time spent starting tablet: real 0.020s	user 0.004s	sys 0.004s
I20260710 11:04:02.666893  3906 consensus_queue.cc:260] T e4a6136d821b429ca72e162e598304f5 P 5ff07c66c583446e88b5c3a8350dd7a2 [NON_LEADER]: Queue going to NON_LEADER mode. State: All replicated index: 0, Majority replicated index: 0, Committed index: 0, Last appended: 0.0, Last appended by leader: 0, Current term: 0, Majority size: -1, State: 0, Mode: NON_LEADER, active raft config: opid_index: -1 OBSOLETE_local: false peers { permanent_uuid: "5ca146b3e153407a9286c742f72e4538" member_type: VOTER last_known_addr { host: "127.2.133.193" port: 41049 } } peers { permanent_uuid: "5ff07c66c583446e88b5c3a8350dd7a2" member_type: VOTER last_known_addr { host: "127.2.133.194" port: 35111 } } peers { permanent_uuid: "1ed0336a52dc4c2499ea82717ae77e31" member_type: VOTER last_known_addr { host: "127.2.133.195" port: 34719 } }
I20260710 11:04:02.667429  3908 leader_election.cc:290] T 3cb2a341407143958a7a5161815a94b4 P 5ff07c66c583446e88b5c3a8350dd7a2 [CANDIDATE]: Term 1 pre-election: Requested pre-vote from peers 5ca146b3e153407a9286c742f72e4538 (127.2.133.193:41049), 1ed0336a52dc4c2499ea82717ae77e31 (127.2.133.195:34719)
I20260710 11:04:02.668828  3714 tablet_service.cc:1917] Received RequestConsensusVote() RPC: tablet_id: "3cb2a341407143958a7a5161815a94b4" candidate_uuid: "5ff07c66c583446e88b5c3a8350dd7a2" candidate_term: 1 candidate_status { last_received { term: 0 index: 0 } } ignore_live_leader: false dest_uuid: "5ca146b3e153407a9286c742f72e4538" is_pre_election: true
I20260710 11:04:02.669852  3906 ts_tablet_manager.cc:1434] T e4a6136d821b429ca72e162e598304f5 P 5ff07c66c583446e88b5c3a8350dd7a2: Time spent starting tablet: real 0.009s	user 0.007s	sys 0.000s
I20260710 11:04:02.671044  3906 tablet_bootstrap.cc:492] T f308dd86095d43df94df21ad27caf701 P 5ff07c66c583446e88b5c3a8350dd7a2: Bootstrap starting.
I20260710 11:04:02.671240  3905 tablet_bootstrap.cc:492] T f7c907b9ad8f4285940abdc80d7a23cd P 1ed0336a52dc4c2499ea82717ae77e31: Bootstrap starting.
I20260710 11:04:02.670976  3863 tablet_service.cc:1917] Received RequestConsensusVote() RPC: tablet_id: "3cb2a341407143958a7a5161815a94b4" candidate_uuid: "5ff07c66c583446e88b5c3a8350dd7a2" candidate_term: 1 candidate_status { last_received { term: 0 index: 0 } } ignore_live_leader: false dest_uuid: "1ed0336a52dc4c2499ea82717ae77e31" is_pre_election: true
I20260710 11:04:02.671932  3863 raft_consensus.cc:2468] T 3cb2a341407143958a7a5161815a94b4 P 1ed0336a52dc4c2499ea82717ae77e31 [term 0 FOLLOWER]: Leader pre-election vote request: Granting yes vote for candidate 5ff07c66c583446e88b5c3a8350dd7a2 in term 0.
W20260710 11:04:02.673207  3754 leader_election.cc:343] T 3cb2a341407143958a7a5161815a94b4 P 5ff07c66c583446e88b5c3a8350dd7a2 [CANDIDATE]: Term 1 pre-election: Tablet error from VoteRequest() call to peer 5ca146b3e153407a9286c742f72e4538 (127.2.133.193:41049): Illegal state: must be running to vote when last-logged opid is not known
I20260710 11:04:02.673959  3753 leader_election.cc:304] T 3cb2a341407143958a7a5161815a94b4 P 5ff07c66c583446e88b5c3a8350dd7a2 [CANDIDATE]: Term 1 pre-election: Election decided. Result: candidate won. Election summary: received 3 responses out of 3 voters: 2 yes votes; 1 no votes. yes voters: 1ed0336a52dc4c2499ea82717ae77e31, 5ff07c66c583446e88b5c3a8350dd7a2; no voters: 5ca146b3e153407a9286c742f72e4538
I20260710 11:04:02.675077  3908 raft_consensus.cc:2804] T 3cb2a341407143958a7a5161815a94b4 P 5ff07c66c583446e88b5c3a8350dd7a2 [term 0 FOLLOWER]: Leader pre-election won for term 1
I20260710 11:04:02.675455  3908 raft_consensus.cc:493] T 3cb2a341407143958a7a5161815a94b4 P 5ff07c66c583446e88b5c3a8350dd7a2 [term 0 FOLLOWER]: Starting leader election (no leader contacted us within the election timeout)
I20260710 11:04:02.675804  3908 raft_consensus.cc:3060] T 3cb2a341407143958a7a5161815a94b4 P 5ff07c66c583446e88b5c3a8350dd7a2 [term 0 FOLLOWER]: Advancing to term 1
I20260710 11:04:02.678041  3906 tablet_bootstrap.cc:654] T f308dd86095d43df94df21ad27caf701 P 5ff07c66c583446e88b5c3a8350dd7a2: Neither blocks nor log segments found. Creating new log.
I20260710 11:04:02.678042  3905 tablet_bootstrap.cc:654] T f7c907b9ad8f4285940abdc80d7a23cd P 1ed0336a52dc4c2499ea82717ae77e31: Neither blocks nor log segments found. Creating new log.
I20260710 11:04:02.687350  3908 raft_consensus.cc:515] T 3cb2a341407143958a7a5161815a94b4 P 5ff07c66c583446e88b5c3a8350dd7a2 [term 1 FOLLOWER]: Starting leader election with config: opid_index: -1 OBSOLETE_local: false peers { permanent_uuid: "5ca146b3e153407a9286c742f72e4538" member_type: VOTER last_known_addr { host: "127.2.133.193" port: 41049 } } peers { permanent_uuid: "5ff07c66c583446e88b5c3a8350dd7a2" member_type: VOTER last_known_addr { host: "127.2.133.194" port: 35111 } } peers { permanent_uuid: "1ed0336a52dc4c2499ea82717ae77e31" member_type: VOTER last_known_addr { host: "127.2.133.195" port: 34719 } }
I20260710 11:04:02.690328  3904 tablet_bootstrap.cc:492] T f308dd86095d43df94df21ad27caf701 P 5ca146b3e153407a9286c742f72e4538: No bootstrap required, opened a new log
I20260710 11:04:02.690833  3904 ts_tablet_manager.cc:1403] T f308dd86095d43df94df21ad27caf701 P 5ca146b3e153407a9286c742f72e4538: Time spent bootstrapping tablet: real 0.052s	user 0.007s	sys 0.010s
I20260710 11:04:02.691273  3906 tablet_bootstrap.cc:492] T f308dd86095d43df94df21ad27caf701 P 5ff07c66c583446e88b5c3a8350dd7a2: No bootstrap required, opened a new log
I20260710 11:04:02.691395  3905 tablet_bootstrap.cc:492] T f7c907b9ad8f4285940abdc80d7a23cd P 1ed0336a52dc4c2499ea82717ae77e31: No bootstrap required, opened a new log
I20260710 11:04:02.691176  3714 tablet_service.cc:1917] Received RequestConsensusVote() RPC: tablet_id: "3cb2a341407143958a7a5161815a94b4" candidate_uuid: "5ff07c66c583446e88b5c3a8350dd7a2" candidate_term: 1 candidate_status { last_received { term: 0 index: 0 } } ignore_live_leader: false dest_uuid: "5ca146b3e153407a9286c742f72e4538"
I20260710 11:04:02.692049  3905 ts_tablet_manager.cc:1403] T f7c907b9ad8f4285940abdc80d7a23cd P 1ed0336a52dc4c2499ea82717ae77e31: Time spent bootstrapping tablet: real 0.024s	user 0.014s	sys 0.004s
I20260710 11:04:02.692045  3906 ts_tablet_manager.cc:1403] T f308dd86095d43df94df21ad27caf701 P 5ff07c66c583446e88b5c3a8350dd7a2: Time spent bootstrapping tablet: real 0.021s	user 0.012s	sys 0.008s
W20260710 11:04:02.692871  3754 leader_election.cc:343] T 3cb2a341407143958a7a5161815a94b4 P 5ff07c66c583446e88b5c3a8350dd7a2 [CANDIDATE]: Term 1 election: Tablet error from VoteRequest() call to peer 5ca146b3e153407a9286c742f72e4538 (127.2.133.193:41049): Illegal state: must be running to vote when last-logged opid is not known
I20260710 11:04:02.693917  3904 raft_consensus.cc:359] T f308dd86095d43df94df21ad27caf701 P 5ca146b3e153407a9286c742f72e4538 [term 0 FOLLOWER]: Replica starting. Triggering 0 pending ops. Active config: opid_index: -1 OBSOLETE_local: false peers { permanent_uuid: "5ca146b3e153407a9286c742f72e4538" member_type: VOTER last_known_addr { host: "127.2.133.193" port: 41049 } } peers { permanent_uuid: "5ff07c66c583446e88b5c3a8350dd7a2" member_type: VOTER last_known_addr { host: "127.2.133.194" port: 35111 } } peers { permanent_uuid: "1ed0336a52dc4c2499ea82717ae77e31" member_type: VOTER last_known_addr { host: "127.2.133.195" port: 34719 } }
I20260710 11:04:02.694821  3904 raft_consensus.cc:385] T f308dd86095d43df94df21ad27caf701 P 5ca146b3e153407a9286c742f72e4538 [term 0 FOLLOWER]: Consensus starting up: Expiring failure detector timer to make a prompt election more likely
I20260710 11:04:02.695011  3863 tablet_service.cc:1917] Received RequestConsensusVote() RPC: tablet_id: "3cb2a341407143958a7a5161815a94b4" candidate_uuid: "5ff07c66c583446e88b5c3a8350dd7a2" candidate_term: 1 candidate_status { last_received { term: 0 index: 0 } } ignore_live_leader: false dest_uuid: "1ed0336a52dc4c2499ea82717ae77e31"
I20260710 11:04:02.695073  3905 raft_consensus.cc:359] T f7c907b9ad8f4285940abdc80d7a23cd P 1ed0336a52dc4c2499ea82717ae77e31 [term 0 FOLLOWER]: Replica starting. Triggering 0 pending ops. Active config: opid_index: -1 OBSOLETE_local: false peers { permanent_uuid: "5ca146b3e153407a9286c742f72e4538" member_type: VOTER last_known_addr { host: "127.2.133.193" port: 41049 } } peers { permanent_uuid: "5ff07c66c583446e88b5c3a8350dd7a2" member_type: VOTER last_known_addr { host: "127.2.133.194" port: 35111 } } peers { permanent_uuid: "1ed0336a52dc4c2499ea82717ae77e31" member_type: VOTER last_known_addr { host: "127.2.133.195" port: 34719 } }
I20260710 11:04:02.695823  3863 raft_consensus.cc:3060] T 3cb2a341407143958a7a5161815a94b4 P 1ed0336a52dc4c2499ea82717ae77e31 [term 0 FOLLOWER]: Advancing to term 1
I20260710 11:04:02.695928  3905 raft_consensus.cc:385] T f7c907b9ad8f4285940abdc80d7a23cd P 1ed0336a52dc4c2499ea82717ae77e31 [term 0 FOLLOWER]: Consensus starting up: Expiring failure detector timer to make a prompt election more likely
I20260710 11:04:02.696437  3905 raft_consensus.cc:740] T f7c907b9ad8f4285940abdc80d7a23cd P 1ed0336a52dc4c2499ea82717ae77e31 [term 0 FOLLOWER]: Becoming Follower/Learner. State: Replica: 1ed0336a52dc4c2499ea82717ae77e31, State: Initialized, Role: FOLLOWER
I20260710 11:04:02.695909  3906 raft_consensus.cc:359] T f308dd86095d43df94df21ad27caf701 P 5ff07c66c583446e88b5c3a8350dd7a2 [term 0 FOLLOWER]: Replica starting. Triggering 0 pending ops. Active config: opid_index: -1 OBSOLETE_local: false peers { permanent_uuid: "5ca146b3e153407a9286c742f72e4538" member_type: VOTER last_known_addr { host: "127.2.133.193" port: 41049 } } peers { permanent_uuid: "5ff07c66c583446e88b5c3a8350dd7a2" member_type: VOTER last_known_addr { host: "127.2.133.194" port: 35111 } } peers { permanent_uuid: "1ed0336a52dc4c2499ea82717ae77e31" member_type: VOTER last_known_addr { host: "127.2.133.195" port: 34719 } }
I20260710 11:04:02.697021  3906 raft_consensus.cc:385] T f308dd86095d43df94df21ad27caf701 P 5ff07c66c583446e88b5c3a8350dd7a2 [term 0 FOLLOWER]: Consensus starting up: Expiring failure detector timer to make a prompt election more likely
I20260710 11:04:02.697386  3906 raft_consensus.cc:740] T f308dd86095d43df94df21ad27caf701 P 5ff07c66c583446e88b5c3a8350dd7a2 [term 0 FOLLOWER]: Becoming Follower/Learner. State: Replica: 5ff07c66c583446e88b5c3a8350dd7a2, State: Initialized, Role: FOLLOWER
I20260710 11:04:02.697327  3905 consensus_queue.cc:260] T f7c907b9ad8f4285940abdc80d7a23cd P 1ed0336a52dc4c2499ea82717ae77e31 [NON_LEADER]: Queue going to NON_LEADER mode. State: All replicated index: 0, Majority replicated index: 0, Committed index: 0, Last appended: 0.0, Last appended by leader: 0, Current term: 0, Majority size: -1, State: 0, Mode: NON_LEADER, active raft config: opid_index: -1 OBSOLETE_local: false peers { permanent_uuid: "5ca146b3e153407a9286c742f72e4538" member_type: VOTER last_known_addr { host: "127.2.133.193" port: 41049 } } peers { permanent_uuid: "5ff07c66c583446e88b5c3a8350dd7a2" member_type: VOTER last_known_addr { host: "127.2.133.194" port: 35111 } } peers { permanent_uuid: "1ed0336a52dc4c2499ea82717ae77e31" member_type: VOTER last_known_addr { host: "127.2.133.195" port: 34719 } }
I20260710 11:04:02.698427  3906 consensus_queue.cc:260] T f308dd86095d43df94df21ad27caf701 P 5ff07c66c583446e88b5c3a8350dd7a2 [NON_LEADER]: Queue going to NON_LEADER mode. State: All replicated index: 0, Majority replicated index: 0, Committed index: 0, Last appended: 0.0, Last appended by leader: 0, Current term: 0, Majority size: -1, State: 0, Mode: NON_LEADER, active raft config: opid_index: -1 OBSOLETE_local: false peers { permanent_uuid: "5ca146b3e153407a9286c742f72e4538" member_type: VOTER last_known_addr { host: "127.2.133.193" port: 41049 } } peers { permanent_uuid: "5ff07c66c583446e88b5c3a8350dd7a2" member_type: VOTER last_known_addr { host: "127.2.133.194" port: 35111 } } peers { permanent_uuid: "1ed0336a52dc4c2499ea82717ae77e31" member_type: VOTER last_known_addr { host: "127.2.133.195" port: 34719 } }
I20260710 11:04:02.703960  3904 raft_consensus.cc:740] T f308dd86095d43df94df21ad27caf701 P 5ca146b3e153407a9286c742f72e4538 [term 0 FOLLOWER]: Becoming Follower/Learner. State: Replica: 5ca146b3e153407a9286c742f72e4538, State: Initialized, Role: FOLLOWER
I20260710 11:04:02.704797  3904 consensus_queue.cc:260] T f308dd86095d43df94df21ad27caf701 P 5ca146b3e153407a9286c742f72e4538 [NON_LEADER]: Queue going to NON_LEADER mode. State: All replicated index: 0, Majority replicated index: 0, Committed index: 0, Last appended: 0.0, Last appended by leader: 0, Current term: 0, Majority size: -1, State: 0, Mode: NON_LEADER, active raft config: opid_index: -1 OBSOLETE_local: false peers { permanent_uuid: "5ca146b3e153407a9286c742f72e4538" member_type: VOTER last_known_addr { host: "127.2.133.193" port: 41049 } } peers { permanent_uuid: "5ff07c66c583446e88b5c3a8350dd7a2" member_type: VOTER last_known_addr { host: "127.2.133.194" port: 35111 } } peers { permanent_uuid: "1ed0336a52dc4c2499ea82717ae77e31" member_type: VOTER last_known_addr { host: "127.2.133.195" port: 34719 } }
I20260710 11:04:02.707578  3904 ts_tablet_manager.cc:1434] T f308dd86095d43df94df21ad27caf701 P 5ca146b3e153407a9286c742f72e4538: Time spent starting tablet: real 0.016s	user 0.001s	sys 0.008s
I20260710 11:04:02.708534  3904 tablet_bootstrap.cc:492] T f2326acb73f84737be6797a046f6ce57 P 5ca146b3e153407a9286c742f72e4538: Bootstrap starting.
I20260710 11:04:02.710239  3906 ts_tablet_manager.cc:1434] T f308dd86095d43df94df21ad27caf701 P 5ff07c66c583446e88b5c3a8350dd7a2: Time spent starting tablet: real 0.018s	user 0.012s	sys 0.000s
I20260710 11:04:02.712078  3905 ts_tablet_manager.cc:1434] T f7c907b9ad8f4285940abdc80d7a23cd P 1ed0336a52dc4c2499ea82717ae77e31: Time spent starting tablet: real 0.020s	user 0.007s	sys 0.000s
I20260710 11:04:02.714816  3904 tablet_bootstrap.cc:654] T f2326acb73f84737be6797a046f6ce57 P 5ca146b3e153407a9286c742f72e4538: Neither blocks nor log segments found. Creating new log.
I20260710 11:04:02.717125  3906 tablet_bootstrap.cc:492] T 660ca228755e491ab4504663bc10fc17 P 5ff07c66c583446e88b5c3a8350dd7a2: Bootstrap starting.
I20260710 11:04:02.722349  3905 tablet_bootstrap.cc:492] T 4f17b2a7aa184ec29729df7ba68f5568 P 1ed0336a52dc4c2499ea82717ae77e31: Bootstrap starting.
I20260710 11:04:02.694437  3908 leader_election.cc:290] T 3cb2a341407143958a7a5161815a94b4 P 5ff07c66c583446e88b5c3a8350dd7a2 [CANDIDATE]: Term 1 election: Requested vote from peers 5ca146b3e153407a9286c742f72e4538 (127.2.133.193:41049), 1ed0336a52dc4c2499ea82717ae77e31 (127.2.133.195:34719)
I20260710 11:04:02.726107  3863 raft_consensus.cc:2468] T 3cb2a341407143958a7a5161815a94b4 P 1ed0336a52dc4c2499ea82717ae77e31 [term 1 FOLLOWER]: Leader election vote request: Granting yes vote for candidate 5ff07c66c583446e88b5c3a8350dd7a2 in term 1.
I20260710 11:04:02.727816  3753 leader_election.cc:304] T 3cb2a341407143958a7a5161815a94b4 P 5ff07c66c583446e88b5c3a8350dd7a2 [CANDIDATE]: Term 1 election: Election decided. Result: candidate won. Election summary: received 3 responses out of 3 voters: 2 yes votes; 1 no votes. yes voters: 1ed0336a52dc4c2499ea82717ae77e31, 5ff07c66c583446e88b5c3a8350dd7a2; no voters: 5ca146b3e153407a9286c742f72e4538
I20260710 11:04:02.726460  3940 raft_consensus.cc:493] T f308dd86095d43df94df21ad27caf701 P 5ff07c66c583446e88b5c3a8350dd7a2 [term 0 FOLLOWER]: Starting pre-election (no leader contacted us within the election timeout)
I20260710 11:04:02.730141  3905 tablet_bootstrap.cc:654] T 4f17b2a7aa184ec29729df7ba68f5568 P 1ed0336a52dc4c2499ea82717ae77e31: Neither blocks nor log segments found. Creating new log.
I20260710 11:04:02.729930  3940 raft_consensus.cc:515] T f308dd86095d43df94df21ad27caf701 P 5ff07c66c583446e88b5c3a8350dd7a2 [term 0 FOLLOWER]: Starting pre-election with config: opid_index: -1 OBSOLETE_local: false peers { permanent_uuid: "5ca146b3e153407a9286c742f72e4538" member_type: VOTER last_known_addr { host: "127.2.133.193" port: 41049 } } peers { permanent_uuid: "5ff07c66c583446e88b5c3a8350dd7a2" member_type: VOTER last_known_addr { host: "127.2.133.194" port: 35111 } } peers { permanent_uuid: "1ed0336a52dc4c2499ea82717ae77e31" member_type: VOTER last_known_addr { host: "127.2.133.195" port: 34719 } }
I20260710 11:04:02.733137  3908 raft_consensus.cc:493] T 4f17b2a7aa184ec29729df7ba68f5568 P 5ff07c66c583446e88b5c3a8350dd7a2 [term 0 FOLLOWER]: Starting pre-election (no leader contacted us within the election timeout)
I20260710 11:04:02.735702  3908 raft_consensus.cc:515] T 4f17b2a7aa184ec29729df7ba68f5568 P 5ff07c66c583446e88b5c3a8350dd7a2 [term 0 FOLLOWER]: Starting pre-election with config: opid_index: -1 OBSOLETE_local: false peers { permanent_uuid: "5ca146b3e153407a9286c742f72e4538" member_type: VOTER last_known_addr { host: "127.2.133.193" port: 41049 } } peers { permanent_uuid: "5ff07c66c583446e88b5c3a8350dd7a2" member_type: VOTER last_known_addr { host: "127.2.133.194" port: 35111 } } peers { permanent_uuid: "1ed0336a52dc4c2499ea82717ae77e31" member_type: VOTER last_known_addr { host: "127.2.133.195" port: 34719 } }
I20260710 11:04:02.738449  3908 leader_election.cc:290] T 4f17b2a7aa184ec29729df7ba68f5568 P 5ff07c66c583446e88b5c3a8350dd7a2 [CANDIDATE]: Term 1 pre-election: Requested pre-vote from peers 5ca146b3e153407a9286c742f72e4538 (127.2.133.193:41049), 1ed0336a52dc4c2499ea82717ae77e31 (127.2.133.195:34719)
I20260710 11:04:02.739843  3714 tablet_service.cc:1917] Received RequestConsensusVote() RPC: tablet_id: "f308dd86095d43df94df21ad27caf701" candidate_uuid: "5ff07c66c583446e88b5c3a8350dd7a2" candidate_term: 1 candidate_status { last_received { term: 0 index: 0 } } ignore_live_leader: false dest_uuid: "5ca146b3e153407a9286c742f72e4538" is_pre_election: true
I20260710 11:04:02.740731  3714 raft_consensus.cc:2468] T f308dd86095d43df94df21ad27caf701 P 5ca146b3e153407a9286c742f72e4538 [term 0 FOLLOWER]: Leader pre-election vote request: Granting yes vote for candidate 5ff07c66c583446e88b5c3a8350dd7a2 in term 0.
I20260710 11:04:02.743163  3714 tablet_service.cc:1917] Received RequestConsensusVote() RPC: tablet_id: "4f17b2a7aa184ec29729df7ba68f5568" candidate_uuid: "5ff07c66c583446e88b5c3a8350dd7a2" candidate_term: 1 candidate_status { last_received { term: 0 index: 0 } } ignore_live_leader: false dest_uuid: "5ca146b3e153407a9286c742f72e4538" is_pre_election: true
I20260710 11:04:02.743808  3754 leader_election.cc:304] T f308dd86095d43df94df21ad27caf701 P 5ff07c66c583446e88b5c3a8350dd7a2 [CANDIDATE]: Term 1 pre-election: Election decided. Result: candidate won. Election summary: received 2 responses out of 3 voters: 2 yes votes; 0 no votes. yes voters: 5ca146b3e153407a9286c742f72e4538, 5ff07c66c583446e88b5c3a8350dd7a2; no voters: 
W20260710 11:04:02.744982  3754 leader_election.cc:343] T 4f17b2a7aa184ec29729df7ba68f5568 P 5ff07c66c583446e88b5c3a8350dd7a2 [CANDIDATE]: Term 1 pre-election: Tablet error from VoteRequest() call to peer 5ca146b3e153407a9286c742f72e4538 (127.2.133.193:41049): Illegal state: must be running to vote when last-logged opid is not known
I20260710 11:04:02.749504  3940 leader_election.cc:290] T f308dd86095d43df94df21ad27caf701 P 5ff07c66c583446e88b5c3a8350dd7a2 [CANDIDATE]: Term 1 pre-election: Requested pre-vote from peers 5ca146b3e153407a9286c742f72e4538 (127.2.133.193:41049), 1ed0336a52dc4c2499ea82717ae77e31 (127.2.133.195:34719)
I20260710 11:04:02.752132  3944 raft_consensus.cc:2804] T f308dd86095d43df94df21ad27caf701 P 5ff07c66c583446e88b5c3a8350dd7a2 [term 0 FOLLOWER]: Leader pre-election won for term 1
I20260710 11:04:02.750514  3863 tablet_service.cc:1917] Received RequestConsensusVote() RPC: tablet_id: "4f17b2a7aa184ec29729df7ba68f5568" candidate_uuid: "5ff07c66c583446e88b5c3a8350dd7a2" candidate_term: 1 candidate_status { last_received { term: 0 index: 0 } } ignore_live_leader: false dest_uuid: "1ed0336a52dc4c2499ea82717ae77e31" is_pre_election: true
I20260710 11:04:02.752298  3864 tablet_service.cc:1917] Received RequestConsensusVote() RPC: tablet_id: "f308dd86095d43df94df21ad27caf701" candidate_uuid: "5ff07c66c583446e88b5c3a8350dd7a2" candidate_term: 1 candidate_status { last_received { term: 0 index: 0 } } ignore_live_leader: false dest_uuid: "1ed0336a52dc4c2499ea82717ae77e31" is_pre_election: true
I20260710 11:04:02.752641  3944 raft_consensus.cc:493] T f308dd86095d43df94df21ad27caf701 P 5ff07c66c583446e88b5c3a8350dd7a2 [term 0 FOLLOWER]: Starting leader election (no leader contacted us within the election timeout)
I20260710 11:04:02.739166  3908 raft_consensus.cc:2804] T 3cb2a341407143958a7a5161815a94b4 P 5ff07c66c583446e88b5c3a8350dd7a2 [term 1 FOLLOWER]: Leader election won for term 1
I20260710 11:04:02.753042  3944 raft_consensus.cc:3060] T f308dd86095d43df94df21ad27caf701 P 5ff07c66c583446e88b5c3a8350dd7a2 [term 0 FOLLOWER]: Advancing to term 1
W20260710 11:04:02.754247  3753 leader_election.cc:343] T f308dd86095d43df94df21ad27caf701 P 5ff07c66c583446e88b5c3a8350dd7a2 [CANDIDATE]: Term 1 pre-election: Tablet error from VoteRequest() call to peer 1ed0336a52dc4c2499ea82717ae77e31 (127.2.133.195:34719): Illegal state: must be running to vote when last-logged opid is not known
W20260710 11:04:02.757748  3753 leader_election.cc:343] T 4f17b2a7aa184ec29729df7ba68f5568 P 5ff07c66c583446e88b5c3a8350dd7a2 [CANDIDATE]: Term 1 pre-election: Tablet error from VoteRequest() call to peer 1ed0336a52dc4c2499ea82717ae77e31 (127.2.133.195:34719): Illegal state: must be running to vote when last-logged opid is not known
I20260710 11:04:02.759425  3753 leader_election.cc:304] T 4f17b2a7aa184ec29729df7ba68f5568 P 5ff07c66c583446e88b5c3a8350dd7a2 [CANDIDATE]: Term 1 pre-election: Election decided. Result: candidate lost. Election summary: received 3 responses out of 3 voters: 1 yes votes; 2 no votes. yes voters: 5ff07c66c583446e88b5c3a8350dd7a2; no voters: 1ed0336a52dc4c2499ea82717ae77e31, 5ca146b3e153407a9286c742f72e4538
I20260710 11:04:02.759896  3906 tablet_bootstrap.cc:654] T 660ca228755e491ab4504663bc10fc17 P 5ff07c66c583446e88b5c3a8350dd7a2: Neither blocks nor log segments found. Creating new log.
I20260710 11:04:02.760241  3908 raft_consensus.cc:697] T 3cb2a341407143958a7a5161815a94b4 P 5ff07c66c583446e88b5c3a8350dd7a2 [term 1 LEADER]: Becoming Leader. State: Replica: 5ff07c66c583446e88b5c3a8350dd7a2, State: Running, Role: LEADER
I20260710 11:04:02.761914  3908 consensus_queue.cc:237] T 3cb2a341407143958a7a5161815a94b4 P 5ff07c66c583446e88b5c3a8350dd7a2 [LEADER]: Queue going to LEADER mode. State: All replicated index: 0, Majority replicated index: 0, Committed index: 0, Last appended: 0.0, Last appended by leader: 0, Current term: 1, Majority size: 2, State: 0, Mode: LEADER, active raft config: opid_index: -1 OBSOLETE_local: false peers { permanent_uuid: "5ca146b3e153407a9286c742f72e4538" member_type: VOTER last_known_addr { host: "127.2.133.193" port: 41049 } } peers { permanent_uuid: "5ff07c66c583446e88b5c3a8350dd7a2" member_type: VOTER last_known_addr { host: "127.2.133.194" port: 35111 } } peers { permanent_uuid: "1ed0336a52dc4c2499ea82717ae77e31" member_type: VOTER last_known_addr { host: "127.2.133.195" port: 34719 } }
I20260710 11:04:02.760614  3904 tablet_bootstrap.cc:492] T f2326acb73f84737be6797a046f6ce57 P 5ca146b3e153407a9286c742f72e4538: No bootstrap required, opened a new log
I20260710 11:04:02.765991  3944 raft_consensus.cc:515] T f308dd86095d43df94df21ad27caf701 P 5ff07c66c583446e88b5c3a8350dd7a2 [term 1 FOLLOWER]: Starting leader election with config: opid_index: -1 OBSOLETE_local: false peers { permanent_uuid: "5ca146b3e153407a9286c742f72e4538" member_type: VOTER last_known_addr { host: "127.2.133.193" port: 41049 } } peers { permanent_uuid: "5ff07c66c583446e88b5c3a8350dd7a2" member_type: VOTER last_known_addr { host: "127.2.133.194" port: 35111 } } peers { permanent_uuid: "1ed0336a52dc4c2499ea82717ae77e31" member_type: VOTER last_known_addr { host: "127.2.133.195" port: 34719 } }
I20260710 11:04:02.766629  3905 tablet_bootstrap.cc:492] T 4f17b2a7aa184ec29729df7ba68f5568 P 1ed0336a52dc4c2499ea82717ae77e31: No bootstrap required, opened a new log
I20260710 11:04:02.766639  3904 ts_tablet_manager.cc:1403] T f2326acb73f84737be6797a046f6ce57 P 5ca146b3e153407a9286c742f72e4538: Time spent bootstrapping tablet: real 0.058s	user 0.025s	sys 0.024s
I20260710 11:04:02.767663  3905 ts_tablet_manager.cc:1403] T 4f17b2a7aa184ec29729df7ba68f5568 P 1ed0336a52dc4c2499ea82717ae77e31: Time spent bootstrapping tablet: real 0.046s	user 0.028s	sys 0.014s
I20260710 11:04:02.769876  3790 tablet_service.cc:1917] Received RequestConsensusVote() RPC: tablet_id: "660ca228755e491ab4504663bc10fc17" candidate_uuid: "5ca146b3e153407a9286c742f72e4538" candidate_term: 1 candidate_status { last_received { term: 0 index: 0 } } ignore_live_leader: false dest_uuid: "5ff07c66c583446e88b5c3a8350dd7a2" is_pre_election: true
I20260710 11:04:02.770787  3905 raft_consensus.cc:359] T 4f17b2a7aa184ec29729df7ba68f5568 P 1ed0336a52dc4c2499ea82717ae77e31 [term 0 FOLLOWER]: Replica starting. Triggering 0 pending ops. Active config: opid_index: -1 OBSOLETE_local: false peers { permanent_uuid: "5ca146b3e153407a9286c742f72e4538" member_type: VOTER last_known_addr { host: "127.2.133.193" port: 41049 } } peers { permanent_uuid: "5ff07c66c583446e88b5c3a8350dd7a2" member_type: VOTER last_known_addr { host: "127.2.133.194" port: 35111 } } peers { permanent_uuid: "1ed0336a52dc4c2499ea82717ae77e31" member_type: VOTER last_known_addr { host: "127.2.133.195" port: 34719 } }
W20260710 11:04:02.771188  3678 leader_election.cc:343] T 660ca228755e491ab4504663bc10fc17 P 5ca146b3e153407a9286c742f72e4538 [CANDIDATE]: Term 1 pre-election: Tablet error from VoteRequest() call to peer 5ff07c66c583446e88b5c3a8350dd7a2 (127.2.133.194:35111): Illegal state: must be running to vote when last-logged opid is not known
I20260710 11:04:02.771535  3905 raft_consensus.cc:385] T 4f17b2a7aa184ec29729df7ba68f5568 P 1ed0336a52dc4c2499ea82717ae77e31 [term 0 FOLLOWER]: Consensus starting up: Expiring failure detector timer to make a prompt election more likely
I20260710 11:04:02.771842  3905 raft_consensus.cc:740] T 4f17b2a7aa184ec29729df7ba68f5568 P 1ed0336a52dc4c2499ea82717ae77e31 [term 0 FOLLOWER]: Becoming Follower/Learner. State: Replica: 1ed0336a52dc4c2499ea82717ae77e31, State: Initialized, Role: FOLLOWER
I20260710 11:04:02.771212  3940 raft_consensus.cc:2749] T 4f17b2a7aa184ec29729df7ba68f5568 P 5ff07c66c583446e88b5c3a8350dd7a2 [term 0 FOLLOWER]: Leader pre-election lost for term 1. Reason: could not achieve majority
I20260710 11:04:02.772646  3905 consensus_queue.cc:260] T 4f17b2a7aa184ec29729df7ba68f5568 P 1ed0336a52dc4c2499ea82717ae77e31 [NON_LEADER]: Queue going to NON_LEADER mode. State: All replicated index: 0, Majority replicated index: 0, Committed index: 0, Last appended: 0.0, Last appended by leader: 0, Current term: 0, Majority size: -1, State: 0, Mode: NON_LEADER, active raft config: opid_index: -1 OBSOLETE_local: false peers { permanent_uuid: "5ca146b3e153407a9286c742f72e4538" member_type: VOTER last_known_addr { host: "127.2.133.193" port: 41049 } } peers { permanent_uuid: "5ff07c66c583446e88b5c3a8350dd7a2" member_type: VOTER last_known_addr { host: "127.2.133.194" port: 35111 } } peers { permanent_uuid: "1ed0336a52dc4c2499ea82717ae77e31" member_type: VOTER last_known_addr { host: "127.2.133.195" port: 34719 } }
I20260710 11:04:02.773685  3904 raft_consensus.cc:359] T f2326acb73f84737be6797a046f6ce57 P 5ca146b3e153407a9286c742f72e4538 [term 0 FOLLOWER]: Replica starting. Triggering 0 pending ops. Active config: opid_index: -1 OBSOLETE_local: false peers { permanent_uuid: "5ca146b3e153407a9286c742f72e4538" member_type: VOTER last_known_addr { host: "127.2.133.193" port: 41049 } } peers { permanent_uuid: "5ff07c66c583446e88b5c3a8350dd7a2" member_type: VOTER last_known_addr { host: "127.2.133.194" port: 35111 } } peers { permanent_uuid: "1ed0336a52dc4c2499ea82717ae77e31" member_type: VOTER last_known_addr { host: "127.2.133.195" port: 34719 } }
I20260710 11:04:02.776551  3904 raft_consensus.cc:385] T f2326acb73f84737be6797a046f6ce57 P 5ca146b3e153407a9286c742f72e4538 [term 0 FOLLOWER]: Consensus starting up: Expiring failure detector timer to make a prompt election more likely
I20260710 11:04:02.776940  3904 raft_consensus.cc:740] T f2326acb73f84737be6797a046f6ce57 P 5ca146b3e153407a9286c742f72e4538 [term 0 FOLLOWER]: Becoming Follower/Learner. State: Replica: 5ca146b3e153407a9286c742f72e4538, State: Initialized, Role: FOLLOWER
I20260710 11:04:02.777828  3904 consensus_queue.cc:260] T f2326acb73f84737be6797a046f6ce57 P 5ca146b3e153407a9286c742f72e4538 [NON_LEADER]: Queue going to NON_LEADER mode. State: All replicated index: 0, Majority replicated index: 0, Committed index: 0, Last appended: 0.0, Last appended by leader: 0, Current term: 0, Majority size: -1, State: 0, Mode: NON_LEADER, active raft config: opid_index: -1 OBSOLETE_local: false peers { permanent_uuid: "5ca146b3e153407a9286c742f72e4538" member_type: VOTER last_known_addr { host: "127.2.133.193" port: 41049 } } peers { permanent_uuid: "5ff07c66c583446e88b5c3a8350dd7a2" member_type: VOTER last_known_addr { host: "127.2.133.194" port: 35111 } } peers { permanent_uuid: "1ed0336a52dc4c2499ea82717ae77e31" member_type: VOTER last_known_addr { host: "127.2.133.195" port: 34719 } }
I20260710 11:04:02.778618  3714 tablet_service.cc:1917] Received RequestConsensusVote() RPC: tablet_id: "f308dd86095d43df94df21ad27caf701" candidate_uuid: "5ff07c66c583446e88b5c3a8350dd7a2" candidate_term: 1 candidate_status { last_received { term: 0 index: 0 } } ignore_live_leader: false dest_uuid: "5ca146b3e153407a9286c742f72e4538"
I20260710 11:04:02.780678  3904 ts_tablet_manager.cc:1434] T f2326acb73f84737be6797a046f6ce57 P 5ca146b3e153407a9286c742f72e4538: Time spent starting tablet: real 0.013s	user 0.004s	sys 0.002s
I20260710 11:04:02.781330  3714 raft_consensus.cc:3060] T f308dd86095d43df94df21ad27caf701 P 5ca146b3e153407a9286c742f72e4538 [term 0 FOLLOWER]: Advancing to term 1
I20260710 11:04:02.781836  3863 tablet_service.cc:1917] Received RequestConsensusVote() RPC: tablet_id: "660ca228755e491ab4504663bc10fc17" candidate_uuid: "5ca146b3e153407a9286c742f72e4538" candidate_term: 1 candidate_status { last_received { term: 0 index: 0 } } ignore_live_leader: false dest_uuid: "1ed0336a52dc4c2499ea82717ae77e31" is_pre_election: true
I20260710 11:04:02.783165  3906 tablet_bootstrap.cc:492] T 660ca228755e491ab4504663bc10fc17 P 5ff07c66c583446e88b5c3a8350dd7a2: No bootstrap required, opened a new log
W20260710 11:04:02.783165  3678 leader_election.cc:343] T 660ca228755e491ab4504663bc10fc17 P 5ca146b3e153407a9286c742f72e4538 [CANDIDATE]: Term 1 pre-election: Tablet error from VoteRequest() call to peer 1ed0336a52dc4c2499ea82717ae77e31 (127.2.133.195:34719): Illegal state: must be running to vote when last-logged opid is not known
I20260710 11:04:02.783921  3906 ts_tablet_manager.cc:1403] T 660ca228755e491ab4504663bc10fc17 P 5ff07c66c583446e88b5c3a8350dd7a2: Time spent bootstrapping tablet: real 0.067s	user 0.012s	sys 0.006s
I20260710 11:04:02.783769  3678 leader_election.cc:304] T 660ca228755e491ab4504663bc10fc17 P 5ca146b3e153407a9286c742f72e4538 [CANDIDATE]: Term 1 pre-election: Election decided. Result: candidate lost. Election summary: received 3 responses out of 3 voters: 1 yes votes; 2 no votes. yes voters: 5ca146b3e153407a9286c742f72e4538; no voters: 1ed0336a52dc4c2499ea82717ae77e31, 5ff07c66c583446e88b5c3a8350dd7a2
I20260710 11:04:02.784611  3912 raft_consensus.cc:2749] T 660ca228755e491ab4504663bc10fc17 P 5ca146b3e153407a9286c742f72e4538 [term 0 FOLLOWER]: Leader pre-election lost for term 1. Reason: could not achieve majority
I20260710 11:04:02.785681  3905 ts_tablet_manager.cc:1434] T 4f17b2a7aa184ec29729df7ba68f5568 P 1ed0336a52dc4c2499ea82717ae77e31: Time spent starting tablet: real 0.018s	user 0.006s	sys 0.000s
I20260710 11:04:02.787652  3906 raft_consensus.cc:359] T 660ca228755e491ab4504663bc10fc17 P 5ff07c66c583446e88b5c3a8350dd7a2 [term 0 FOLLOWER]: Replica starting. Triggering 0 pending ops. Active config: opid_index: -1 OBSOLETE_local: false peers { permanent_uuid: "5ca146b3e153407a9286c742f72e4538" member_type: VOTER last_known_addr { host: "127.2.133.193" port: 41049 } } peers { permanent_uuid: "5ff07c66c583446e88b5c3a8350dd7a2" member_type: VOTER last_known_addr { host: "127.2.133.194" port: 35111 } } peers { permanent_uuid: "1ed0336a52dc4c2499ea82717ae77e31" member_type: VOTER last_known_addr { host: "127.2.133.195" port: 34719 } }
I20260710 11:04:02.788412  3906 raft_consensus.cc:385] T 660ca228755e491ab4504663bc10fc17 P 5ff07c66c583446e88b5c3a8350dd7a2 [term 0 FOLLOWER]: Consensus starting up: Expiring failure detector timer to make a prompt election more likely
I20260710 11:04:02.788698  3905 tablet_bootstrap.cc:492] T 660ca228755e491ab4504663bc10fc17 P 1ed0336a52dc4c2499ea82717ae77e31: Bootstrap starting.
I20260710 11:04:02.788748  3906 raft_consensus.cc:740] T 660ca228755e491ab4504663bc10fc17 P 5ff07c66c583446e88b5c3a8350dd7a2 [term 0 FOLLOWER]: Becoming Follower/Learner. State: Replica: 5ff07c66c583446e88b5c3a8350dd7a2, State: Initialized, Role: FOLLOWER
I20260710 11:04:02.789793  3906 consensus_queue.cc:260] T 660ca228755e491ab4504663bc10fc17 P 5ff07c66c583446e88b5c3a8350dd7a2 [NON_LEADER]: Queue going to NON_LEADER mode. State: All replicated index: 0, Majority replicated index: 0, Committed index: 0, Last appended: 0.0, Last appended by leader: 0, Current term: 0, Majority size: -1, State: 0, Mode: NON_LEADER, active raft config: opid_index: -1 OBSOLETE_local: false peers { permanent_uuid: "5ca146b3e153407a9286c742f72e4538" member_type: VOTER last_known_addr { host: "127.2.133.193" port: 41049 } } peers { permanent_uuid: "5ff07c66c583446e88b5c3a8350dd7a2" member_type: VOTER last_known_addr { host: "127.2.133.194" port: 35111 } } peers { permanent_uuid: "1ed0336a52dc4c2499ea82717ae77e31" member_type: VOTER last_known_addr { host: "127.2.133.195" port: 34719 } }
I20260710 11:04:02.791160  3714 raft_consensus.cc:2468] T f308dd86095d43df94df21ad27caf701 P 5ca146b3e153407a9286c742f72e4538 [term 1 FOLLOWER]: Leader election vote request: Granting yes vote for candidate 5ff07c66c583446e88b5c3a8350dd7a2 in term 1.
I20260710 11:04:02.792649  3904 tablet_bootstrap.cc:492] T 4f17b2a7aa184ec29729df7ba68f5568 P 5ca146b3e153407a9286c742f72e4538: Bootstrap starting.
I20260710 11:04:02.792599  3906 ts_tablet_manager.cc:1434] T 660ca228755e491ab4504663bc10fc17 P 5ff07c66c583446e88b5c3a8350dd7a2: Time spent starting tablet: real 0.008s	user 0.006s	sys 0.000s
I20260710 11:04:02.792359  3609 catalog_manager.cc:5697] T 3cb2a341407143958a7a5161815a94b4 P 5ff07c66c583446e88b5c3a8350dd7a2 reported cstate change: term changed from 0 to 1, leader changed from <none> to 5ff07c66c583446e88b5c3a8350dd7a2 (127.2.133.194). New cstate: current_term: 1 leader_uuid: "5ff07c66c583446e88b5c3a8350dd7a2" committed_config { opid_index: -1 OBSOLETE_local: false peers { permanent_uuid: "5ca146b3e153407a9286c742f72e4538" member_type: VOTER last_known_addr { host: "127.2.133.193" port: 41049 } health_report { overall_health: UNKNOWN } } peers { permanent_uuid: "5ff07c66c583446e88b5c3a8350dd7a2" member_type: VOTER last_known_addr { host: "127.2.133.194" port: 35111 } health_report { overall_health: HEALTHY } } peers { permanent_uuid: "1ed0336a52dc4c2499ea82717ae77e31" member_type: VOTER last_known_addr { host: "127.2.133.195" port: 34719 } health_report { overall_health: UNKNOWN } } }
I20260710 11:04:02.793962  3906 tablet_bootstrap.cc:492] T 327a97098e25457eaf677fb22ef911ee P 5ff07c66c583446e88b5c3a8350dd7a2: Bootstrap starting.
I20260710 11:04:02.795675  3905 tablet_bootstrap.cc:654] T 660ca228755e491ab4504663bc10fc17 P 1ed0336a52dc4c2499ea82717ae77e31: Neither blocks nor log segments found. Creating new log.
I20260710 11:04:02.796046  3754 leader_election.cc:304] T f308dd86095d43df94df21ad27caf701 P 5ff07c66c583446e88b5c3a8350dd7a2 [CANDIDATE]: Term 1 election: Election decided. Result: candidate won. Election summary: received 2 responses out of 3 voters: 2 yes votes; 0 no votes. yes voters: 5ca146b3e153407a9286c742f72e4538, 5ff07c66c583446e88b5c3a8350dd7a2; no voters: 
I20260710 11:04:02.797050  3908 raft_consensus.cc:2804] T f308dd86095d43df94df21ad27caf701 P 5ff07c66c583446e88b5c3a8350dd7a2 [term 1 FOLLOWER]: Leader election won for term 1
I20260710 11:04:02.798229  3908 raft_consensus.cc:697] T f308dd86095d43df94df21ad27caf701 P 5ff07c66c583446e88b5c3a8350dd7a2 [term 1 LEADER]: Becoming Leader. State: Replica: 5ff07c66c583446e88b5c3a8350dd7a2, State: Running, Role: LEADER
I20260710 11:04:02.802307  3944 leader_election.cc:290] T f308dd86095d43df94df21ad27caf701 P 5ff07c66c583446e88b5c3a8350dd7a2 [CANDIDATE]: Term 1 election: Requested vote from peers 5ca146b3e153407a9286c742f72e4538 (127.2.133.193:41049), 1ed0336a52dc4c2499ea82717ae77e31 (127.2.133.195:34719)
I20260710 11:04:02.800374  3904 tablet_bootstrap.cc:654] T 4f17b2a7aa184ec29729df7ba68f5568 P 5ca146b3e153407a9286c742f72e4538: Neither blocks nor log segments found. Creating new log.
I20260710 11:04:02.802785  3906 tablet_bootstrap.cc:654] T 327a97098e25457eaf677fb22ef911ee P 5ff07c66c583446e88b5c3a8350dd7a2: Neither blocks nor log segments found. Creating new log.
I20260710 11:04:02.802924  3863 tablet_service.cc:1917] Received RequestConsensusVote() RPC: tablet_id: "f308dd86095d43df94df21ad27caf701" candidate_uuid: "5ff07c66c583446e88b5c3a8350dd7a2" candidate_term: 1 candidate_status { last_received { term: 0 index: 0 } } ignore_live_leader: false dest_uuid: "1ed0336a52dc4c2499ea82717ae77e31"
W20260710 11:04:02.804388  3753 leader_election.cc:343] T f308dd86095d43df94df21ad27caf701 P 5ff07c66c583446e88b5c3a8350dd7a2 [CANDIDATE]: Term 1 election: Tablet error from VoteRequest() call to peer 1ed0336a52dc4c2499ea82717ae77e31 (127.2.133.195:34719): Illegal state: must be running to vote when last-logged opid is not known
I20260710 11:04:02.810510  3905 tablet_bootstrap.cc:492] T 660ca228755e491ab4504663bc10fc17 P 1ed0336a52dc4c2499ea82717ae77e31: No bootstrap required, opened a new log
I20260710 11:04:02.811185  3905 ts_tablet_manager.cc:1403] T 660ca228755e491ab4504663bc10fc17 P 1ed0336a52dc4c2499ea82717ae77e31: Time spent bootstrapping tablet: real 0.023s	user 0.011s	sys 0.004s
I20260710 11:04:02.799131  3908 consensus_queue.cc:237] T f308dd86095d43df94df21ad27caf701 P 5ff07c66c583446e88b5c3a8350dd7a2 [LEADER]: Queue going to LEADER mode. State: All replicated index: 0, Majority replicated index: 0, Committed index: 0, Last appended: 0.0, Last appended by leader: 0, Current term: 1, Majority size: 2, State: 0, Mode: LEADER, active raft config: opid_index: -1 OBSOLETE_local: false peers { permanent_uuid: "5ca146b3e153407a9286c742f72e4538" member_type: VOTER last_known_addr { host: "127.2.133.193" port: 41049 } } peers { permanent_uuid: "5ff07c66c583446e88b5c3a8350dd7a2" member_type: VOTER last_known_addr { host: "127.2.133.194" port: 35111 } } peers { permanent_uuid: "1ed0336a52dc4c2499ea82717ae77e31" member_type: VOTER last_known_addr { host: "127.2.133.195" port: 34719 } }
I20260710 11:04:02.814597  3905 raft_consensus.cc:359] T 660ca228755e491ab4504663bc10fc17 P 1ed0336a52dc4c2499ea82717ae77e31 [term 0 FOLLOWER]: Replica starting. Triggering 0 pending ops. Active config: opid_index: -1 OBSOLETE_local: false peers { permanent_uuid: "5ca146b3e153407a9286c742f72e4538" member_type: VOTER last_known_addr { host: "127.2.133.193" port: 41049 } } peers { permanent_uuid: "5ff07c66c583446e88b5c3a8350dd7a2" member_type: VOTER last_known_addr { host: "127.2.133.194" port: 35111 } } peers { permanent_uuid: "1ed0336a52dc4c2499ea82717ae77e31" member_type: VOTER last_known_addr { host: "127.2.133.195" port: 34719 } }
I20260710 11:04:02.815402  3906 tablet_bootstrap.cc:492] T 327a97098e25457eaf677fb22ef911ee P 5ff07c66c583446e88b5c3a8350dd7a2: No bootstrap required, opened a new log
I20260710 11:04:02.815325  3905 raft_consensus.cc:385] T 660ca228755e491ab4504663bc10fc17 P 1ed0336a52dc4c2499ea82717ae77e31 [term 0 FOLLOWER]: Consensus starting up: Expiring failure detector timer to make a prompt election more likely
I20260710 11:04:02.815286  3944 raft_consensus.cc:493] T 660ca228755e491ab4504663bc10fc17 P 5ff07c66c583446e88b5c3a8350dd7a2 [term 0 FOLLOWER]: Starting pre-election (no leader contacted us within the election timeout)
I20260710 11:04:02.815970  3905 raft_consensus.cc:740] T 660ca228755e491ab4504663bc10fc17 P 1ed0336a52dc4c2499ea82717ae77e31 [term 0 FOLLOWER]: Becoming Follower/Learner. State: Replica: 1ed0336a52dc4c2499ea82717ae77e31, State: Initialized, Role: FOLLOWER
I20260710 11:04:02.816566  3906 ts_tablet_manager.cc:1403] T 327a97098e25457eaf677fb22ef911ee P 5ff07c66c583446e88b5c3a8350dd7a2: Time spent bootstrapping tablet: real 0.023s	user 0.014s	sys 0.003s
I20260710 11:04:02.816222  3944 raft_consensus.cc:515] T 660ca228755e491ab4504663bc10fc17 P 5ff07c66c583446e88b5c3a8350dd7a2 [term 0 FOLLOWER]: Starting pre-election with config: opid_index: -1 OBSOLETE_local: false peers { permanent_uuid: "5ca146b3e153407a9286c742f72e4538" member_type: VOTER last_known_addr { host: "127.2.133.193" port: 41049 } } peers { permanent_uuid: "5ff07c66c583446e88b5c3a8350dd7a2" member_type: VOTER last_known_addr { host: "127.2.133.194" port: 35111 } } peers { permanent_uuid: "1ed0336a52dc4c2499ea82717ae77e31" member_type: VOTER last_known_addr { host: "127.2.133.195" port: 34719 } }
I20260710 11:04:02.816908  3905 consensus_queue.cc:260] T 660ca228755e491ab4504663bc10fc17 P 1ed0336a52dc4c2499ea82717ae77e31 [NON_LEADER]: Queue going to NON_LEADER mode. State: All replicated index: 0, Majority replicated index: 0, Committed index: 0, Last appended: 0.0, Last appended by leader: 0, Current term: 0, Majority size: -1, State: 0, Mode: NON_LEADER, active raft config: opid_index: -1 OBSOLETE_local: false peers { permanent_uuid: "5ca146b3e153407a9286c742f72e4538" member_type: VOTER last_known_addr { host: "127.2.133.193" port: 41049 } } peers { permanent_uuid: "5ff07c66c583446e88b5c3a8350dd7a2" member_type: VOTER last_known_addr { host: "127.2.133.194" port: 35111 } } peers { permanent_uuid: "1ed0336a52dc4c2499ea82717ae77e31" member_type: VOTER last_known_addr { host: "127.2.133.195" port: 34719 } }
I20260710 11:04:02.819425  3905 ts_tablet_manager.cc:1434] T 660ca228755e491ab4504663bc10fc17 P 1ed0336a52dc4c2499ea82717ae77e31: Time spent starting tablet: real 0.008s	user 0.006s	sys 0.001s
I20260710 11:04:02.820158  3863 tablet_service.cc:1917] Received RequestConsensusVote() RPC: tablet_id: "660ca228755e491ab4504663bc10fc17" candidate_uuid: "5ff07c66c583446e88b5c3a8350dd7a2" candidate_term: 1 candidate_status { last_received { term: 0 index: 0 } } ignore_live_leader: false dest_uuid: "1ed0336a52dc4c2499ea82717ae77e31" is_pre_election: true
I20260710 11:04:02.819298  3906 raft_consensus.cc:359] T 327a97098e25457eaf677fb22ef911ee P 5ff07c66c583446e88b5c3a8350dd7a2 [term 0 FOLLOWER]: Replica starting. Triggering 0 pending ops. Active config: opid_index: -1 OBSOLETE_local: false peers { permanent_uuid: "5ca146b3e153407a9286c742f72e4538" member_type: VOTER last_known_addr { host: "127.2.133.193" port: 41049 } } peers { permanent_uuid: "5ff07c66c583446e88b5c3a8350dd7a2" member_type: VOTER last_known_addr { host: "127.2.133.194" port: 35111 } } peers { permanent_uuid: "1ed0336a52dc4c2499ea82717ae77e31" member_type: VOTER last_known_addr { host: "127.2.133.195" port: 34719 } }
I20260710 11:04:02.820740  3863 raft_consensus.cc:2468] T 660ca228755e491ab4504663bc10fc17 P 1ed0336a52dc4c2499ea82717ae77e31 [term 0 FOLLOWER]: Leader pre-election vote request: Granting yes vote for candidate 5ff07c66c583446e88b5c3a8350dd7a2 in term 0.
I20260710 11:04:02.821008  3714 tablet_service.cc:1917] Received RequestConsensusVote() RPC: tablet_id: "660ca228755e491ab4504663bc10fc17" candidate_uuid: "5ff07c66c583446e88b5c3a8350dd7a2" candidate_term: 1 candidate_status { last_received { term: 0 index: 0 } } ignore_live_leader: false dest_uuid: "5ca146b3e153407a9286c742f72e4538" is_pre_election: true
I20260710 11:04:02.820740  3906 raft_consensus.cc:385] T 327a97098e25457eaf677fb22ef911ee P 5ff07c66c583446e88b5c3a8350dd7a2 [term 0 FOLLOWER]: Consensus starting up: Expiring failure detector timer to make a prompt election more likely
I20260710 11:04:02.821283  3944 leader_election.cc:290] T 660ca228755e491ab4504663bc10fc17 P 5ff07c66c583446e88b5c3a8350dd7a2 [CANDIDATE]: Term 1 pre-election: Requested pre-vote from peers 5ca146b3e153407a9286c742f72e4538 (127.2.133.193:41049), 1ed0336a52dc4c2499ea82717ae77e31 (127.2.133.195:34719)
I20260710 11:04:02.821691  3714 raft_consensus.cc:2468] T 660ca228755e491ab4504663bc10fc17 P 5ca146b3e153407a9286c742f72e4538 [term 0 FOLLOWER]: Leader pre-election vote request: Granting yes vote for candidate 5ff07c66c583446e88b5c3a8350dd7a2 in term 0.
I20260710 11:04:02.821842  3906 raft_consensus.cc:740] T 327a97098e25457eaf677fb22ef911ee P 5ff07c66c583446e88b5c3a8350dd7a2 [term 0 FOLLOWER]: Becoming Follower/Learner. State: Replica: 5ff07c66c583446e88b5c3a8350dd7a2, State: Initialized, Role: FOLLOWER
I20260710 11:04:02.822104  3753 leader_election.cc:304] T 660ca228755e491ab4504663bc10fc17 P 5ff07c66c583446e88b5c3a8350dd7a2 [CANDIDATE]: Term 1 pre-election: Election decided. Result: candidate won. Election summary: received 2 responses out of 3 voters: 2 yes votes; 0 no votes. yes voters: 1ed0336a52dc4c2499ea82717ae77e31, 5ff07c66c583446e88b5c3a8350dd7a2; no voters: 
