I20260710 11:03:59.337095 18261 raft_consensus.cc:493] T 39630ee654ef430aafe6bb776f486868 P eb0e885a7e9f4f6b88f6e28542a570ba [term 0 FOLLOWER]: Starting pre-election (no leader contacted us within the election timeout)
I20260710 11:03:59.337561 18173 raft_consensus.cc:2804] T 70c63f832d5844aa8383ef34bea81aaa P eb0e885a7e9f4f6b88f6e28542a570ba [term 0 FOLLOWER]: Leader pre-election won for term 1
I20260710 11:03:59.337522 18261 raft_consensus.cc:515] T 39630ee654ef430aafe6bb776f486868 P eb0e885a7e9f4f6b88f6e28542a570ba [term 0 FOLLOWER]: Starting pre-election with config: opid_index: -1 OBSOLETE_local: false peers { permanent_uuid: "eb0e885a7e9f4f6b88f6e28542a570ba" member_type: VOTER last_known_addr { host: "127.16.117.129" port: 46135 } } peers { permanent_uuid: "416f0eca367643029485f4843836d3e0" member_type: VOTER last_known_addr { host: "127.16.117.130" port: 40471 } } peers { permanent_uuid: "f42bc769a6c144da8a6c8f09bd4749f3" member_type: VOTER last_known_addr { host: "127.16.117.131" port: 42269 } }
I20260710 11:03:59.338050 18173 raft_consensus.cc:493] T 70c63f832d5844aa8383ef34bea81aaa P eb0e885a7e9f4f6b88f6e28542a570ba [term 0 FOLLOWER]: Starting leader election (no leader contacted us within the election timeout)
I20260710 11:03:59.338425 18173 raft_consensus.cc:3060] T 70c63f832d5844aa8383ef34bea81aaa P eb0e885a7e9f4f6b88f6e28542a570ba [term 0 FOLLOWER]: Advancing to term 1
I20260710 11:03:59.339643 18261 leader_election.cc:290] T 39630ee654ef430aafe6bb776f486868 P eb0e885a7e9f4f6b88f6e28542a570ba [CANDIDATE]: Term 1 pre-election: Requested pre-vote from peers 416f0eca367643029485f4843836d3e0 (127.16.117.130:40471), f42bc769a6c144da8a6c8f09bd4749f3 (127.16.117.131:42269)
I20260710 11:03:59.337731 18249 raft_consensus.cc:2749] T 1151a253c1d04a91a7ff76f3d968ea74 P f42bc769a6c144da8a6c8f09bd4749f3 [term 1 FOLLOWER]: Leader pre-election lost for term 1. Reason: could not achieve majority
I20260710 11:03:59.340595 18165 raft_consensus.cc:740] T ab0394bedd8447efa3ad038db676c680 P 416f0eca367643029485f4843836d3e0 [term 0 FOLLOWER]: Becoming Follower/Learner. State: Replica: 416f0eca367643029485f4843836d3e0, State: Initialized, Role: FOLLOWER
I20260710 11:03:59.341856 18165 consensus_queue.cc:260] T ab0394bedd8447efa3ad038db676c680 P 416f0eca367643029485f4843836d3e0 [NON_LEADER]: Queue going to NON_LEADER mode. State: All replicated index: 0, Majority replicated index: 0, Committed index: 0, Last appended: 0.0, Last appended by leader: 0, Current term: 0, Majority size: -1, State: 0, Mode: NON_LEADER, active raft config: opid_index: -1 OBSOLETE_local: false peers { permanent_uuid: "eb0e885a7e9f4f6b88f6e28542a570ba" member_type: VOTER last_known_addr { host: "127.16.117.129" port: 46135 } } peers { permanent_uuid: "416f0eca367643029485f4843836d3e0" member_type: VOTER last_known_addr { host: "127.16.117.130" port: 40471 } } peers { permanent_uuid: "f42bc769a6c144da8a6c8f09bd4749f3" member_type: VOTER last_known_addr { host: "127.16.117.131" port: 42269 } }
I20260710 11:03:59.343086 18119 tablet_service.cc:1917] Received RequestConsensusVote() RPC: tablet_id: "39630ee654ef430aafe6bb776f486868" candidate_uuid: "eb0e885a7e9f4f6b88f6e28542a570ba" candidate_term: 1 candidate_status { last_received { term: 0 index: 0 } } ignore_live_leader: false dest_uuid: "f42bc769a6c144da8a6c8f09bd4749f3" is_pre_election: true
I20260710 11:03:59.343703 18119 raft_consensus.cc:2468] T 39630ee654ef430aafe6bb776f486868 P f42bc769a6c144da8a6c8f09bd4749f3 [term 0 FOLLOWER]: Leader pre-election vote request: Granting yes vote for candidate eb0e885a7e9f4f6b88f6e28542a570ba in term 0.
W20260710 11:03:59.345847 18086 consensus_peers.cc:597] T 79e85c733dde4222b7b696ee5bb5066d P f42bc769a6c144da8a6c8f09bd4749f3 -> Peer 416f0eca367643029485f4843836d3e0 (127.16.117.130:40471): Couldn't send request to peer 416f0eca367643029485f4843836d3e0. Error code: TABLET_NOT_RUNNING (12). Status: Illegal state: Tablet not RUNNING: INITIALIZED. This is attempt 1: this message will repeat every 5th retry.
I20260710 11:03:59.347103 18173 raft_consensus.cc:515] T 70c63f832d5844aa8383ef34bea81aaa P eb0e885a7e9f4f6b88f6e28542a570ba [term 1 FOLLOWER]: Starting leader election with config: opid_index: -1 OBSOLETE_local: false peers { permanent_uuid: "eb0e885a7e9f4f6b88f6e28542a570ba" member_type: VOTER last_known_addr { host: "127.16.117.129" port: 46135 } } peers { permanent_uuid: "416f0eca367643029485f4843836d3e0" member_type: VOTER last_known_addr { host: "127.16.117.130" port: 40471 } } peers { permanent_uuid: "f42bc769a6c144da8a6c8f09bd4749f3" member_type: VOTER last_known_addr { host: "127.16.117.131" port: 42269 } }
I20260710 11:03:59.347729 17939 leader_election.cc:304] T 39630ee654ef430aafe6bb776f486868 P eb0e885a7e9f4f6b88f6e28542a570ba [CANDIDATE]: Term 1 pre-election: Election decided. Result: candidate won. Election summary: received 2 responses out of 3 voters: 2 yes votes; 0 no votes. yes voters: eb0e885a7e9f4f6b88f6e28542a570ba, f42bc769a6c144da8a6c8f09bd4749f3; no voters: 
I20260710 11:03:59.348557 18165 ts_tablet_manager.cc:1434] T ab0394bedd8447efa3ad038db676c680 P 416f0eca367643029485f4843836d3e0: Time spent starting tablet: real 0.030s	user 0.005s	sys 0.000s
I20260710 11:03:59.349382 18165 tablet_bootstrap.cc:492] T dd6920503e2b469695d95f453fa17592 P 416f0eca367643029485f4843836d3e0: Bootstrap starting.
I20260710 11:03:59.349546 18268 raft_consensus.cc:2804] T 39630ee654ef430aafe6bb776f486868 P eb0e885a7e9f4f6b88f6e28542a570ba [term 0 FOLLOWER]: Leader pre-election won for term 1
I20260710 11:03:59.349944 18268 raft_consensus.cc:493] T 39630ee654ef430aafe6bb776f486868 P eb0e885a7e9f4f6b88f6e28542a570ba [term 0 FOLLOWER]: Starting leader election (no leader contacted us within the election timeout)
I20260710 11:03:59.350241 18268 raft_consensus.cc:3060] T 39630ee654ef430aafe6bb776f486868 P eb0e885a7e9f4f6b88f6e28542a570ba [term 0 FOLLOWER]: Advancing to term 1
I20260710 11:03:59.350481 18173 leader_election.cc:290] T 70c63f832d5844aa8383ef34bea81aaa P eb0e885a7e9f4f6b88f6e28542a570ba [CANDIDATE]: Term 1 election: Requested vote from peers 416f0eca367643029485f4843836d3e0 (127.16.117.130:40471), f42bc769a6c144da8a6c8f09bd4749f3 (127.16.117.131:42269)
I20260710 11:03:59.341882 18047 tablet_service.cc:1917] Received RequestConsensusVote() RPC: tablet_id: "39630ee654ef430aafe6bb776f486868" candidate_uuid: "eb0e885a7e9f4f6b88f6e28542a570ba" candidate_term: 1 candidate_status { last_received { term: 0 index: 0 } } ignore_live_leader: false dest_uuid: "416f0eca367643029485f4843836d3e0" is_pre_election: true
I20260710 11:03:59.352155 18047 raft_consensus.cc:2468] T 39630ee654ef430aafe6bb776f486868 P 416f0eca367643029485f4843836d3e0 [term 0 FOLLOWER]: Leader pre-election vote request: Granting yes vote for candidate eb0e885a7e9f4f6b88f6e28542a570ba in term 0.
I20260710 11:03:59.354067 18121 tablet_service.cc:1917] Received RequestConsensusVote() RPC: tablet_id: "70c63f832d5844aa8383ef34bea81aaa" candidate_uuid: "eb0e885a7e9f4f6b88f6e28542a570ba" candidate_term: 1 candidate_status { last_received { term: 0 index: 0 } } ignore_live_leader: false dest_uuid: "f42bc769a6c144da8a6c8f09bd4749f3" is_pre_election: true
I20260710 11:03:59.354709 18121 raft_consensus.cc:2468] T 70c63f832d5844aa8383ef34bea81aaa P f42bc769a6c144da8a6c8f09bd4749f3 [term 0 FOLLOWER]: Leader pre-election vote request: Granting yes vote for candidate eb0e885a7e9f4f6b88f6e28542a570ba in term 0.
I20260710 11:03:59.356792 18268 raft_consensus.cc:515] T 39630ee654ef430aafe6bb776f486868 P eb0e885a7e9f4f6b88f6e28542a570ba [term 1 FOLLOWER]: Starting leader election with config: opid_index: -1 OBSOLETE_local: false peers { permanent_uuid: "eb0e885a7e9f4f6b88f6e28542a570ba" member_type: VOTER last_known_addr { host: "127.16.117.129" port: 46135 } } peers { permanent_uuid: "416f0eca367643029485f4843836d3e0" member_type: VOTER last_known_addr { host: "127.16.117.130" port: 40471 } } peers { permanent_uuid: "f42bc769a6c144da8a6c8f09bd4749f3" member_type: VOTER last_known_addr { host: "127.16.117.131" port: 42269 } }
I20260710 11:03:59.357713 18048 tablet_service.cc:1917] Received RequestConsensusVote() RPC: tablet_id: "70c63f832d5844aa8383ef34bea81aaa" candidate_uuid: "eb0e885a7e9f4f6b88f6e28542a570ba" candidate_term: 1 candidate_status { last_received { term: 0 index: 0 } } ignore_live_leader: false dest_uuid: "416f0eca367643029485f4843836d3e0"
I20260710 11:03:59.358211 18048 raft_consensus.cc:3060] T 70c63f832d5844aa8383ef34bea81aaa P 416f0eca367643029485f4843836d3e0 [term 0 FOLLOWER]: Advancing to term 1
I20260710 11:03:59.360085 18047 tablet_service.cc:1917] Received RequestConsensusVote() RPC: tablet_id: "39630ee654ef430aafe6bb776f486868" candidate_uuid: "eb0e885a7e9f4f6b88f6e28542a570ba" candidate_term: 1 candidate_status { last_received { term: 0 index: 0 } } ignore_live_leader: false dest_uuid: "416f0eca367643029485f4843836d3e0"
I20260710 11:03:59.360105 18121 tablet_service.cc:1917] Received RequestConsensusVote() RPC: tablet_id: "70c63f832d5844aa8383ef34bea81aaa" candidate_uuid: "eb0e885a7e9f4f6b88f6e28542a570ba" candidate_term: 1 candidate_status { last_received { term: 0 index: 0 } } ignore_live_leader: false dest_uuid: "f42bc769a6c144da8a6c8f09bd4749f3"
I20260710 11:03:59.360756 18047 raft_consensus.cc:3060] T 39630ee654ef430aafe6bb776f486868 P 416f0eca367643029485f4843836d3e0 [term 0 FOLLOWER]: Advancing to term 1
I20260710 11:03:59.360801 18121 raft_consensus.cc:3060] T 70c63f832d5844aa8383ef34bea81aaa P f42bc769a6c144da8a6c8f09bd4749f3 [term 0 FOLLOWER]: Advancing to term 1
I20260710 11:03:59.366894 18121 raft_consensus.cc:2468] T 70c63f832d5844aa8383ef34bea81aaa P f42bc769a6c144da8a6c8f09bd4749f3 [term 1 FOLLOWER]: Leader election vote request: Granting yes vote for candidate eb0e885a7e9f4f6b88f6e28542a570ba in term 1.
I20260710 11:03:59.367846 18268 leader_election.cc:290] T 39630ee654ef430aafe6bb776f486868 P eb0e885a7e9f4f6b88f6e28542a570ba [CANDIDATE]: Term 1 election: Requested vote from peers 416f0eca367643029485f4843836d3e0 (127.16.117.130:40471), f42bc769a6c144da8a6c8f09bd4749f3 (127.16.117.131:42269)
I20260710 11:03:59.367790 17939 leader_election.cc:304] T 70c63f832d5844aa8383ef34bea81aaa P eb0e885a7e9f4f6b88f6e28542a570ba [CANDIDATE]: Term 1 election: Election decided. Result: candidate won. Election summary: received 2 responses out of 3 voters: 2 yes votes; 0 no votes. yes voters: eb0e885a7e9f4f6b88f6e28542a570ba, f42bc769a6c144da8a6c8f09bd4749f3; no voters: 
I20260710 11:03:59.369012 18048 raft_consensus.cc:2468] T 70c63f832d5844aa8383ef34bea81aaa P 416f0eca367643029485f4843836d3e0 [term 1 FOLLOWER]: Leader election vote request: Granting yes vote for candidate eb0e885a7e9f4f6b88f6e28542a570ba in term 1.
I20260710 11:03:59.369128 18261 raft_consensus.cc:2804] T 70c63f832d5844aa8383ef34bea81aaa P eb0e885a7e9f4f6b88f6e28542a570ba [term 1 FOLLOWER]: Leader election won for term 1
I20260710 11:03:59.369971 18261 raft_consensus.cc:697] T 70c63f832d5844aa8383ef34bea81aaa P eb0e885a7e9f4f6b88f6e28542a570ba [term 1 LEADER]: Becoming Leader. State: Replica: eb0e885a7e9f4f6b88f6e28542a570ba, State: Running, Role: LEADER
I20260710 11:03:59.370746 18261 consensus_queue.cc:237] T 70c63f832d5844aa8383ef34bea81aaa P eb0e885a7e9f4f6b88f6e28542a570ba [LEADER]: Queue going to LEADER mode. State: All replicated index: 0, Majority replicated index: 0, Committed index: 0, Last appended: 0.0, Last appended by leader: 0, Current term: 1, Majority size: 2, State: 0, Mode: LEADER, active raft config: opid_index: -1 OBSOLETE_local: false peers { permanent_uuid: "eb0e885a7e9f4f6b88f6e28542a570ba" member_type: VOTER last_known_addr { host: "127.16.117.129" port: 46135 } } peers { permanent_uuid: "416f0eca367643029485f4843836d3e0" member_type: VOTER last_known_addr { host: "127.16.117.130" port: 40471 } } peers { permanent_uuid: "f42bc769a6c144da8a6c8f09bd4749f3" member_type: VOTER last_known_addr { host: "127.16.117.131" port: 42269 } }
I20260710 11:03:59.371803 18165 tablet_bootstrap.cc:654] T dd6920503e2b469695d95f453fa17592 P 416f0eca367643029485f4843836d3e0: Neither blocks nor log segments found. Creating new log.
I20260710 11:03:59.374032 18121 tablet_service.cc:1917] Received RequestConsensusVote() RPC: tablet_id: "39630ee654ef430aafe6bb776f486868" candidate_uuid: "eb0e885a7e9f4f6b88f6e28542a570ba" candidate_term: 1 candidate_status { last_received { term: 0 index: 0 } } ignore_live_leader: false dest_uuid: "f42bc769a6c144da8a6c8f09bd4749f3"
I20260710 11:03:59.374572 18121 raft_consensus.cc:3060] T 39630ee654ef430aafe6bb776f486868 P f42bc769a6c144da8a6c8f09bd4749f3 [term 0 FOLLOWER]: Advancing to term 1
I20260710 11:03:59.376780 17869 catalog_manager.cc:5697] T a85250e878c24e46b6167c0a7a7a3958 P 416f0eca367643029485f4843836d3e0 reported cstate change: term changed from 0 to 1, leader changed from <none> to 416f0eca367643029485f4843836d3e0 (127.16.117.130). New cstate: current_term: 1 leader_uuid: "416f0eca367643029485f4843836d3e0" committed_config { opid_index: -1 OBSOLETE_local: false peers { permanent_uuid: "eb0e885a7e9f4f6b88f6e28542a570ba" member_type: VOTER last_known_addr { host: "127.16.117.129" port: 46135 } health_report { overall_health: UNKNOWN } } peers { permanent_uuid: "416f0eca367643029485f4843836d3e0" member_type: VOTER last_known_addr { host: "127.16.117.130" port: 40471 } health_report { overall_health: HEALTHY } } peers { permanent_uuid: "f42bc769a6c144da8a6c8f09bd4749f3" member_type: VOTER last_known_addr { host: "127.16.117.131" port: 42269 } health_report { overall_health: UNKNOWN } } }
I20260710 11:03:59.380543 18121 raft_consensus.cc:2468] T 39630ee654ef430aafe6bb776f486868 P f42bc769a6c144da8a6c8f09bd4749f3 [term 1 FOLLOWER]: Leader election vote request: Granting yes vote for candidate eb0e885a7e9f4f6b88f6e28542a570ba in term 1.
I20260710 11:03:59.381618 17939 leader_election.cc:304] T 39630ee654ef430aafe6bb776f486868 P eb0e885a7e9f4f6b88f6e28542a570ba [CANDIDATE]: Term 1 election: Election decided. Result: candidate won. Election summary: received 2 responses out of 3 voters: 2 yes votes; 0 no votes. yes voters: eb0e885a7e9f4f6b88f6e28542a570ba, f42bc769a6c144da8a6c8f09bd4749f3; no voters: 
I20260710 11:03:59.382373 18173 raft_consensus.cc:2804] T 39630ee654ef430aafe6bb776f486868 P eb0e885a7e9f4f6b88f6e28542a570ba [term 1 FOLLOWER]: Leader election won for term 1
I20260710 11:03:59.382817 18173 raft_consensus.cc:697] T 39630ee654ef430aafe6bb776f486868 P eb0e885a7e9f4f6b88f6e28542a570ba [term 1 LEADER]: Becoming Leader. State: Replica: eb0e885a7e9f4f6b88f6e28542a570ba, State: Running, Role: LEADER
I20260710 11:03:59.383551 18173 consensus_queue.cc:237] T 39630ee654ef430aafe6bb776f486868 P eb0e885a7e9f4f6b88f6e28542a570ba [LEADER]: Queue going to LEADER mode. State: All replicated index: 0, Majority replicated index: 0, Committed index: 0, Last appended: 0.0, Last appended by leader: 0, Current term: 1, Majority size: 2, State: 0, Mode: LEADER, active raft config: opid_index: -1 OBSOLETE_local: false peers { permanent_uuid: "eb0e885a7e9f4f6b88f6e28542a570ba" member_type: VOTER last_known_addr { host: "127.16.117.129" port: 46135 } } peers { permanent_uuid: "416f0eca367643029485f4843836d3e0" member_type: VOTER last_known_addr { host: "127.16.117.130" port: 40471 } } peers { permanent_uuid: "f42bc769a6c144da8a6c8f09bd4749f3" member_type: VOTER last_known_addr { host: "127.16.117.131" port: 42269 } }
I20260710 11:03:59.384496 18165 tablet_bootstrap.cc:492] T dd6920503e2b469695d95f453fa17592 P 416f0eca367643029485f4843836d3e0: No bootstrap required, opened a new log
I20260710 11:03:59.384938 18165 ts_tablet_manager.cc:1403] T dd6920503e2b469695d95f453fa17592 P 416f0eca367643029485f4843836d3e0: Time spent bootstrapping tablet: real 0.036s	user 0.014s	sys 0.003s
I20260710 11:03:59.387400 18165 raft_consensus.cc:359] T dd6920503e2b469695d95f453fa17592 P 416f0eca367643029485f4843836d3e0 [term 0 FOLLOWER]: Replica starting. Triggering 0 pending ops. Active config: opid_index: -1 OBSOLETE_local: false peers { permanent_uuid: "eb0e885a7e9f4f6b88f6e28542a570ba" member_type: VOTER last_known_addr { host: "127.16.117.129" port: 46135 } } peers { permanent_uuid: "416f0eca367643029485f4843836d3e0" member_type: VOTER last_known_addr { host: "127.16.117.130" port: 40471 } } peers { permanent_uuid: "f42bc769a6c144da8a6c8f09bd4749f3" member_type: VOTER last_known_addr { host: "127.16.117.131" port: 42269 } }
I20260710 11:03:59.390220 18165 raft_consensus.cc:385] T dd6920503e2b469695d95f453fa17592 P 416f0eca367643029485f4843836d3e0 [term 0 FOLLOWER]: Consensus starting up: Expiring failure detector timer to make a prompt election more likely
I20260710 11:03:59.390542 18165 raft_consensus.cc:740] T dd6920503e2b469695d95f453fa17592 P 416f0eca367643029485f4843836d3e0 [term 0 FOLLOWER]: Becoming Follower/Learner. State: Replica: 416f0eca367643029485f4843836d3e0, State: Initialized, Role: FOLLOWER
I20260710 11:03:59.390758 18047 raft_consensus.cc:2468] T 39630ee654ef430aafe6bb776f486868 P 416f0eca367643029485f4843836d3e0 [term 1 FOLLOWER]: Leader election vote request: Granting yes vote for candidate eb0e885a7e9f4f6b88f6e28542a570ba in term 1.
I20260710 11:03:59.391362 18165 consensus_queue.cc:260] T dd6920503e2b469695d95f453fa17592 P 416f0eca367643029485f4843836d3e0 [NON_LEADER]: Queue going to NON_LEADER mode. State: All replicated index: 0, Majority replicated index: 0, Committed index: 0, Last appended: 0.0, Last appended by leader: 0, Current term: 0, Majority size: -1, State: 0, Mode: NON_LEADER, active raft config: opid_index: -1 OBSOLETE_local: false peers { permanent_uuid: "eb0e885a7e9f4f6b88f6e28542a570ba" member_type: VOTER last_known_addr { host: "127.16.117.129" port: 46135 } } peers { permanent_uuid: "416f0eca367643029485f4843836d3e0" member_type: VOTER last_known_addr { host: "127.16.117.130" port: 40471 } } peers { permanent_uuid: "f42bc769a6c144da8a6c8f09bd4749f3" member_type: VOTER last_known_addr { host: "127.16.117.131" port: 42269 } }
I20260710 11:03:59.393472 18165 ts_tablet_manager.cc:1434] T dd6920503e2b469695d95f453fa17592 P 416f0eca367643029485f4843836d3e0: Time spent starting tablet: real 0.008s	user 0.004s	sys 0.000s
I20260710 11:03:59.394244 18165 tablet_bootstrap.cc:492] T 79e85c733dde4222b7b696ee5bb5066d P 416f0eca367643029485f4843836d3e0: Bootstrap starting.
I20260710 11:03:59.399922 18165 tablet_bootstrap.cc:654] T 79e85c733dde4222b7b696ee5bb5066d P 416f0eca367643029485f4843836d3e0: Neither blocks nor log segments found. Creating new log.
I20260710 11:03:59.407155 18165 tablet_bootstrap.cc:492] T 79e85c733dde4222b7b696ee5bb5066d P 416f0eca367643029485f4843836d3e0: No bootstrap required, opened a new log
I20260710 11:03:59.407651 18165 ts_tablet_manager.cc:1403] T 79e85c733dde4222b7b696ee5bb5066d P 416f0eca367643029485f4843836d3e0: Time spent bootstrapping tablet: real 0.014s	user 0.009s	sys 0.000s
I20260710 11:03:59.407192 17869 catalog_manager.cc:5697] T 70c63f832d5844aa8383ef34bea81aaa P eb0e885a7e9f4f6b88f6e28542a570ba reported cstate change: term changed from 0 to 1, leader changed from <none> to eb0e885a7e9f4f6b88f6e28542a570ba (127.16.117.129). New cstate: current_term: 1 leader_uuid: "eb0e885a7e9f4f6b88f6e28542a570ba" committed_config { opid_index: -1 OBSOLETE_local: false peers { permanent_uuid: "eb0e885a7e9f4f6b88f6e28542a570ba" member_type: VOTER last_known_addr { host: "127.16.117.129" port: 46135 } health_report { overall_health: HEALTHY } } peers { permanent_uuid: "416f0eca367643029485f4843836d3e0" member_type: VOTER last_known_addr { host: "127.16.117.130" port: 40471 } health_report { overall_health: UNKNOWN } } peers { permanent_uuid: "f42bc769a6c144da8a6c8f09bd4749f3" member_type: VOTER last_known_addr { host: "127.16.117.131" port: 42269 } health_report { overall_health: UNKNOWN } } }
I20260710 11:03:59.408869 17869 catalog_manager.cc:5697] T 39630ee654ef430aafe6bb776f486868 P eb0e885a7e9f4f6b88f6e28542a570ba reported cstate change: term changed from 0 to 1, leader changed from <none> to eb0e885a7e9f4f6b88f6e28542a570ba (127.16.117.129). New cstate: current_term: 1 leader_uuid: "eb0e885a7e9f4f6b88f6e28542a570ba" committed_config { opid_index: -1 OBSOLETE_local: false peers { permanent_uuid: "eb0e885a7e9f4f6b88f6e28542a570ba" member_type: VOTER last_known_addr { host: "127.16.117.129" port: 46135 } health_report { overall_health: HEALTHY } } peers { permanent_uuid: "416f0eca367643029485f4843836d3e0" member_type: VOTER last_known_addr { host: "127.16.117.130" port: 40471 } health_report { overall_health: UNKNOWN } } peers { permanent_uuid: "f42bc769a6c144da8a6c8f09bd4749f3" member_type: VOTER last_known_addr { host: "127.16.117.131" port: 42269 } health_report { overall_health: UNKNOWN } } }
I20260710 11:03:59.410006 18165 raft_consensus.cc:359] T 79e85c733dde4222b7b696ee5bb5066d P 416f0eca367643029485f4843836d3e0 [term 0 FOLLOWER]: Replica starting. Triggering 0 pending ops. Active config: opid_index: -1 OBSOLETE_local: false peers { permanent_uuid: "eb0e885a7e9f4f6b88f6e28542a570ba" member_type: VOTER last_known_addr { host: "127.16.117.129" port: 46135 } } peers { permanent_uuid: "416f0eca367643029485f4843836d3e0" member_type: VOTER last_known_addr { host: "127.16.117.130" port: 40471 } } peers { permanent_uuid: "f42bc769a6c144da8a6c8f09bd4749f3" member_type: VOTER last_known_addr { host: "127.16.117.131" port: 42269 } }
I20260710 11:03:59.410636 18165 raft_consensus.cc:385] T 79e85c733dde4222b7b696ee5bb5066d P 416f0eca367643029485f4843836d3e0 [term 0 FOLLOWER]: Consensus starting up: Expiring failure detector timer to make a prompt election more likely
I20260710 11:03:59.410888 18165 raft_consensus.cc:740] T 79e85c733dde4222b7b696ee5bb5066d P 416f0eca367643029485f4843836d3e0 [term 0 FOLLOWER]: Becoming Follower/Learner. State: Replica: 416f0eca367643029485f4843836d3e0, State: Initialized, Role: FOLLOWER
I20260710 11:03:59.411490 18165 consensus_queue.cc:260] T 79e85c733dde4222b7b696ee5bb5066d P 416f0eca367643029485f4843836d3e0 [NON_LEADER]: Queue going to NON_LEADER mode. State: All replicated index: 0, Majority replicated index: 0, Committed index: 0, Last appended: 0.0, Last appended by leader: 0, Current term: 0, Majority size: -1, State: 0, Mode: NON_LEADER, active raft config: opid_index: -1 OBSOLETE_local: false peers { permanent_uuid: "eb0e885a7e9f4f6b88f6e28542a570ba" member_type: VOTER last_known_addr { host: "127.16.117.129" port: 46135 } } peers { permanent_uuid: "416f0eca367643029485f4843836d3e0" member_type: VOTER last_known_addr { host: "127.16.117.130" port: 40471 } } peers { permanent_uuid: "f42bc769a6c144da8a6c8f09bd4749f3" member_type: VOTER last_known_addr { host: "127.16.117.131" port: 42269 } }
I20260710 11:03:59.413204 18165 ts_tablet_manager.cc:1434] T 79e85c733dde4222b7b696ee5bb5066d P 416f0eca367643029485f4843836d3e0: Time spent starting tablet: real 0.005s	user 0.004s	sys 0.000s
I20260710 11:03:59.414203 18165 tablet_bootstrap.cc:492] T 08156717a63c48309a69803ba4203dcc P 416f0eca367643029485f4843836d3e0: Bootstrap starting.
I20260710 11:03:59.414693 18173 raft_consensus.cc:493] T 08156717a63c48309a69803ba4203dcc P eb0e885a7e9f4f6b88f6e28542a570ba [term 0 FOLLOWER]: Starting pre-election (no leader contacted us within the election timeout)
I20260710 11:03:59.415131 18173 raft_consensus.cc:515] T 08156717a63c48309a69803ba4203dcc P eb0e885a7e9f4f6b88f6e28542a570ba [term 0 FOLLOWER]: Starting pre-election with config: opid_index: -1 OBSOLETE_local: false peers { permanent_uuid: "eb0e885a7e9f4f6b88f6e28542a570ba" member_type: VOTER last_known_addr { host: "127.16.117.129" port: 46135 } } peers { permanent_uuid: "416f0eca367643029485f4843836d3e0" member_type: VOTER last_known_addr { host: "127.16.117.130" port: 40471 } } peers { permanent_uuid: "f42bc769a6c144da8a6c8f09bd4749f3" member_type: VOTER last_known_addr { host: "127.16.117.131" port: 42269 } }
I20260710 11:03:59.418093 18047 tablet_service.cc:1917] Received RequestConsensusVote() RPC: tablet_id: "08156717a63c48309a69803ba4203dcc" candidate_uuid: "eb0e885a7e9f4f6b88f6e28542a570ba" candidate_term: 1 candidate_status { last_received { term: 0 index: 0 } } ignore_live_leader: false dest_uuid: "416f0eca367643029485f4843836d3e0" is_pre_election: true
W20260710 11:03:59.419327 17937 leader_election.cc:343] T 08156717a63c48309a69803ba4203dcc P eb0e885a7e9f4f6b88f6e28542a570ba [CANDIDATE]: Term 1 pre-election: Tablet error from VoteRequest() call to peer 416f0eca367643029485f4843836d3e0 (127.16.117.130:40471): Illegal state: must be running to vote when last-logged opid is not known
I20260710 11:03:59.419870 18165 tablet_bootstrap.cc:654] T 08156717a63c48309a69803ba4203dcc P 416f0eca367643029485f4843836d3e0: Neither blocks nor log segments found. Creating new log.
I20260710 11:03:59.420053 18173 leader_election.cc:290] T 08156717a63c48309a69803ba4203dcc P eb0e885a7e9f4f6b88f6e28542a570ba [CANDIDATE]: Term 1 pre-election: Requested pre-vote from peers 416f0eca367643029485f4843836d3e0 (127.16.117.130:40471), f42bc769a6c144da8a6c8f09bd4749f3 (127.16.117.131:42269)
I20260710 11:03:59.420248 18121 tablet_service.cc:1917] Received RequestConsensusVote() RPC: tablet_id: "08156717a63c48309a69803ba4203dcc" candidate_uuid: "eb0e885a7e9f4f6b88f6e28542a570ba" candidate_term: 1 candidate_status { last_received { term: 0 index: 0 } } ignore_live_leader: false dest_uuid: "f42bc769a6c144da8a6c8f09bd4749f3" is_pre_election: true
I20260710 11:03:59.420727 18121 raft_consensus.cc:2468] T 08156717a63c48309a69803ba4203dcc P f42bc769a6c144da8a6c8f09bd4749f3 [term 0 FOLLOWER]: Leader pre-election vote request: Granting yes vote for candidate eb0e885a7e9f4f6b88f6e28542a570ba in term 0.
I20260710 11:03:59.421531 17939 leader_election.cc:304] T 08156717a63c48309a69803ba4203dcc P eb0e885a7e9f4f6b88f6e28542a570ba [CANDIDATE]: Term 1 pre-election: Election decided. Result: candidate won. Election summary: received 3 responses out of 3 voters: 2 yes votes; 1 no votes. yes voters: eb0e885a7e9f4f6b88f6e28542a570ba, f42bc769a6c144da8a6c8f09bd4749f3; no voters: 416f0eca367643029485f4843836d3e0
I20260710 11:03:59.423974 18173 raft_consensus.cc:2804] T 08156717a63c48309a69803ba4203dcc P eb0e885a7e9f4f6b88f6e28542a570ba [term 0 FOLLOWER]: Leader pre-election won for term 1
I20260710 11:03:59.424263 18173 raft_consensus.cc:493] T 08156717a63c48309a69803ba4203dcc P eb0e885a7e9f4f6b88f6e28542a570ba [term 0 FOLLOWER]: Starting leader election (no leader contacted us within the election timeout)
I20260710 11:03:59.424463 18173 raft_consensus.cc:3060] T 08156717a63c48309a69803ba4203dcc P eb0e885a7e9f4f6b88f6e28542a570ba [term 0 FOLLOWER]: Advancing to term 1
I20260710 11:03:59.424744 18165 tablet_bootstrap.cc:492] T 08156717a63c48309a69803ba4203dcc P 416f0eca367643029485f4843836d3e0: No bootstrap required, opened a new log
I20260710 11:03:59.425058 18165 ts_tablet_manager.cc:1403] T 08156717a63c48309a69803ba4203dcc P 416f0eca367643029485f4843836d3e0: Time spent bootstrapping tablet: real 0.011s	user 0.006s	sys 0.003s
I20260710 11:03:59.427071 18165 raft_consensus.cc:359] T 08156717a63c48309a69803ba4203dcc P 416f0eca367643029485f4843836d3e0 [term 0 FOLLOWER]: Replica starting. Triggering 0 pending ops. Active config: opid_index: -1 OBSOLETE_local: false peers { permanent_uuid: "eb0e885a7e9f4f6b88f6e28542a570ba" member_type: VOTER last_known_addr { host: "127.16.117.129" port: 46135 } } peers { permanent_uuid: "416f0eca367643029485f4843836d3e0" member_type: VOTER last_known_addr { host: "127.16.117.130" port: 40471 } } peers { permanent_uuid: "f42bc769a6c144da8a6c8f09bd4749f3" member_type: VOTER last_known_addr { host: "127.16.117.131" port: 42269 } }
I20260710 11:03:59.427654 18165 raft_consensus.cc:385] T 08156717a63c48309a69803ba4203dcc P 416f0eca367643029485f4843836d3e0 [term 0 FOLLOWER]: Consensus starting up: Expiring failure detector timer to make a prompt election more likely
I20260710 11:03:59.427898 18165 raft_consensus.cc:740] T 08156717a63c48309a69803ba4203dcc P 416f0eca367643029485f4843836d3e0 [term 0 FOLLOWER]: Becoming Follower/Learner. State: Replica: 416f0eca367643029485f4843836d3e0, State: Initialized, Role: FOLLOWER
I20260710 11:03:59.428452 18165 consensus_queue.cc:260] T 08156717a63c48309a69803ba4203dcc P 416f0eca367643029485f4843836d3e0 [NON_LEADER]: Queue going to NON_LEADER mode. State: All replicated index: 0, Majority replicated index: 0, Committed index: 0, Last appended: 0.0, Last appended by leader: 0, Current term: 0, Majority size: -1, State: 0, Mode: NON_LEADER, active raft config: opid_index: -1 OBSOLETE_local: false peers { permanent_uuid: "eb0e885a7e9f4f6b88f6e28542a570ba" member_type: VOTER last_known_addr { host: "127.16.117.129" port: 46135 } } peers { permanent_uuid: "416f0eca367643029485f4843836d3e0" member_type: VOTER last_known_addr { host: "127.16.117.130" port: 40471 } } peers { permanent_uuid: "f42bc769a6c144da8a6c8f09bd4749f3" member_type: VOTER last_known_addr { host: "127.16.117.131" port: 42269 } }
I20260710 11:03:59.428536 18261 consensus_queue.cc:1048] T 1151a253c1d04a91a7ff76f3d968ea74 P eb0e885a7e9f4f6b88f6e28542a570ba [LEADER]: Connected to new peer: Peer: permanent_uuid: "416f0eca367643029485f4843836d3e0" member_type: VOTER last_known_addr { host: "127.16.117.130" port: 40471 }, Status: LMP_MISMATCH, Last received: 0.0, Next index: 1, Last known committed idx: 0, Time since last communication: 0.000s
I20260710 11:03:59.429615 18173 raft_consensus.cc:515] T 08156717a63c48309a69803ba4203dcc P eb0e885a7e9f4f6b88f6e28542a570ba [term 1 FOLLOWER]: Starting leader election with config: opid_index: -1 OBSOLETE_local: false peers { permanent_uuid: "eb0e885a7e9f4f6b88f6e28542a570ba" member_type: VOTER last_known_addr { host: "127.16.117.129" port: 46135 } } peers { permanent_uuid: "416f0eca367643029485f4843836d3e0" member_type: VOTER last_known_addr { host: "127.16.117.130" port: 40471 } } peers { permanent_uuid: "f42bc769a6c144da8a6c8f09bd4749f3" member_type: VOTER last_known_addr { host: "127.16.117.131" port: 42269 } }
I20260710 11:03:59.430094 18165 ts_tablet_manager.cc:1434] T 08156717a63c48309a69803ba4203dcc P 416f0eca367643029485f4843836d3e0: Time spent starting tablet: real 0.005s	user 0.003s	sys 0.000s
I20260710 11:03:59.431085 18165 tablet_bootstrap.cc:492] T a5b413f2dcbd4cbc9ae519108ff371f0 P 416f0eca367643029485f4843836d3e0: Bootstrap starting.
I20260710 11:03:59.431939 18048 tablet_service.cc:1917] Received RequestConsensusVote() RPC: tablet_id: "08156717a63c48309a69803ba4203dcc" candidate_uuid: "eb0e885a7e9f4f6b88f6e28542a570ba" candidate_term: 1 candidate_status { last_received { term: 0 index: 0 } } ignore_live_leader: false dest_uuid: "416f0eca367643029485f4843836d3e0"
I20260710 11:03:59.432193 18121 tablet_service.cc:1917] Received RequestConsensusVote() RPC: tablet_id: "08156717a63c48309a69803ba4203dcc" candidate_uuid: "eb0e885a7e9f4f6b88f6e28542a570ba" candidate_term: 1 candidate_status { last_received { term: 0 index: 0 } } ignore_live_leader: false dest_uuid: "f42bc769a6c144da8a6c8f09bd4749f3"
I20260710 11:03:59.432454 18048 raft_consensus.cc:3060] T 08156717a63c48309a69803ba4203dcc P 416f0eca367643029485f4843836d3e0 [term 0 FOLLOWER]: Advancing to term 1
I20260710 11:03:59.432667 18121 raft_consensus.cc:3060] T 08156717a63c48309a69803ba4203dcc P f42bc769a6c144da8a6c8f09bd4749f3 [term 0 FOLLOWER]: Advancing to term 1
I20260710 11:03:59.436586 18165 tablet_bootstrap.cc:654] T a5b413f2dcbd4cbc9ae519108ff371f0 P 416f0eca367643029485f4843836d3e0: Neither blocks nor log segments found. Creating new log.
I20260710 11:03:59.438577 18121 raft_consensus.cc:2468] T 08156717a63c48309a69803ba4203dcc P f42bc769a6c144da8a6c8f09bd4749f3 [term 1 FOLLOWER]: Leader election vote request: Granting yes vote for candidate eb0e885a7e9f4f6b88f6e28542a570ba in term 1.
I20260710 11:03:59.440004 17939 leader_election.cc:304] T 08156717a63c48309a69803ba4203dcc P eb0e885a7e9f4f6b88f6e28542a570ba [CANDIDATE]: Term 1 election: Election decided. Result: candidate won. Election summary: received 2 responses out of 3 voters: 2 yes votes; 0 no votes. yes voters: eb0e885a7e9f4f6b88f6e28542a570ba, f42bc769a6c144da8a6c8f09bd4749f3; no voters: 
I20260710 11:03:59.440747 18261 raft_consensus.cc:2804] T 08156717a63c48309a69803ba4203dcc P eb0e885a7e9f4f6b88f6e28542a570ba [term 1 FOLLOWER]: Leader election won for term 1
I20260710 11:03:59.441207 18261 raft_consensus.cc:697] T 08156717a63c48309a69803ba4203dcc P eb0e885a7e9f4f6b88f6e28542a570ba [term 1 LEADER]: Becoming Leader. State: Replica: eb0e885a7e9f4f6b88f6e28542a570ba, State: Running, Role: LEADER
I20260710 11:03:59.441937 18261 consensus_queue.cc:237] T 08156717a63c48309a69803ba4203dcc P eb0e885a7e9f4f6b88f6e28542a570ba [LEADER]: Queue going to LEADER mode. State: All replicated index: 0, Majority replicated index: 0, Committed index: 0, Last appended: 0.0, Last appended by leader: 0, Current term: 1, Majority size: 2, State: 0, Mode: LEADER, active raft config: opid_index: -1 OBSOLETE_local: false peers { permanent_uuid: "eb0e885a7e9f4f6b88f6e28542a570ba" member_type: VOTER last_known_addr { host: "127.16.117.129" port: 46135 } } peers { permanent_uuid: "416f0eca367643029485f4843836d3e0" member_type: VOTER last_known_addr { host: "127.16.117.130" port: 40471 } } peers { permanent_uuid: "f42bc769a6c144da8a6c8f09bd4749f3" member_type: VOTER last_known_addr { host: "127.16.117.131" port: 42269 } }
I20260710 11:03:59.442476 18165 tablet_bootstrap.cc:492] T a5b413f2dcbd4cbc9ae519108ff371f0 P 416f0eca367643029485f4843836d3e0: No bootstrap required, opened a new log
I20260710 11:03:59.442885 18165 ts_tablet_manager.cc:1403] T a5b413f2dcbd4cbc9ae519108ff371f0 P 416f0eca367643029485f4843836d3e0: Time spent bootstrapping tablet: real 0.012s	user 0.009s	sys 0.000s
I20260710 11:03:59.438577 18048 raft_consensus.cc:2468] T 08156717a63c48309a69803ba4203dcc P 416f0eca367643029485f4843836d3e0 [term 1 FOLLOWER]: Leader election vote request: Granting yes vote for candidate eb0e885a7e9f4f6b88f6e28542a570ba in term 1.
I20260710 11:03:59.446679 18165 raft_consensus.cc:359] T a5b413f2dcbd4cbc9ae519108ff371f0 P 416f0eca367643029485f4843836d3e0 [term 0 FOLLOWER]: Replica starting. Triggering 0 pending ops. Active config: opid_index: -1 OBSOLETE_local: false peers { permanent_uuid: "eb0e885a7e9f4f6b88f6e28542a570ba" member_type: VOTER last_known_addr { host: "127.16.117.129" port: 46135 } } peers { permanent_uuid: "416f0eca367643029485f4843836d3e0" member_type: VOTER last_known_addr { host: "127.16.117.130" port: 40471 } } peers { permanent_uuid: "f42bc769a6c144da8a6c8f09bd4749f3" member_type: VOTER last_known_addr { host: "127.16.117.131" port: 42269 } }
I20260710 11:03:59.447261 18165 raft_consensus.cc:385] T a5b413f2dcbd4cbc9ae519108ff371f0 P 416f0eca367643029485f4843836d3e0 [term 0 FOLLOWER]: Consensus starting up: Expiring failure detector timer to make a prompt election more likely
I20260710 11:03:59.447492 18165 raft_consensus.cc:740] T a5b413f2dcbd4cbc9ae519108ff371f0 P 416f0eca367643029485f4843836d3e0 [term 0 FOLLOWER]: Becoming Follower/Learner. State: Replica: 416f0eca367643029485f4843836d3e0, State: Initialized, Role: FOLLOWER
I20260710 11:03:59.448035 18165 consensus_queue.cc:260] T a5b413f2dcbd4cbc9ae519108ff371f0 P 416f0eca367643029485f4843836d3e0 [NON_LEADER]: Queue going to NON_LEADER mode. State: All replicated index: 0, Majority replicated index: 0, Committed index: 0, Last appended: 0.0, Last appended by leader: 0, Current term: 0, Majority size: -1, State: 0, Mode: NON_LEADER, active raft config: opid_index: -1 OBSOLETE_local: false peers { permanent_uuid: "eb0e885a7e9f4f6b88f6e28542a570ba" member_type: VOTER last_known_addr { host: "127.16.117.129" port: 46135 } } peers { permanent_uuid: "416f0eca367643029485f4843836d3e0" member_type: VOTER last_known_addr { host: "127.16.117.130" port: 40471 } } peers { permanent_uuid: "f42bc769a6c144da8a6c8f09bd4749f3" member_type: VOTER last_known_addr { host: "127.16.117.131" port: 42269 } }
I20260710 11:03:59.449803 18165 ts_tablet_manager.cc:1434] T a5b413f2dcbd4cbc9ae519108ff371f0 P 416f0eca367643029485f4843836d3e0: Time spent starting tablet: real 0.007s	user 0.002s	sys 0.000s
I20260710 11:03:59.450270 18173 leader_election.cc:290] T 08156717a63c48309a69803ba4203dcc P eb0e885a7e9f4f6b88f6e28542a570ba [CANDIDATE]: Term 1 election: Requested vote from peers 416f0eca367643029485f4843836d3e0 (127.16.117.130:40471), f42bc769a6c144da8a6c8f09bd4749f3 (127.16.117.131:42269)
I20260710 11:03:59.451089 18201 consensus_queue.cc:1048] T 1151a253c1d04a91a7ff76f3d968ea74 P eb0e885a7e9f4f6b88f6e28542a570ba [LEADER]: Connected to new peer: Peer: permanent_uuid: "f42bc769a6c144da8a6c8f09bd4749f3" member_type: VOTER last_known_addr { host: "127.16.117.131" port: 42269 }, Status: LMP_MISMATCH, Last received: 0.0, Next index: 1, Last known committed idx: 0, Time since last communication: 0.000s
I20260710 11:03:59.462970 17869 catalog_manager.cc:5697] T 08156717a63c48309a69803ba4203dcc P eb0e885a7e9f4f6b88f6e28542a570ba reported cstate change: term changed from 0 to 1, leader changed from <none> to eb0e885a7e9f4f6b88f6e28542a570ba (127.16.117.129). New cstate: current_term: 1 leader_uuid: "eb0e885a7e9f4f6b88f6e28542a570ba" committed_config { opid_index: -1 OBSOLETE_local: false peers { permanent_uuid: "eb0e885a7e9f4f6b88f6e28542a570ba" member_type: VOTER last_known_addr { host: "127.16.117.129" port: 46135 } health_report { overall_health: HEALTHY } } peers { permanent_uuid: "416f0eca367643029485f4843836d3e0" member_type: VOTER last_known_addr { host: "127.16.117.130" port: 40471 } health_report { overall_health: UNKNOWN } } peers { permanent_uuid: "f42bc769a6c144da8a6c8f09bd4749f3" member_type: VOTER last_known_addr { host: "127.16.117.131" port: 42269 } health_report { overall_health: UNKNOWN } } }
I20260710 11:03:59.483317 18242 consensus_queue.cc:1048] T 0f18f906da2f4702b0799992aed1ba5c P 416f0eca367643029485f4843836d3e0 [LEADER]: Connected to new peer: Peer: permanent_uuid: "eb0e885a7e9f4f6b88f6e28542a570ba" member_type: VOTER last_known_addr { host: "127.16.117.129" port: 46135 }, Status: LMP_MISMATCH, Last received: 0.0, Next index: 1, Last known committed idx: 0, Time since last communication: 0.000s
I20260710 11:03:59.491724 18208 consensus_queue.cc:1048] T 0f18f906da2f4702b0799992aed1ba5c P 416f0eca367643029485f4843836d3e0 [LEADER]: Connected to new peer: Peer: permanent_uuid: "f42bc769a6c144da8a6c8f09bd4749f3" member_type: VOTER last_known_addr { host: "127.16.117.131" port: 42269 }, Status: LMP_MISMATCH, Last received: 0.0, Next index: 1, Last known committed idx: 0, Time since last communication: 0.000s
I20260710 11:03:59.573801 18047 raft_consensus.cc:3060] T ff89040e317d4731a5e09c5de0d232d0 P 416f0eca367643029485f4843836d3e0 [term 0 FOLLOWER]: Advancing to term 1
I20260710 11:03:59.616006 18249 raft_consensus.cc:493] T a85250e878c24e46b6167c0a7a7a3958 P f42bc769a6c144da8a6c8f09bd4749f3 [term 0 FOLLOWER]: Starting pre-election (no leader contacted us within the election timeout)
I20260710 11:03:59.616387 18249 raft_consensus.cc:515] T a85250e878c24e46b6167c0a7a7a3958 P f42bc769a6c144da8a6c8f09bd4749f3 [term 0 FOLLOWER]: Starting pre-election with config: opid_index: -1 OBSOLETE_local: false peers { permanent_uuid: "eb0e885a7e9f4f6b88f6e28542a570ba" member_type: VOTER last_known_addr { host: "127.16.117.129" port: 46135 } } peers { permanent_uuid: "416f0eca367643029485f4843836d3e0" member_type: VOTER last_known_addr { host: "127.16.117.130" port: 40471 } } peers { permanent_uuid: "f42bc769a6c144da8a6c8f09bd4749f3" member_type: VOTER last_known_addr { host: "127.16.117.131" port: 42269 } }
I20260710 11:03:59.617792 18249 leader_election.cc:290] T a85250e878c24e46b6167c0a7a7a3958 P f42bc769a6c144da8a6c8f09bd4749f3 [CANDIDATE]: Term 1 pre-election: Requested pre-vote from peers eb0e885a7e9f4f6b88f6e28542a570ba (127.16.117.129:46135), 416f0eca367643029485f4843836d3e0 (127.16.117.130:40471)
I20260710 11:03:59.618397 17973 tablet_service.cc:1917] Received RequestConsensusVote() RPC: tablet_id: "a85250e878c24e46b6167c0a7a7a3958" candidate_uuid: "f42bc769a6c144da8a6c8f09bd4749f3" candidate_term: 1 candidate_status { last_received { term: 0 index: 0 } } ignore_live_leader: false dest_uuid: "eb0e885a7e9f4f6b88f6e28542a570ba" is_pre_election: true
I20260710 11:03:59.618569 18047 tablet_service.cc:1917] Received RequestConsensusVote() RPC: tablet_id: "a85250e878c24e46b6167c0a7a7a3958" candidate_uuid: "f42bc769a6c144da8a6c8f09bd4749f3" candidate_term: 1 candidate_status { last_received { term: 0 index: 0 } } ignore_live_leader: false dest_uuid: "416f0eca367643029485f4843836d3e0" is_pre_election: true
I20260710 11:03:59.618997 17973 raft_consensus.cc:2393] T a85250e878c24e46b6167c0a7a7a3958 P eb0e885a7e9f4f6b88f6e28542a570ba [term 1 FOLLOWER]: Leader pre-election vote request: Denying vote to candidate f42bc769a6c144da8a6c8f09bd4749f3 in current term 1: Already voted for candidate 416f0eca367643029485f4843836d3e0 in this term.
I20260710 11:03:59.619854 18089 leader_election.cc:304] T a85250e878c24e46b6167c0a7a7a3958 P f42bc769a6c144da8a6c8f09bd4749f3 [CANDIDATE]: Term 1 pre-election: Election decided. Result: candidate lost. Election summary: received 3 responses out of 3 voters: 1 yes votes; 2 no votes. yes voters: f42bc769a6c144da8a6c8f09bd4749f3; no voters: 416f0eca367643029485f4843836d3e0, eb0e885a7e9f4f6b88f6e28542a570ba
I20260710 11:03:59.620396 18249 raft_consensus.cc:3060] T a85250e878c24e46b6167c0a7a7a3958 P f42bc769a6c144da8a6c8f09bd4749f3 [term 0 FOLLOWER]: Advancing to term 1
I20260710 11:03:59.624975 18249 raft_consensus.cc:2749] T a85250e878c24e46b6167c0a7a7a3958 P f42bc769a6c144da8a6c8f09bd4749f3 [term 1 FOLLOWER]: Leader pre-election lost for term 1. Reason: could not achieve majority
I20260710 11:03:59.637655 18047 raft_consensus.cc:3060] T a5b413f2dcbd4cbc9ae519108ff371f0 P 416f0eca367643029485f4843836d3e0 [term 0 FOLLOWER]: Advancing to term 1
I20260710 11:03:59.642339 18261 consensus_queue.cc:1048] T a5b413f2dcbd4cbc9ae519108ff371f0 P eb0e885a7e9f4f6b88f6e28542a570ba [LEADER]: Connected to new peer: Peer: permanent_uuid: "416f0eca367643029485f4843836d3e0" member_type: VOTER last_known_addr { host: "127.16.117.130" port: 40471 }, Status: LMP_MISMATCH, Last received: 0.0, Next index: 1, Last known committed idx: 0, Time since last communication: 0.000s
I20260710 11:03:59.652093 18173 consensus_queue.cc:1048] T a5b413f2dcbd4cbc9ae519108ff371f0 P eb0e885a7e9f4f6b88f6e28542a570ba [LEADER]: Connected to new peer: Peer: permanent_uuid: "f42bc769a6c144da8a6c8f09bd4749f3" member_type: VOTER last_known_addr { host: "127.16.117.131" port: 42269 }, Status: LMP_MISMATCH, Last received: 0.0, Next index: 1, Last known committed idx: 0, Time since last communication: 0.000s
W20260710 11:03:59.670481 17920 auto_rebalancer.cc:288] Could not retrieve cluster info: Service unavailable: Tablet not running
I20260710 11:03:59.670655 18047 raft_consensus.cc:3060] T dd6920503e2b469695d95f453fa17592 P 416f0eca367643029485f4843836d3e0 [term 0 FOLLOWER]: Advancing to term 1
I20260710 11:03:59.697885 18261 raft_consensus.cc:493] T ab0394bedd8447efa3ad038db676c680 P eb0e885a7e9f4f6b88f6e28542a570ba [term 0 FOLLOWER]: Starting pre-election (no leader contacted us within the election timeout)
I20260710 11:03:59.698256 18261 raft_consensus.cc:515] T ab0394bedd8447efa3ad038db676c680 P eb0e885a7e9f4f6b88f6e28542a570ba [term 0 FOLLOWER]: Starting pre-election with config: opid_index: -1 OBSOLETE_local: false peers { permanent_uuid: "eb0e885a7e9f4f6b88f6e28542a570ba" member_type: VOTER last_known_addr { host: "127.16.117.129" port: 46135 } } peers { permanent_uuid: "416f0eca367643029485f4843836d3e0" member_type: VOTER last_known_addr { host: "127.16.117.130" port: 40471 } } peers { permanent_uuid: "f42bc769a6c144da8a6c8f09bd4749f3" member_type: VOTER last_known_addr { host: "127.16.117.131" port: 42269 } }
I20260710 11:03:59.699698 18261 leader_election.cc:290] T ab0394bedd8447efa3ad038db676c680 P eb0e885a7e9f4f6b88f6e28542a570ba [CANDIDATE]: Term 1 pre-election: Requested pre-vote from peers 416f0eca367643029485f4843836d3e0 (127.16.117.130:40471), f42bc769a6c144da8a6c8f09bd4749f3 (127.16.117.131:42269)
I20260710 11:03:59.700228 18047 tablet_service.cc:1917] Received RequestConsensusVote() RPC: tablet_id: "ab0394bedd8447efa3ad038db676c680" candidate_uuid: "eb0e885a7e9f4f6b88f6e28542a570ba" candidate_term: 1 candidate_status { last_received { term: 0 index: 0 } } ignore_live_leader: false dest_uuid: "416f0eca367643029485f4843836d3e0" is_pre_election: true
I20260710 11:03:59.700573 18119 tablet_service.cc:1917] Received RequestConsensusVote() RPC: tablet_id: "ab0394bedd8447efa3ad038db676c680" candidate_uuid: "eb0e885a7e9f4f6b88f6e28542a570ba" candidate_term: 1 candidate_status { last_received { term: 0 index: 0 } } ignore_live_leader: false dest_uuid: "f42bc769a6c144da8a6c8f09bd4749f3" is_pre_election: true
I20260710 11:03:59.700717 18047 raft_consensus.cc:2468] T ab0394bedd8447efa3ad038db676c680 P 416f0eca367643029485f4843836d3e0 [term 0 FOLLOWER]: Leader pre-election vote request: Granting yes vote for candidate eb0e885a7e9f4f6b88f6e28542a570ba in term 0.
I20260710 11:03:59.701040 18119 raft_consensus.cc:2468] T ab0394bedd8447efa3ad038db676c680 P f42bc769a6c144da8a6c8f09bd4749f3 [term 0 FOLLOWER]: Leader pre-election vote request: Granting yes vote for candidate eb0e885a7e9f4f6b88f6e28542a570ba in term 0.
I20260710 11:03:59.701537 17937 leader_election.cc:304] T ab0394bedd8447efa3ad038db676c680 P eb0e885a7e9f4f6b88f6e28542a570ba [CANDIDATE]: Term 1 pre-election: Election decided. Result: candidate won. Election summary: received 2 responses out of 3 voters: 2 yes votes; 0 no votes. yes voters: 416f0eca367643029485f4843836d3e0, eb0e885a7e9f4f6b88f6e28542a570ba; no voters: 
I20260710 11:03:59.702165 18261 raft_consensus.cc:2804] T ab0394bedd8447efa3ad038db676c680 P eb0e885a7e9f4f6b88f6e28542a570ba [term 0 FOLLOWER]: Leader pre-election won for term 1
I20260710 11:03:59.702446 18261 raft_consensus.cc:493] T ab0394bedd8447efa3ad038db676c680 P eb0e885a7e9f4f6b88f6e28542a570ba [term 0 FOLLOWER]: Starting leader election (no leader contacted us within the election timeout)
I20260710 11:03:59.702665 18261 raft_consensus.cc:3060] T ab0394bedd8447efa3ad038db676c680 P eb0e885a7e9f4f6b88f6e28542a570ba [term 0 FOLLOWER]: Advancing to term 1
I20260710 11:03:59.706588 18261 raft_consensus.cc:515] T ab0394bedd8447efa3ad038db676c680 P eb0e885a7e9f4f6b88f6e28542a570ba [term 1 FOLLOWER]: Starting leader election with config: opid_index: -1 OBSOLETE_local: false peers { permanent_uuid: "eb0e885a7e9f4f6b88f6e28542a570ba" member_type: VOTER last_known_addr { host: "127.16.117.129" port: 46135 } } peers { permanent_uuid: "416f0eca367643029485f4843836d3e0" member_type: VOTER last_known_addr { host: "127.16.117.130" port: 40471 } } peers { permanent_uuid: "f42bc769a6c144da8a6c8f09bd4749f3" member_type: VOTER last_known_addr { host: "127.16.117.131" port: 42269 } }
I20260710 11:03:59.708153 18261 leader_election.cc:290] T ab0394bedd8447efa3ad038db676c680 P eb0e885a7e9f4f6b88f6e28542a570ba [CANDIDATE]: Term 1 election: Requested vote from peers 416f0eca367643029485f4843836d3e0 (127.16.117.130:40471), f42bc769a6c144da8a6c8f09bd4749f3 (127.16.117.131:42269)
I20260710 11:03:59.708858 18047 tablet_service.cc:1917] Received RequestConsensusVote() RPC: tablet_id: "ab0394bedd8447efa3ad038db676c680" candidate_uuid: "eb0e885a7e9f4f6b88f6e28542a570ba" candidate_term: 1 candidate_status { last_received { term: 0 index: 0 } } ignore_live_leader: false dest_uuid: "416f0eca367643029485f4843836d3e0"
I20260710 11:03:59.709014 18121 tablet_service.cc:1917] Received RequestConsensusVote() RPC: tablet_id: "ab0394bedd8447efa3ad038db676c680" candidate_uuid: "eb0e885a7e9f4f6b88f6e28542a570ba" candidate_term: 1 candidate_status { last_received { term: 0 index: 0 } } ignore_live_leader: false dest_uuid: "f42bc769a6c144da8a6c8f09bd4749f3"
I20260710 11:03:59.709580 18121 raft_consensus.cc:3060] T ab0394bedd8447efa3ad038db676c680 P f42bc769a6c144da8a6c8f09bd4749f3 [term 0 FOLLOWER]: Advancing to term 1
I20260710 11:03:59.709506 18047 raft_consensus.cc:3060] T ab0394bedd8447efa3ad038db676c680 P 416f0eca367643029485f4843836d3e0 [term 0 FOLLOWER]: Advancing to term 1
I20260710 11:03:59.715942 18121 raft_consensus.cc:2468] T ab0394bedd8447efa3ad038db676c680 P f42bc769a6c144da8a6c8f09bd4749f3 [term 1 FOLLOWER]: Leader election vote request: Granting yes vote for candidate eb0e885a7e9f4f6b88f6e28542a570ba in term 1.
I20260710 11:03:59.716112 18047 raft_consensus.cc:2468] T ab0394bedd8447efa3ad038db676c680 P 416f0eca367643029485f4843836d3e0 [term 1 FOLLOWER]: Leader election vote request: Granting yes vote for candidate eb0e885a7e9f4f6b88f6e28542a570ba in term 1.
I20260710 11:03:59.717011 17939 leader_election.cc:304] T ab0394bedd8447efa3ad038db676c680 P eb0e885a7e9f4f6b88f6e28542a570ba [CANDIDATE]: Term 1 election: Election decided. Result: candidate won. Election summary: received 2 responses out of 3 voters: 2 yes votes; 0 no votes. yes voters: eb0e885a7e9f4f6b88f6e28542a570ba, f42bc769a6c144da8a6c8f09bd4749f3; no voters: 
I20260710 11:03:59.718076 18261 raft_consensus.cc:2804] T ab0394bedd8447efa3ad038db676c680 P eb0e885a7e9f4f6b88f6e28542a570ba [term 1 FOLLOWER]: Leader election won for term 1
I20260710 11:03:59.718536 18261 raft_consensus.cc:697] T ab0394bedd8447efa3ad038db676c680 P eb0e885a7e9f4f6b88f6e28542a570ba [term 1 LEADER]: Becoming Leader. State: Replica: eb0e885a7e9f4f6b88f6e28542a570ba, State: Running, Role: LEADER
