W20260710 11:03:45.775655 15652 consensus_peers.cc:597] T 07d1377174c74789b6bd4bd1d21629c6 P 76217d6a1e1a4c3b8ad3c4ca67980938 -> Peer 225816b7cfc34f3aaee6b8504eef811f (127.15.11.1:35689): Couldn't send request to peer 225816b7cfc34f3aaee6b8504eef811f. Status: Network error: Client connection negotiation failed: client connection to 127.15.11.1:35689: connect: Connection refused (error 111). This is attempt 1: this message will repeat every 5th retry.
I20260710 11:03:45.787350 15404 ts_tablet_manager.cc:1507] Shutting down tablet manager...
I20260710 11:03:45.788018 15404 tablet_replica.cc:333] T efac3b888e0a449c94678e9c6d23317c P c32a44bd0c3849e4a68b4609094f0c1c: stopping tablet replica
I20260710 11:03:45.788745 15404 raft_consensus.cc:2243] T efac3b888e0a449c94678e9c6d23317c P c32a44bd0c3849e4a68b4609094f0c1c [term 2 FOLLOWER]: Raft consensus shutting down.
I20260710 11:03:45.789332 15404 raft_consensus.cc:2272] T efac3b888e0a449c94678e9c6d23317c P c32a44bd0c3849e4a68b4609094f0c1c [term 2 FOLLOWER]: Raft consensus is shut down!
I20260710 11:03:45.791138 15404 tablet_replica.cc:333] T 65ac33211f5648b68fc1f4e55717606c P c32a44bd0c3849e4a68b4609094f0c1c: stopping tablet replica
I20260710 11:03:45.791666 15404 raft_consensus.cc:2243] T 65ac33211f5648b68fc1f4e55717606c P c32a44bd0c3849e4a68b4609094f0c1c [term 3 FOLLOWER]: Raft consensus shutting down.
I20260710 11:03:45.792016 15404 raft_consensus.cc:2272] T 65ac33211f5648b68fc1f4e55717606c P c32a44bd0c3849e4a68b4609094f0c1c [term 3 FOLLOWER]: Raft consensus is shut down!
I20260710 11:03:45.793910 15404 tablet_replica.cc:333] T 5c6edd4c971943b9affbacbc399b7ece P c32a44bd0c3849e4a68b4609094f0c1c: stopping tablet replica
I20260710 11:03:45.794333 15404 raft_consensus.cc:2243] T 5c6edd4c971943b9affbacbc399b7ece P c32a44bd0c3849e4a68b4609094f0c1c [term 4 LEADER]: Raft consensus shutting down.
I20260710 11:03:45.794939 15404 raft_consensus.cc:2272] T 5c6edd4c971943b9affbacbc399b7ece P c32a44bd0c3849e4a68b4609094f0c1c [term 4 FOLLOWER]: Raft consensus is shut down!
I20260710 11:03:45.796299 15404 tablet_replica.cc:333] T 407bc73aa3da409fa2ce8682e05c3d65 P c32a44bd0c3849e4a68b4609094f0c1c: stopping tablet replica
I20260710 11:03:45.796715 15404 raft_consensus.cc:2243] T 407bc73aa3da409fa2ce8682e05c3d65 P c32a44bd0c3849e4a68b4609094f0c1c [term 5 FOLLOWER]: Raft consensus shutting down.
I20260710 11:03:45.797024 15404 raft_consensus.cc:2272] T 407bc73aa3da409fa2ce8682e05c3d65 P c32a44bd0c3849e4a68b4609094f0c1c [term 5 FOLLOWER]: Raft consensus is shut down!
I20260710 11:03:45.798857 15404 tablet_replica.cc:333] T 90557b5ba9ab4e9197991e88dcf8439a P c32a44bd0c3849e4a68b4609094f0c1c: stopping tablet replica
I20260710 11:03:45.799268 15404 raft_consensus.cc:2243] T 90557b5ba9ab4e9197991e88dcf8439a P c32a44bd0c3849e4a68b4609094f0c1c [term 2 LEADER]: Raft consensus shutting down.
I20260710 11:03:45.799927 15404 raft_consensus.cc:2272] T 90557b5ba9ab4e9197991e88dcf8439a P c32a44bd0c3849e4a68b4609094f0c1c [term 2 FOLLOWER]: Raft consensus is shut down!
I20260710 11:03:45.801425 15404 tablet_replica.cc:333] T 07d1377174c74789b6bd4bd1d21629c6 P c32a44bd0c3849e4a68b4609094f0c1c: stopping tablet replica
I20260710 11:03:45.801890 15404 raft_consensus.cc:2243] T 07d1377174c74789b6bd4bd1d21629c6 P c32a44bd0c3849e4a68b4609094f0c1c [term 2 FOLLOWER]: Raft consensus shutting down.
I20260710 11:03:45.802217 15404 raft_consensus.cc:2272] T 07d1377174c74789b6bd4bd1d21629c6 P c32a44bd0c3849e4a68b4609094f0c1c [term 2 FOLLOWER]: Raft consensus is shut down!
I20260710 11:03:45.803915 15404 tablet_replica.cc:333] T 71294ea3dcf644ec971c3d8017957381 P c32a44bd0c3849e4a68b4609094f0c1c: stopping tablet replica
I20260710 11:03:45.804294 15404 raft_consensus.cc:2243] T 71294ea3dcf644ec971c3d8017957381 P c32a44bd0c3849e4a68b4609094f0c1c [term 2 LEADER]: Raft consensus shutting down.
I20260710 11:03:45.804868 15404 raft_consensus.cc:2272] T 71294ea3dcf644ec971c3d8017957381 P c32a44bd0c3849e4a68b4609094f0c1c [term 2 FOLLOWER]: Raft consensus is shut down!
I20260710 11:03:45.806298 15404 tablet_replica.cc:333] T ada3e328d2044edd84449bc2d47909b2 P c32a44bd0c3849e4a68b4609094f0c1c: stopping tablet replica
I20260710 11:03:45.806672 15404 raft_consensus.cc:2243] T ada3e328d2044edd84449bc2d47909b2 P c32a44bd0c3849e4a68b4609094f0c1c [term 4 FOLLOWER]: Raft consensus shutting down.
I20260710 11:03:45.807001 15404 raft_consensus.cc:2272] T ada3e328d2044edd84449bc2d47909b2 P c32a44bd0c3849e4a68b4609094f0c1c [term 4 FOLLOWER]: Raft consensus is shut down!
I20260710 11:03:45.808777 15404 tablet_replica.cc:333] T da7e4dc282274d059ba9975cd156bb4a P c32a44bd0c3849e4a68b4609094f0c1c: stopping tablet replica
I20260710 11:03:45.809142 15404 raft_consensus.cc:2243] T da7e4dc282274d059ba9975cd156bb4a P c32a44bd0c3849e4a68b4609094f0c1c [term 4 FOLLOWER]: Raft consensus shutting down.
I20260710 11:03:45.809453 15404 raft_consensus.cc:2272] T da7e4dc282274d059ba9975cd156bb4a P c32a44bd0c3849e4a68b4609094f0c1c [term 4 FOLLOWER]: Raft consensus is shut down!
W20260710 11:03:45.828692 15652 consensus_peers.cc:597] T efac3b888e0a449c94678e9c6d23317c P 76217d6a1e1a4c3b8ad3c4ca67980938 -> Peer 225816b7cfc34f3aaee6b8504eef811f (127.15.11.1:35689): Couldn't send request to peer 225816b7cfc34f3aaee6b8504eef811f. Status: Network error: Client connection negotiation failed: client connection to 127.15.11.1:35689: connect: Connection refused (error 111). This is attempt 1: this message will repeat every 5th retry.
I20260710 11:03:45.835570 15404 tablet_server.cc:196] TabletServer@127.15.11.2:0 shutdown complete.
I20260710 11:03:45.851285 15404 tablet_server.cc:179] TabletServer@127.15.11.3:0 shutting down...
I20260710 11:03:45.869382 15404 ts_tablet_manager.cc:1507] Shutting down tablet manager...
I20260710 11:03:45.870033 15404 tablet_replica.cc:333] T efac3b888e0a449c94678e9c6d23317c P 76217d6a1e1a4c3b8ad3c4ca67980938: stopping tablet replica
I20260710 11:03:45.870568 15404 raft_consensus.cc:2243] T efac3b888e0a449c94678e9c6d23317c P 76217d6a1e1a4c3b8ad3c4ca67980938 [term 2 LEADER]: Raft consensus shutting down.
I20260710 11:03:45.871224 15404 raft_consensus.cc:2272] T efac3b888e0a449c94678e9c6d23317c P 76217d6a1e1a4c3b8ad3c4ca67980938 [term 2 FOLLOWER]: Raft consensus is shut down!
I20260710 11:03:45.872835 15404 tablet_replica.cc:333] T 07d1377174c74789b6bd4bd1d21629c6 P 76217d6a1e1a4c3b8ad3c4ca67980938: stopping tablet replica
I20260710 11:03:45.873258 15404 raft_consensus.cc:2243] T 07d1377174c74789b6bd4bd1d21629c6 P 76217d6a1e1a4c3b8ad3c4ca67980938 [term 2 LEADER]: Raft consensus shutting down.
I20260710 11:03:45.873951 15404 raft_consensus.cc:2272] T 07d1377174c74789b6bd4bd1d21629c6 P 76217d6a1e1a4c3b8ad3c4ca67980938 [term 2 FOLLOWER]: Raft consensus is shut down!
I20260710 11:03:45.876127 15404 tablet_replica.cc:333] T 90557b5ba9ab4e9197991e88dcf8439a P 76217d6a1e1a4c3b8ad3c4ca67980938: stopping tablet replica
I20260710 11:03:45.876555 15404 raft_consensus.cc:2243] T 90557b5ba9ab4e9197991e88dcf8439a P 76217d6a1e1a4c3b8ad3c4ca67980938 [term 2 FOLLOWER]: Raft consensus shutting down.
I20260710 11:03:45.876885 15404 raft_consensus.cc:2272] T 90557b5ba9ab4e9197991e88dcf8439a P 76217d6a1e1a4c3b8ad3c4ca67980938 [term 2 FOLLOWER]: Raft consensus is shut down!
I20260710 11:03:45.878310 15404 tablet_replica.cc:333] T 71294ea3dcf644ec971c3d8017957381 P 76217d6a1e1a4c3b8ad3c4ca67980938: stopping tablet replica
I20260710 11:03:45.878718 15404 raft_consensus.cc:2243] T 71294ea3dcf644ec971c3d8017957381 P 76217d6a1e1a4c3b8ad3c4ca67980938 [term 2 FOLLOWER]: Raft consensus shutting down.
I20260710 11:03:45.879035 15404 raft_consensus.cc:2272] T 71294ea3dcf644ec971c3d8017957381 P 76217d6a1e1a4c3b8ad3c4ca67980938 [term 2 FOLLOWER]: Raft consensus is shut down!
I20260710 11:03:45.880395 15404 tablet_replica.cc:333] T 5c6edd4c971943b9affbacbc399b7ece P 76217d6a1e1a4c3b8ad3c4ca67980938: stopping tablet replica
I20260710 11:03:45.880892 15404 raft_consensus.cc:2243] T 5c6edd4c971943b9affbacbc399b7ece P 76217d6a1e1a4c3b8ad3c4ca67980938 [term 4 FOLLOWER]: Raft consensus shutting down.
I20260710 11:03:45.881285 15404 raft_consensus.cc:2272] T 5c6edd4c971943b9affbacbc399b7ece P 76217d6a1e1a4c3b8ad3c4ca67980938 [term 4 FOLLOWER]: Raft consensus is shut down!
I20260710 11:03:45.882778 15404 tablet_replica.cc:333] T 65ac33211f5648b68fc1f4e55717606c P 76217d6a1e1a4c3b8ad3c4ca67980938: stopping tablet replica
I20260710 11:03:45.883203 15404 raft_consensus.cc:2243] T 65ac33211f5648b68fc1f4e55717606c P 76217d6a1e1a4c3b8ad3c4ca67980938 [term 3 FOLLOWER]: Raft consensus shutting down.
I20260710 11:03:45.883544 15404 raft_consensus.cc:2272] T 65ac33211f5648b68fc1f4e55717606c P 76217d6a1e1a4c3b8ad3c4ca67980938 [term 3 FOLLOWER]: Raft consensus is shut down!
I20260710 11:03:45.885275 15404 tablet_replica.cc:333] T 407bc73aa3da409fa2ce8682e05c3d65 P 76217d6a1e1a4c3b8ad3c4ca67980938: stopping tablet replica
I20260710 11:03:45.885703 15404 raft_consensus.cc:2243] T 407bc73aa3da409fa2ce8682e05c3d65 P 76217d6a1e1a4c3b8ad3c4ca67980938 [term 5 FOLLOWER]: Raft consensus shutting down.
I20260710 11:03:45.886051 15404 raft_consensus.cc:2272] T 407bc73aa3da409fa2ce8682e05c3d65 P 76217d6a1e1a4c3b8ad3c4ca67980938 [term 5 FOLLOWER]: Raft consensus is shut down!
I20260710 11:03:45.887725 15404 tablet_replica.cc:333] T ada3e328d2044edd84449bc2d47909b2 P 76217d6a1e1a4c3b8ad3c4ca67980938: stopping tablet replica
I20260710 11:03:45.888120 15404 raft_consensus.cc:2243] T ada3e328d2044edd84449bc2d47909b2 P 76217d6a1e1a4c3b8ad3c4ca67980938 [term 4 LEADER]: Raft consensus shutting down.
I20260710 11:03:45.888689 15404 raft_consensus.cc:2272] T ada3e328d2044edd84449bc2d47909b2 P 76217d6a1e1a4c3b8ad3c4ca67980938 [term 4 FOLLOWER]: Raft consensus is shut down!
I20260710 11:03:45.890311 15404 tablet_replica.cc:333] T da7e4dc282274d059ba9975cd156bb4a P 76217d6a1e1a4c3b8ad3c4ca67980938: stopping tablet replica
I20260710 11:03:45.890690 15404 raft_consensus.cc:2243] T da7e4dc282274d059ba9975cd156bb4a P 76217d6a1e1a4c3b8ad3c4ca67980938 [term 4 FOLLOWER]: Raft consensus shutting down.
I20260710 11:03:45.891034 15404 raft_consensus.cc:2272] T da7e4dc282274d059ba9975cd156bb4a P 76217d6a1e1a4c3b8ad3c4ca67980938 [term 4 FOLLOWER]: Raft consensus is shut down!
I20260710 11:03:45.915387 15404 tablet_server.cc:196] TabletServer@127.15.11.3:0 shutdown complete.
I20260710 11:03:45.931283 15404 master.cc:562] Master@127.15.11.62:34505 shutting down...
I20260710 11:03:46.121843 15404 raft_consensus.cc:2243] T 00000000000000000000000000000000 P cdc7234f9de343fca629aa82f8a95a9b [term 1 LEADER]: Raft consensus shutting down.
I20260710 11:03:46.122331 15404 raft_consensus.cc:2272] T 00000000000000000000000000000000 P cdc7234f9de343fca629aa82f8a95a9b [term 1 FOLLOWER]: Raft consensus is shut down!
I20260710 11:03:46.122596 15404 tablet_replica.cc:333] T 00000000000000000000000000000000 P cdc7234f9de343fca629aa82f8a95a9b: stopping tablet replica
I20260710 11:03:46.140740 15404 master.cc:584] Master@127.15.11.62:34505 shutdown complete.
225816b7cfc34f3aaee6b8504eef811f  4
76217d6a1e1a4c3b8ad3c4ca67980938  1
c32a44bd0c3849e4a68b4609094f0c1c  4
[       OK ] LeaderRebalancerTest.FunctionalTestForDivided (12349 ms)
[ RUN      ] LeaderRebalancerTest.FunctionalTestForNotDivided
I20260710 11:03:46.175961 15404 internal_mini_cluster.cc:156] Creating distributed mini masters. Addrs: 127.15.11.62:44265
I20260710 11:03:46.177047 15404 file_cache.cc:504] Constructed file cache file cache with capacity 419430
W20260710 11:03:46.182255 15906 instance_detector.cc:116] could not retrieve Azure instance metadata: Network error: curl error: HTTP response code said error: The requested URL returned error: 404
W20260710 11:03:46.182412 15905 instance_detector.cc:116] could not retrieve AWS instance metadata: Network error: curl error: HTTP response code said error: The requested URL returned error: 404
W20260710 11:03:46.183090 15908 instance_detector.cc:116] could not retrieve OpenStack instance metadata: Network error: curl error: HTTP response code said error: The requested URL returned error: 404
I20260710 11:03:46.184366 15404 server_base.cc:1061] running on GCE node
I20260710 11:03:46.185074 15404 hybrid_clock.cc:584] initializing the hybrid clock with 'system_unsync' time source
W20260710 11:03:46.185242 15404 system_unsync_time.cc:38] NTP support is disabled. Clock error bounds will not be accurate. This configuration is not suitable for distributed clusters.
I20260710 11:03:46.185352 15404 hybrid_clock.cc:648] HybridClock initialized: now 1783681426185341 us; error 0 us; skew 500 ppm
I20260710 11:03:46.185827 15404 server_base.cc:861] Flag tcmalloc_max_total_thread_cache_bytes is not working since tcmalloc is not enabled.
I20260710 11:03:46.187983 15404 webserver.cc:533] Webserver started at http://127.15.11.62:35175/ using document root <none> and password file <none>
I20260710 11:03:46.188406 15404 fs_manager.cc:362] Metadata directory not provided
I20260710 11:03:46.188552 15404 fs_manager.cc:368] Using write-ahead log directory (fs_wal_dir) as metadata directory
I20260710 11:03:46.188758 15404 server_base.cc:909] This appears to be a new deployment of Kudu; creating new FS layout
I20260710 11:03:46.189806 15404 fs_manager.cc:1068] Generated new instance metadata in path /tmp/dist-test-taskAPestO/test-tmp/auto_leader_rebalancer-test.0.LeaderRebalancerTest.FunctionalTestForNotDivided.1783681413666012-15404-0/minicluster-data/master-0-root/instance:
uuid: "d6b6c286b0c045cba18ce8de4cf595f2"
format_stamp: "Formatted at 2026-07-10 11:03:46 on dist-test-slave-fhnm"
I20260710 11:03:46.193783 15404 fs_manager.cc:696] Time spent creating directory manager: real 0.004s	user 0.003s	sys 0.000s
I20260710 11:03:46.196789 15913 log_block_manager.cc:4127] Time spent loading block containers with low live blocks: real 0.000s	user 0.000s	sys 0.000s
I20260710 11:03:46.197538 15404 fs_manager.cc:730] Time spent opening block manager: real 0.002s	user 0.003s	sys 0.000s
I20260710 11:03:46.197820 15404 fs_manager.cc:647] Opened local filesystem: /tmp/dist-test-taskAPestO/test-tmp/auto_leader_rebalancer-test.0.LeaderRebalancerTest.FunctionalTestForNotDivided.1783681413666012-15404-0/minicluster-data/master-0-root
uuid: "d6b6c286b0c045cba18ce8de4cf595f2"
format_stamp: "Formatted at 2026-07-10 11:03:46 on dist-test-slave-fhnm"
I20260710 11:03:46.198079 15404 fs_report.cc:389] FS layout report
--------------------
wal directory: /tmp/dist-test-taskAPestO/test-tmp/auto_leader_rebalancer-test.0.LeaderRebalancerTest.FunctionalTestForNotDivided.1783681413666012-15404-0/minicluster-data/master-0-root
metadata directory: /tmp/dist-test-taskAPestO/test-tmp/auto_leader_rebalancer-test.0.LeaderRebalancerTest.FunctionalTestForNotDivided.1783681413666012-15404-0/minicluster-data/master-0-root
1 data directories: /tmp/dist-test-taskAPestO/test-tmp/auto_leader_rebalancer-test.0.LeaderRebalancerTest.FunctionalTestForNotDivided.1783681413666012-15404-0/minicluster-data/master-0-root/data
Total live blocks: 0
Total live bytes: 0
Total live bytes (after alignment): 0
Total number of LBM containers: 0 (0 full)
Did not check for missing blocks
Did not check for orphaned blocks
Total full LBM containers with extra space: 0 (0 repaired)
Total full LBM container extra space in bytes: 0 (0 repaired)
Total incomplete LBM containers: 0 (0 repaired)
Total LBM partial records: 0 (0 repaired)
Total corrupted LBM metadata records in RocksDB: 0 (0 repaired)
I20260710 11:03:46.226958 15404 rpc_server.cc:225] running with OpenSSL 1.1.1  11 Sep 2018
I20260710 11:03:46.228192 15404 kserver.cc:163] Server-wide thread pool size limit: 3276
I20260710 11:03:46.263587 15404 rpc_server.cc:307] RPC server started. Bound to: 127.15.11.62:44265
I20260710 11:03:46.263672 15964 acceptor_pool.cc:272] collecting diagnostics on the listening RPC socket 127.15.11.62:44265 every 8 connection(s)
I20260710 11:03:46.267256 15965 data_dirs.cc:400] Could only allocate 1 dirs of requested 3 for tablet 00000000000000000000000000000000. 1 dirs total, 0 dirs full, 0 dirs failed
I20260710 11:03:46.276153 15965 tablet_bootstrap.cc:492] T 00000000000000000000000000000000 P d6b6c286b0c045cba18ce8de4cf595f2: Bootstrap starting.
I20260710 11:03:46.280593 15965 tablet_bootstrap.cc:654] T 00000000000000000000000000000000 P d6b6c286b0c045cba18ce8de4cf595f2: Neither blocks nor log segments found. Creating new log.
I20260710 11:03:46.284531 15965 tablet_bootstrap.cc:492] T 00000000000000000000000000000000 P d6b6c286b0c045cba18ce8de4cf595f2: No bootstrap required, opened a new log
I20260710 11:03:46.286528 15965 raft_consensus.cc:359] T 00000000000000000000000000000000 P d6b6c286b0c045cba18ce8de4cf595f2 [term 0 FOLLOWER]: Replica starting. Triggering 0 pending ops. Active config: opid_index: -1 OBSOLETE_local: true peers { permanent_uuid: "d6b6c286b0c045cba18ce8de4cf595f2" member_type: VOTER }
I20260710 11:03:46.286880 15965 raft_consensus.cc:385] T 00000000000000000000000000000000 P d6b6c286b0c045cba18ce8de4cf595f2 [term 0 FOLLOWER]: Consensus starting up: Expiring failure detector timer to make a prompt election more likely
I20260710 11:03:46.287051 15965 raft_consensus.cc:740] T 00000000000000000000000000000000 P d6b6c286b0c045cba18ce8de4cf595f2 [term 0 FOLLOWER]: Becoming Follower/Learner. State: Replica: d6b6c286b0c045cba18ce8de4cf595f2, State: Initialized, Role: FOLLOWER
I20260710 11:03:46.287557 15965 consensus_queue.cc:260] T 00000000000000000000000000000000 P d6b6c286b0c045cba18ce8de4cf595f2 [NON_LEADER]: Queue going to NON_LEADER mode. State: All replicated index: 0, Majority replicated index: 0, Committed index: 0, Last appended: 0.0, Last appended by leader: 0, Current term: 0, Majority size: -1, State: 0, Mode: NON_LEADER, active raft config: opid_index: -1 OBSOLETE_local: true peers { permanent_uuid: "d6b6c286b0c045cba18ce8de4cf595f2" member_type: VOTER }
I20260710 11:03:46.287963 15965 raft_consensus.cc:399] T 00000000000000000000000000000000 P d6b6c286b0c045cba18ce8de4cf595f2 [term 0 FOLLOWER]: Only one voter in the Raft config. Triggering election immediately
I20260710 11:03:46.288151 15965 raft_consensus.cc:493] T 00000000000000000000000000000000 P d6b6c286b0c045cba18ce8de4cf595f2 [term 0 FOLLOWER]: Starting leader election (initial election of a single-replica configuration)
I20260710 11:03:46.288368 15965 raft_consensus.cc:3060] T 00000000000000000000000000000000 P d6b6c286b0c045cba18ce8de4cf595f2 [term 0 FOLLOWER]: Advancing to term 1
I20260710 11:03:46.292152 15965 raft_consensus.cc:515] T 00000000000000000000000000000000 P d6b6c286b0c045cba18ce8de4cf595f2 [term 1 FOLLOWER]: Starting leader election with config: opid_index: -1 OBSOLETE_local: true peers { permanent_uuid: "d6b6c286b0c045cba18ce8de4cf595f2" member_type: VOTER }
I20260710 11:03:46.292601 15965 leader_election.cc:304] T 00000000000000000000000000000000 P d6b6c286b0c045cba18ce8de4cf595f2 [CANDIDATE]: Term 1 election: Election decided. Result: candidate won. Election summary: received 1 responses out of 1 voters: 1 yes votes; 0 no votes. yes voters: d6b6c286b0c045cba18ce8de4cf595f2; no voters: 
I20260710 11:03:46.293589 15965 leader_election.cc:290] T 00000000000000000000000000000000 P d6b6c286b0c045cba18ce8de4cf595f2 [CANDIDATE]: Term 1 election: Requested vote from peers 
I20260710 11:03:46.293975 15968 raft_consensus.cc:2804] T 00000000000000000000000000000000 P d6b6c286b0c045cba18ce8de4cf595f2 [term 1 FOLLOWER]: Leader election won for term 1
I20260710 11:03:46.295150 15968 raft_consensus.cc:697] T 00000000000000000000000000000000 P d6b6c286b0c045cba18ce8de4cf595f2 [term 1 LEADER]: Becoming Leader. State: Replica: d6b6c286b0c045cba18ce8de4cf595f2, State: Running, Role: LEADER
I20260710 11:03:46.295822 15968 consensus_queue.cc:237] T 00000000000000000000000000000000 P d6b6c286b0c045cba18ce8de4cf595f2 [LEADER]: Queue going to LEADER mode. State: All replicated index: 0, Majority replicated index: 0, Committed index: 0, Last appended: 0.0, Last appended by leader: 0, Current term: 1, Majority size: 1, State: 0, Mode: LEADER, active raft config: opid_index: -1 OBSOLETE_local: true peers { permanent_uuid: "d6b6c286b0c045cba18ce8de4cf595f2" member_type: VOTER }
I20260710 11:03:46.296541 15965 sys_catalog.cc:565] T 00000000000000000000000000000000 P d6b6c286b0c045cba18ce8de4cf595f2 [sys.catalog]: configured and running, proceeding with master startup.
I20260710 11:03:46.298466 15969 sys_catalog.cc:455] T 00000000000000000000000000000000 P d6b6c286b0c045cba18ce8de4cf595f2 [sys.catalog]: SysCatalogTable state changed. Reason: RaftConsensus started. Latest consensus state: current_term: 1 leader_uuid: "d6b6c286b0c045cba18ce8de4cf595f2" committed_config { opid_index: -1 OBSOLETE_local: true peers { permanent_uuid: "d6b6c286b0c045cba18ce8de4cf595f2" member_type: VOTER } }
I20260710 11:03:46.298528 15970 sys_catalog.cc:455] T 00000000000000000000000000000000 P d6b6c286b0c045cba18ce8de4cf595f2 [sys.catalog]: SysCatalogTable state changed. Reason: New leader d6b6c286b0c045cba18ce8de4cf595f2. Latest consensus state: current_term: 1 leader_uuid: "d6b6c286b0c045cba18ce8de4cf595f2" committed_config { opid_index: -1 OBSOLETE_local: true peers { permanent_uuid: "d6b6c286b0c045cba18ce8de4cf595f2" member_type: VOTER } }
I20260710 11:03:46.299120 15969 sys_catalog.cc:458] T 00000000000000000000000000000000 P d6b6c286b0c045cba18ce8de4cf595f2 [sys.catalog]: This master's current role is: LEADER
I20260710 11:03:46.299201 15970 sys_catalog.cc:458] T 00000000000000000000000000000000 P d6b6c286b0c045cba18ce8de4cf595f2 [sys.catalog]: This master's current role is: LEADER
I20260710 11:03:46.304034 15973 catalog_manager.cc:1511] Loading table and tablet metadata into memory...
I20260710 11:03:46.309553 15973 catalog_manager.cc:1520] Initializing Kudu cluster ID...
I20260710 11:03:46.310583 15404 internal_mini_cluster.cc:184] Waiting to initialize catalog manager on master 0
I20260710 11:03:46.317627 15973 catalog_manager.cc:1383] Generated new cluster ID: 31b294ce9f4b43719b16518c36b47f78
I20260710 11:03:46.317926 15973 catalog_manager.cc:1531] Initializing Kudu internal certificate authority...
I20260710 11:03:46.332875 15973 catalog_manager.cc:1406] Generated new certificate authority record
I20260710 11:03:46.334067 15973 catalog_manager.cc:1540] Loading token signing keys...
I20260710 11:03:46.346936 15973 catalog_manager.cc:6070] T 00000000000000000000000000000000 P d6b6c286b0c045cba18ce8de4cf595f2: Generated new TSK 0
I20260710 11:03:46.347512 15973 catalog_manager.cc:1550] Initializing in-progress tserver states...
I20260710 11:03:46.376881 15404 file_cache.cc:504] Constructed file cache file cache with capacity 419430
W20260710 11:03:46.382223 15986 instance_detector.cc:116] could not retrieve AWS instance metadata: Network error: curl error: HTTP response code said error: The requested URL returned error: 404
W20260710 11:03:46.383066 15987 instance_detector.cc:116] could not retrieve Azure instance metadata: Network error: curl error: HTTP response code said error: The requested URL returned error: 404
W20260710 11:03:46.384574 15989 instance_detector.cc:116] could not retrieve OpenStack instance metadata: Network error: curl error: HTTP response code said error: The requested URL returned error: 404
I20260710 11:03:46.384670 15404 server_base.cc:1061] running on GCE node
I20260710 11:03:46.385632 15404 hybrid_clock.cc:584] initializing the hybrid clock with 'system_unsync' time source
W20260710 11:03:46.385857 15404 system_unsync_time.cc:38] NTP support is disabled. Clock error bounds will not be accurate. This configuration is not suitable for distributed clusters.
I20260710 11:03:46.386001 15404 hybrid_clock.cc:648] HybridClock initialized: now 1783681426385983 us; error 0 us; skew 500 ppm
I20260710 11:03:46.386490 15404 server_base.cc:861] Flag tcmalloc_max_total_thread_cache_bytes is not working since tcmalloc is not enabled.
I20260710 11:03:46.388897 15404 webserver.cc:533] Webserver started at http://127.15.11.1:42225/ using document root <none> and password file <none>
I20260710 11:03:46.389349 15404 fs_manager.cc:362] Metadata directory not provided
I20260710 11:03:46.389528 15404 fs_manager.cc:368] Using write-ahead log directory (fs_wal_dir) as metadata directory
I20260710 11:03:46.389791 15404 server_base.cc:909] This appears to be a new deployment of Kudu; creating new FS layout
I20260710 11:03:46.390793 15404 fs_manager.cc:1068] Generated new instance metadata in path /tmp/dist-test-taskAPestO/test-tmp/auto_leader_rebalancer-test.0.LeaderRebalancerTest.FunctionalTestForNotDivided.1783681413666012-15404-0/minicluster-data/ts-0-root/instance:
uuid: "5dddaba5a98b4ec38adef149a181a0aa"
format_stamp: "Formatted at 2026-07-10 11:03:46 on dist-test-slave-fhnm"
I20260710 11:03:46.394984 15404 fs_manager.cc:696] Time spent creating directory manager: real 0.004s	user 0.004s	sys 0.000s
I20260710 11:03:46.397974 15994 log_block_manager.cc:4127] Time spent loading block containers with low live blocks: real 0.000s	user 0.000s	sys 0.000s
I20260710 11:03:46.398684 15404 fs_manager.cc:730] Time spent opening block manager: real 0.002s	user 0.002s	sys 0.001s
I20260710 11:03:46.398936 15404 fs_manager.cc:647] Opened local filesystem: /tmp/dist-test-taskAPestO/test-tmp/auto_leader_rebalancer-test.0.LeaderRebalancerTest.FunctionalTestForNotDivided.1783681413666012-15404-0/minicluster-data/ts-0-root
uuid: "5dddaba5a98b4ec38adef149a181a0aa"
format_stamp: "Formatted at 2026-07-10 11:03:46 on dist-test-slave-fhnm"
I20260710 11:03:46.399223 15404 fs_report.cc:389] FS layout report
--------------------
wal directory: /tmp/dist-test-taskAPestO/test-tmp/auto_leader_rebalancer-test.0.LeaderRebalancerTest.FunctionalTestForNotDivided.1783681413666012-15404-0/minicluster-data/ts-0-root
metadata directory: /tmp/dist-test-taskAPestO/test-tmp/auto_leader_rebalancer-test.0.LeaderRebalancerTest.FunctionalTestForNotDivided.1783681413666012-15404-0/minicluster-data/ts-0-root
1 data directories: /tmp/dist-test-taskAPestO/test-tmp/auto_leader_rebalancer-test.0.LeaderRebalancerTest.FunctionalTestForNotDivided.1783681413666012-15404-0/minicluster-data/ts-0-root/data
Total live blocks: 0
Total live bytes: 0
Total live bytes (after alignment): 0
Total number of LBM containers: 0 (0 full)
Did not check for missing blocks
Did not check for orphaned blocks
Total full LBM containers with extra space: 0 (0 repaired)
Total full LBM container extra space in bytes: 0 (0 repaired)
Total incomplete LBM containers: 0 (0 repaired)
Total LBM partial records: 0 (0 repaired)
Total corrupted LBM metadata records in RocksDB: 0 (0 repaired)
I20260710 11:03:46.412870 15404 rpc_server.cc:225] running with OpenSSL 1.1.1  11 Sep 2018
I20260710 11:03:46.414089 15404 kserver.cc:163] Server-wide thread pool size limit: 3276
I20260710 11:03:46.415493 15404 txn_system_client.cc:432] TxnSystemClient initialization is disabled...
I20260710 11:03:46.417603 15404 ts_tablet_manager.cc:585] Loaded tablet metadata (0 total tablets, 0 live tablets)
I20260710 11:03:46.417845 15404 ts_tablet_manager.cc:531] Time spent load tablet metadata: real 0.000s	user 0.000s	sys 0.000s
I20260710 11:03:46.418099 15404 ts_tablet_manager.cc:616] Registered 0 tablets
I20260710 11:03:46.418272 15404 ts_tablet_manager.cc:595] Time spent register tablets: real 0.000s	user 0.000s	sys 0.000s
I20260710 11:03:46.454609 15404 rpc_server.cc:307] RPC server started. Bound to: 127.15.11.1:41509
I20260710 11:03:46.454695 16056 acceptor_pool.cc:272] collecting diagnostics on the listening RPC socket 127.15.11.1:41509 every 8 connection(s)
I20260710 11:03:46.459033 15404 file_cache.cc:504] Constructed file cache file cache with capacity 419430
W20260710 11:03:46.465867 16061 instance_detector.cc:116] could not retrieve AWS instance metadata: Network error: curl error: HTTP response code said error: The requested URL returned error: 404
W20260710 11:03:46.466650 16062 instance_detector.cc:116] could not retrieve Azure instance metadata: Network error: curl error: HTTP response code said error: The requested URL returned error: 404
I20260710 11:03:46.470155 15404 server_base.cc:1061] running on GCE node
W20260710 11:03:46.470844 16064 instance_detector.cc:116] could not retrieve OpenStack instance metadata: Network error: curl error: HTTP response code said error: The requested URL returned error: 404
I20260710 11:03:46.471706 15404 hybrid_clock.cc:584] initializing the hybrid clock with 'system_unsync' time source
W20260710 11:03:46.471920 15404 system_unsync_time.cc:38] NTP support is disabled. Clock error bounds will not be accurate. This configuration is not suitable for distributed clusters.
I20260710 11:03:46.472059 15404 hybrid_clock.cc:648] HybridClock initialized: now 1783681426472047 us; error 0 us; skew 500 ppm
I20260710 11:03:46.472512 15404 server_base.cc:861] Flag tcmalloc_max_total_thread_cache_bytes is not working since tcmalloc is not enabled.
I20260710 11:03:46.474511 16057 heartbeater.cc:344] Connected to a master server at 127.15.11.62:44265
I20260710 11:03:46.474813 16057 heartbeater.cc:461] Registering TS with master...
I20260710 11:03:46.475291 15404 webserver.cc:533] Webserver started at http://127.15.11.2:41125/ using document root <none> and password file <none>
I20260710 11:03:46.475548 16057 heartbeater.cc:507] Master 127.15.11.62:44265 requested a full tablet report, sending...
I20260710 11:03:46.475760 15404 fs_manager.cc:362] Metadata directory not provided
I20260710 11:03:46.475976 15404 fs_manager.cc:368] Using write-ahead log directory (fs_wal_dir) as metadata directory
I20260710 11:03:46.476210 15404 server_base.cc:909] This appears to be a new deployment of Kudu; creating new FS layout
I20260710 11:03:46.477396 15404 fs_manager.cc:1068] Generated new instance metadata in path /tmp/dist-test-taskAPestO/test-tmp/auto_leader_rebalancer-test.0.LeaderRebalancerTest.FunctionalTestForNotDivided.1783681413666012-15404-0/minicluster-data/ts-1-root/instance:
uuid: "4694878eb5c64a20b4dd2475b978f680"
format_stamp: "Formatted at 2026-07-10 11:03:46 on dist-test-slave-fhnm"
I20260710 11:03:46.477545 15930 ts_manager.cc:194] Registered new tserver with Master: 5dddaba5a98b4ec38adef149a181a0aa (127.15.11.1:41509)
I20260710 11:03:46.479195 15930 master_service.cc:502] Signed X509 certificate for tserver {username='slave'} at 127.0.0.1:45912
I20260710 11:03:46.482030 15404 fs_manager.cc:696] Time spent creating directory manager: real 0.004s	user 0.002s	sys 0.001s
I20260710 11:03:46.485152 16069 log_block_manager.cc:4127] Time spent loading block containers with low live blocks: real 0.000s	user 0.000s	sys 0.000s
I20260710 11:03:46.485806 15404 fs_manager.cc:730] Time spent opening block manager: real 0.002s	user 0.002s	sys 0.001s
I20260710 11:03:46.486057 15404 fs_manager.cc:647] Opened local filesystem: /tmp/dist-test-taskAPestO/test-tmp/auto_leader_rebalancer-test.0.LeaderRebalancerTest.FunctionalTestForNotDivided.1783681413666012-15404-0/minicluster-data/ts-1-root
uuid: "4694878eb5c64a20b4dd2475b978f680"
format_stamp: "Formatted at 2026-07-10 11:03:46 on dist-test-slave-fhnm"
I20260710 11:03:46.486303 15404 fs_report.cc:389] FS layout report
--------------------
wal directory: /tmp/dist-test-taskAPestO/test-tmp/auto_leader_rebalancer-test.0.LeaderRebalancerTest.FunctionalTestForNotDivided.1783681413666012-15404-0/minicluster-data/ts-1-root
metadata directory: /tmp/dist-test-taskAPestO/test-tmp/auto_leader_rebalancer-test.0.LeaderRebalancerTest.FunctionalTestForNotDivided.1783681413666012-15404-0/minicluster-data/ts-1-root
1 data directories: /tmp/dist-test-taskAPestO/test-tmp/auto_leader_rebalancer-test.0.LeaderRebalancerTest.FunctionalTestForNotDivided.1783681413666012-15404-0/minicluster-data/ts-1-root/data
Total live blocks: 0
Total live bytes: 0
Total live bytes (after alignment): 0
Total number of LBM containers: 0 (0 full)
Did not check for missing blocks
Did not check for orphaned blocks
Total full LBM containers with extra space: 0 (0 repaired)
Total full LBM container extra space in bytes: 0 (0 repaired)
Total incomplete LBM containers: 0 (0 repaired)
Total LBM partial records: 0 (0 repaired)
Total corrupted LBM metadata records in RocksDB: 0 (0 repaired)
I20260710 11:03:46.505704 15404 rpc_server.cc:225] running with OpenSSL 1.1.1  11 Sep 2018
I20260710 11:03:46.506812 15404 kserver.cc:163] Server-wide thread pool size limit: 3276
I20260710 11:03:46.508128 15404 txn_system_client.cc:432] TxnSystemClient initialization is disabled...
I20260710 11:03:46.510401 15404 ts_tablet_manager.cc:585] Loaded tablet metadata (0 total tablets, 0 live tablets)
I20260710 11:03:46.510648 15404 ts_tablet_manager.cc:531] Time spent load tablet metadata: real 0.000s	user 0.000s	sys 0.000s
I20260710 11:03:46.510921 15404 ts_tablet_manager.cc:616] Registered 0 tablets
I20260710 11:03:46.511075 15404 ts_tablet_manager.cc:595] Time spent register tablets: real 0.000s	user 0.000s	sys 0.000s
I20260710 11:03:46.547917 15404 rpc_server.cc:307] RPC server started. Bound to: 127.15.11.2:45155
I20260710 11:03:46.548087 16131 acceptor_pool.cc:272] collecting diagnostics on the listening RPC socket 127.15.11.2:45155 every 8 connection(s)
I20260710 11:03:46.552204 15404 file_cache.cc:504] Constructed file cache file cache with capacity 419430
W20260710 11:03:46.558686 16135 instance_detector.cc:116] could not retrieve AWS instance metadata: Network error: curl error: HTTP response code said error: The requested URL returned error: 404
W20260710 11:03:46.559975 16136 instance_detector.cc:116] could not retrieve Azure instance metadata: Network error: curl error: HTTP response code said error: The requested URL returned error: 404
W20260710 11:03:46.561266 16138 instance_detector.cc:116] could not retrieve OpenStack instance metadata: Network error: curl error: HTTP response code said error: The requested URL returned error: 404
I20260710 11:03:46.562542 15404 server_base.cc:1061] running on GCE node
I20260710 11:03:46.563390 16132 heartbeater.cc:344] Connected to a master server at 127.15.11.62:44265
I20260710 11:03:46.563504 15404 hybrid_clock.cc:584] initializing the hybrid clock with 'system_unsync' time source
I20260710 11:03:46.563731 16132 heartbeater.cc:461] Registering TS with master...
W20260710 11:03:46.563746 15404 system_unsync_time.cc:38] NTP support is disabled. Clock error bounds will not be accurate. This configuration is not suitable for distributed clusters.
I20260710 11:03:46.564085 15404 hybrid_clock.cc:648] HybridClock initialized: now 1783681426564066 us; error 0 us; skew 500 ppm
I20260710 11:03:46.564558 16132 heartbeater.cc:507] Master 127.15.11.62:44265 requested a full tablet report, sending...
I20260710 11:03:46.564653 15404 server_base.cc:861] Flag tcmalloc_max_total_thread_cache_bytes is not working since tcmalloc is not enabled.
I20260710 11:03:46.566569 15930 ts_manager.cc:194] Registered new tserver with Master: 4694878eb5c64a20b4dd2475b978f680 (127.15.11.2:45155)
I20260710 11:03:46.567195 15404 webserver.cc:533] Webserver started at http://127.15.11.3:35717/ using document root <none> and password file <none>
I20260710 11:03:46.567652 15404 fs_manager.cc:362] Metadata directory not provided
I20260710 11:03:46.567812 15404 fs_manager.cc:368] Using write-ahead log directory (fs_wal_dir) as metadata directory
I20260710 11:03:46.567847 15930 master_service.cc:502] Signed X509 certificate for tserver {username='slave'} at 127.0.0.1:45922
I20260710 11:03:46.568087 15404 server_base.cc:909] This appears to be a new deployment of Kudu; creating new FS layout
I20260710 11:03:46.569283 15404 fs_manager.cc:1068] Generated new instance metadata in path /tmp/dist-test-taskAPestO/test-tmp/auto_leader_rebalancer-test.0.LeaderRebalancerTest.FunctionalTestForNotDivided.1783681413666012-15404-0/minicluster-data/ts-2-root/instance:
uuid: "31f9cfe03ca24e089ee3eca97361e287"
format_stamp: "Formatted at 2026-07-10 11:03:46 on dist-test-slave-fhnm"
I20260710 11:03:46.573371 15404 fs_manager.cc:696] Time spent creating directory manager: real 0.004s	user 0.001s	sys 0.002s
I20260710 11:03:46.576345 16143 log_block_manager.cc:4127] Time spent loading block containers with low live blocks: real 0.000s	user 0.000s	sys 0.000s
I20260710 11:03:46.577003 15404 fs_manager.cc:730] Time spent opening block manager: real 0.002s	user 0.002s	sys 0.000s
I20260710 11:03:46.577258 15404 fs_manager.cc:647] Opened local filesystem: /tmp/dist-test-taskAPestO/test-tmp/auto_leader_rebalancer-test.0.LeaderRebalancerTest.FunctionalTestForNotDivided.1783681413666012-15404-0/minicluster-data/ts-2-root
uuid: "31f9cfe03ca24e089ee3eca97361e287"
format_stamp: "Formatted at 2026-07-10 11:03:46 on dist-test-slave-fhnm"
I20260710 11:03:46.577513 15404 fs_report.cc:389] FS layout report
--------------------
wal directory: /tmp/dist-test-taskAPestO/test-tmp/auto_leader_rebalancer-test.0.LeaderRebalancerTest.FunctionalTestForNotDivided.1783681413666012-15404-0/minicluster-data/ts-2-root
metadata directory: /tmp/dist-test-taskAPestO/test-tmp/auto_leader_rebalancer-test.0.LeaderRebalancerTest.FunctionalTestForNotDivided.1783681413666012-15404-0/minicluster-data/ts-2-root
1 data directories: /tmp/dist-test-taskAPestO/test-tmp/auto_leader_rebalancer-test.0.LeaderRebalancerTest.FunctionalTestForNotDivided.1783681413666012-15404-0/minicluster-data/ts-2-root/data
Total live blocks: 0
Total live bytes: 0
Total live bytes (after alignment): 0
Total number of LBM containers: 0 (0 full)
Did not check for missing blocks
Did not check for orphaned blocks
Total full LBM containers with extra space: 0 (0 repaired)
Total full LBM container extra space in bytes: 0 (0 repaired)
Total incomplete LBM containers: 0 (0 repaired)
Total LBM partial records: 0 (0 repaired)
Total corrupted LBM metadata records in RocksDB: 0 (0 repaired)
I20260710 11:03:46.599995 15404 rpc_server.cc:225] running with OpenSSL 1.1.1  11 Sep 2018
I20260710 11:03:46.601161 15404 kserver.cc:163] Server-wide thread pool size limit: 3276
I20260710 11:03:46.602540 15404 txn_system_client.cc:432] TxnSystemClient initialization is disabled...
I20260710 11:03:46.604600 15404 ts_tablet_manager.cc:585] Loaded tablet metadata (0 total tablets, 0 live tablets)
I20260710 11:03:46.604796 15404 ts_tablet_manager.cc:531] Time spent load tablet metadata: real 0.000s	user 0.000s	sys 0.000s
I20260710 11:03:46.605018 15404 ts_tablet_manager.cc:616] Registered 0 tablets
I20260710 11:03:46.605167 15404 ts_tablet_manager.cc:595] Time spent register tablets: real 0.000s	user 0.000s	sys 0.000s
I20260710 11:03:46.641511 15404 rpc_server.cc:307] RPC server started. Bound to: 127.15.11.3:39355
I20260710 11:03:46.641626 16205 acceptor_pool.cc:272] collecting diagnostics on the listening RPC socket 127.15.11.3:39355 every 8 connection(s)
I20260710 11:03:46.653743 16206 heartbeater.cc:344] Connected to a master server at 127.15.11.62:44265
I20260710 11:03:46.654081 16206 heartbeater.cc:461] Registering TS with master...
I20260710 11:03:46.654748 16206 heartbeater.cc:507] Master 127.15.11.62:44265 requested a full tablet report, sending...
I20260710 11:03:46.656426 15930 ts_manager.cc:194] Registered new tserver with Master: 31f9cfe03ca24e089ee3eca97361e287 (127.15.11.3:39355)
I20260710 11:03:46.657378 15404 internal_mini_cluster.cc:371] 3 TS(s) registered with all masters after 0.012956173s
I20260710 11:03:46.657689 15930 master_service.cc:502] Signed X509 certificate for tserver {username='slave'} at 127.0.0.1:45932
I20260710 11:03:46.680495 15930 catalog_manager.cc:2283] Servicing CreateTable request from {username='slave'} at 127.0.0.1:45936:
name: "test-workload"
schema {
  columns {
    name: "key"
    type: INT32
    is_key: true
    is_nullable: false
    encoding: AUTO_ENCODING
    compression: DEFAULT_COMPRESSION
    cfile_block_size: 0
    immutable: false
  }
  columns {
    name: "int_val"
    type: INT32
    is_key: false
    is_nullable: false
    encoding: AUTO_ENCODING
    compression: DEFAULT_COMPRESSION
    cfile_block_size: 0
    immutable: false
  }
  columns {
    name: "string_val"
    type: STRING
    is_key: false
    is_nullable: true
    encoding: AUTO_ENCODING
    compression: DEFAULT_COMPRESSION
    cfile_block_size: 0
    immutable: false
  }
}
num_replicas: 3
split_rows_range_bounds {
  rows: "\004\001\000\314\314\314\014\004\001\000\230\231\231\031\004\001\000dff&\004\001\0000333\004\001\000\374\377\377?\004\001\000\310\314\314L\004\001\000\224\231\231Y\004\001\000`fff\004\001\000,33s""\004\001\000\314\314\314\014\004\001\000\230\231\231\031\004\001\000dff&\004\001\0000333\004\001\000\374\377\377?\004\001\000\310\314\314L\004\001\000\224\231\231Y\004\001\000`fff\004\001\000,33s"
  indirect_data: """"
}
partition_schema {
  range_schema {
    columns {
      name: "key"
    }
  }
}
W20260710 11:03:46.683192 15930 catalog_manager.cc:7077] The number of live tablet servers is not enough to re-replicate a tablet replica of the newly created table test-workload in case of a server failure: 4 tablet servers would be needed, 3 are available. Consider bringing up more tablet servers.
I20260710 11:03:46.746871 16171 tablet_service.cc:1511] Processing CreateTablet for tablet 216793ca42fe483cb48f070060087050 (DEFAULT_TABLE table=test-workload [id=86459120e629466587e59fe607a950ab]), partition=RANGE (key) PARTITION VALUES < 214748364
I20260710 11:03:46.747004 16169 tablet_service.cc:1511] Processing CreateTablet for tablet ef3e6a7e5e9f455d92a30e70b4652a3a (DEFAULT_TABLE table=test-workload [id=86459120e629466587e59fe607a950ab]), partition=RANGE (key) PARTITION 429496728 <= VALUES < 644245092
I20260710 11:03:46.748291 16171 data_dirs.cc:400] Could only allocate 1 dirs of requested 3 for tablet 216793ca42fe483cb48f070060087050. 1 dirs total, 0 dirs full, 0 dirs failed
I20260710 11:03:46.748333 16097 tablet_service.cc:1511] Processing CreateTablet for tablet 216793ca42fe483cb48f070060087050 (DEFAULT_TABLE table=test-workload [id=86459120e629466587e59fe607a950ab]), partition=RANGE (key) PARTITION VALUES < 214748364
I20260710 11:03:46.749600 16097 data_dirs.cc:400] Could only allocate 1 dirs of requested 3 for tablet 216793ca42fe483cb48f070060087050. 1 dirs total, 0 dirs full, 0 dirs failed
I20260710 11:03:46.750100 16170 tablet_service.cc:1511] Processing CreateTablet for tablet ccca2a8c533e45e29126ee8e8bdfce71 (DEFAULT_TABLE table=test-workload [id=86459120e629466587e59fe607a950ab]), partition=RANGE (key) PARTITION 214748364 <= VALUES < 429496728
I20260710 11:03:46.751204 16021 tablet_service.cc:1511] Processing CreateTablet for tablet ccca2a8c533e45e29126ee8e8bdfce71 (DEFAULT_TABLE table=test-workload [id=86459120e629466587e59fe607a950ab]), partition=RANGE (key) PARTITION 214748364 <= VALUES < 429496728
I20260710 11:03:46.752496 16021 data_dirs.cc:400] Could only allocate 1 dirs of requested 3 for tablet ccca2a8c533e45e29126ee8e8bdfce71. 1 dirs total, 0 dirs full, 0 dirs failed
I20260710 11:03:46.752233 16095 tablet_service.cc:1511] Processing CreateTablet for tablet ef3e6a7e5e9f455d92a30e70b4652a3a (DEFAULT_TABLE table=test-workload [id=86459120e629466587e59fe607a950ab]), partition=RANGE (key) PARTITION 429496728 <= VALUES < 644245092
I20260710 11:03:46.753461 16095 data_dirs.cc:400] Could only allocate 1 dirs of requested 3 for tablet ef3e6a7e5e9f455d92a30e70b4652a3a. 1 dirs total, 0 dirs full, 0 dirs failed
I20260710 11:03:46.754729 16020 tablet_service.cc:1511] Processing CreateTablet for tablet ef3e6a7e5e9f455d92a30e70b4652a3a (DEFAULT_TABLE table=test-workload [id=86459120e629466587e59fe607a950ab]), partition=RANGE (key) PARTITION 429496728 <= VALUES < 644245092
I20260710 11:03:46.750115 16022 tablet_service.cc:1511] Processing CreateTablet for tablet 216793ca42fe483cb48f070060087050 (DEFAULT_TABLE table=test-workload [id=86459120e629466587e59fe607a950ab]), partition=RANGE (key) PARTITION VALUES < 214748364
I20260710 11:03:46.757313 16170 data_dirs.cc:400] Could only allocate 1 dirs of requested 3 for tablet ccca2a8c533e45e29126ee8e8bdfce71. 1 dirs total, 0 dirs full, 0 dirs failed
I20260710 11:03:46.758750 16096 tablet_service.cc:1511] Processing CreateTablet for tablet ccca2a8c533e45e29126ee8e8bdfce71 (DEFAULT_TABLE table=test-workload [id=86459120e629466587e59fe607a950ab]), partition=RANGE (key) PARTITION 214748364 <= VALUES < 429496728
I20260710 11:03:46.760012 16096 data_dirs.cc:400] Could only allocate 1 dirs of requested 3 for tablet ccca2a8c533e45e29126ee8e8bdfce71. 1 dirs total, 0 dirs full, 0 dirs failed
I20260710 11:03:46.761915 16169 data_dirs.cc:400] Could only allocate 1 dirs of requested 3 for tablet ef3e6a7e5e9f455d92a30e70b4652a3a. 1 dirs total, 0 dirs full, 0 dirs failed
I20260710 11:03:46.764623 16020 data_dirs.cc:400] Could only allocate 1 dirs of requested 3 for tablet ef3e6a7e5e9f455d92a30e70b4652a3a. 1 dirs total, 0 dirs full, 0 dirs failed
I20260710 11:03:46.765898 16022 data_dirs.cc:400] Could only allocate 1 dirs of requested 3 for tablet 216793ca42fe483cb48f070060087050. 1 dirs total, 0 dirs full, 0 dirs failed
I20260710 11:03:46.766767 16168 tablet_service.cc:1511] Processing CreateTablet for tablet b6028744857349529c6d77c2fd15c57f (DEFAULT_TABLE table=test-workload [id=86459120e629466587e59fe607a950ab]), partition=RANGE (key) PARTITION 644245092 <= VALUES < 858993456
I20260710 11:03:46.768006 16168 data_dirs.cc:400] Could only allocate 1 dirs of requested 3 for tablet b6028744857349529c6d77c2fd15c57f. 1 dirs total, 0 dirs full, 0 dirs failed
I20260710 11:03:46.769474 16019 tablet_service.cc:1511] Processing CreateTablet for tablet b6028744857349529c6d77c2fd15c57f (DEFAULT_TABLE table=test-workload [id=86459120e629466587e59fe607a950ab]), partition=RANGE (key) PARTITION 644245092 <= VALUES < 858993456
I20260710 11:03:46.769675 16167 tablet_service.cc:1511] Processing CreateTablet for tablet 9da588a2731449d0ba29536f0f79d70a (DEFAULT_TABLE table=test-workload [id=86459120e629466587e59fe607a950ab]), partition=RANGE (key) PARTITION 858993456 <= VALUES < 1073741820
I20260710 11:03:46.770740 16019 data_dirs.cc:400] Could only allocate 1 dirs of requested 3 for tablet b6028744857349529c6d77c2fd15c57f. 1 dirs total, 0 dirs full, 0 dirs failed
I20260710 11:03:46.772089 16166 tablet_service.cc:1511] Processing CreateTablet for tablet 64f2062f0ab04e79bfd31cc0b7890d17 (DEFAULT_TABLE table=test-workload [id=86459120e629466587e59fe607a950ab]), partition=RANGE (key) PARTITION 1073741820 <= VALUES < 1288490184
I20260710 11:03:46.774752 16165 tablet_service.cc:1511] Processing CreateTablet for tablet b45872e2dc834fba8bfaa78c9f98d707 (DEFAULT_TABLE table=test-workload [id=86459120e629466587e59fe607a950ab]), partition=RANGE (key) PARTITION 1288490184 <= VALUES < 1503238548
I20260710 11:03:46.776860 16017 tablet_service.cc:1511] Processing CreateTablet for tablet 64f2062f0ab04e79bfd31cc0b7890d17 (DEFAULT_TABLE table=test-workload [id=86459120e629466587e59fe607a950ab]), partition=RANGE (key) PARTITION 1073741820 <= VALUES < 1288490184
I20260710 11:03:46.778105 16017 data_dirs.cc:400] Could only allocate 1 dirs of requested 3 for tablet 64f2062f0ab04e79bfd31cc0b7890d17. 1 dirs total, 0 dirs full, 0 dirs failed
I20260710 11:03:46.779937 16016 tablet_service.cc:1511] Processing CreateTablet for tablet b45872e2dc834fba8bfaa78c9f98d707 (DEFAULT_TABLE table=test-workload [id=86459120e629466587e59fe607a950ab]), partition=RANGE (key) PARTITION 1288490184 <= VALUES < 1503238548
I20260710 11:03:46.781164 16016 data_dirs.cc:400] Could only allocate 1 dirs of requested 3 for tablet b45872e2dc834fba8bfaa78c9f98d707. 1 dirs total, 0 dirs full, 0 dirs failed
I20260710 11:03:46.782789 16015 tablet_service.cc:1511] Processing CreateTablet for tablet 240c2b6a9c544d66a06e450ca37821cb (DEFAULT_TABLE table=test-workload [id=86459120e629466587e59fe607a950ab]), partition=RANGE (key) PARTITION 1503238548 <= VALUES < 1717986912
I20260710 11:03:46.783993 16015 data_dirs.cc:400] Could only allocate 1 dirs of requested 3 for tablet 240c2b6a9c544d66a06e450ca37821cb. 1 dirs total, 0 dirs full, 0 dirs failed
I20260710 11:03:46.770774 16167 data_dirs.cc:400] Could only allocate 1 dirs of requested 3 for tablet 9da588a2731449d0ba29536f0f79d70a. 1 dirs total, 0 dirs full, 0 dirs failed
I20260710 11:03:46.786872 16166 data_dirs.cc:400] Could only allocate 1 dirs of requested 3 for tablet 64f2062f0ab04e79bfd31cc0b7890d17. 1 dirs total, 0 dirs full, 0 dirs failed
I20260710 11:03:46.787178 16018 tablet_service.cc:1511] Processing CreateTablet for tablet 9da588a2731449d0ba29536f0f79d70a (DEFAULT_TABLE table=test-workload [id=86459120e629466587e59fe607a950ab]), partition=RANGE (key) PARTITION 858993456 <= VALUES < 1073741820
I20260710 11:03:46.787453 16164 tablet_service.cc:1511] Processing CreateTablet for tablet 240c2b6a9c544d66a06e450ca37821cb (DEFAULT_TABLE table=test-workload [id=86459120e629466587e59fe607a950ab]), partition=RANGE (key) PARTITION 1503238548 <= VALUES < 1717986912
I20260710 11:03:46.788055 16165 data_dirs.cc:400] Could only allocate 1 dirs of requested 3 for tablet b45872e2dc834fba8bfaa78c9f98d707. 1 dirs total, 0 dirs full, 0 dirs failed
I20260710 11:03:46.788398 16018 data_dirs.cc:400] Could only allocate 1 dirs of requested 3 for tablet 9da588a2731449d0ba29536f0f79d70a. 1 dirs total, 0 dirs full, 0 dirs failed
I20260710 11:03:46.790503 16094 tablet_service.cc:1511] Processing CreateTablet for tablet b6028744857349529c6d77c2fd15c57f (DEFAULT_TABLE table=test-workload [id=86459120e629466587e59fe607a950ab]), partition=RANGE (key) PARTITION 644245092 <= VALUES < 858993456
I20260710 11:03:46.790865 16093 tablet_service.cc:1511] Processing CreateTablet for tablet 9da588a2731449d0ba29536f0f79d70a (DEFAULT_TABLE table=test-workload [id=86459120e629466587e59fe607a950ab]), partition=RANGE (key) PARTITION 858993456 <= VALUES < 1073741820
