I20260710 11:03:55.964946 17546 raft_consensus.cc:359] T 318834e7781842de9ea6d1277b07190b P 15dcef36073f4ca2b4c77aefe860b56f [term 0 FOLLOWER]: Replica starting. Triggering 0 pending ops. Active config: opid_index: -1 OBSOLETE_local: false peers { permanent_uuid: "9aa8dca5b1d849bcbd86936bbe377083" member_type: VOTER last_known_addr { host: "127.15.223.129" port: 43735 } } peers { permanent_uuid: "ec0b9d15959f4c76bd574891114f0d2b" member_type: VOTER last_known_addr { host: "127.15.223.130" port: 46007 } } peers { permanent_uuid: "15dcef36073f4ca2b4c77aefe860b56f" member_type: VOTER last_known_addr { host: "127.15.223.131" port: 38107 } }
I20260710 11:03:55.967435 17546 raft_consensus.cc:385] T 318834e7781842de9ea6d1277b07190b P 15dcef36073f4ca2b4c77aefe860b56f [term 0 FOLLOWER]: Consensus starting up: Expiring failure detector timer to make a prompt election more likely
I20260710 11:03:55.968614 17546 raft_consensus.cc:740] T 318834e7781842de9ea6d1277b07190b P 15dcef36073f4ca2b4c77aefe860b56f [term 0 FOLLOWER]: Becoming Follower/Learner. State: Replica: 15dcef36073f4ca2b4c77aefe860b56f, State: Initialized, Role: FOLLOWER
I20260710 11:03:55.969357 17548 tablet_bootstrap.cc:492] T 9015236074754e2db4459631fc15219b P ec0b9d15959f4c76bd574891114f0d2b: No bootstrap required, opened a new log
I20260710 11:03:55.969765 17548 ts_tablet_manager.cc:1403] T 9015236074754e2db4459631fc15219b P ec0b9d15959f4c76bd574891114f0d2b: Time spent bootstrapping tablet: real 0.067s	user 0.011s	sys 0.017s
I20260710 11:03:55.969862 17546 consensus_queue.cc:260] T 318834e7781842de9ea6d1277b07190b P 15dcef36073f4ca2b4c77aefe860b56f [NON_LEADER]: Queue going to NON_LEADER mode. State: All replicated index: 0, Majority replicated index: 0, Committed index: 0, Last appended: 0.0, Last appended by leader: 0, Current term: 0, Majority size: -1, State: 0, Mode: NON_LEADER, active raft config: opid_index: -1 OBSOLETE_local: false peers { permanent_uuid: "9aa8dca5b1d849bcbd86936bbe377083" member_type: VOTER last_known_addr { host: "127.15.223.129" port: 43735 } } peers { permanent_uuid: "ec0b9d15959f4c76bd574891114f0d2b" member_type: VOTER last_known_addr { host: "127.15.223.130" port: 46007 } } peers { permanent_uuid: "15dcef36073f4ca2b4c77aefe860b56f" member_type: VOTER last_known_addr { host: "127.15.223.131" port: 38107 } }
I20260710 11:03:55.972159 17546 ts_tablet_manager.cc:1434] T 318834e7781842de9ea6d1277b07190b P 15dcef36073f4ca2b4c77aefe860b56f: Time spent starting tablet: real 0.010s	user 0.004s	sys 0.000s
I20260710 11:03:55.973066 17546 tablet_bootstrap.cc:492] T 9015236074754e2db4459631fc15219b P 15dcef36073f4ca2b4c77aefe860b56f: Bootstrap starting.
I20260710 11:03:55.968344 17545 consensus_queue.cc:260] T 25103dbdf0d547b2ba328b9f2c2c15a6 P 9aa8dca5b1d849bcbd86936bbe377083 [NON_LEADER]: Queue going to NON_LEADER mode. State: All replicated index: 0, Majority replicated index: 0, Committed index: 0, Last appended: 0.0, Last appended by leader: 0, Current term: 0, Majority size: -1, State: 0, Mode: NON_LEADER, active raft config: opid_index: -1 OBSOLETE_local: false peers { permanent_uuid: "9aa8dca5b1d849bcbd86936bbe377083" member_type: VOTER last_known_addr { host: "127.15.223.129" port: 43735 } } peers { permanent_uuid: "ec0b9d15959f4c76bd574891114f0d2b" member_type: VOTER last_known_addr { host: "127.15.223.130" port: 46007 } } peers { permanent_uuid: "15dcef36073f4ca2b4c77aefe860b56f" member_type: VOTER last_known_addr { host: "127.15.223.131" port: 38107 } }
I20260710 11:03:55.974923 17545 ts_tablet_manager.cc:1434] T 25103dbdf0d547b2ba328b9f2c2c15a6 P 9aa8dca5b1d849bcbd86936bbe377083: Time spent starting tablet: real 0.013s	user 0.005s	sys 0.000s
I20260710 11:03:55.975831 17545 tablet_bootstrap.cc:492] T 318834e7781842de9ea6d1277b07190b P 9aa8dca5b1d849bcbd86936bbe377083: Bootstrap starting.
I20260710 11:03:55.981621 17546 tablet_bootstrap.cc:654] T 9015236074754e2db4459631fc15219b P 15dcef36073f4ca2b4c77aefe860b56f: Neither blocks nor log segments found. Creating new log.
I20260710 11:03:55.981930 17545 tablet_bootstrap.cc:654] T 318834e7781842de9ea6d1277b07190b P 9aa8dca5b1d849bcbd86936bbe377083: Neither blocks nor log segments found. Creating new log.
I20260710 11:03:55.982283 17431 tablet_service.cc:1917] Received RequestConsensusVote() RPC: tablet_id: "254557ec64b54dec847584c91966f41c" candidate_uuid: "15dcef36073f4ca2b4c77aefe860b56f" candidate_term: 1 candidate_status { last_received { term: 0 index: 0 } } ignore_live_leader: false dest_uuid: "ec0b9d15959f4c76bd574891114f0d2b" is_pre_election: true
I20260710 11:03:55.982147 17548 raft_consensus.cc:359] T 9015236074754e2db4459631fc15219b P ec0b9d15959f4c76bd574891114f0d2b [term 0 FOLLOWER]: Replica starting. Triggering 0 pending ops. Active config: opid_index: -1 OBSOLETE_local: false peers { permanent_uuid: "9aa8dca5b1d849bcbd86936bbe377083" member_type: VOTER last_known_addr { host: "127.15.223.129" port: 43735 } } peers { permanent_uuid: "ec0b9d15959f4c76bd574891114f0d2b" member_type: VOTER last_known_addr { host: "127.15.223.130" port: 46007 } } peers { permanent_uuid: "15dcef36073f4ca2b4c77aefe860b56f" member_type: VOTER last_known_addr { host: "127.15.223.131" port: 38107 } }
I20260710 11:03:55.982838 17548 raft_consensus.cc:385] T 9015236074754e2db4459631fc15219b P ec0b9d15959f4c76bd574891114f0d2b [term 0 FOLLOWER]: Consensus starting up: Expiring failure detector timer to make a prompt election more likely
I20260710 11:03:55.983122 17548 raft_consensus.cc:740] T 9015236074754e2db4459631fc15219b P ec0b9d15959f4c76bd574891114f0d2b [term 0 FOLLOWER]: Becoming Follower/Learner. State: Replica: ec0b9d15959f4c76bd574891114f0d2b, State: Initialized, Role: FOLLOWER
I20260710 11:03:55.983888 17548 consensus_queue.cc:260] T 9015236074754e2db4459631fc15219b P ec0b9d15959f4c76bd574891114f0d2b [NON_LEADER]: Queue going to NON_LEADER mode. State: All replicated index: 0, Majority replicated index: 0, Committed index: 0, Last appended: 0.0, Last appended by leader: 0, Current term: 0, Majority size: -1, State: 0, Mode: NON_LEADER, active raft config: opid_index: -1 OBSOLETE_local: false peers { permanent_uuid: "9aa8dca5b1d849bcbd86936bbe377083" member_type: VOTER last_known_addr { host: "127.15.223.129" port: 43735 } } peers { permanent_uuid: "ec0b9d15959f4c76bd574891114f0d2b" member_type: VOTER last_known_addr { host: "127.15.223.130" port: 46007 } } peers { permanent_uuid: "15dcef36073f4ca2b4c77aefe860b56f" member_type: VOTER last_known_addr { host: "127.15.223.131" port: 38107 } }
W20260710 11:03:55.985476 17468 leader_election.cc:343] T 254557ec64b54dec847584c91966f41c P 15dcef36073f4ca2b4c77aefe860b56f [CANDIDATE]: Term 1 pre-election: Tablet error from VoteRequest() call to peer ec0b9d15959f4c76bd574891114f0d2b (127.15.223.130:46007): Illegal state: must be running to vote when last-logged opid is not known
I20260710 11:03:55.987990 17548 ts_tablet_manager.cc:1434] T 9015236074754e2db4459631fc15219b P ec0b9d15959f4c76bd574891114f0d2b: Time spent starting tablet: real 0.018s	user 0.003s	sys 0.002s
I20260710 11:03:55.988905 17548 tablet_bootstrap.cc:492] T fd968e21c32243a0a182db4ba2227e84 P ec0b9d15959f4c76bd574891114f0d2b: Bootstrap starting.
I20260710 11:03:55.994767 17548 tablet_bootstrap.cc:654] T fd968e21c32243a0a182db4ba2227e84 P ec0b9d15959f4c76bd574891114f0d2b: Neither blocks nor log segments found. Creating new log.
I20260710 11:03:56.005741 17548 tablet_bootstrap.cc:492] T fd968e21c32243a0a182db4ba2227e84 P ec0b9d15959f4c76bd574891114f0d2b: No bootstrap required, opened a new log
I20260710 11:03:56.006215 17548 ts_tablet_manager.cc:1403] T fd968e21c32243a0a182db4ba2227e84 P ec0b9d15959f4c76bd574891114f0d2b: Time spent bootstrapping tablet: real 0.018s	user 0.015s	sys 0.001s
I20260710 11:03:56.011206 17548 raft_consensus.cc:359] T fd968e21c32243a0a182db4ba2227e84 P ec0b9d15959f4c76bd574891114f0d2b [term 0 FOLLOWER]: Replica starting. Triggering 0 pending ops. Active config: opid_index: -1 OBSOLETE_local: false peers { permanent_uuid: "9aa8dca5b1d849bcbd86936bbe377083" member_type: VOTER last_known_addr { host: "127.15.223.129" port: 43735 } } peers { permanent_uuid: "ec0b9d15959f4c76bd574891114f0d2b" member_type: VOTER last_known_addr { host: "127.15.223.130" port: 46007 } } peers { permanent_uuid: "15dcef36073f4ca2b4c77aefe860b56f" member_type: VOTER last_known_addr { host: "127.15.223.131" port: 38107 } }
I20260710 11:03:56.011880 17548 raft_consensus.cc:385] T fd968e21c32243a0a182db4ba2227e84 P ec0b9d15959f4c76bd574891114f0d2b [term 0 FOLLOWER]: Consensus starting up: Expiring failure detector timer to make a prompt election more likely
I20260710 11:03:56.012148 17548 raft_consensus.cc:740] T fd968e21c32243a0a182db4ba2227e84 P ec0b9d15959f4c76bd574891114f0d2b [term 0 FOLLOWER]: Becoming Follower/Learner. State: Replica: ec0b9d15959f4c76bd574891114f0d2b, State: Initialized, Role: FOLLOWER
I20260710 11:03:56.012895 17551 raft_consensus.cc:493] T 37d16464926b41e1b4e845d960791338 P 15dcef36073f4ca2b4c77aefe860b56f [term 0 FOLLOWER]: Starting pre-election (no leader contacted us within the election timeout)
I20260710 11:03:56.013011 17548 consensus_queue.cc:260] T fd968e21c32243a0a182db4ba2227e84 P ec0b9d15959f4c76bd574891114f0d2b [NON_LEADER]: Queue going to NON_LEADER mode. State: All replicated index: 0, Majority replicated index: 0, Committed index: 0, Last appended: 0.0, Last appended by leader: 0, Current term: 0, Majority size: -1, State: 0, Mode: NON_LEADER, active raft config: opid_index: -1 OBSOLETE_local: false peers { permanent_uuid: "9aa8dca5b1d849bcbd86936bbe377083" member_type: VOTER last_known_addr { host: "127.15.223.129" port: 43735 } } peers { permanent_uuid: "ec0b9d15959f4c76bd574891114f0d2b" member_type: VOTER last_known_addr { host: "127.15.223.130" port: 46007 } } peers { permanent_uuid: "15dcef36073f4ca2b4c77aefe860b56f" member_type: VOTER last_known_addr { host: "127.15.223.131" port: 38107 } }
I20260710 11:03:56.015173 17558 raft_consensus.cc:493] T 9015236074754e2db4459631fc15219b P ec0b9d15959f4c76bd574891114f0d2b [term 0 FOLLOWER]: Starting pre-election (no leader contacted us within the election timeout)
I20260710 11:03:56.016491 17558 raft_consensus.cc:515] T 9015236074754e2db4459631fc15219b P ec0b9d15959f4c76bd574891114f0d2b [term 0 FOLLOWER]: Starting pre-election with config: opid_index: -1 OBSOLETE_local: false peers { permanent_uuid: "9aa8dca5b1d849bcbd86936bbe377083" member_type: VOTER last_known_addr { host: "127.15.223.129" port: 43735 } } peers { permanent_uuid: "ec0b9d15959f4c76bd574891114f0d2b" member_type: VOTER last_known_addr { host: "127.15.223.130" port: 46007 } } peers { permanent_uuid: "15dcef36073f4ca2b4c77aefe860b56f" member_type: VOTER last_known_addr { host: "127.15.223.131" port: 38107 } }
I20260710 11:03:56.016513 17551 raft_consensus.cc:515] T 37d16464926b41e1b4e845d960791338 P 15dcef36073f4ca2b4c77aefe860b56f [term 0 FOLLOWER]: Starting pre-election with config: opid_index: -1 OBSOLETE_local: false peers { permanent_uuid: "9aa8dca5b1d849bcbd86936bbe377083" member_type: VOTER last_known_addr { host: "127.15.223.129" port: 43735 } } peers { permanent_uuid: "ec0b9d15959f4c76bd574891114f0d2b" member_type: VOTER last_known_addr { host: "127.15.223.130" port: 46007 } } peers { permanent_uuid: "15dcef36073f4ca2b4c77aefe860b56f" member_type: VOTER last_known_addr { host: "127.15.223.131" port: 38107 } }
I20260710 11:03:56.023073 17431 tablet_service.cc:1917] Received RequestConsensusVote() RPC: tablet_id: "37d16464926b41e1b4e845d960791338" candidate_uuid: "15dcef36073f4ca2b4c77aefe860b56f" candidate_term: 1 candidate_status { last_received { term: 0 index: 0 } } ignore_live_leader: false dest_uuid: "ec0b9d15959f4c76bd574891114f0d2b" is_pre_election: true
W20260710 11:03:56.024477 17468 leader_election.cc:343] T 37d16464926b41e1b4e845d960791338 P 15dcef36073f4ca2b4c77aefe860b56f [CANDIDATE]: Term 1 pre-election: Tablet error from VoteRequest() call to peer ec0b9d15959f4c76bd574891114f0d2b (127.15.223.130:46007): Illegal state: must be running to vote when last-logged opid is not known
I20260710 11:03:56.025525 17558 leader_election.cc:290] T 9015236074754e2db4459631fc15219b P ec0b9d15959f4c76bd574891114f0d2b [CANDIDATE]: Term 1 pre-election: Requested pre-vote from peers 9aa8dca5b1d849bcbd86936bbe377083 (127.15.223.129:43735), 15dcef36073f4ca2b4c77aefe860b56f (127.15.223.131:38107)
I20260710 11:03:56.026340 17551 leader_election.cc:290] T 37d16464926b41e1b4e845d960791338 P 15dcef36073f4ca2b4c77aefe860b56f [CANDIDATE]: Term 1 pre-election: Requested pre-vote from peers 9aa8dca5b1d849bcbd86936bbe377083 (127.15.223.129:43735), ec0b9d15959f4c76bd574891114f0d2b (127.15.223.130:46007)
I20260710 11:03:56.027230 17551 raft_consensus.cc:493] T 054e90919d524ddda8a453cdef8825e5 P 15dcef36073f4ca2b4c77aefe860b56f [term 0 FOLLOWER]: Starting pre-election (no leader contacted us within the election timeout)
I20260710 11:03:56.028579 17551 raft_consensus.cc:515] T 054e90919d524ddda8a453cdef8825e5 P 15dcef36073f4ca2b4c77aefe860b56f [term 0 FOLLOWER]: Starting pre-election with config: opid_index: -1 OBSOLETE_local: false peers { permanent_uuid: "9aa8dca5b1d849bcbd86936bbe377083" member_type: VOTER last_known_addr { host: "127.15.223.129" port: 43735 } } peers { permanent_uuid: "15dcef36073f4ca2b4c77aefe860b56f" member_type: VOTER last_known_addr { host: "127.15.223.131" port: 38107 } } peers { permanent_uuid: "ec0b9d15959f4c76bd574891114f0d2b" member_type: VOTER last_known_addr { host: "127.15.223.130" port: 46007 } }
I20260710 11:03:56.036749 17431 tablet_service.cc:1917] Received RequestConsensusVote() RPC: tablet_id: "054e90919d524ddda8a453cdef8825e5" candidate_uuid: "15dcef36073f4ca2b4c77aefe860b56f" candidate_term: 1 candidate_status { last_received { term: 0 index: 0 } } ignore_live_leader: false dest_uuid: "ec0b9d15959f4c76bd574891114f0d2b" is_pre_election: true
W20260710 11:03:56.038142 17468 leader_election.cc:343] T 054e90919d524ddda8a453cdef8825e5 P 15dcef36073f4ca2b4c77aefe860b56f [CANDIDATE]: Term 1 pre-election: Tablet error from VoteRequest() call to peer ec0b9d15959f4c76bd574891114f0d2b (127.15.223.130:46007): Illegal state: must be running to vote when last-logged opid is not known
I20260710 11:03:56.040723 17548 ts_tablet_manager.cc:1434] T fd968e21c32243a0a182db4ba2227e84 P ec0b9d15959f4c76bd574891114f0d2b: Time spent starting tablet: real 0.034s	user 0.001s	sys 0.006s
I20260710 11:03:56.041636 17548 tablet_bootstrap.cc:492] T 5f4f8f74957d4136b526a8f517e928f7 P ec0b9d15959f4c76bd574891114f0d2b: Bootstrap starting.
I20260710 11:03:56.054338 17548 tablet_bootstrap.cc:654] T 5f4f8f74957d4136b526a8f517e928f7 P ec0b9d15959f4c76bd574891114f0d2b: Neither blocks nor log segments found. Creating new log.
I20260710 11:03:56.056397 17583 raft_consensus.cc:493] T fd968e21c32243a0a182db4ba2227e84 P 15dcef36073f4ca2b4c77aefe860b56f [term 0 FOLLOWER]: Starting pre-election (no leader contacted us within the election timeout)
I20260710 11:03:56.057250 17550 raft_consensus.cc:493] T cead4beeca504cf1ac3de01dbb385b11 P 9aa8dca5b1d849bcbd86936bbe377083 [term 0 FOLLOWER]: Starting pre-election (no leader contacted us within the election timeout)
I20260710 11:03:56.064841 17550 raft_consensus.cc:515] T cead4beeca504cf1ac3de01dbb385b11 P 9aa8dca5b1d849bcbd86936bbe377083 [term 0 FOLLOWER]: Starting pre-election with config: opid_index: -1 OBSOLETE_local: false peers { permanent_uuid: "9aa8dca5b1d849bcbd86936bbe377083" member_type: VOTER last_known_addr { host: "127.15.223.129" port: 43735 } } peers { permanent_uuid: "ec0b9d15959f4c76bd574891114f0d2b" member_type: VOTER last_known_addr { host: "127.15.223.130" port: 46007 } } peers { permanent_uuid: "15dcef36073f4ca2b4c77aefe860b56f" member_type: VOTER last_known_addr { host: "127.15.223.131" port: 38107 } }
I20260710 11:03:56.066818 17550 leader_election.cc:290] T cead4beeca504cf1ac3de01dbb385b11 P 9aa8dca5b1d849bcbd86936bbe377083 [CANDIDATE]: Term 1 pre-election: Requested pre-vote from peers ec0b9d15959f4c76bd574891114f0d2b (127.15.223.130:46007), 15dcef36073f4ca2b4c77aefe860b56f (127.15.223.131:38107)
I20260710 11:03:56.058640 17356 tablet_service.cc:1917] Received RequestConsensusVote() RPC: tablet_id: "254557ec64b54dec847584c91966f41c" candidate_uuid: "15dcef36073f4ca2b4c77aefe860b56f" candidate_term: 1 candidate_status { last_received { term: 0 index: 0 } } ignore_live_leader: false dest_uuid: "9aa8dca5b1d849bcbd86936bbe377083" is_pre_election: true
I20260710 11:03:56.059823 17355 tablet_service.cc:1917] Received RequestConsensusVote() RPC: tablet_id: "37d16464926b41e1b4e845d960791338" candidate_uuid: "15dcef36073f4ca2b4c77aefe860b56f" candidate_term: 1 candidate_status { last_received { term: 0 index: 0 } } ignore_live_leader: false dest_uuid: "9aa8dca5b1d849bcbd86936bbe377083" is_pre_election: true
I20260710 11:03:56.054291 17551 leader_election.cc:290] T 054e90919d524ddda8a453cdef8825e5 P 15dcef36073f4ca2b4c77aefe860b56f [CANDIDATE]: Term 1 pre-election: Requested pre-vote from peers 9aa8dca5b1d849bcbd86936bbe377083 (127.15.223.129:43735), ec0b9d15959f4c76bd574891114f0d2b (127.15.223.130:46007)
I20260710 11:03:56.061055 17354 tablet_service.cc:1917] Received RequestConsensusVote() RPC: tablet_id: "054e90919d524ddda8a453cdef8825e5" candidate_uuid: "15dcef36073f4ca2b4c77aefe860b56f" candidate_term: 1 candidate_status { last_received { term: 0 index: 0 } } ignore_live_leader: false dest_uuid: "9aa8dca5b1d849bcbd86936bbe377083" is_pre_election: true
I20260710 11:03:56.069072 17583 raft_consensus.cc:515] T fd968e21c32243a0a182db4ba2227e84 P 15dcef36073f4ca2b4c77aefe860b56f [term 0 FOLLOWER]: Starting pre-election with config: opid_index: -1 OBSOLETE_local: false peers { permanent_uuid: "9aa8dca5b1d849bcbd86936bbe377083" member_type: VOTER last_known_addr { host: "127.15.223.129" port: 43735 } } peers { permanent_uuid: "ec0b9d15959f4c76bd574891114f0d2b" member_type: VOTER last_known_addr { host: "127.15.223.130" port: 46007 } } peers { permanent_uuid: "15dcef36073f4ca2b4c77aefe860b56f" member_type: VOTER last_known_addr { host: "127.15.223.131" port: 38107 } }
I20260710 11:03:56.072338 17431 tablet_service.cc:1917] Received RequestConsensusVote() RPC: tablet_id: "cead4beeca504cf1ac3de01dbb385b11" candidate_uuid: "9aa8dca5b1d849bcbd86936bbe377083" candidate_term: 1 candidate_status { last_received { term: 0 index: 0 } } ignore_live_leader: false dest_uuid: "ec0b9d15959f4c76bd574891114f0d2b" is_pre_election: true
I20260710 11:03:56.072564 17505 tablet_service.cc:1917] Received RequestConsensusVote() RPC: tablet_id: "cead4beeca504cf1ac3de01dbb385b11" candidate_uuid: "9aa8dca5b1d849bcbd86936bbe377083" candidate_term: 1 candidate_status { last_received { term: 0 index: 0 } } ignore_live_leader: false dest_uuid: "15dcef36073f4ca2b4c77aefe860b56f" is_pre_election: true
I20260710 11:03:56.073657 17505 raft_consensus.cc:2468] T cead4beeca504cf1ac3de01dbb385b11 P 15dcef36073f4ca2b4c77aefe860b56f [term 0 FOLLOWER]: Leader pre-election vote request: Granting yes vote for candidate 9aa8dca5b1d849bcbd86936bbe377083 in term 0.
I20260710 11:03:56.073927 17548 tablet_bootstrap.cc:492] T 5f4f8f74957d4136b526a8f517e928f7 P ec0b9d15959f4c76bd574891114f0d2b: No bootstrap required, opened a new log
I20260710 11:03:56.074340 17548 ts_tablet_manager.cc:1403] T 5f4f8f74957d4136b526a8f517e928f7 P ec0b9d15959f4c76bd574891114f0d2b: Time spent bootstrapping tablet: real 0.033s	user 0.005s	sys 0.008s
W20260710 11:03:56.076500 17471 leader_election.cc:343] T 254557ec64b54dec847584c91966f41c P 15dcef36073f4ca2b4c77aefe860b56f [CANDIDATE]: Term 1 pre-election: Tablet error from VoteRequest() call to peer 9aa8dca5b1d849bcbd86936bbe377083 (127.15.223.129:43735): Illegal state: must be running to vote when last-logged opid is not known
I20260710 11:03:56.076912 17471 leader_election.cc:304] T 254557ec64b54dec847584c91966f41c P 15dcef36073f4ca2b4c77aefe860b56f [CANDIDATE]: Term 1 pre-election: Election decided. Result: candidate lost. Election summary: received 3 responses out of 3 voters: 1 yes votes; 2 no votes. yes voters: 15dcef36073f4ca2b4c77aefe860b56f; no voters: 9aa8dca5b1d849bcbd86936bbe377083, ec0b9d15959f4c76bd574891114f0d2b
I20260710 11:03:56.077116 17548 raft_consensus.cc:359] T 5f4f8f74957d4136b526a8f517e928f7 P ec0b9d15959f4c76bd574891114f0d2b [term 0 FOLLOWER]: Replica starting. Triggering 0 pending ops. Active config: opid_index: -1 OBSOLETE_local: false peers { permanent_uuid: "9aa8dca5b1d849bcbd86936bbe377083" member_type: VOTER last_known_addr { host: "127.15.223.129" port: 43735 } } peers { permanent_uuid: "ec0b9d15959f4c76bd574891114f0d2b" member_type: VOTER last_known_addr { host: "127.15.223.130" port: 46007 } } peers { permanent_uuid: "15dcef36073f4ca2b4c77aefe860b56f" member_type: VOTER last_known_addr { host: "127.15.223.131" port: 38107 } }
I20260710 11:03:56.077776 17548 raft_consensus.cc:385] T 5f4f8f74957d4136b526a8f517e928f7 P ec0b9d15959f4c76bd574891114f0d2b [term 0 FOLLOWER]: Consensus starting up: Expiring failure detector timer to make a prompt election more likely
I20260710 11:03:56.078058 17548 raft_consensus.cc:740] T 5f4f8f74957d4136b526a8f517e928f7 P ec0b9d15959f4c76bd574891114f0d2b [term 0 FOLLOWER]: Becoming Follower/Learner. State: Replica: ec0b9d15959f4c76bd574891114f0d2b, State: Initialized, Role: FOLLOWER
I20260710 11:03:56.078118 17551 raft_consensus.cc:2749] T 254557ec64b54dec847584c91966f41c P 15dcef36073f4ca2b4c77aefe860b56f [term 0 FOLLOWER]: Leader pre-election lost for term 1. Reason: could not achieve majority
W20260710 11:03:56.079176 17471 leader_election.cc:343] T 37d16464926b41e1b4e845d960791338 P 15dcef36073f4ca2b4c77aefe860b56f [CANDIDATE]: Term 1 pre-election: Tablet error from VoteRequest() call to peer 9aa8dca5b1d849bcbd86936bbe377083 (127.15.223.129:43735): Illegal state: must be running to vote when last-logged opid is not known
I20260710 11:03:56.078884 17548 consensus_queue.cc:260] T 5f4f8f74957d4136b526a8f517e928f7 P ec0b9d15959f4c76bd574891114f0d2b [NON_LEADER]: Queue going to NON_LEADER mode. State: All replicated index: 0, Majority replicated index: 0, Committed index: 0, Last appended: 0.0, Last appended by leader: 0, Current term: 0, Majority size: -1, State: 0, Mode: NON_LEADER, active raft config: opid_index: -1 OBSOLETE_local: false peers { permanent_uuid: "9aa8dca5b1d849bcbd86936bbe377083" member_type: VOTER last_known_addr { host: "127.15.223.129" port: 43735 } } peers { permanent_uuid: "ec0b9d15959f4c76bd574891114f0d2b" member_type: VOTER last_known_addr { host: "127.15.223.130" port: 46007 } } peers { permanent_uuid: "15dcef36073f4ca2b4c77aefe860b56f" member_type: VOTER last_known_addr { host: "127.15.223.131" port: 38107 } }
I20260710 11:03:56.079566 17471 leader_election.cc:304] T 37d16464926b41e1b4e845d960791338 P 15dcef36073f4ca2b4c77aefe860b56f [CANDIDATE]: Term 1 pre-election: Election decided. Result: candidate lost. Election summary: received 3 responses out of 3 voters: 1 yes votes; 2 no votes. yes voters: 15dcef36073f4ca2b4c77aefe860b56f; no voters: 9aa8dca5b1d849bcbd86936bbe377083, ec0b9d15959f4c76bd574891114f0d2b
I20260710 11:03:56.080559 17551 raft_consensus.cc:2749] T 37d16464926b41e1b4e845d960791338 P 15dcef36073f4ca2b4c77aefe860b56f [term 0 FOLLOWER]: Leader pre-election lost for term 1. Reason: could not achieve majority
W20260710 11:03:56.081606 17471 leader_election.cc:343] T 054e90919d524ddda8a453cdef8825e5 P 15dcef36073f4ca2b4c77aefe860b56f [CANDIDATE]: Term 1 pre-election: Tablet error from VoteRequest() call to peer 9aa8dca5b1d849bcbd86936bbe377083 (127.15.223.129:43735): Illegal state: must be running to vote when last-logged opid is not known
I20260710 11:03:56.082810 17471 leader_election.cc:304] T 054e90919d524ddda8a453cdef8825e5 P 15dcef36073f4ca2b4c77aefe860b56f [CANDIDATE]: Term 1 pre-election: Election decided. Result: candidate lost. Election summary: received 3 responses out of 3 voters: 1 yes votes; 2 no votes. yes voters: 15dcef36073f4ca2b4c77aefe860b56f; no voters: 9aa8dca5b1d849bcbd86936bbe377083, ec0b9d15959f4c76bd574891114f0d2b
I20260710 11:03:56.083331 17548 ts_tablet_manager.cc:1434] T 5f4f8f74957d4136b526a8f517e928f7 P ec0b9d15959f4c76bd574891114f0d2b: Time spent starting tablet: real 0.009s	user 0.006s	sys 0.000s
I20260710 11:03:56.084214 17548 tablet_bootstrap.cc:492] T 7533e095776743049a4b2e0b3e3dfe35 P ec0b9d15959f4c76bd574891114f0d2b: Bootstrap starting.
I20260710 11:03:56.090039 17548 tablet_bootstrap.cc:654] T 7533e095776743049a4b2e0b3e3dfe35 P ec0b9d15959f4c76bd574891114f0d2b: Neither blocks nor log segments found. Creating new log.
I20260710 11:03:56.092908 17550 raft_consensus.cc:493] T 9015236074754e2db4459631fc15219b P 9aa8dca5b1d849bcbd86936bbe377083 [term 0 FOLLOWER]: Starting pre-election (no leader contacted us within the election timeout)
I20260710 11:03:56.093397 17550 raft_consensus.cc:515] T 9015236074754e2db4459631fc15219b P 9aa8dca5b1d849bcbd86936bbe377083 [term 0 FOLLOWER]: Starting pre-election with config: opid_index: -1 OBSOLETE_local: false peers { permanent_uuid: "9aa8dca5b1d849bcbd86936bbe377083" member_type: VOTER last_known_addr { host: "127.15.223.129" port: 43735 } } peers { permanent_uuid: "ec0b9d15959f4c76bd574891114f0d2b" member_type: VOTER last_known_addr { host: "127.15.223.130" port: 46007 } } peers { permanent_uuid: "15dcef36073f4ca2b4c77aefe860b56f" member_type: VOTER last_known_addr { host: "127.15.223.131" port: 38107 } }
I20260710 11:03:56.095300 17550 leader_election.cc:290] T 9015236074754e2db4459631fc15219b P 9aa8dca5b1d849bcbd86936bbe377083 [CANDIDATE]: Term 1 pre-election: Requested pre-vote from peers ec0b9d15959f4c76bd574891114f0d2b (127.15.223.130:46007), 15dcef36073f4ca2b4c77aefe860b56f (127.15.223.131:38107)
I20260710 11:03:56.097110 17551 raft_consensus.cc:2749] T 054e90919d524ddda8a453cdef8825e5 P 15dcef36073f4ca2b4c77aefe860b56f [term 0 FOLLOWER]: Leader pre-election lost for term 1. Reason: could not achieve majority
I20260710 11:03:56.099220 17431 tablet_service.cc:1917] Received RequestConsensusVote() RPC: tablet_id: "9015236074754e2db4459631fc15219b" candidate_uuid: "9aa8dca5b1d849bcbd86936bbe377083" candidate_term: 1 candidate_status { last_received { term: 0 index: 0 } } ignore_live_leader: false dest_uuid: "ec0b9d15959f4c76bd574891114f0d2b" is_pre_election: true
I20260710 11:03:56.099407 17505 tablet_service.cc:1917] Received RequestConsensusVote() RPC: tablet_id: "9015236074754e2db4459631fc15219b" candidate_uuid: "9aa8dca5b1d849bcbd86936bbe377083" candidate_term: 1 candidate_status { last_received { term: 0 index: 0 } } ignore_live_leader: false dest_uuid: "15dcef36073f4ca2b4c77aefe860b56f" is_pre_election: true
I20260710 11:03:56.099807 17431 raft_consensus.cc:2468] T 9015236074754e2db4459631fc15219b P ec0b9d15959f4c76bd574891114f0d2b [term 0 FOLLOWER]: Leader pre-election vote request: Granting yes vote for candidate 9aa8dca5b1d849bcbd86936bbe377083 in term 0.
I20260710 11:03:56.100870 17558 raft_consensus.cc:493] T 3df452526797495fbd38ffac2a0d2a4e P ec0b9d15959f4c76bd574891114f0d2b [term 0 FOLLOWER]: Starting pre-election (no leader contacted us within the election timeout)
I20260710 11:03:56.101308 17558 raft_consensus.cc:515] T 3df452526797495fbd38ffac2a0d2a4e P ec0b9d15959f4c76bd574891114f0d2b [term 0 FOLLOWER]: Starting pre-election with config: opid_index: -1 OBSOLETE_local: false peers { permanent_uuid: "9aa8dca5b1d849bcbd86936bbe377083" member_type: VOTER last_known_addr { host: "127.15.223.129" port: 43735 } } peers { permanent_uuid: "ec0b9d15959f4c76bd574891114f0d2b" member_type: VOTER last_known_addr { host: "127.15.223.130" port: 46007 } } peers { permanent_uuid: "15dcef36073f4ca2b4c77aefe860b56f" member_type: VOTER last_known_addr { host: "127.15.223.131" port: 38107 } }
I20260710 11:03:56.103152 17558 leader_election.cc:290] T 3df452526797495fbd38ffac2a0d2a4e P ec0b9d15959f4c76bd574891114f0d2b [CANDIDATE]: Term 1 pre-election: Requested pre-vote from peers 9aa8dca5b1d849bcbd86936bbe377083 (127.15.223.129:43735), 15dcef36073f4ca2b4c77aefe860b56f (127.15.223.131:38107)
I20260710 11:03:56.103974 17431 tablet_service.cc:1917] Received RequestConsensusVote() RPC: tablet_id: "fd968e21c32243a0a182db4ba2227e84" candidate_uuid: "15dcef36073f4ca2b4c77aefe860b56f" candidate_term: 1 candidate_status { last_received { term: 0 index: 0 } } ignore_live_leader: false dest_uuid: "ec0b9d15959f4c76bd574891114f0d2b" is_pre_election: true
I20260710 11:03:56.104571 17431 raft_consensus.cc:2468] T fd968e21c32243a0a182db4ba2227e84 P ec0b9d15959f4c76bd574891114f0d2b [term 0 FOLLOWER]: Leader pre-election vote request: Granting yes vote for candidate 15dcef36073f4ca2b4c77aefe860b56f in term 0.
I20260710 11:03:56.105803 17468 leader_election.cc:304] T fd968e21c32243a0a182db4ba2227e84 P 15dcef36073f4ca2b4c77aefe860b56f [CANDIDATE]: Term 1 pre-election: Election decided. Result: candidate won. Election summary: received 2 responses out of 3 voters: 2 yes votes; 0 no votes. yes voters: 15dcef36073f4ca2b4c77aefe860b56f, ec0b9d15959f4c76bd574891114f0d2b; no voters: 
I20260710 11:03:56.106691 17548 tablet_bootstrap.cc:492] T 7533e095776743049a4b2e0b3e3dfe35 P ec0b9d15959f4c76bd574891114f0d2b: No bootstrap required, opened a new log
I20260710 11:03:56.106730 17551 raft_consensus.cc:2804] T fd968e21c32243a0a182db4ba2227e84 P 15dcef36073f4ca2b4c77aefe860b56f [term 0 FOLLOWER]: Leader pre-election won for term 1
I20260710 11:03:56.107241 17548 ts_tablet_manager.cc:1403] T 7533e095776743049a4b2e0b3e3dfe35 P ec0b9d15959f4c76bd574891114f0d2b: Time spent bootstrapping tablet: real 0.023s	user 0.011s	sys 0.003s
I20260710 11:03:56.108875 17583 leader_election.cc:290] T fd968e21c32243a0a182db4ba2227e84 P 15dcef36073f4ca2b4c77aefe860b56f [CANDIDATE]: Term 1 pre-election: Requested pre-vote from peers 9aa8dca5b1d849bcbd86936bbe377083 (127.15.223.129:43735), ec0b9d15959f4c76bd574891114f0d2b (127.15.223.130:46007)
I20260710 11:03:56.110083 17354 tablet_service.cc:1917] Received RequestConsensusVote() RPC: tablet_id: "fd968e21c32243a0a182db4ba2227e84" candidate_uuid: "15dcef36073f4ca2b4c77aefe860b56f" candidate_term: 1 candidate_status { last_received { term: 0 index: 0 } } ignore_live_leader: false dest_uuid: "9aa8dca5b1d849bcbd86936bbe377083" is_pre_election: true
I20260710 11:03:56.110399 17505 tablet_service.cc:1917] Received RequestConsensusVote() RPC: tablet_id: "9015236074754e2db4459631fc15219b" candidate_uuid: "ec0b9d15959f4c76bd574891114f0d2b" candidate_term: 1 candidate_status { last_received { term: 0 index: 0 } } ignore_live_leader: false dest_uuid: "15dcef36073f4ca2b4c77aefe860b56f" is_pre_election: true
I20260710 11:03:56.110101 17504 tablet_service.cc:1917] Received RequestConsensusVote() RPC: tablet_id: "3df452526797495fbd38ffac2a0d2a4e" candidate_uuid: "ec0b9d15959f4c76bd574891114f0d2b" candidate_term: 1 candidate_status { last_received { term: 0 index: 0 } } ignore_live_leader: false dest_uuid: "15dcef36073f4ca2b4c77aefe860b56f" is_pre_election: true
W20260710 11:03:56.111693 17394 leader_election.cc:343] T 9015236074754e2db4459631fc15219b P ec0b9d15959f4c76bd574891114f0d2b [CANDIDATE]: Term 1 pre-election: Tablet error from VoteRequest() call to peer 15dcef36073f4ca2b4c77aefe860b56f (127.15.223.131:38107): Illegal state: must be running to vote when last-logged opid is not known
W20260710 11:03:56.112315 17394 leader_election.cc:343] T 3df452526797495fbd38ffac2a0d2a4e P ec0b9d15959f4c76bd574891114f0d2b [CANDIDATE]: Term 1 pre-election: Tablet error from VoteRequest() call to peer 15dcef36073f4ca2b4c77aefe860b56f (127.15.223.131:38107): Illegal state: must be running to vote when last-logged opid is not known
I20260710 11:03:56.112315 17319 leader_election.cc:304] T cead4beeca504cf1ac3de01dbb385b11 P 9aa8dca5b1d849bcbd86936bbe377083 [CANDIDATE]: Term 1 pre-election: Election decided. Result: candidate won. Election summary: received 2 responses out of 3 voters: 2 yes votes; 0 no votes. yes voters: 15dcef36073f4ca2b4c77aefe860b56f, 9aa8dca5b1d849bcbd86936bbe377083; no voters: 
I20260710 11:03:56.113581 17550 raft_consensus.cc:2804] T cead4beeca504cf1ac3de01dbb385b11 P 9aa8dca5b1d849bcbd86936bbe377083 [term 0 FOLLOWER]: Leader pre-election won for term 1
I20260710 11:03:56.113950 17550 raft_consensus.cc:493] T cead4beeca504cf1ac3de01dbb385b11 P 9aa8dca5b1d849bcbd86936bbe377083 [term 0 FOLLOWER]: Starting leader election (no leader contacted us within the election timeout)
I20260710 11:03:56.113744 17548 raft_consensus.cc:359] T 7533e095776743049a4b2e0b3e3dfe35 P ec0b9d15959f4c76bd574891114f0d2b [term 0 FOLLOWER]: Replica starting. Triggering 0 pending ops. Active config: opid_index: -1 OBSOLETE_local: false peers { permanent_uuid: "9aa8dca5b1d849bcbd86936bbe377083" member_type: VOTER last_known_addr { host: "127.15.223.129" port: 43735 } } peers { permanent_uuid: "ec0b9d15959f4c76bd574891114f0d2b" member_type: VOTER last_known_addr { host: "127.15.223.130" port: 46007 } } peers { permanent_uuid: "15dcef36073f4ca2b4c77aefe860b56f" member_type: VOTER last_known_addr { host: "127.15.223.131" port: 38107 } }
I20260710 11:03:56.114280 17550 raft_consensus.cc:3060] T cead4beeca504cf1ac3de01dbb385b11 P 9aa8dca5b1d849bcbd86936bbe377083 [term 0 FOLLOWER]: Advancing to term 1
I20260710 11:03:56.107254 17551 raft_consensus.cc:493] T fd968e21c32243a0a182db4ba2227e84 P 15dcef36073f4ca2b4c77aefe860b56f [term 0 FOLLOWER]: Starting leader election (no leader contacted us within the election timeout)
I20260710 11:03:56.114779 17551 raft_consensus.cc:3060] T fd968e21c32243a0a182db4ba2227e84 P 15dcef36073f4ca2b4c77aefe860b56f [term 0 FOLLOWER]: Advancing to term 1
I20260710 11:03:56.120990 17548 raft_consensus.cc:385] T 7533e095776743049a4b2e0b3e3dfe35 P ec0b9d15959f4c76bd574891114f0d2b [term 0 FOLLOWER]: Consensus starting up: Expiring failure detector timer to make a prompt election more likely
I20260710 11:03:56.121366 17548 raft_consensus.cc:740] T 7533e095776743049a4b2e0b3e3dfe35 P ec0b9d15959f4c76bd574891114f0d2b [term 0 FOLLOWER]: Becoming Follower/Learner. State: Replica: ec0b9d15959f4c76bd574891114f0d2b, State: Initialized, Role: FOLLOWER
W20260710 11:03:56.121619 17319 leader_election.cc:343] T 9015236074754e2db4459631fc15219b P 9aa8dca5b1d849bcbd86936bbe377083 [CANDIDATE]: Term 1 pre-election: Tablet error from VoteRequest() call to peer 15dcef36073f4ca2b4c77aefe860b56f (127.15.223.131:38107): Illegal state: must be running to vote when last-logged opid is not known
I20260710 11:03:56.122130 17548 consensus_queue.cc:260] T 7533e095776743049a4b2e0b3e3dfe35 P ec0b9d15959f4c76bd574891114f0d2b [NON_LEADER]: Queue going to NON_LEADER mode. State: All replicated index: 0, Majority replicated index: 0, Committed index: 0, Last appended: 0.0, Last appended by leader: 0, Current term: 0, Majority size: -1, State: 0, Mode: NON_LEADER, active raft config: opid_index: -1 OBSOLETE_local: false peers { permanent_uuid: "9aa8dca5b1d849bcbd86936bbe377083" member_type: VOTER last_known_addr { host: "127.15.223.129" port: 43735 } } peers { permanent_uuid: "ec0b9d15959f4c76bd574891114f0d2b" member_type: VOTER last_known_addr { host: "127.15.223.130" port: 46007 } } peers { permanent_uuid: "15dcef36073f4ca2b4c77aefe860b56f" member_type: VOTER last_known_addr { host: "127.15.223.131" port: 38107 } }
I20260710 11:03:56.120906 17550 raft_consensus.cc:515] T cead4beeca504cf1ac3de01dbb385b11 P 9aa8dca5b1d849bcbd86936bbe377083 [term 1 FOLLOWER]: Starting leader election with config: opid_index: -1 OBSOLETE_local: false peers { permanent_uuid: "9aa8dca5b1d849bcbd86936bbe377083" member_type: VOTER last_known_addr { host: "127.15.223.129" port: 43735 } } peers { permanent_uuid: "ec0b9d15959f4c76bd574891114f0d2b" member_type: VOTER last_known_addr { host: "127.15.223.130" port: 46007 } } peers { permanent_uuid: "15dcef36073f4ca2b4c77aefe860b56f" member_type: VOTER last_known_addr { host: "127.15.223.131" port: 38107 } }
I20260710 11:03:56.124501 17550 leader_election.cc:290] T cead4beeca504cf1ac3de01dbb385b11 P 9aa8dca5b1d849bcbd86936bbe377083 [CANDIDATE]: Term 1 election: Requested vote from peers ec0b9d15959f4c76bd574891114f0d2b (127.15.223.130:46007), 15dcef36073f4ca2b4c77aefe860b56f (127.15.223.131:38107)
W20260710 11:03:56.122617 17319 leader_election.cc:343] T cead4beeca504cf1ac3de01dbb385b11 P 9aa8dca5b1d849bcbd86936bbe377083 [CANDIDATE]: Term 1 pre-election: Tablet error from VoteRequest() call to peer ec0b9d15959f4c76bd574891114f0d2b (127.15.223.130:46007): Illegal state: must be running to vote when last-logged opid is not known
I20260710 11:03:56.126665 17319 leader_election.cc:304] T 9015236074754e2db4459631fc15219b P 9aa8dca5b1d849bcbd86936bbe377083 [CANDIDATE]: Term 1 pre-election: Election decided. Result: candidate won. Election summary: received 3 responses out of 3 voters: 2 yes votes; 1 no votes. yes voters: 9aa8dca5b1d849bcbd86936bbe377083, ec0b9d15959f4c76bd574891114f0d2b; no voters: 15dcef36073f4ca2b4c77aefe860b56f
I20260710 11:03:56.127431 17551 raft_consensus.cc:515] T fd968e21c32243a0a182db4ba2227e84 P 15dcef36073f4ca2b4c77aefe860b56f [term 1 FOLLOWER]: Starting leader election with config: opid_index: -1 OBSOLETE_local: false peers { permanent_uuid: "9aa8dca5b1d849bcbd86936bbe377083" member_type: VOTER last_known_addr { host: "127.15.223.129" port: 43735 } } peers { permanent_uuid: "ec0b9d15959f4c76bd574891114f0d2b" member_type: VOTER last_known_addr { host: "127.15.223.130" port: 46007 } } peers { permanent_uuid: "15dcef36073f4ca2b4c77aefe860b56f" member_type: VOTER last_known_addr { host: "127.15.223.131" port: 38107 } }
W20260710 11:03:56.127926 17471 leader_election.cc:343] T fd968e21c32243a0a182db4ba2227e84 P 15dcef36073f4ca2b4c77aefe860b56f [CANDIDATE]: Term 1 pre-election: Tablet error from VoteRequest() call to peer 9aa8dca5b1d849bcbd86936bbe377083 (127.15.223.129:43735): Illegal state: must be running to vote when last-logged opid is not known
I20260710 11:03:56.128775 17550 raft_consensus.cc:2804] T 9015236074754e2db4459631fc15219b P 9aa8dca5b1d849bcbd86936bbe377083 [term 0 FOLLOWER]: Leader pre-election won for term 1
I20260710 11:03:56.130923 17430 tablet_service.cc:1917] Received RequestConsensusVote() RPC: tablet_id: "fd968e21c32243a0a182db4ba2227e84" candidate_uuid: "15dcef36073f4ca2b4c77aefe860b56f" candidate_term: 1 candidate_status { last_received { term: 0 index: 0 } } ignore_live_leader: false dest_uuid: "ec0b9d15959f4c76bd574891114f0d2b"
I20260710 11:03:56.131389 17546 tablet_bootstrap.cc:492] T 9015236074754e2db4459631fc15219b P 15dcef36073f4ca2b4c77aefe860b56f: No bootstrap required, opened a new log
I20260710 11:03:56.131538 17430 raft_consensus.cc:3060] T fd968e21c32243a0a182db4ba2227e84 P ec0b9d15959f4c76bd574891114f0d2b [term 0 FOLLOWER]: Advancing to term 1
I20260710 11:03:56.131861 17546 ts_tablet_manager.cc:1403] T 9015236074754e2db4459631fc15219b P 15dcef36073f4ca2b4c77aefe860b56f: Time spent bootstrapping tablet: real 0.159s	user 0.060s	sys 0.088s
I20260710 11:03:56.131927 17504 tablet_service.cc:1917] Received RequestConsensusVote() RPC: tablet_id: "cead4beeca504cf1ac3de01dbb385b11" candidate_uuid: "9aa8dca5b1d849bcbd86936bbe377083" candidate_term: 1 candidate_status { last_received { term: 0 index: 0 } } ignore_live_leader: false dest_uuid: "15dcef36073f4ca2b4c77aefe860b56f"
I20260710 11:03:56.132463 17504 raft_consensus.cc:3060] T cead4beeca504cf1ac3de01dbb385b11 P 15dcef36073f4ca2b4c77aefe860b56f [term 0 FOLLOWER]: Advancing to term 1
I20260710 11:03:56.135138 17558 raft_consensus.cc:493] T 5f4f8f74957d4136b526a8f517e928f7 P ec0b9d15959f4c76bd574891114f0d2b [term 0 FOLLOWER]: Starting pre-election (no leader contacted us within the election timeout)
I20260710 11:03:56.134876 17546 raft_consensus.cc:359] T 9015236074754e2db4459631fc15219b P 15dcef36073f4ca2b4c77aefe860b56f [term 0 FOLLOWER]: Replica starting. Triggering 0 pending ops. Active config: opid_index: -1 OBSOLETE_local: false peers { permanent_uuid: "9aa8dca5b1d849bcbd86936bbe377083" member_type: VOTER last_known_addr { host: "127.15.223.129" port: 43735 } } peers { permanent_uuid: "ec0b9d15959f4c76bd574891114f0d2b" member_type: VOTER last_known_addr { host: "127.15.223.130" port: 46007 } } peers { permanent_uuid: "15dcef36073f4ca2b4c77aefe860b56f" member_type: VOTER last_known_addr { host: "127.15.223.131" port: 38107 } }
I20260710 11:03:56.135768 17546 raft_consensus.cc:385] T 9015236074754e2db4459631fc15219b P 15dcef36073f4ca2b4c77aefe860b56f [term 0 FOLLOWER]: Consensus starting up: Expiring failure detector timer to make a prompt election more likely
I20260710 11:03:56.135605 17558 raft_consensus.cc:515] T 5f4f8f74957d4136b526a8f517e928f7 P ec0b9d15959f4c76bd574891114f0d2b [term 0 FOLLOWER]: Starting pre-election with config: opid_index: -1 OBSOLETE_local: false peers { permanent_uuid: "9aa8dca5b1d849bcbd86936bbe377083" member_type: VOTER last_known_addr { host: "127.15.223.129" port: 43735 } } peers { permanent_uuid: "ec0b9d15959f4c76bd574891114f0d2b" member_type: VOTER last_known_addr { host: "127.15.223.130" port: 46007 } } peers { permanent_uuid: "15dcef36073f4ca2b4c77aefe860b56f" member_type: VOTER last_known_addr { host: "127.15.223.131" port: 38107 } }
I20260710 11:03:56.136058 17546 raft_consensus.cc:740] T 9015236074754e2db4459631fc15219b P 15dcef36073f4ca2b4c77aefe860b56f [term 0 FOLLOWER]: Becoming Follower/Learner. State: Replica: 15dcef36073f4ca2b4c77aefe860b56f, State: Initialized, Role: FOLLOWER
I20260710 11:03:56.136771 17546 consensus_queue.cc:260] T 9015236074754e2db4459631fc15219b P 15dcef36073f4ca2b4c77aefe860b56f [NON_LEADER]: Queue going to NON_LEADER mode. State: All replicated index: 0, Majority replicated index: 0, Committed index: 0, Last appended: 0.0, Last appended by leader: 0, Current term: 0, Majority size: -1, State: 0, Mode: NON_LEADER, active raft config: opid_index: -1 OBSOLETE_local: false peers { permanent_uuid: "9aa8dca5b1d849bcbd86936bbe377083" member_type: VOTER last_known_addr { host: "127.15.223.129" port: 43735 } } peers { permanent_uuid: "ec0b9d15959f4c76bd574891114f0d2b" member_type: VOTER last_known_addr { host: "127.15.223.130" port: 46007 } } peers { permanent_uuid: "15dcef36073f4ca2b4c77aefe860b56f" member_type: VOTER last_known_addr { host: "127.15.223.131" port: 38107 } }
I20260710 11:03:56.137557 17558 leader_election.cc:290] T 5f4f8f74957d4136b526a8f517e928f7 P ec0b9d15959f4c76bd574891114f0d2b [CANDIDATE]: Term 1 pre-election: Requested pre-vote from peers 9aa8dca5b1d849bcbd86936bbe377083 (127.15.223.129:43735), 15dcef36073f4ca2b4c77aefe860b56f (127.15.223.131:38107)
I20260710 11:03:56.138532 17505 tablet_service.cc:1917] Received RequestConsensusVote() RPC: tablet_id: "5f4f8f74957d4136b526a8f517e928f7" candidate_uuid: "ec0b9d15959f4c76bd574891114f0d2b" candidate_term: 1 candidate_status { last_received { term: 0 index: 0 } } ignore_live_leader: false dest_uuid: "15dcef36073f4ca2b4c77aefe860b56f" is_pre_election: true
I20260710 11:03:56.129693 17551 leader_election.cc:290] T fd968e21c32243a0a182db4ba2227e84 P 15dcef36073f4ca2b4c77aefe860b56f [CANDIDATE]: Term 1 election: Requested vote from peers 9aa8dca5b1d849bcbd86936bbe377083 (127.15.223.129:43735), ec0b9d15959f4c76bd574891114f0d2b (127.15.223.130:46007)
I20260710 11:03:56.130479 17431 tablet_service.cc:1917] Received RequestConsensusVote() RPC: tablet_id: "cead4beeca504cf1ac3de01dbb385b11" candidate_uuid: "9aa8dca5b1d849bcbd86936bbe377083" candidate_term: 1 candidate_status { last_received { term: 0 index: 0 } } ignore_live_leader: false dest_uuid: "ec0b9d15959f4c76bd574891114f0d2b"
I20260710 11:03:56.138725 17546 ts_tablet_manager.cc:1434] T 9015236074754e2db4459631fc15219b P 15dcef36073f4ca2b4c77aefe860b56f: Time spent starting tablet: real 0.006s	user 0.005s	sys 0.000s
I20260710 11:03:56.140278 17546 tablet_bootstrap.cc:492] T 7533e095776743049a4b2e0b3e3dfe35 P 15dcef36073f4ca2b4c77aefe860b56f: Bootstrap starting.
W20260710 11:03:56.140774 17394 leader_election.cc:343] T 5f4f8f74957d4136b526a8f517e928f7 P ec0b9d15959f4c76bd574891114f0d2b [CANDIDATE]: Term 1 pre-election: Tablet error from VoteRequest() call to peer 15dcef36073f4ca2b4c77aefe860b56f (127.15.223.131:38107): Illegal state: must be running to vote when last-logged opid is not known
I20260710 11:03:56.143743 17430 raft_consensus.cc:2468] T fd968e21c32243a0a182db4ba2227e84 P ec0b9d15959f4c76bd574891114f0d2b [term 1 FOLLOWER]: Leader election vote request: Granting yes vote for candidate 15dcef36073f4ca2b4c77aefe860b56f in term 1.
I20260710 11:03:56.126904 17548 ts_tablet_manager.cc:1434] T 7533e095776743049a4b2e0b3e3dfe35 P ec0b9d15959f4c76bd574891114f0d2b: Time spent starting tablet: real 0.019s	user 0.007s	sys 0.000s
I20260710 11:03:56.144906 17468 leader_election.cc:304] T fd968e21c32243a0a182db4ba2227e84 P 15dcef36073f4ca2b4c77aefe860b56f [CANDIDATE]: Term 1 election: Election decided. Result: candidate won. Election summary: received 2 responses out of 3 voters: 2 yes votes; 0 no votes. yes voters: 15dcef36073f4ca2b4c77aefe860b56f, ec0b9d15959f4c76bd574891114f0d2b; no voters: 
I20260710 11:03:56.145591 17546 tablet_bootstrap.cc:654] T 7533e095776743049a4b2e0b3e3dfe35 P 15dcef36073f4ca2b4c77aefe860b56f: Neither blocks nor log segments found. Creating new log.
I20260710 11:03:56.147807 17548 tablet_bootstrap.cc:492] T 254557ec64b54dec847584c91966f41c P ec0b9d15959f4c76bd574891114f0d2b: Bootstrap starting.
I20260710 11:03:56.130945 17550 raft_consensus.cc:493] T 9015236074754e2db4459631fc15219b P 9aa8dca5b1d849bcbd86936bbe377083 [term 0 FOLLOWER]: Starting leader election (no leader contacted us within the election timeout)
I20260710 11:03:56.154801 17583 raft_consensus.cc:2804] T fd968e21c32243a0a182db4ba2227e84 P 15dcef36073f4ca2b4c77aefe860b56f [term 1 FOLLOWER]: Leader election won for term 1
I20260710 11:03:56.157961 17583 raft_consensus.cc:697] T fd968e21c32243a0a182db4ba2227e84 P 15dcef36073f4ca2b4c77aefe860b56f [term 1 LEADER]: Becoming Leader. State: Replica: 15dcef36073f4ca2b4c77aefe860b56f, State: Running, Role: LEADER
I20260710 11:03:56.157527 17550 raft_consensus.cc:3060] T 9015236074754e2db4459631fc15219b P 9aa8dca5b1d849bcbd86936bbe377083 [term 0 FOLLOWER]: Advancing to term 1
I20260710 11:03:56.159221 17548 tablet_bootstrap.cc:654] T 254557ec64b54dec847584c91966f41c P ec0b9d15959f4c76bd574891114f0d2b: Neither blocks nor log segments found. Creating new log.
I20260710 11:03:56.159363 17558 raft_consensus.cc:493] T 318834e7781842de9ea6d1277b07190b P ec0b9d15959f4c76bd574891114f0d2b [term 0 FOLLOWER]: Starting pre-election (no leader contacted us within the election timeout)
I20260710 11:03:56.159106 17583 consensus_queue.cc:237] T fd968e21c32243a0a182db4ba2227e84 P 15dcef36073f4ca2b4c77aefe860b56f [LEADER]: Queue going to LEADER mode. State: All replicated index: 0, Majority replicated index: 0, Committed index: 0, Last appended: 0.0, Last appended by leader: 0, Current term: 1, Majority size: 2, State: 0, Mode: LEADER, active raft config: opid_index: -1 OBSOLETE_local: false peers { permanent_uuid: "9aa8dca5b1d849bcbd86936bbe377083" member_type: VOTER last_known_addr { host: "127.15.223.129" port: 43735 } } peers { permanent_uuid: "ec0b9d15959f4c76bd574891114f0d2b" member_type: VOTER last_known_addr { host: "127.15.223.130" port: 46007 } } peers { permanent_uuid: "15dcef36073f4ca2b4c77aefe860b56f" member_type: VOTER last_known_addr { host: "127.15.223.131" port: 38107 } }
I20260710 11:03:56.159808 17558 raft_consensus.cc:515] T 318834e7781842de9ea6d1277b07190b P ec0b9d15959f4c76bd574891114f0d2b [term 0 FOLLOWER]: Starting pre-election with config: opid_index: -1 OBSOLETE_local: false peers { permanent_uuid: "9aa8dca5b1d849bcbd86936bbe377083" member_type: VOTER last_known_addr { host: "127.15.223.129" port: 43735 } } peers { permanent_uuid: "ec0b9d15959f4c76bd574891114f0d2b" member_type: VOTER last_known_addr { host: "127.15.223.130" port: 46007 } } peers { permanent_uuid: "15dcef36073f4ca2b4c77aefe860b56f" member_type: VOTER last_known_addr { host: "127.15.223.131" port: 38107 } }
I20260710 11:03:56.161083 17355 tablet_service.cc:1917] Received RequestConsensusVote() RPC: tablet_id: "3df452526797495fbd38ffac2a0d2a4e" candidate_uuid: "ec0b9d15959f4c76bd574891114f0d2b" candidate_term: 1 candidate_status { last_received { term: 0 index: 0 } } ignore_live_leader: false dest_uuid: "9aa8dca5b1d849bcbd86936bbe377083" is_pre_election: true
I20260710 11:03:56.161646 17355 raft_consensus.cc:2468] T 3df452526797495fbd38ffac2a0d2a4e P 9aa8dca5b1d849bcbd86936bbe377083 [term 0 FOLLOWER]: Leader pre-election vote request: Granting yes vote for candidate ec0b9d15959f4c76bd574891114f0d2b in term 0.
I20260710 11:03:56.161799 17558 leader_election.cc:290] T 318834e7781842de9ea6d1277b07190b P ec0b9d15959f4c76bd574891114f0d2b [CANDIDATE]: Term 1 pre-election: Requested pre-vote from peers 9aa8dca5b1d849bcbd86936bbe377083 (127.15.223.129:43735), 15dcef36073f4ca2b4c77aefe860b56f (127.15.223.131:38107)
I20260710 11:03:56.159827 17354 tablet_service.cc:1917] Received RequestConsensusVote() RPC: tablet_id: "9015236074754e2db4459631fc15219b" candidate_uuid: "ec0b9d15959f4c76bd574891114f0d2b" candidate_term: 1 candidate_status { last_received { term: 0 index: 0 } } ignore_live_leader: false dest_uuid: "9aa8dca5b1d849bcbd86936bbe377083" is_pre_election: true
I20260710 11:03:56.164009 17546 tablet_bootstrap.cc:492] T 7533e095776743049a4b2e0b3e3dfe35 P 15dcef36073f4ca2b4c77aefe860b56f: No bootstrap required, opened a new log
I20260710 11:03:56.164171 17505 tablet_service.cc:1917] Received RequestConsensusVote() RPC: tablet_id: "318834e7781842de9ea6d1277b07190b" candidate_uuid: "ec0b9d15959f4c76bd574891114f0d2b" candidate_term: 1 candidate_status { last_received { term: 0 index: 0 } } ignore_live_leader: false dest_uuid: "15dcef36073f4ca2b4c77aefe860b56f" is_pre_election: true
