I20260710 11:04:00.188900 21187 consensus_queue.cc:1048] T 5870936a2ed64db4b9ce1a3b9935077b P 5e8dd0dfce6644d08e68ded35b1190f5 [LEADER]: Connected to new peer: Peer: permanent_uuid: "77ccafeea0ba4fc5ad3e3ca00350ec9c" member_type: VOTER last_known_addr { host: "127.19.88.67" port: 46733 }, Status: LMP_MISMATCH, Last received: 0.0, Next index: 1, Last known committed idx: 0, Time since last communication: 0.000s
I20260710 11:04:00.190519 21188 raft_consensus.cc:2804] T 20e0742566504d88b9cdfdbe5ebae46f P 77ccafeea0ba4fc5ad3e3ca00350ec9c [term 1 FOLLOWER]: Leader election won for term 1
I20260710 11:04:00.191036 21188 raft_consensus.cc:697] T 20e0742566504d88b9cdfdbe5ebae46f P 77ccafeea0ba4fc5ad3e3ca00350ec9c [term 1 LEADER]: Becoming Leader. State: Replica: 77ccafeea0ba4fc5ad3e3ca00350ec9c, State: Running, Role: LEADER
I20260710 11:04:00.191215 21042 raft_consensus.cc:2468] T b37cf10451e04a58b8fa43936de2751d P 5e8dd0dfce6644d08e68ded35b1190f5 [term 1 FOLLOWER]: Leader election vote request: Granting yes vote for candidate 77ccafeea0ba4fc5ad3e3ca00350ec9c in term 1.
I20260710 11:04:00.192034 21041 tablet_service.cc:1917] Received RequestConsensusVote() RPC: tablet_id: "20e0742566504d88b9cdfdbe5ebae46f" candidate_uuid: "77ccafeea0ba4fc5ad3e3ca00350ec9c" candidate_term: 1 candidate_status { last_received { term: 0 index: 0 } } ignore_live_leader: false dest_uuid: "5e8dd0dfce6644d08e68ded35b1190f5"
I20260710 11:04:00.198747 21188 consensus_queue.cc:237] T 20e0742566504d88b9cdfdbe5ebae46f P 77ccafeea0ba4fc5ad3e3ca00350ec9c [LEADER]: Queue going to LEADER mode. State: All replicated index: 0, Majority replicated index: 0, Committed index: 0, Last appended: 0.0, Last appended by leader: 0, Current term: 1, Majority size: 2, State: 0, Mode: LEADER, active raft config: opid_index: -1 OBSOLETE_local: false peers { permanent_uuid: "666f744108154fb0abf75e4fa51a50de" member_type: VOTER last_known_addr { host: "127.19.88.65" port: 33147 } } peers { permanent_uuid: "5e8dd0dfce6644d08e68ded35b1190f5" member_type: VOTER last_known_addr { host: "127.19.88.66" port: 34733 } } peers { permanent_uuid: "77ccafeea0ba4fc5ad3e3ca00350ec9c" member_type: VOTER last_known_addr { host: "127.19.88.67" port: 46733 } }
I20260710 11:04:00.199661 21161 raft_consensus.cc:493] T f809eaed0d094691a9f25d0dd9a52d2d P 666f744108154fb0abf75e4fa51a50de [term 0 FOLLOWER]: Starting pre-election (no leader contacted us within the election timeout)
I20260710 11:04:00.200193 21161 raft_consensus.cc:515] T f809eaed0d094691a9f25d0dd9a52d2d P 666f744108154fb0abf75e4fa51a50de [term 0 FOLLOWER]: Starting pre-election with config: opid_index: -1 OBSOLETE_local: false peers { permanent_uuid: "666f744108154fb0abf75e4fa51a50de" member_type: VOTER last_known_addr { host: "127.19.88.65" port: 33147 } } peers { permanent_uuid: "5e8dd0dfce6644d08e68ded35b1190f5" member_type: VOTER last_known_addr { host: "127.19.88.66" port: 34733 } } peers { permanent_uuid: "77ccafeea0ba4fc5ad3e3ca00350ec9c" member_type: VOTER last_known_addr { host: "127.19.88.67" port: 46733 } }
I20260710 11:04:00.202138 21161 leader_election.cc:290] T f809eaed0d094691a9f25d0dd9a52d2d P 666f744108154fb0abf75e4fa51a50de [CANDIDATE]: Term 1 pre-election: Requested pre-vote from peers 5e8dd0dfce6644d08e68ded35b1190f5 (127.19.88.66:34733), 77ccafeea0ba4fc5ad3e3ca00350ec9c (127.19.88.67:46733)
I20260710 11:04:00.202782 21041 tablet_service.cc:1917] Received RequestConsensusVote() RPC: tablet_id: "f809eaed0d094691a9f25d0dd9a52d2d" candidate_uuid: "666f744108154fb0abf75e4fa51a50de" candidate_term: 1 candidate_status { last_received { term: 0 index: 0 } } ignore_live_leader: false dest_uuid: "5e8dd0dfce6644d08e68ded35b1190f5" is_pre_election: true
I20260710 11:04:00.202647 21156 raft_consensus.cc:359] T db0f7093b61b477b9e341b039e0f890f P 5e8dd0dfce6644d08e68ded35b1190f5 [term 0 FOLLOWER]: Replica starting. Triggering 0 pending ops. Active config: opid_index: -1 OBSOLETE_local: false peers { permanent_uuid: "666f744108154fb0abf75e4fa51a50de" member_type: VOTER last_known_addr { host: "127.19.88.65" port: 33147 } } peers { permanent_uuid: "5e8dd0dfce6644d08e68ded35b1190f5" member_type: VOTER last_known_addr { host: "127.19.88.66" port: 34733 } } peers { permanent_uuid: "77ccafeea0ba4fc5ad3e3ca00350ec9c" member_type: VOTER last_known_addr { host: "127.19.88.67" port: 46733 } }
I20260710 11:04:00.203485 21156 raft_consensus.cc:385] T db0f7093b61b477b9e341b039e0f890f P 5e8dd0dfce6644d08e68ded35b1190f5 [term 0 FOLLOWER]: Consensus starting up: Expiring failure detector timer to make a prompt election more likely
I20260710 11:04:00.203847 21156 raft_consensus.cc:740] T db0f7093b61b477b9e341b039e0f890f P 5e8dd0dfce6644d08e68ded35b1190f5 [term 0 FOLLOWER]: Becoming Follower/Learner. State: Replica: 5e8dd0dfce6644d08e68ded35b1190f5, State: Initialized, Role: FOLLOWER
W20260710 11:04:00.204131 20930 leader_election.cc:343] T f809eaed0d094691a9f25d0dd9a52d2d P 666f744108154fb0abf75e4fa51a50de [CANDIDATE]: Term 1 pre-election: Tablet error from VoteRequest() call to peer 5e8dd0dfce6644d08e68ded35b1190f5 (127.19.88.66:34733): Illegal state: must be running to vote when last-logged opid is not known
I20260710 11:04:00.204439 21156 consensus_queue.cc:260] T db0f7093b61b477b9e341b039e0f890f P 5e8dd0dfce6644d08e68ded35b1190f5 [NON_LEADER]: Queue going to NON_LEADER mode. State: All replicated index: 0, Majority replicated index: 0, Committed index: 0, Last appended: 0.0, Last appended by leader: 0, Current term: 0, Majority size: -1, State: 0, Mode: NON_LEADER, active raft config: opid_index: -1 OBSOLETE_local: false peers { permanent_uuid: "666f744108154fb0abf75e4fa51a50de" member_type: VOTER last_known_addr { host: "127.19.88.65" port: 33147 } } peers { permanent_uuid: "5e8dd0dfce6644d08e68ded35b1190f5" member_type: VOTER last_known_addr { host: "127.19.88.66" port: 34733 } } peers { permanent_uuid: "77ccafeea0ba4fc5ad3e3ca00350ec9c" member_type: VOTER last_known_addr { host: "127.19.88.67" port: 46733 } }
I20260710 11:04:00.201036 20863 catalog_manager.cc:5697] T db0f7093b61b477b9e341b039e0f890f P 77ccafeea0ba4fc5ad3e3ca00350ec9c reported cstate change: term changed from 0 to 1, leader changed from <none> to 77ccafeea0ba4fc5ad3e3ca00350ec9c (127.19.88.67). New cstate: current_term: 1 leader_uuid: "77ccafeea0ba4fc5ad3e3ca00350ec9c" committed_config { opid_index: -1 OBSOLETE_local: false peers { permanent_uuid: "666f744108154fb0abf75e4fa51a50de" member_type: VOTER last_known_addr { host: "127.19.88.65" port: 33147 } health_report { overall_health: UNKNOWN } } peers { permanent_uuid: "5e8dd0dfce6644d08e68ded35b1190f5" member_type: VOTER last_known_addr { host: "127.19.88.66" port: 34733 } health_report { overall_health: UNKNOWN } } peers { permanent_uuid: "77ccafeea0ba4fc5ad3e3ca00350ec9c" member_type: VOTER last_known_addr { host: "127.19.88.67" port: 46733 } health_report { overall_health: HEALTHY } } }
I20260710 11:04:00.206569 21156 ts_tablet_manager.cc:1434] T db0f7093b61b477b9e341b039e0f890f P 5e8dd0dfce6644d08e68ded35b1190f5: Time spent starting tablet: real 0.030s	user 0.003s	sys 0.011s
I20260710 11:04:00.207624 21156 tablet_bootstrap.cc:492] T 20e0742566504d88b9cdfdbe5ebae46f P 5e8dd0dfce6644d08e68ded35b1190f5: Bootstrap starting.
I20260710 11:04:00.211798 21115 tablet_service.cc:1917] Received RequestConsensusVote() RPC: tablet_id: "f809eaed0d094691a9f25d0dd9a52d2d" candidate_uuid: "666f744108154fb0abf75e4fa51a50de" candidate_term: 1 candidate_status { last_received { term: 0 index: 0 } } ignore_live_leader: false dest_uuid: "77ccafeea0ba4fc5ad3e3ca00350ec9c" is_pre_election: true
I20260710 11:04:00.212580 21115 raft_consensus.cc:2468] T f809eaed0d094691a9f25d0dd9a52d2d P 77ccafeea0ba4fc5ad3e3ca00350ec9c [term 0 FOLLOWER]: Leader pre-election vote request: Granting yes vote for candidate 666f744108154fb0abf75e4fa51a50de in term 0.
I20260710 11:04:00.213053 21156 tablet_bootstrap.cc:654] T 20e0742566504d88b9cdfdbe5ebae46f P 5e8dd0dfce6644d08e68ded35b1190f5: Neither blocks nor log segments found. Creating new log.
W20260710 11:04:00.215235 21079 leader_election.cc:343] T 20e0742566504d88b9cdfdbe5ebae46f P 77ccafeea0ba4fc5ad3e3ca00350ec9c [CANDIDATE]: Term 1 election: Tablet error from VoteRequest() call to peer 5e8dd0dfce6644d08e68ded35b1190f5 (127.19.88.66:34733): Illegal state: must be running to vote when last-logged opid is not known
I20260710 11:04:00.216619 20932 leader_election.cc:304] T f809eaed0d094691a9f25d0dd9a52d2d P 666f744108154fb0abf75e4fa51a50de [CANDIDATE]: Term 1 pre-election: Election decided. Result: candidate won. Election summary: received 3 responses out of 3 voters: 2 yes votes; 1 no votes. yes voters: 666f744108154fb0abf75e4fa51a50de, 77ccafeea0ba4fc5ad3e3ca00350ec9c; no voters: 5e8dd0dfce6644d08e68ded35b1190f5
I20260710 11:04:00.218012 21161 raft_consensus.cc:2804] T f809eaed0d094691a9f25d0dd9a52d2d P 666f744108154fb0abf75e4fa51a50de [term 0 FOLLOWER]: Leader pre-election won for term 1
I20260710 11:04:00.218400 21161 raft_consensus.cc:493] T f809eaed0d094691a9f25d0dd9a52d2d P 666f744108154fb0abf75e4fa51a50de [term 0 FOLLOWER]: Starting leader election (no leader contacted us within the election timeout)
I20260710 11:04:00.218729 21161 raft_consensus.cc:3060] T f809eaed0d094691a9f25d0dd9a52d2d P 666f744108154fb0abf75e4fa51a50de [term 0 FOLLOWER]: Advancing to term 1
I20260710 11:04:00.222793 21224 raft_consensus.cc:515] T 4ebf0aa2ec2c4885a926ab9fe07af63b P 666f744108154fb0abf75e4fa51a50de [term 1 FOLLOWER]: Starting leader election with config: opid_index: -1 OBSOLETE_local: false peers { permanent_uuid: "666f744108154fb0abf75e4fa51a50de" member_type: VOTER last_known_addr { host: "127.19.88.65" port: 33147 } } peers { permanent_uuid: "5e8dd0dfce6644d08e68ded35b1190f5" member_type: VOTER last_known_addr { host: "127.19.88.66" port: 34733 } } peers { permanent_uuid: "77ccafeea0ba4fc5ad3e3ca00350ec9c" member_type: VOTER last_known_addr { host: "127.19.88.67" port: 46733 } }
I20260710 11:04:00.228003 21224 leader_election.cc:290] T 4ebf0aa2ec2c4885a926ab9fe07af63b P 666f744108154fb0abf75e4fa51a50de [CANDIDATE]: Term 1 election: Requested vote from peers 5e8dd0dfce6644d08e68ded35b1190f5 (127.19.88.66:34733), 77ccafeea0ba4fc5ad3e3ca00350ec9c (127.19.88.67:46733)
I20260710 11:04:00.227891 21041 tablet_service.cc:1917] Received RequestConsensusVote() RPC: tablet_id: "4ebf0aa2ec2c4885a926ab9fe07af63b" candidate_uuid: "666f744108154fb0abf75e4fa51a50de" candidate_term: 1 candidate_status { last_received { term: 0 index: 0 } } ignore_live_leader: false dest_uuid: "5e8dd0dfce6644d08e68ded35b1190f5"
W20260710 11:04:00.229612 20930 leader_election.cc:343] T 4ebf0aa2ec2c4885a926ab9fe07af63b P 666f744108154fb0abf75e4fa51a50de [CANDIDATE]: Term 1 election: Tablet error from VoteRequest() call to peer 5e8dd0dfce6644d08e68ded35b1190f5 (127.19.88.66:34733): Illegal state: must be running to vote when last-logged opid is not known
I20260710 11:04:00.231271 21161 raft_consensus.cc:515] T f809eaed0d094691a9f25d0dd9a52d2d P 666f744108154fb0abf75e4fa51a50de [term 1 FOLLOWER]: Starting leader election with config: opid_index: -1 OBSOLETE_local: false peers { permanent_uuid: "666f744108154fb0abf75e4fa51a50de" member_type: VOTER last_known_addr { host: "127.19.88.65" port: 33147 } } peers { permanent_uuid: "5e8dd0dfce6644d08e68ded35b1190f5" member_type: VOTER last_known_addr { host: "127.19.88.66" port: 34733 } } peers { permanent_uuid: "77ccafeea0ba4fc5ad3e3ca00350ec9c" member_type: VOTER last_known_addr { host: "127.19.88.67" port: 46733 } }
I20260710 11:04:00.235054 21041 tablet_service.cc:1917] Received RequestConsensusVote() RPC: tablet_id: "f809eaed0d094691a9f25d0dd9a52d2d" candidate_uuid: "666f744108154fb0abf75e4fa51a50de" candidate_term: 1 candidate_status { last_received { term: 0 index: 0 } } ignore_live_leader: false dest_uuid: "5e8dd0dfce6644d08e68ded35b1190f5"
I20260710 11:04:00.240487 21115 tablet_service.cc:1917] Received RequestConsensusVote() RPC: tablet_id: "4ebf0aa2ec2c4885a926ab9fe07af63b" candidate_uuid: "666f744108154fb0abf75e4fa51a50de" candidate_term: 1 candidate_status { last_received { term: 0 index: 0 } } ignore_live_leader: false dest_uuid: "77ccafeea0ba4fc5ad3e3ca00350ec9c"
W20260710 11:04:00.241000 20930 leader_election.cc:343] T f809eaed0d094691a9f25d0dd9a52d2d P 666f744108154fb0abf75e4fa51a50de [CANDIDATE]: Term 1 election: Tablet error from VoteRequest() call to peer 5e8dd0dfce6644d08e68ded35b1190f5 (127.19.88.66:34733): Illegal state: must be running to vote when last-logged opid is not known
I20260710 11:04:00.241201 21115 raft_consensus.cc:3060] T 4ebf0aa2ec2c4885a926ab9fe07af63b P 77ccafeea0ba4fc5ad3e3ca00350ec9c [term 0 FOLLOWER]: Advancing to term 1
I20260710 11:04:00.241281 21248 consensus_queue.cc:1048] T f382f380fa654ddc81dcc3a430597337 P 77ccafeea0ba4fc5ad3e3ca00350ec9c [LEADER]: Connected to new peer: Peer: permanent_uuid: "666f744108154fb0abf75e4fa51a50de" member_type: VOTER last_known_addr { host: "127.19.88.65" port: 33147 }, Status: LMP_MISMATCH, Last received: 0.0, Next index: 1, Last known committed idx: 0, Time since last communication: 0.001s
I20260710 11:04:00.242075 21187 consensus_queue.cc:1048] T 5870936a2ed64db4b9ce1a3b9935077b P 5e8dd0dfce6644d08e68ded35b1190f5 [LEADER]: Connected to new peer: Peer: permanent_uuid: "666f744108154fb0abf75e4fa51a50de" member_type: VOTER last_known_addr { host: "127.19.88.65" port: 33147 }, Status: LMP_MISMATCH, Last received: 0.0, Next index: 1, Last known committed idx: 0, Time since last communication: 0.000s
I20260710 11:04:00.249475 21161 leader_election.cc:290] T f809eaed0d094691a9f25d0dd9a52d2d P 666f744108154fb0abf75e4fa51a50de [CANDIDATE]: Term 1 election: Requested vote from peers 5e8dd0dfce6644d08e68ded35b1190f5 (127.19.88.66:34733), 77ccafeea0ba4fc5ad3e3ca00350ec9c (127.19.88.67:46733)
I20260710 11:04:00.271469 21115 raft_consensus.cc:2468] T 4ebf0aa2ec2c4885a926ab9fe07af63b P 77ccafeea0ba4fc5ad3e3ca00350ec9c [term 1 FOLLOWER]: Leader election vote request: Granting yes vote for candidate 666f744108154fb0abf75e4fa51a50de in term 1.
I20260710 11:04:00.272945 20932 leader_election.cc:304] T 4ebf0aa2ec2c4885a926ab9fe07af63b P 666f744108154fb0abf75e4fa51a50de [CANDIDATE]: Term 1 election: Election decided. Result: candidate won. Election summary: received 3 responses out of 3 voters: 2 yes votes; 1 no votes. yes voters: 666f744108154fb0abf75e4fa51a50de, 77ccafeea0ba4fc5ad3e3ca00350ec9c; no voters: 5e8dd0dfce6644d08e68ded35b1190f5
I20260710 11:04:00.274408 21224 raft_consensus.cc:2804] T 4ebf0aa2ec2c4885a926ab9fe07af63b P 666f744108154fb0abf75e4fa51a50de [term 1 FOLLOWER]: Leader election won for term 1
I20260710 11:04:00.275218 21224 raft_consensus.cc:697] T 4ebf0aa2ec2c4885a926ab9fe07af63b P 666f744108154fb0abf75e4fa51a50de [term 1 LEADER]: Becoming Leader. State: Replica: 666f744108154fb0abf75e4fa51a50de, State: Running, Role: LEADER
I20260710 11:04:00.276255 21224 consensus_queue.cc:237] T 4ebf0aa2ec2c4885a926ab9fe07af63b P 666f744108154fb0abf75e4fa51a50de [LEADER]: Queue going to LEADER mode. State: All replicated index: 0, Majority replicated index: 0, Committed index: 0, Last appended: 0.0, Last appended by leader: 0, Current term: 1, Majority size: 2, State: 0, Mode: LEADER, active raft config: opid_index: -1 OBSOLETE_local: false peers { permanent_uuid: "666f744108154fb0abf75e4fa51a50de" member_type: VOTER last_known_addr { host: "127.19.88.65" port: 33147 } } peers { permanent_uuid: "5e8dd0dfce6644d08e68ded35b1190f5" member_type: VOTER last_known_addr { host: "127.19.88.66" port: 34733 } } peers { permanent_uuid: "77ccafeea0ba4fc5ad3e3ca00350ec9c" member_type: VOTER last_known_addr { host: "127.19.88.67" port: 46733 } }
I20260710 11:04:00.281004 21115 tablet_service.cc:1917] Received RequestConsensusVote() RPC: tablet_id: "f809eaed0d094691a9f25d0dd9a52d2d" candidate_uuid: "666f744108154fb0abf75e4fa51a50de" candidate_term: 1 candidate_status { last_received { term: 0 index: 0 } } ignore_live_leader: false dest_uuid: "77ccafeea0ba4fc5ad3e3ca00350ec9c"
I20260710 11:04:00.281786 21115 raft_consensus.cc:3060] T f809eaed0d094691a9f25d0dd9a52d2d P 77ccafeea0ba4fc5ad3e3ca00350ec9c [term 0 FOLLOWER]: Advancing to term 1
I20260710 11:04:00.285430 21161 consensus_queue.cc:1048] T afad8079e7b1404db7a8510dd0ca6356 P 666f744108154fb0abf75e4fa51a50de [LEADER]: Connected to new peer: Peer: permanent_uuid: "77ccafeea0ba4fc5ad3e3ca00350ec9c" member_type: VOTER last_known_addr { host: "127.19.88.67" port: 46733 }, Status: LMP_MISMATCH, Last received: 0.0, Next index: 1, Last known committed idx: 0, Time since last communication: 0.001s
I20260710 11:04:00.294847 21248 consensus_queue.cc:1048] T f382f380fa654ddc81dcc3a430597337 P 77ccafeea0ba4fc5ad3e3ca00350ec9c [LEADER]: Connected to new peer: Peer: permanent_uuid: "5e8dd0dfce6644d08e68ded35b1190f5" member_type: VOTER last_known_addr { host: "127.19.88.66" port: 34733 }, Status: LMP_MISMATCH, Last received: 0.0, Next index: 1, Last known committed idx: 0, Time since last communication: 0.000s
I20260710 11:04:00.297051 21115 raft_consensus.cc:2468] T f809eaed0d094691a9f25d0dd9a52d2d P 77ccafeea0ba4fc5ad3e3ca00350ec9c [term 1 FOLLOWER]: Leader election vote request: Granting yes vote for candidate 666f744108154fb0abf75e4fa51a50de in term 1.
I20260710 11:04:00.299319 21156 tablet_bootstrap.cc:492] T 20e0742566504d88b9cdfdbe5ebae46f P 5e8dd0dfce6644d08e68ded35b1190f5: No bootstrap required, opened a new log
I20260710 11:04:00.299706 21156 ts_tablet_manager.cc:1403] T 20e0742566504d88b9cdfdbe5ebae46f P 5e8dd0dfce6644d08e68ded35b1190f5: Time spent bootstrapping tablet: real 0.092s	user 0.018s	sys 0.030s
I20260710 11:04:00.301345 20864 catalog_manager.cc:5697] T 20e0742566504d88b9cdfdbe5ebae46f P 77ccafeea0ba4fc5ad3e3ca00350ec9c reported cstate change: term changed from 0 to 1, leader changed from <none> to 77ccafeea0ba4fc5ad3e3ca00350ec9c (127.19.88.67). New cstate: current_term: 1 leader_uuid: "77ccafeea0ba4fc5ad3e3ca00350ec9c" committed_config { opid_index: -1 OBSOLETE_local: false peers { permanent_uuid: "666f744108154fb0abf75e4fa51a50de" member_type: VOTER last_known_addr { host: "127.19.88.65" port: 33147 } health_report { overall_health: UNKNOWN } } peers { permanent_uuid: "5e8dd0dfce6644d08e68ded35b1190f5" member_type: VOTER last_known_addr { host: "127.19.88.66" port: 34733 } health_report { overall_health: UNKNOWN } } peers { permanent_uuid: "77ccafeea0ba4fc5ad3e3ca00350ec9c" member_type: VOTER last_known_addr { host: "127.19.88.67" port: 46733 } health_report { overall_health: HEALTHY } } }
I20260710 11:04:00.302006 21156 raft_consensus.cc:359] T 20e0742566504d88b9cdfdbe5ebae46f P 5e8dd0dfce6644d08e68ded35b1190f5 [term 0 FOLLOWER]: Replica starting. Triggering 0 pending ops. Active config: opid_index: -1 OBSOLETE_local: false peers { permanent_uuid: "666f744108154fb0abf75e4fa51a50de" member_type: VOTER last_known_addr { host: "127.19.88.65" port: 33147 } } peers { permanent_uuid: "5e8dd0dfce6644d08e68ded35b1190f5" member_type: VOTER last_known_addr { host: "127.19.88.66" port: 34733 } } peers { permanent_uuid: "77ccafeea0ba4fc5ad3e3ca00350ec9c" member_type: VOTER last_known_addr { host: "127.19.88.67" port: 46733 } }
I20260710 11:04:00.302678 21156 raft_consensus.cc:385] T 20e0742566504d88b9cdfdbe5ebae46f P 5e8dd0dfce6644d08e68ded35b1190f5 [term 0 FOLLOWER]: Consensus starting up: Expiring failure detector timer to make a prompt election more likely
I20260710 11:04:00.302944 21156 raft_consensus.cc:740] T 20e0742566504d88b9cdfdbe5ebae46f P 5e8dd0dfce6644d08e68ded35b1190f5 [term 0 FOLLOWER]: Becoming Follower/Learner. State: Replica: 5e8dd0dfce6644d08e68ded35b1190f5, State: Initialized, Role: FOLLOWER
I20260710 11:04:00.303655 21156 consensus_queue.cc:260] T 20e0742566504d88b9cdfdbe5ebae46f P 5e8dd0dfce6644d08e68ded35b1190f5 [NON_LEADER]: Queue going to NON_LEADER mode. State: All replicated index: 0, Majority replicated index: 0, Committed index: 0, Last appended: 0.0, Last appended by leader: 0, Current term: 0, Majority size: -1, State: 0, Mode: NON_LEADER, active raft config: opid_index: -1 OBSOLETE_local: false peers { permanent_uuid: "666f744108154fb0abf75e4fa51a50de" member_type: VOTER last_known_addr { host: "127.19.88.65" port: 33147 } } peers { permanent_uuid: "5e8dd0dfce6644d08e68ded35b1190f5" member_type: VOTER last_known_addr { host: "127.19.88.66" port: 34733 } } peers { permanent_uuid: "77ccafeea0ba4fc5ad3e3ca00350ec9c" member_type: VOTER last_known_addr { host: "127.19.88.67" port: 46733 } }
I20260710 11:04:00.307305 21156 ts_tablet_manager.cc:1434] T 20e0742566504d88b9cdfdbe5ebae46f P 5e8dd0dfce6644d08e68ded35b1190f5: Time spent starting tablet: real 0.007s	user 0.005s	sys 0.001s
I20260710 11:04:00.308171 21156 tablet_bootstrap.cc:492] T f809eaed0d094691a9f25d0dd9a52d2d P 5e8dd0dfce6644d08e68ded35b1190f5: Bootstrap starting.
I20260710 11:04:00.313042 20863 catalog_manager.cc:5697] T 4ebf0aa2ec2c4885a926ab9fe07af63b P 666f744108154fb0abf75e4fa51a50de reported cstate change: term changed from 0 to 1, leader changed from <none> to 666f744108154fb0abf75e4fa51a50de (127.19.88.65). New cstate: current_term: 1 leader_uuid: "666f744108154fb0abf75e4fa51a50de" committed_config { opid_index: -1 OBSOLETE_local: false peers { permanent_uuid: "666f744108154fb0abf75e4fa51a50de" member_type: VOTER last_known_addr { host: "127.19.88.65" port: 33147 } health_report { overall_health: HEALTHY } } peers { permanent_uuid: "5e8dd0dfce6644d08e68ded35b1190f5" member_type: VOTER last_known_addr { host: "127.19.88.66" port: 34733 } health_report { overall_health: UNKNOWN } } peers { permanent_uuid: "77ccafeea0ba4fc5ad3e3ca00350ec9c" member_type: VOTER last_known_addr { host: "127.19.88.67" port: 46733 } health_report { overall_health: UNKNOWN } } }
I20260710 11:04:00.314851 21156 tablet_bootstrap.cc:654] T f809eaed0d094691a9f25d0dd9a52d2d P 5e8dd0dfce6644d08e68ded35b1190f5: Neither blocks nor log segments found. Creating new log.
I20260710 11:04:00.315588 20932 leader_election.cc:304] T f809eaed0d094691a9f25d0dd9a52d2d P 666f744108154fb0abf75e4fa51a50de [CANDIDATE]: Term 1 election: Election decided. Result: candidate won. Election summary: received 3 responses out of 3 voters: 2 yes votes; 1 no votes. yes voters: 666f744108154fb0abf75e4fa51a50de, 77ccafeea0ba4fc5ad3e3ca00350ec9c; no voters: 5e8dd0dfce6644d08e68ded35b1190f5
I20260710 11:04:00.316843 21224 raft_consensus.cc:2804] T f809eaed0d094691a9f25d0dd9a52d2d P 666f744108154fb0abf75e4fa51a50de [term 1 FOLLOWER]: Leader election won for term 1
I20260710 11:04:00.317286 21224 raft_consensus.cc:697] T f809eaed0d094691a9f25d0dd9a52d2d P 666f744108154fb0abf75e4fa51a50de [term 1 LEADER]: Becoming Leader. State: Replica: 666f744108154fb0abf75e4fa51a50de, State: Running, Role: LEADER
I20260710 11:04:00.318261 21224 consensus_queue.cc:237] T f809eaed0d094691a9f25d0dd9a52d2d P 666f744108154fb0abf75e4fa51a50de [LEADER]: Queue going to LEADER mode. State: All replicated index: 0, Majority replicated index: 0, Committed index: 0, Last appended: 0.0, Last appended by leader: 0, Current term: 1, Majority size: 2, State: 0, Mode: LEADER, active raft config: opid_index: -1 OBSOLETE_local: false peers { permanent_uuid: "666f744108154fb0abf75e4fa51a50de" member_type: VOTER last_known_addr { host: "127.19.88.65" port: 33147 } } peers { permanent_uuid: "5e8dd0dfce6644d08e68ded35b1190f5" member_type: VOTER last_known_addr { host: "127.19.88.66" port: 34733 } } peers { permanent_uuid: "77ccafeea0ba4fc5ad3e3ca00350ec9c" member_type: VOTER last_known_addr { host: "127.19.88.67" port: 46733 } }
I20260710 11:04:00.326172 21156 tablet_bootstrap.cc:492] T f809eaed0d094691a9f25d0dd9a52d2d P 5e8dd0dfce6644d08e68ded35b1190f5: No bootstrap required, opened a new log
I20260710 11:04:00.326622 21156 ts_tablet_manager.cc:1403] T f809eaed0d094691a9f25d0dd9a52d2d P 5e8dd0dfce6644d08e68ded35b1190f5: Time spent bootstrapping tablet: real 0.019s	user 0.013s	sys 0.000s
I20260710 11:04:00.329121 21186 consensus_queue.cc:1048] T afad8079e7b1404db7a8510dd0ca6356 P 666f744108154fb0abf75e4fa51a50de [LEADER]: Connected to new peer: Peer: permanent_uuid: "5e8dd0dfce6644d08e68ded35b1190f5" member_type: VOTER last_known_addr { host: "127.19.88.66" port: 34733 }, Status: LMP_MISMATCH, Last received: 0.0, Next index: 1, Last known committed idx: 0, Time since last communication: 0.000s
I20260710 11:04:00.329084 21156 raft_consensus.cc:359] T f809eaed0d094691a9f25d0dd9a52d2d P 5e8dd0dfce6644d08e68ded35b1190f5 [term 0 FOLLOWER]: Replica starting. Triggering 0 pending ops. Active config: opid_index: -1 OBSOLETE_local: false peers { permanent_uuid: "666f744108154fb0abf75e4fa51a50de" member_type: VOTER last_known_addr { host: "127.19.88.65" port: 33147 } } peers { permanent_uuid: "5e8dd0dfce6644d08e68ded35b1190f5" member_type: VOTER last_known_addr { host: "127.19.88.66" port: 34733 } } peers { permanent_uuid: "77ccafeea0ba4fc5ad3e3ca00350ec9c" member_type: VOTER last_known_addr { host: "127.19.88.67" port: 46733 } }
I20260710 11:04:00.330034 21156 raft_consensus.cc:385] T f809eaed0d094691a9f25d0dd9a52d2d P 5e8dd0dfce6644d08e68ded35b1190f5 [term 0 FOLLOWER]: Consensus starting up: Expiring failure detector timer to make a prompt election more likely
I20260710 11:04:00.330293 21156 raft_consensus.cc:740] T f809eaed0d094691a9f25d0dd9a52d2d P 5e8dd0dfce6644d08e68ded35b1190f5 [term 0 FOLLOWER]: Becoming Follower/Learner. State: Replica: 5e8dd0dfce6644d08e68ded35b1190f5, State: Initialized, Role: FOLLOWER
I20260710 11:04:00.330971 21156 consensus_queue.cc:260] T f809eaed0d094691a9f25d0dd9a52d2d P 5e8dd0dfce6644d08e68ded35b1190f5 [NON_LEADER]: Queue going to NON_LEADER mode. State: All replicated index: 0, Majority replicated index: 0, Committed index: 0, Last appended: 0.0, Last appended by leader: 0, Current term: 0, Majority size: -1, State: 0, Mode: NON_LEADER, active raft config: opid_index: -1 OBSOLETE_local: false peers { permanent_uuid: "666f744108154fb0abf75e4fa51a50de" member_type: VOTER last_known_addr { host: "127.19.88.65" port: 33147 } } peers { permanent_uuid: "5e8dd0dfce6644d08e68ded35b1190f5" member_type: VOTER last_known_addr { host: "127.19.88.66" port: 34733 } } peers { permanent_uuid: "77ccafeea0ba4fc5ad3e3ca00350ec9c" member_type: VOTER last_known_addr { host: "127.19.88.67" port: 46733 } }
I20260710 11:04:00.332947 21156 ts_tablet_manager.cc:1434] T f809eaed0d094691a9f25d0dd9a52d2d P 5e8dd0dfce6644d08e68ded35b1190f5: Time spent starting tablet: real 0.006s	user 0.003s	sys 0.001s
I20260710 11:04:00.333916 21156 tablet_bootstrap.cc:492] T 4ebf0aa2ec2c4885a926ab9fe07af63b P 5e8dd0dfce6644d08e68ded35b1190f5: Bootstrap starting.
I20260710 11:04:00.341037 21156 tablet_bootstrap.cc:654] T 4ebf0aa2ec2c4885a926ab9fe07af63b P 5e8dd0dfce6644d08e68ded35b1190f5: Neither blocks nor log segments found. Creating new log.
I20260710 11:04:00.351994 21156 tablet_bootstrap.cc:492] T 4ebf0aa2ec2c4885a926ab9fe07af63b P 5e8dd0dfce6644d08e68ded35b1190f5: No bootstrap required, opened a new log
I20260710 11:04:00.352494 21156 ts_tablet_manager.cc:1403] T 4ebf0aa2ec2c4885a926ab9fe07af63b P 5e8dd0dfce6644d08e68ded35b1190f5: Time spent bootstrapping tablet: real 0.019s	user 0.000s	sys 0.012s
I20260710 11:04:00.352413 21224 consensus_queue.cc:1048] T 032a58287d0d43afb36f4caa5dc35fe1 P 666f744108154fb0abf75e4fa51a50de [LEADER]: Connected to new peer: Peer: permanent_uuid: "5e8dd0dfce6644d08e68ded35b1190f5" member_type: VOTER last_known_addr { host: "127.19.88.66" port: 34733 }, Status: LMP_MISMATCH, Last received: 0.0, Next index: 1, Last known committed idx: 0, Time since last communication: 0.001s
I20260710 11:04:00.355165 21156 raft_consensus.cc:359] T 4ebf0aa2ec2c4885a926ab9fe07af63b P 5e8dd0dfce6644d08e68ded35b1190f5 [term 0 FOLLOWER]: Replica starting. Triggering 0 pending ops. Active config: opid_index: -1 OBSOLETE_local: false peers { permanent_uuid: "666f744108154fb0abf75e4fa51a50de" member_type: VOTER last_known_addr { host: "127.19.88.65" port: 33147 } } peers { permanent_uuid: "5e8dd0dfce6644d08e68ded35b1190f5" member_type: VOTER last_known_addr { host: "127.19.88.66" port: 34733 } } peers { permanent_uuid: "77ccafeea0ba4fc5ad3e3ca00350ec9c" member_type: VOTER last_known_addr { host: "127.19.88.67" port: 46733 } }
I20260710 11:04:00.355821 21156 raft_consensus.cc:385] T 4ebf0aa2ec2c4885a926ab9fe07af63b P 5e8dd0dfce6644d08e68ded35b1190f5 [term 0 FOLLOWER]: Consensus starting up: Expiring failure detector timer to make a prompt election more likely
I20260710 11:04:00.356101 21156 raft_consensus.cc:740] T 4ebf0aa2ec2c4885a926ab9fe07af63b P 5e8dd0dfce6644d08e68ded35b1190f5 [term 0 FOLLOWER]: Becoming Follower/Learner. State: Replica: 5e8dd0dfce6644d08e68ded35b1190f5, State: Initialized, Role: FOLLOWER
I20260710 11:04:00.356698 21156 consensus_queue.cc:260] T 4ebf0aa2ec2c4885a926ab9fe07af63b P 5e8dd0dfce6644d08e68ded35b1190f5 [NON_LEADER]: Queue going to NON_LEADER mode. State: All replicated index: 0, Majority replicated index: 0, Committed index: 0, Last appended: 0.0, Last appended by leader: 0, Current term: 0, Majority size: -1, State: 0, Mode: NON_LEADER, active raft config: opid_index: -1 OBSOLETE_local: false peers { permanent_uuid: "666f744108154fb0abf75e4fa51a50de" member_type: VOTER last_known_addr { host: "127.19.88.65" port: 33147 } } peers { permanent_uuid: "5e8dd0dfce6644d08e68ded35b1190f5" member_type: VOTER last_known_addr { host: "127.19.88.66" port: 34733 } } peers { permanent_uuid: "77ccafeea0ba4fc5ad3e3ca00350ec9c" member_type: VOTER last_known_addr { host: "127.19.88.67" port: 46733 } }
I20260710 11:04:00.356669 20863 catalog_manager.cc:5697] T f809eaed0d094691a9f25d0dd9a52d2d P 666f744108154fb0abf75e4fa51a50de reported cstate change: term changed from 0 to 1, leader changed from <none> to 666f744108154fb0abf75e4fa51a50de (127.19.88.65). New cstate: current_term: 1 leader_uuid: "666f744108154fb0abf75e4fa51a50de" committed_config { opid_index: -1 OBSOLETE_local: false peers { permanent_uuid: "666f744108154fb0abf75e4fa51a50de" member_type: VOTER last_known_addr { host: "127.19.88.65" port: 33147 } health_report { overall_health: HEALTHY } } peers { permanent_uuid: "5e8dd0dfce6644d08e68ded35b1190f5" member_type: VOTER last_known_addr { host: "127.19.88.66" port: 34733 } health_report { overall_health: UNKNOWN } } peers { permanent_uuid: "77ccafeea0ba4fc5ad3e3ca00350ec9c" member_type: VOTER last_known_addr { host: "127.19.88.67" port: 46733 } health_report { overall_health: UNKNOWN } } }
I20260710 11:04:00.359040 21156 ts_tablet_manager.cc:1434] T 4ebf0aa2ec2c4885a926ab9fe07af63b P 5e8dd0dfce6644d08e68ded35b1190f5: Time spent starting tablet: real 0.006s	user 0.007s	sys 0.000s
I20260710 11:04:00.363917 21224 consensus_queue.cc:1048] T 032a58287d0d43afb36f4caa5dc35fe1 P 666f744108154fb0abf75e4fa51a50de [LEADER]: Connected to new peer: Peer: permanent_uuid: "77ccafeea0ba4fc5ad3e3ca00350ec9c" member_type: VOTER last_known_addr { host: "127.19.88.67" port: 46733 }, Status: LMP_MISMATCH, Last received: 0.0, Next index: 1, Last known committed idx: 0, Time since last communication: 0.000s
I20260710 11:04:00.429271 21187 raft_consensus.cc:493] T 20e0742566504d88b9cdfdbe5ebae46f P 5e8dd0dfce6644d08e68ded35b1190f5 [term 0 FOLLOWER]: Starting pre-election (no leader contacted us within the election timeout)
I20260710 11:04:00.429774 21187 raft_consensus.cc:515] T 20e0742566504d88b9cdfdbe5ebae46f P 5e8dd0dfce6644d08e68ded35b1190f5 [term 0 FOLLOWER]: Starting pre-election with config: opid_index: -1 OBSOLETE_local: false peers { permanent_uuid: "666f744108154fb0abf75e4fa51a50de" member_type: VOTER last_known_addr { host: "127.19.88.65" port: 33147 } } peers { permanent_uuid: "5e8dd0dfce6644d08e68ded35b1190f5" member_type: VOTER last_known_addr { host: "127.19.88.66" port: 34733 } } peers { permanent_uuid: "77ccafeea0ba4fc5ad3e3ca00350ec9c" member_type: VOTER last_known_addr { host: "127.19.88.67" port: 46733 } }
I20260710 11:04:00.431531 21187 leader_election.cc:290] T 20e0742566504d88b9cdfdbe5ebae46f P 5e8dd0dfce6644d08e68ded35b1190f5 [CANDIDATE]: Term 1 pre-election: Requested pre-vote from peers 666f744108154fb0abf75e4fa51a50de (127.19.88.65:33147), 77ccafeea0ba4fc5ad3e3ca00350ec9c (127.19.88.67:46733)
I20260710 11:04:00.432317 20967 tablet_service.cc:1917] Received RequestConsensusVote() RPC: tablet_id: "20e0742566504d88b9cdfdbe5ebae46f" candidate_uuid: "5e8dd0dfce6644d08e68ded35b1190f5" candidate_term: 1 candidate_status { last_received { term: 0 index: 0 } } ignore_live_leader: false dest_uuid: "666f744108154fb0abf75e4fa51a50de" is_pre_election: true
I20260710 11:04:00.432682 21114 tablet_service.cc:1917] Received RequestConsensusVote() RPC: tablet_id: "20e0742566504d88b9cdfdbe5ebae46f" candidate_uuid: "5e8dd0dfce6644d08e68ded35b1190f5" candidate_term: 1 candidate_status { last_received { term: 0 index: 0 } } ignore_live_leader: false dest_uuid: "77ccafeea0ba4fc5ad3e3ca00350ec9c" is_pre_election: true
I20260710 11:04:00.433085 20967 raft_consensus.cc:2393] T 20e0742566504d88b9cdfdbe5ebae46f P 666f744108154fb0abf75e4fa51a50de [term 1 FOLLOWER]: Leader pre-election vote request: Denying vote to candidate 5e8dd0dfce6644d08e68ded35b1190f5 in current term 1: Already voted for candidate 77ccafeea0ba4fc5ad3e3ca00350ec9c in this term.
I20260710 11:04:00.434374 21006 leader_election.cc:304] T 20e0742566504d88b9cdfdbe5ebae46f P 5e8dd0dfce6644d08e68ded35b1190f5 [CANDIDATE]: Term 1 pre-election: Election decided. Result: candidate lost. Election summary: received 3 responses out of 3 voters: 1 yes votes; 2 no votes. yes voters: 5e8dd0dfce6644d08e68ded35b1190f5; no voters: 666f744108154fb0abf75e4fa51a50de, 77ccafeea0ba4fc5ad3e3ca00350ec9c
I20260710 11:04:00.435052 21187 raft_consensus.cc:3060] T 20e0742566504d88b9cdfdbe5ebae46f P 5e8dd0dfce6644d08e68ded35b1190f5 [term 0 FOLLOWER]: Advancing to term 1
I20260710 11:04:00.440168 21187 raft_consensus.cc:2749] T 20e0742566504d88b9cdfdbe5ebae46f P 5e8dd0dfce6644d08e68ded35b1190f5 [term 1 FOLLOWER]: Leader pre-election lost for term 1. Reason: could not achieve majority
I20260710 11:04:00.446389 21186 consensus_queue.cc:1048] T ea358e0c97354438b9b189537ed629d3 P 666f744108154fb0abf75e4fa51a50de [LEADER]: Connected to new peer: Peer: permanent_uuid: "77ccafeea0ba4fc5ad3e3ca00350ec9c" member_type: VOTER last_known_addr { host: "127.19.88.67" port: 46733 }, Status: LMP_MISMATCH, Last received: 0.0, Next index: 1, Last known committed idx: 0, Time since last communication: 0.000s
I20260710 11:04:00.448920 19809 file_cache.cc:504] Constructed file cache file cache with capacity 419430
I20260710 11:04:00.461840 21224 consensus_queue.cc:1048] T ea358e0c97354438b9b189537ed629d3 P 666f744108154fb0abf75e4fa51a50de [LEADER]: Connected to new peer: Peer: permanent_uuid: "5e8dd0dfce6644d08e68ded35b1190f5" member_type: VOTER last_known_addr { host: "127.19.88.66" port: 34733 }, Status: LMP_MISMATCH, Last received: 0.0, Next index: 1, Last known committed idx: 0, Time since last communication: 0.000s
W20260710 11:04:00.465536 21321 instance_detector.cc:116] could not retrieve Azure instance metadata: Network error: curl error: HTTP response code said error: The requested URL returned error: 404
I20260710 11:04:00.493925 21317 consensus_queue.cc:1048] T b7b6e9c253264a21814d84ea3edd7d21 P 666f744108154fb0abf75e4fa51a50de [LEADER]: Connected to new peer: Peer: permanent_uuid: "5e8dd0dfce6644d08e68ded35b1190f5" member_type: VOTER last_known_addr { host: "127.19.88.66" port: 34733 }, Status: LMP_MISMATCH, Last received: 0.0, Next index: 1, Last known committed idx: 0, Time since last communication: 0.000s
W20260710 11:04:00.497920 21320 instance_detector.cc:116] could not retrieve AWS instance metadata: Network error: curl error: HTTP response code said error: The requested URL returned error: 404
I20260710 11:04:00.502898 21187 raft_consensus.cc:493] T db0f7093b61b477b9e341b039e0f890f P 5e8dd0dfce6644d08e68ded35b1190f5 [term 0 FOLLOWER]: Starting pre-election (no leader contacted us within the election timeout)
I20260710 11:04:00.503545 21187 raft_consensus.cc:515] T db0f7093b61b477b9e341b039e0f890f P 5e8dd0dfce6644d08e68ded35b1190f5 [term 0 FOLLOWER]: Starting pre-election with config: opid_index: -1 OBSOLETE_local: false peers { permanent_uuid: "666f744108154fb0abf75e4fa51a50de" member_type: VOTER last_known_addr { host: "127.19.88.65" port: 33147 } } peers { permanent_uuid: "5e8dd0dfce6644d08e68ded35b1190f5" member_type: VOTER last_known_addr { host: "127.19.88.66" port: 34733 } } peers { permanent_uuid: "77ccafeea0ba4fc5ad3e3ca00350ec9c" member_type: VOTER last_known_addr { host: "127.19.88.67" port: 46733 } }
I20260710 11:04:00.508172 21114 tablet_service.cc:1917] Received RequestConsensusVote() RPC: tablet_id: "db0f7093b61b477b9e341b039e0f890f" candidate_uuid: "5e8dd0dfce6644d08e68ded35b1190f5" candidate_term: 1 candidate_status { last_received { term: 0 index: 0 } } ignore_live_leader: false dest_uuid: "77ccafeea0ba4fc5ad3e3ca00350ec9c" is_pre_election: true
I20260710 11:04:00.510768 20967 tablet_service.cc:1917] Received RequestConsensusVote() RPC: tablet_id: "db0f7093b61b477b9e341b039e0f890f" candidate_uuid: "5e8dd0dfce6644d08e68ded35b1190f5" candidate_term: 1 candidate_status { last_received { term: 0 index: 0 } } ignore_live_leader: false dest_uuid: "666f744108154fb0abf75e4fa51a50de" is_pre_election: true
I20260710 11:04:00.511857 20967 raft_consensus.cc:2393] T db0f7093b61b477b9e341b039e0f890f P 666f744108154fb0abf75e4fa51a50de [term 1 FOLLOWER]: Leader pre-election vote request: Denying vote to candidate 5e8dd0dfce6644d08e68ded35b1190f5 in current term 1: Already voted for candidate 77ccafeea0ba4fc5ad3e3ca00350ec9c in this term.
I20260710 11:04:00.515727 21187 leader_election.cc:290] T db0f7093b61b477b9e341b039e0f890f P 5e8dd0dfce6644d08e68ded35b1190f5 [CANDIDATE]: Term 1 pre-election: Requested pre-vote from peers 666f744108154fb0abf75e4fa51a50de (127.19.88.65:33147), 77ccafeea0ba4fc5ad3e3ca00350ec9c (127.19.88.67:46733)
I20260710 11:04:00.518070 21006 leader_election.cc:304] T db0f7093b61b477b9e341b039e0f890f P 5e8dd0dfce6644d08e68ded35b1190f5 [CANDIDATE]: Term 1 pre-election: Election decided. Result: candidate lost. Election summary: received 3 responses out of 3 voters: 1 yes votes; 2 no votes. yes voters: 5e8dd0dfce6644d08e68ded35b1190f5; no voters: 666f744108154fb0abf75e4fa51a50de, 77ccafeea0ba4fc5ad3e3ca00350ec9c
I20260710 11:04:00.522914 21242 raft_consensus.cc:3060] T db0f7093b61b477b9e341b039e0f890f P 5e8dd0dfce6644d08e68ded35b1190f5 [term 0 FOLLOWER]: Advancing to term 1
I20260710 11:04:00.539227 19809 server_base.cc:1061] running on GCE node
I20260710 11:04:00.539372 21224 consensus_queue.cc:1048] T b7b6e9c253264a21814d84ea3edd7d21 P 666f744108154fb0abf75e4fa51a50de [LEADER]: Connected to new peer: Peer: permanent_uuid: "77ccafeea0ba4fc5ad3e3ca00350ec9c" member_type: VOTER last_known_addr { host: "127.19.88.67" port: 46733 }, Status: LMP_MISMATCH, Last received: 0.0, Next index: 1, Last known committed idx: 0, Time since last communication: 0.000s
W20260710 11:04:00.540359 21323 instance_detector.cc:116] could not retrieve OpenStack instance metadata: Network error: curl error: HTTP response code said error: The requested URL returned error: 404
I20260710 11:04:00.541596 19809 hybrid_clock.cc:584] initializing the hybrid clock with 'system_unsync' time source
W20260710 11:04:00.541867 19809 system_unsync_time.cc:38] NTP support is disabled. Clock error bounds will not be accurate. This configuration is not suitable for distributed clusters.
I20260710 11:04:00.542066 19809 hybrid_clock.cc:648] HybridClock initialized: now 1783681440542048 us; error 0 us; skew 500 ppm
I20260710 11:04:00.542876 19809 server_base.cc:861] Flag tcmalloc_max_total_thread_cache_bytes is not working since tcmalloc is not enabled.
I20260710 11:04:00.546689 21242 raft_consensus.cc:2749] T db0f7093b61b477b9e341b039e0f890f P 5e8dd0dfce6644d08e68ded35b1190f5 [term 1 FOLLOWER]: Leader pre-election lost for term 1. Reason: could not achieve majority
I20260710 11:04:00.554177 19809 webserver.cc:533] Webserver started at http://127.19.88.68:41285/ using document root <none> and password file <none>
I20260710 11:04:00.554881 19809 fs_manager.cc:362] Metadata directory not provided
I20260710 11:04:00.555105 19809 fs_manager.cc:368] Using write-ahead log directory (fs_wal_dir) as metadata directory
I20260710 11:04:00.555414 19809 server_base.cc:909] This appears to be a new deployment of Kudu; creating new FS layout
I20260710 11:04:00.557713 19809 fs_manager.cc:1068] Generated new instance metadata in path /tmp/dist-test-taskT2zAkI/test-tmp/auto_leader_rebalancer-test.0.LeaderRebalancerTest.AddTserver.1783681412075183-19809-0/minicluster-data/ts-3-root/instance:
uuid: "8803cb47419f4add81662ebe150f2d75"
format_stamp: "Formatted at 2026-07-10 11:04:00 on dist-test-slave-x49f"
I20260710 11:04:00.569284 19809 fs_manager.cc:696] Time spent creating directory manager: real 0.011s	user 0.006s	sys 0.005s
I20260710 11:04:00.573346 21331 log_block_manager.cc:4127] Time spent loading block containers with low live blocks: real 0.000s	user 0.000s	sys 0.000s
I20260710 11:04:00.574219 19809 fs_manager.cc:730] Time spent opening block manager: real 0.002s	user 0.004s	sys 0.000s
I20260710 11:04:00.574543 19809 fs_manager.cc:647] Opened local filesystem: /tmp/dist-test-taskT2zAkI/test-tmp/auto_leader_rebalancer-test.0.LeaderRebalancerTest.AddTserver.1783681412075183-19809-0/minicluster-data/ts-3-root
uuid: "8803cb47419f4add81662ebe150f2d75"
format_stamp: "Formatted at 2026-07-10 11:04:00 on dist-test-slave-x49f"
I20260710 11:04:00.574841 19809 fs_report.cc:389] FS layout report
--------------------
wal directory: /tmp/dist-test-taskT2zAkI/test-tmp/auto_leader_rebalancer-test.0.LeaderRebalancerTest.AddTserver.1783681412075183-19809-0/minicluster-data/ts-3-root
metadata directory: /tmp/dist-test-taskT2zAkI/test-tmp/auto_leader_rebalancer-test.0.LeaderRebalancerTest.AddTserver.1783681412075183-19809-0/minicluster-data/ts-3-root
1 data directories: /tmp/dist-test-taskT2zAkI/test-tmp/auto_leader_rebalancer-test.0.LeaderRebalancerTest.AddTserver.1783681412075183-19809-0/minicluster-data/ts-3-root/data
Total live blocks: 0
Total live bytes: 0
Total live bytes (after alignment): 0
Total number of LBM containers: 0 (0 full)
Did not check for missing blocks
Did not check for orphaned blocks
Total full LBM containers with extra space: 0 (0 repaired)
Total full LBM container extra space in bytes: 0 (0 repaired)
Total incomplete LBM containers: 0 (0 repaired)
Total LBM partial records: 0 (0 repaired)
Total corrupted LBM metadata records in RocksDB: 0 (0 repaired)
I20260710 11:04:00.595444 19809 rpc_server.cc:225] running with OpenSSL 1.1.1  11 Sep 2018
I20260710 11:04:00.596689 19809 kserver.cc:163] Server-wide thread pool size limit: 3276
I20260710 11:04:00.598045 19809 txn_system_client.cc:432] TxnSystemClient initialization is disabled...
I20260710 11:04:00.599973 19809 ts_tablet_manager.cc:585] Loaded tablet metadata (0 total tablets, 0 live tablets)
I20260710 11:04:00.600203 19809 ts_tablet_manager.cc:531] Time spent load tablet metadata: real 0.000s	user 0.000s	sys 0.000s
I20260710 11:04:00.600435 19809 ts_tablet_manager.cc:616] Registered 0 tablets
I20260710 11:04:00.600629 19809 ts_tablet_manager.cc:595] Time spent register tablets: real 0.000s	user 0.000s	sys 0.000s
I20260710 11:04:00.608538 21242 raft_consensus.cc:493] T 4ebf0aa2ec2c4885a926ab9fe07af63b P 5e8dd0dfce6644d08e68ded35b1190f5 [term 0 FOLLOWER]: Starting pre-election (no leader contacted us within the election timeout)
I20260710 11:04:00.609167 21242 raft_consensus.cc:515] T 4ebf0aa2ec2c4885a926ab9fe07af63b P 5e8dd0dfce6644d08e68ded35b1190f5 [term 0 FOLLOWER]: Starting pre-election with config: opid_index: -1 OBSOLETE_local: false peers { permanent_uuid: "666f744108154fb0abf75e4fa51a50de" member_type: VOTER last_known_addr { host: "127.19.88.65" port: 33147 } } peers { permanent_uuid: "5e8dd0dfce6644d08e68ded35b1190f5" member_type: VOTER last_known_addr { host: "127.19.88.66" port: 34733 } } peers { permanent_uuid: "77ccafeea0ba4fc5ad3e3ca00350ec9c" member_type: VOTER last_known_addr { host: "127.19.88.67" port: 46733 } }
I20260710 11:04:00.609836 21187 raft_consensus.cc:493] T f809eaed0d094691a9f25d0dd9a52d2d P 5e8dd0dfce6644d08e68ded35b1190f5 [term 0 FOLLOWER]: Starting pre-election (no leader contacted us within the election timeout)
I20260710 11:04:00.610363 21187 raft_consensus.cc:515] T f809eaed0d094691a9f25d0dd9a52d2d P 5e8dd0dfce6644d08e68ded35b1190f5 [term 0 FOLLOWER]: Starting pre-election with config: opid_index: -1 OBSOLETE_local: false peers { permanent_uuid: "666f744108154fb0abf75e4fa51a50de" member_type: VOTER last_known_addr { host: "127.19.88.65" port: 33147 } } peers { permanent_uuid: "5e8dd0dfce6644d08e68ded35b1190f5" member_type: VOTER last_known_addr { host: "127.19.88.66" port: 34733 } } peers { permanent_uuid: "77ccafeea0ba4fc5ad3e3ca00350ec9c" member_type: VOTER last_known_addr { host: "127.19.88.67" port: 46733 } }
I20260710 11:04:00.611346 21242 leader_election.cc:290] T 4ebf0aa2ec2c4885a926ab9fe07af63b P 5e8dd0dfce6644d08e68ded35b1190f5 [CANDIDATE]: Term 1 pre-election: Requested pre-vote from peers 666f744108154fb0abf75e4fa51a50de (127.19.88.65:33147), 77ccafeea0ba4fc5ad3e3ca00350ec9c (127.19.88.67:46733)
I20260710 11:04:00.612246 21187 leader_election.cc:290] T f809eaed0d094691a9f25d0dd9a52d2d P 5e8dd0dfce6644d08e68ded35b1190f5 [CANDIDATE]: Term 1 pre-election: Requested pre-vote from peers 666f744108154fb0abf75e4fa51a50de (127.19.88.65:33147), 77ccafeea0ba4fc5ad3e3ca00350ec9c (127.19.88.67:46733)
I20260710 11:04:00.613606 20964 tablet_service.cc:1917] Received RequestConsensusVote() RPC: tablet_id: "f809eaed0d094691a9f25d0dd9a52d2d" candidate_uuid: "5e8dd0dfce6644d08e68ded35b1190f5" candidate_term: 1 candidate_status { last_received { term: 0 index: 0 } } ignore_live_leader: false dest_uuid: "666f744108154fb0abf75e4fa51a50de" is_pre_election: true
I20260710 11:04:00.614215 21115 tablet_service.cc:1917] Received RequestConsensusVote() RPC: tablet_id: "f809eaed0d094691a9f25d0dd9a52d2d" candidate_uuid: "5e8dd0dfce6644d08e68ded35b1190f5" candidate_term: 1 candidate_status { last_received { term: 0 index: 0 } } ignore_live_leader: false dest_uuid: "77ccafeea0ba4fc5ad3e3ca00350ec9c" is_pre_election: true
I20260710 11:04:00.613516 20967 tablet_service.cc:1917] Received RequestConsensusVote() RPC: tablet_id: "4ebf0aa2ec2c4885a926ab9fe07af63b" candidate_uuid: "5e8dd0dfce6644d08e68ded35b1190f5" candidate_term: 1 candidate_status { last_received { term: 0 index: 0 } } ignore_live_leader: false dest_uuid: "666f744108154fb0abf75e4fa51a50de" is_pre_election: true
I20260710 11:04:00.614522 21114 tablet_service.cc:1917] Received RequestConsensusVote() RPC: tablet_id: "4ebf0aa2ec2c4885a926ab9fe07af63b" candidate_uuid: "5e8dd0dfce6644d08e68ded35b1190f5" candidate_term: 1 candidate_status { last_received { term: 0 index: 0 } } ignore_live_leader: false dest_uuid: "77ccafeea0ba4fc5ad3e3ca00350ec9c" is_pre_election: true
I20260710 11:04:00.614953 21115 raft_consensus.cc:2393] T f809eaed0d094691a9f25d0dd9a52d2d P 77ccafeea0ba4fc5ad3e3ca00350ec9c [term 1 FOLLOWER]: Leader pre-election vote request: Denying vote to candidate 5e8dd0dfce6644d08e68ded35b1190f5 in current term 1: Already voted for candidate 666f744108154fb0abf75e4fa51a50de in this term.
I20260710 11:04:00.615554 21114 raft_consensus.cc:2393] T 4ebf0aa2ec2c4885a926ab9fe07af63b P 77ccafeea0ba4fc5ad3e3ca00350ec9c [term 1 FOLLOWER]: Leader pre-election vote request: Denying vote to candidate 5e8dd0dfce6644d08e68ded35b1190f5 in current term 1: Already voted for candidate 666f744108154fb0abf75e4fa51a50de in this term.
I20260710 11:04:00.616420 21007 leader_election.cc:304] T f809eaed0d094691a9f25d0dd9a52d2d P 5e8dd0dfce6644d08e68ded35b1190f5 [CANDIDATE]: Term 1 pre-election: Election decided. Result: candidate lost. Election summary: received 3 responses out of 3 voters: 1 yes votes; 2 no votes. yes voters: 5e8dd0dfce6644d08e68ded35b1190f5; no voters: 666f744108154fb0abf75e4fa51a50de, 77ccafeea0ba4fc5ad3e3ca00350ec9c
I20260710 11:04:00.617244 21187 raft_consensus.cc:3060] T f809eaed0d094691a9f25d0dd9a52d2d P 5e8dd0dfce6644d08e68ded35b1190f5 [term 0 FOLLOWER]: Advancing to term 1
I20260710 11:04:00.617745 21007 leader_election.cc:304] T 4ebf0aa2ec2c4885a926ab9fe07af63b P 5e8dd0dfce6644d08e68ded35b1190f5 [CANDIDATE]: Term 1 pre-election: Election decided. Result: candidate lost. Election summary: received 3 responses out of 3 voters: 1 yes votes; 2 no votes. yes voters: 5e8dd0dfce6644d08e68ded35b1190f5; no voters: 666f744108154fb0abf75e4fa51a50de, 77ccafeea0ba4fc5ad3e3ca00350ec9c
I20260710 11:04:00.618829 21242 raft_consensus.cc:3060] T 4ebf0aa2ec2c4885a926ab9fe07af63b P 5e8dd0dfce6644d08e68ded35b1190f5 [term 0 FOLLOWER]: Advancing to term 1
I20260710 11:04:00.624064 21187 raft_consensus.cc:2749] T f809eaed0d094691a9f25d0dd9a52d2d P 5e8dd0dfce6644d08e68ded35b1190f5 [term 1 FOLLOWER]: Leader pre-election lost for term 1. Reason: could not achieve majority
I20260710 11:04:00.625198 21242 raft_consensus.cc:2749] T 4ebf0aa2ec2c4885a926ab9fe07af63b P 5e8dd0dfce6644d08e68ded35b1190f5 [term 1 FOLLOWER]: Leader pre-election lost for term 1. Reason: could not achieve majority
I20260710 11:04:00.629348 21163 consensus_queue.cc:1048] T 20e0742566504d88b9cdfdbe5ebae46f P 77ccafeea0ba4fc5ad3e3ca00350ec9c [LEADER]: Connected to new peer: Peer: permanent_uuid: "666f744108154fb0abf75e4fa51a50de" member_type: VOTER last_known_addr { host: "127.19.88.65" port: 33147 }, Status: LMP_MISMATCH, Last received: 0.0, Next index: 1, Last known committed idx: 0, Time since last communication: 0.000s
