I20260710 11:03:57.660785 25844 leader_election.cc:290] T ba4221bb56f947d8b24de5daecf73c10 P 4087c4f6cb6d47ceabada49dc3f7fa8f [CANDIDATE]: Term 1 pre-election: Requested pre-vote from peers 90b9d65ddbce413a9e08c07f9caa2c21 (127.23.237.66:34869), 2de4dc28fc914953ba54c894cf840fb1 (127.23.237.67:42429)
I20260710 11:03:57.660996 25802 consensus_queue.cc:1048] T 36d27161b2c346a39d1495b68ac2e909 P 2de4dc28fc914953ba54c894cf840fb1 [LEADER]: Connected to new peer: Peer: permanent_uuid: "90b9d65ddbce413a9e08c07f9caa2c21" member_type: VOTER last_known_addr { host: "127.23.237.66" port: 34869 }, Status: LMP_MISMATCH, Last received: 0.0, Next index: 1, Last known committed idx: 0, Time since last communication: 0.000s
I20260710 11:03:57.663566 25793 tablet_bootstrap.cc:654] T dd57214ca1e84fb6a9d10726d872c049 P 4087c4f6cb6d47ceabada49dc3f7fa8f: Neither blocks nor log segments found. Creating new log.
I20260710 11:03:57.687387 25676 tablet_service.cc:1917] Received RequestConsensusVote() RPC: tablet_id: "ba4221bb56f947d8b24de5daecf73c10" candidate_uuid: "4087c4f6cb6d47ceabada49dc3f7fa8f" candidate_term: 1 candidate_status { last_received { term: 0 index: 0 } } ignore_live_leader: false dest_uuid: "90b9d65ddbce413a9e08c07f9caa2c21" is_pre_election: true
I20260710 11:03:57.678797 25500 catalog_manager.cc:5697] T 45ce1430a514497fa57d28140dd2209d P 90b9d65ddbce413a9e08c07f9caa2c21 reported cstate change: term changed from 0 to 1, leader changed from <none> to 90b9d65ddbce413a9e08c07f9caa2c21 (127.23.237.66). New cstate: current_term: 1 leader_uuid: "90b9d65ddbce413a9e08c07f9caa2c21" committed_config { opid_index: -1 OBSOLETE_local: false peers { permanent_uuid: "4087c4f6cb6d47ceabada49dc3f7fa8f" member_type: VOTER last_known_addr { host: "127.23.237.65" port: 40631 } health_report { overall_health: UNKNOWN } } peers { permanent_uuid: "90b9d65ddbce413a9e08c07f9caa2c21" member_type: VOTER last_known_addr { host: "127.23.237.66" port: 34869 } health_report { overall_health: HEALTHY } } peers { permanent_uuid: "2de4dc28fc914953ba54c894cf840fb1" member_type: VOTER last_known_addr { host: "127.23.237.67" port: 42429 } health_report { overall_health: UNKNOWN } } }
I20260710 11:03:57.691612 25751 tablet_service.cc:1917] Received RequestConsensusVote() RPC: tablet_id: "ba4221bb56f947d8b24de5daecf73c10" candidate_uuid: "4087c4f6cb6d47ceabada49dc3f7fa8f" candidate_term: 1 candidate_status { last_received { term: 0 index: 0 } } ignore_live_leader: false dest_uuid: "2de4dc28fc914953ba54c894cf840fb1" is_pre_election: true
I20260710 11:03:57.692286 25751 raft_consensus.cc:2468] T ba4221bb56f947d8b24de5daecf73c10 P 2de4dc28fc914953ba54c894cf840fb1 [term 0 FOLLOWER]: Leader pre-election vote request: Granting yes vote for candidate 4087c4f6cb6d47ceabada49dc3f7fa8f in term 0.
W20260710 11:03:57.694919 25567 leader_election.cc:343] T ba4221bb56f947d8b24de5daecf73c10 P 4087c4f6cb6d47ceabada49dc3f7fa8f [CANDIDATE]: Term 1 pre-election: Tablet error from VoteRequest() call to peer 90b9d65ddbce413a9e08c07f9caa2c21 (127.23.237.66:34869): Illegal state: must be running to vote when last-logged opid is not known
I20260710 11:03:57.696158 25792 tablet_bootstrap.cc:492] T ba4221bb56f947d8b24de5daecf73c10 P 90b9d65ddbce413a9e08c07f9caa2c21: No bootstrap required, opened a new log
I20260710 11:03:57.694105 25791 raft_consensus.cc:359] T 075f8664f1fc4248bebc73569037b3f9 P 2de4dc28fc914953ba54c894cf840fb1 [term 0 FOLLOWER]: Replica starting. Triggering 0 pending ops. Active config: opid_index: -1 OBSOLETE_local: false peers { permanent_uuid: "4087c4f6cb6d47ceabada49dc3f7fa8f" member_type: VOTER last_known_addr { host: "127.23.237.65" port: 40631 } } peers { permanent_uuid: "90b9d65ddbce413a9e08c07f9caa2c21" member_type: VOTER last_known_addr { host: "127.23.237.66" port: 34869 } } peers { permanent_uuid: "2de4dc28fc914953ba54c894cf840fb1" member_type: VOTER last_known_addr { host: "127.23.237.67" port: 42429 } }
I20260710 11:03:57.696733 25792 ts_tablet_manager.cc:1403] T ba4221bb56f947d8b24de5daecf73c10 P 90b9d65ddbce413a9e08c07f9caa2c21: Time spent bootstrapping tablet: real 0.112s	user 0.022s	sys 0.022s
I20260710 11:03:57.696982 25791 raft_consensus.cc:385] T 075f8664f1fc4248bebc73569037b3f9 P 2de4dc28fc914953ba54c894cf840fb1 [term 0 FOLLOWER]: Consensus starting up: Expiring failure detector timer to make a prompt election more likely
I20260710 11:03:57.697263 25791 raft_consensus.cc:740] T 075f8664f1fc4248bebc73569037b3f9 P 2de4dc28fc914953ba54c894cf840fb1 [term 0 FOLLOWER]: Becoming Follower/Learner. State: Replica: 2de4dc28fc914953ba54c894cf840fb1, State: Initialized, Role: FOLLOWER
I20260710 11:03:57.697808 25791 consensus_queue.cc:260] T 075f8664f1fc4248bebc73569037b3f9 P 2de4dc28fc914953ba54c894cf840fb1 [NON_LEADER]: Queue going to NON_LEADER mode. State: All replicated index: 0, Majority replicated index: 0, Committed index: 0, Last appended: 0.0, Last appended by leader: 0, Current term: 0, Majority size: -1, State: 0, Mode: NON_LEADER, active raft config: opid_index: -1 OBSOLETE_local: false peers { permanent_uuid: "4087c4f6cb6d47ceabada49dc3f7fa8f" member_type: VOTER last_known_addr { host: "127.23.237.65" port: 40631 } } peers { permanent_uuid: "90b9d65ddbce413a9e08c07f9caa2c21" member_type: VOTER last_known_addr { host: "127.23.237.66" port: 34869 } } peers { permanent_uuid: "2de4dc28fc914953ba54c894cf840fb1" member_type: VOTER last_known_addr { host: "127.23.237.67" port: 42429 } }
I20260710 11:03:57.699536 25567 leader_election.cc:304] T ba4221bb56f947d8b24de5daecf73c10 P 4087c4f6cb6d47ceabada49dc3f7fa8f [CANDIDATE]: Term 1 pre-election: Election decided. Result: candidate won. Election summary: received 3 responses out of 3 voters: 2 yes votes; 1 no votes. yes voters: 2de4dc28fc914953ba54c894cf840fb1, 4087c4f6cb6d47ceabada49dc3f7fa8f; no voters: 90b9d65ddbce413a9e08c07f9caa2c21
I20260710 11:03:57.700361 25844 raft_consensus.cc:2804] T ba4221bb56f947d8b24de5daecf73c10 P 4087c4f6cb6d47ceabada49dc3f7fa8f [term 0 FOLLOWER]: Leader pre-election won for term 1
I20260710 11:03:57.700896 25844 raft_consensus.cc:493] T ba4221bb56f947d8b24de5daecf73c10 P 4087c4f6cb6d47ceabada49dc3f7fa8f [term 0 FOLLOWER]: Starting leader election (no leader contacted us within the election timeout)
I20260710 11:03:57.701581 25844 raft_consensus.cc:3060] T ba4221bb56f947d8b24de5daecf73c10 P 4087c4f6cb6d47ceabada49dc3f7fa8f [term 0 FOLLOWER]: Advancing to term 1
I20260710 11:03:57.706339 25792 raft_consensus.cc:359] T ba4221bb56f947d8b24de5daecf73c10 P 90b9d65ddbce413a9e08c07f9caa2c21 [term 0 FOLLOWER]: Replica starting. Triggering 0 pending ops. Active config: opid_index: -1 OBSOLETE_local: false peers { permanent_uuid: "4087c4f6cb6d47ceabada49dc3f7fa8f" member_type: VOTER last_known_addr { host: "127.23.237.65" port: 40631 } } peers { permanent_uuid: "90b9d65ddbce413a9e08c07f9caa2c21" member_type: VOTER last_known_addr { host: "127.23.237.66" port: 34869 } } peers { permanent_uuid: "2de4dc28fc914953ba54c894cf840fb1" member_type: VOTER last_known_addr { host: "127.23.237.67" port: 42429 } }
I20260710 11:03:57.707077 25792 raft_consensus.cc:385] T ba4221bb56f947d8b24de5daecf73c10 P 90b9d65ddbce413a9e08c07f9caa2c21 [term 0 FOLLOWER]: Consensus starting up: Expiring failure detector timer to make a prompt election more likely
I20260710 11:03:57.707357 25792 raft_consensus.cc:740] T ba4221bb56f947d8b24de5daecf73c10 P 90b9d65ddbce413a9e08c07f9caa2c21 [term 0 FOLLOWER]: Becoming Follower/Learner. State: Replica: 90b9d65ddbce413a9e08c07f9caa2c21, State: Initialized, Role: FOLLOWER
I20260710 11:03:57.708007 25792 consensus_queue.cc:260] T ba4221bb56f947d8b24de5daecf73c10 P 90b9d65ddbce413a9e08c07f9caa2c21 [NON_LEADER]: Queue going to NON_LEADER mode. State: All replicated index: 0, Majority replicated index: 0, Committed index: 0, Last appended: 0.0, Last appended by leader: 0, Current term: 0, Majority size: -1, State: 0, Mode: NON_LEADER, active raft config: opid_index: -1 OBSOLETE_local: false peers { permanent_uuid: "4087c4f6cb6d47ceabada49dc3f7fa8f" member_type: VOTER last_known_addr { host: "127.23.237.65" port: 40631 } } peers { permanent_uuid: "90b9d65ddbce413a9e08c07f9caa2c21" member_type: VOTER last_known_addr { host: "127.23.237.66" port: 34869 } } peers { permanent_uuid: "2de4dc28fc914953ba54c894cf840fb1" member_type: VOTER last_known_addr { host: "127.23.237.67" port: 42429 } }
I20260710 11:03:57.709972 25792 ts_tablet_manager.cc:1434] T ba4221bb56f947d8b24de5daecf73c10 P 90b9d65ddbce413a9e08c07f9caa2c21: Time spent starting tablet: real 0.013s	user 0.005s	sys 0.000s
I20260710 11:03:57.710896 25792 tablet_bootstrap.cc:492] T 962a232b15bd4dcda6e8983e35680a9c P 90b9d65ddbce413a9e08c07f9caa2c21: Bootstrap starting.
I20260710 11:03:57.713446 25844 raft_consensus.cc:515] T ba4221bb56f947d8b24de5daecf73c10 P 4087c4f6cb6d47ceabada49dc3f7fa8f [term 1 FOLLOWER]: Starting leader election with config: opid_index: -1 OBSOLETE_local: false peers { permanent_uuid: "4087c4f6cb6d47ceabada49dc3f7fa8f" member_type: VOTER last_known_addr { host: "127.23.237.65" port: 40631 } } peers { permanent_uuid: "90b9d65ddbce413a9e08c07f9caa2c21" member_type: VOTER last_known_addr { host: "127.23.237.66" port: 34869 } } peers { permanent_uuid: "2de4dc28fc914953ba54c894cf840fb1" member_type: VOTER last_known_addr { host: "127.23.237.67" port: 42429 } }
I20260710 11:03:57.717937 25799 consensus_queue.cc:1048] T e34bc3b9b01b406d8751218df2c0d7ae P 4087c4f6cb6d47ceabada49dc3f7fa8f [LEADER]: Connected to new peer: Peer: permanent_uuid: "90b9d65ddbce413a9e08c07f9caa2c21" member_type: VOTER last_known_addr { host: "127.23.237.66" port: 34869 }, Status: LMP_MISMATCH, Last received: 0.0, Next index: 1, Last known committed idx: 0, Time since last communication: 0.001s
I20260710 11:03:57.721805 25792 tablet_bootstrap.cc:654] T 962a232b15bd4dcda6e8983e35680a9c P 90b9d65ddbce413a9e08c07f9caa2c21: Neither blocks nor log segments found. Creating new log.
I20260710 11:03:57.726162 25791 ts_tablet_manager.cc:1434] T 075f8664f1fc4248bebc73569037b3f9 P 2de4dc28fc914953ba54c894cf840fb1: Time spent starting tablet: real 0.084s	user 0.006s	sys 0.000s
I20260710 11:03:57.727485 25791 tablet_bootstrap.cc:492] T e34bc3b9b01b406d8751218df2c0d7ae P 2de4dc28fc914953ba54c894cf840fb1: Bootstrap starting.
I20260710 11:03:57.760082 25802 raft_consensus.cc:493] T 075f8664f1fc4248bebc73569037b3f9 P 2de4dc28fc914953ba54c894cf840fb1 [term 0 FOLLOWER]: Starting pre-election (no leader contacted us within the election timeout)
I20260710 11:03:57.760651 25802 raft_consensus.cc:515] T 075f8664f1fc4248bebc73569037b3f9 P 2de4dc28fc914953ba54c894cf840fb1 [term 0 FOLLOWER]: Starting pre-election with config: opid_index: -1 OBSOLETE_local: false peers { permanent_uuid: "4087c4f6cb6d47ceabada49dc3f7fa8f" member_type: VOTER last_known_addr { host: "127.23.237.65" port: 40631 } } peers { permanent_uuid: "90b9d65ddbce413a9e08c07f9caa2c21" member_type: VOTER last_known_addr { host: "127.23.237.66" port: 34869 } } peers { permanent_uuid: "2de4dc28fc914953ba54c894cf840fb1" member_type: VOTER last_known_addr { host: "127.23.237.67" port: 42429 } }
I20260710 11:03:57.771070 25844 leader_election.cc:290] T ba4221bb56f947d8b24de5daecf73c10 P 4087c4f6cb6d47ceabada49dc3f7fa8f [CANDIDATE]: Term 1 election: Requested vote from peers 90b9d65ddbce413a9e08c07f9caa2c21 (127.23.237.66:34869), 2de4dc28fc914953ba54c894cf840fb1 (127.23.237.67:42429)
I20260710 11:03:57.776053 25792 tablet_bootstrap.cc:492] T 962a232b15bd4dcda6e8983e35680a9c P 90b9d65ddbce413a9e08c07f9caa2c21: No bootstrap required, opened a new log
I20260710 11:03:57.776525 25792 ts_tablet_manager.cc:1403] T 962a232b15bd4dcda6e8983e35680a9c P 90b9d65ddbce413a9e08c07f9caa2c21: Time spent bootstrapping tablet: real 0.066s	user 0.009s	sys 0.002s
I20260710 11:03:57.778784 25675 tablet_service.cc:1917] Received RequestConsensusVote() RPC: tablet_id: "ba4221bb56f947d8b24de5daecf73c10" candidate_uuid: "4087c4f6cb6d47ceabada49dc3f7fa8f" candidate_term: 1 candidate_status { last_received { term: 0 index: 0 } } ignore_live_leader: false dest_uuid: "90b9d65ddbce413a9e08c07f9caa2c21"
I20260710 11:03:57.779428 25675 raft_consensus.cc:3060] T ba4221bb56f947d8b24de5daecf73c10 P 90b9d65ddbce413a9e08c07f9caa2c21 [term 0 FOLLOWER]: Advancing to term 1
I20260710 11:03:57.779680 25676 tablet_service.cc:1917] Received RequestConsensusVote() RPC: tablet_id: "075f8664f1fc4248bebc73569037b3f9" candidate_uuid: "2de4dc28fc914953ba54c894cf840fb1" candidate_term: 1 candidate_status { last_received { term: 0 index: 0 } } ignore_live_leader: false dest_uuid: "90b9d65ddbce413a9e08c07f9caa2c21" is_pre_election: true
I20260710 11:03:57.781639 25802 leader_election.cc:290] T 075f8664f1fc4248bebc73569037b3f9 P 2de4dc28fc914953ba54c894cf840fb1 [CANDIDATE]: Term 1 pre-election: Requested pre-vote from peers 4087c4f6cb6d47ceabada49dc3f7fa8f (127.23.237.65:40631), 90b9d65ddbce413a9e08c07f9caa2c21 (127.23.237.66:34869)
I20260710 11:03:57.784821 25751 tablet_service.cc:1917] Received RequestConsensusVote() RPC: tablet_id: "ba4221bb56f947d8b24de5daecf73c10" candidate_uuid: "4087c4f6cb6d47ceabada49dc3f7fa8f" candidate_term: 1 candidate_status { last_received { term: 0 index: 0 } } ignore_live_leader: false dest_uuid: "2de4dc28fc914953ba54c894cf840fb1"
I20260710 11:03:57.785056 25793 tablet_bootstrap.cc:492] T dd57214ca1e84fb6a9d10726d872c049 P 4087c4f6cb6d47ceabada49dc3f7fa8f: No bootstrap required, opened a new log
I20260710 11:03:57.785375 25751 raft_consensus.cc:3060] T ba4221bb56f947d8b24de5daecf73c10 P 2de4dc28fc914953ba54c894cf840fb1 [term 0 FOLLOWER]: Advancing to term 1
I20260710 11:03:57.785506 25793 ts_tablet_manager.cc:1403] T dd57214ca1e84fb6a9d10726d872c049 P 4087c4f6cb6d47ceabada49dc3f7fa8f: Time spent bootstrapping tablet: real 0.178s	user 0.027s	sys 0.031s
I20260710 11:03:57.786798 25675 raft_consensus.cc:2468] T ba4221bb56f947d8b24de5daecf73c10 P 90b9d65ddbce413a9e08c07f9caa2c21 [term 1 FOLLOWER]: Leader election vote request: Granting yes vote for candidate 4087c4f6cb6d47ceabada49dc3f7fa8f in term 1.
I20260710 11:03:57.788038 25792 raft_consensus.cc:359] T 962a232b15bd4dcda6e8983e35680a9c P 90b9d65ddbce413a9e08c07f9caa2c21 [term 0 FOLLOWER]: Replica starting. Triggering 0 pending ops. Active config: opid_index: -1 OBSOLETE_local: false peers { permanent_uuid: "4087c4f6cb6d47ceabada49dc3f7fa8f" member_type: VOTER last_known_addr { host: "127.23.237.65" port: 40631 } } peers { permanent_uuid: "90b9d65ddbce413a9e08c07f9caa2c21" member_type: VOTER last_known_addr { host: "127.23.237.66" port: 34869 } } peers { permanent_uuid: "2de4dc28fc914953ba54c894cf840fb1" member_type: VOTER last_known_addr { host: "127.23.237.67" port: 42429 } }
I20260710 11:03:57.788100 25793 raft_consensus.cc:359] T dd57214ca1e84fb6a9d10726d872c049 P 4087c4f6cb6d47ceabada49dc3f7fa8f [term 0 FOLLOWER]: Replica starting. Triggering 0 pending ops. Active config: opid_index: -1 OBSOLETE_local: false peers { permanent_uuid: "4087c4f6cb6d47ceabada49dc3f7fa8f" member_type: VOTER last_known_addr { host: "127.23.237.65" port: 40631 } } peers { permanent_uuid: "90b9d65ddbce413a9e08c07f9caa2c21" member_type: VOTER last_known_addr { host: "127.23.237.66" port: 34869 } } peers { permanent_uuid: "2de4dc28fc914953ba54c894cf840fb1" member_type: VOTER last_known_addr { host: "127.23.237.67" port: 42429 } }
I20260710 11:03:57.788761 25792 raft_consensus.cc:385] T 962a232b15bd4dcda6e8983e35680a9c P 90b9d65ddbce413a9e08c07f9caa2c21 [term 0 FOLLOWER]: Consensus starting up: Expiring failure detector timer to make a prompt election more likely
I20260710 11:03:57.788869 25793 raft_consensus.cc:385] T dd57214ca1e84fb6a9d10726d872c049 P 4087c4f6cb6d47ceabada49dc3f7fa8f [term 0 FOLLOWER]: Consensus starting up: Expiring failure detector timer to make a prompt election more likely
I20260710 11:03:57.789085 25792 raft_consensus.cc:740] T 962a232b15bd4dcda6e8983e35680a9c P 90b9d65ddbce413a9e08c07f9caa2c21 [term 0 FOLLOWER]: Becoming Follower/Learner. State: Replica: 90b9d65ddbce413a9e08c07f9caa2c21, State: Initialized, Role: FOLLOWER
I20260710 11:03:57.789197 25793 raft_consensus.cc:740] T dd57214ca1e84fb6a9d10726d872c049 P 4087c4f6cb6d47ceabada49dc3f7fa8f [term 0 FOLLOWER]: Becoming Follower/Learner. State: Replica: 4087c4f6cb6d47ceabada49dc3f7fa8f, State: Initialized, Role: FOLLOWER
I20260710 11:03:57.789968 25793 consensus_queue.cc:260] T dd57214ca1e84fb6a9d10726d872c049 P 4087c4f6cb6d47ceabada49dc3f7fa8f [NON_LEADER]: Queue going to NON_LEADER mode. State: All replicated index: 0, Majority replicated index: 0, Committed index: 0, Last appended: 0.0, Last appended by leader: 0, Current term: 0, Majority size: -1, State: 0, Mode: NON_LEADER, active raft config: opid_index: -1 OBSOLETE_local: false peers { permanent_uuid: "4087c4f6cb6d47ceabada49dc3f7fa8f" member_type: VOTER last_known_addr { host: "127.23.237.65" port: 40631 } } peers { permanent_uuid: "90b9d65ddbce413a9e08c07f9caa2c21" member_type: VOTER last_known_addr { host: "127.23.237.66" port: 34869 } } peers { permanent_uuid: "2de4dc28fc914953ba54c894cf840fb1" member_type: VOTER last_known_addr { host: "127.23.237.67" port: 42429 } }
I20260710 11:03:57.791844 25751 raft_consensus.cc:2468] T ba4221bb56f947d8b24de5daecf73c10 P 2de4dc28fc914953ba54c894cf840fb1 [term 1 FOLLOWER]: Leader election vote request: Granting yes vote for candidate 4087c4f6cb6d47ceabada49dc3f7fa8f in term 1.
I20260710 11:03:57.792083 25598 tablet_service.cc:1917] Received RequestConsensusVote() RPC: tablet_id: "075f8664f1fc4248bebc73569037b3f9" candidate_uuid: "2de4dc28fc914953ba54c894cf840fb1" candidate_term: 1 candidate_status { last_received { term: 0 index: 0 } } ignore_live_leader: false dest_uuid: "4087c4f6cb6d47ceabada49dc3f7fa8f" is_pre_election: true
I20260710 11:03:57.792299 25793 ts_tablet_manager.cc:1434] T dd57214ca1e84fb6a9d10726d872c049 P 4087c4f6cb6d47ceabada49dc3f7fa8f: Time spent starting tablet: real 0.006s	user 0.007s	sys 0.000s
I20260710 11:03:57.792856 25598 raft_consensus.cc:2393] T 075f8664f1fc4248bebc73569037b3f9 P 4087c4f6cb6d47ceabada49dc3f7fa8f [term 1 FOLLOWER]: Leader pre-election vote request: Denying vote to candidate 2de4dc28fc914953ba54c894cf840fb1 in current term 1: Already voted for candidate 90b9d65ddbce413a9e08c07f9caa2c21 in this term.
I20260710 11:03:57.793164 25793 tablet_bootstrap.cc:492] T 36d27161b2c346a39d1495b68ac2e909 P 4087c4f6cb6d47ceabada49dc3f7fa8f: Bootstrap starting.
I20260710 11:03:57.793879 25715 leader_election.cc:304] T 075f8664f1fc4248bebc73569037b3f9 P 2de4dc28fc914953ba54c894cf840fb1 [CANDIDATE]: Term 1 pre-election: Election decided. Result: candidate lost. Election summary: received 3 responses out of 3 voters: 1 yes votes; 2 no votes. yes voters: 2de4dc28fc914953ba54c894cf840fb1; no voters: 4087c4f6cb6d47ceabada49dc3f7fa8f, 90b9d65ddbce413a9e08c07f9caa2c21
I20260710 11:03:57.794690 25802 raft_consensus.cc:3060] T 075f8664f1fc4248bebc73569037b3f9 P 2de4dc28fc914953ba54c894cf840fb1 [term 0 FOLLOWER]: Advancing to term 1
I20260710 11:03:57.795156 25792 consensus_queue.cc:260] T 962a232b15bd4dcda6e8983e35680a9c P 90b9d65ddbce413a9e08c07f9caa2c21 [NON_LEADER]: Queue going to NON_LEADER mode. State: All replicated index: 0, Majority replicated index: 0, Committed index: 0, Last appended: 0.0, Last appended by leader: 0, Current term: 0, Majority size: -1, State: 0, Mode: NON_LEADER, active raft config: opid_index: -1 OBSOLETE_local: false peers { permanent_uuid: "4087c4f6cb6d47ceabada49dc3f7fa8f" member_type: VOTER last_known_addr { host: "127.23.237.65" port: 40631 } } peers { permanent_uuid: "90b9d65ddbce413a9e08c07f9caa2c21" member_type: VOTER last_known_addr { host: "127.23.237.66" port: 34869 } } peers { permanent_uuid: "2de4dc28fc914953ba54c894cf840fb1" member_type: VOTER last_known_addr { host: "127.23.237.67" port: 42429 } }
I20260710 11:03:57.796728 25792 ts_tablet_manager.cc:1434] T 962a232b15bd4dcda6e8983e35680a9c P 90b9d65ddbce413a9e08c07f9caa2c21: Time spent starting tablet: real 0.020s	user 0.005s	sys 0.001s
I20260710 11:03:57.797596 25792 tablet_bootstrap.cc:492] T 9fc01cb6991849e3bf054ff1e729592a P 90b9d65ddbce413a9e08c07f9caa2c21: Bootstrap starting.
I20260710 11:03:57.801244 25802 raft_consensus.cc:2749] T 075f8664f1fc4248bebc73569037b3f9 P 2de4dc28fc914953ba54c894cf840fb1 [term 1 FOLLOWER]: Leader pre-election lost for term 1. Reason: could not achieve majority
I20260710 11:03:57.806051 25792 tablet_bootstrap.cc:654] T 9fc01cb6991849e3bf054ff1e729592a P 90b9d65ddbce413a9e08c07f9caa2c21: Neither blocks nor log segments found. Creating new log.
I20260710 11:03:57.806986 25793 tablet_bootstrap.cc:654] T 36d27161b2c346a39d1495b68ac2e909 P 4087c4f6cb6d47ceabada49dc3f7fa8f: Neither blocks nor log segments found. Creating new log.
I20260710 11:03:57.807593 25567 leader_election.cc:304] T ba4221bb56f947d8b24de5daecf73c10 P 4087c4f6cb6d47ceabada49dc3f7fa8f [CANDIDATE]: Term 1 election: Election decided. Result: candidate won. Election summary: received 2 responses out of 3 voters: 2 yes votes; 0 no votes. yes voters: 4087c4f6cb6d47ceabada49dc3f7fa8f, 90b9d65ddbce413a9e08c07f9caa2c21; no voters: 
I20260710 11:03:57.809244 25791 tablet_bootstrap.cc:654] T e34bc3b9b01b406d8751218df2c0d7ae P 2de4dc28fc914953ba54c894cf840fb1: Neither blocks nor log segments found. Creating new log.
I20260710 11:03:57.814045 25839 raft_consensus.cc:2804] T ba4221bb56f947d8b24de5daecf73c10 P 4087c4f6cb6d47ceabada49dc3f7fa8f [term 1 FOLLOWER]: Leader election won for term 1
I20260710 11:03:57.814546 25839 raft_consensus.cc:697] T ba4221bb56f947d8b24de5daecf73c10 P 4087c4f6cb6d47ceabada49dc3f7fa8f [term 1 LEADER]: Becoming Leader. State: Replica: 4087c4f6cb6d47ceabada49dc3f7fa8f, State: Running, Role: LEADER
I20260710 11:03:57.815383 25839 consensus_queue.cc:237] T ba4221bb56f947d8b24de5daecf73c10 P 4087c4f6cb6d47ceabada49dc3f7fa8f [LEADER]: Queue going to LEADER mode. State: All replicated index: 0, Majority replicated index: 0, Committed index: 0, Last appended: 0.0, Last appended by leader: 0, Current term: 1, Majority size: 2, State: 0, Mode: LEADER, active raft config: opid_index: -1 OBSOLETE_local: false peers { permanent_uuid: "4087c4f6cb6d47ceabada49dc3f7fa8f" member_type: VOTER last_known_addr { host: "127.23.237.65" port: 40631 } } peers { permanent_uuid: "90b9d65ddbce413a9e08c07f9caa2c21" member_type: VOTER last_known_addr { host: "127.23.237.66" port: 34869 } } peers { permanent_uuid: "2de4dc28fc914953ba54c894cf840fb1" member_type: VOTER last_known_addr { host: "127.23.237.67" port: 42429 } }
I20260710 11:03:57.828075 25791 tablet_bootstrap.cc:492] T e34bc3b9b01b406d8751218df2c0d7ae P 2de4dc28fc914953ba54c894cf840fb1: No bootstrap required, opened a new log
I20260710 11:03:57.828655 25791 ts_tablet_manager.cc:1403] T e34bc3b9b01b406d8751218df2c0d7ae P 2de4dc28fc914953ba54c894cf840fb1: Time spent bootstrapping tablet: real 0.101s	user 0.012s	sys 0.000s
I20260710 11:03:57.832324 25802 raft_consensus.cc:493] T d7fd12064c47436db81083886fe19aca P 2de4dc28fc914953ba54c894cf840fb1 [term 0 FOLLOWER]: Starting pre-election (no leader contacted us within the election timeout)
I20260710 11:03:57.832986 25802 raft_consensus.cc:515] T d7fd12064c47436db81083886fe19aca P 2de4dc28fc914953ba54c894cf840fb1 [term 0 FOLLOWER]: Starting pre-election with config: opid_index: -1 OBSOLETE_local: false peers { permanent_uuid: "4087c4f6cb6d47ceabada49dc3f7fa8f" member_type: VOTER last_known_addr { host: "127.23.237.65" port: 40631 } } peers { permanent_uuid: "90b9d65ddbce413a9e08c07f9caa2c21" member_type: VOTER last_known_addr { host: "127.23.237.66" port: 34869 } } peers { permanent_uuid: "2de4dc28fc914953ba54c894cf840fb1" member_type: VOTER last_known_addr { host: "127.23.237.67" port: 42429 } }
I20260710 11:03:57.832046 25791 raft_consensus.cc:359] T e34bc3b9b01b406d8751218df2c0d7ae P 2de4dc28fc914953ba54c894cf840fb1 [term 0 FOLLOWER]: Replica starting. Triggering 0 pending ops. Active config: opid_index: -1 OBSOLETE_local: false peers { permanent_uuid: "4087c4f6cb6d47ceabada49dc3f7fa8f" member_type: VOTER last_known_addr { host: "127.23.237.65" port: 40631 } } peers { permanent_uuid: "90b9d65ddbce413a9e08c07f9caa2c21" member_type: VOTER last_known_addr { host: "127.23.237.66" port: 34869 } } peers { permanent_uuid: "2de4dc28fc914953ba54c894cf840fb1" member_type: VOTER last_known_addr { host: "127.23.237.67" port: 42429 } }
I20260710 11:03:57.835808 25791 raft_consensus.cc:385] T e34bc3b9b01b406d8751218df2c0d7ae P 2de4dc28fc914953ba54c894cf840fb1 [term 0 FOLLOWER]: Consensus starting up: Expiring failure detector timer to make a prompt election more likely
I20260710 11:03:57.836166 25791 raft_consensus.cc:740] T e34bc3b9b01b406d8751218df2c0d7ae P 2de4dc28fc914953ba54c894cf840fb1 [term 0 FOLLOWER]: Becoming Follower/Learner. State: Replica: 2de4dc28fc914953ba54c894cf840fb1, State: Initialized, Role: FOLLOWER
I20260710 11:03:57.837167 25792 tablet_bootstrap.cc:492] T 9fc01cb6991849e3bf054ff1e729592a P 90b9d65ddbce413a9e08c07f9caa2c21: No bootstrap required, opened a new log
I20260710 11:03:57.836947 25675 tablet_service.cc:1917] Received RequestConsensusVote() RPC: tablet_id: "d7fd12064c47436db81083886fe19aca" candidate_uuid: "2de4dc28fc914953ba54c894cf840fb1" candidate_term: 1 candidate_status { last_received { term: 0 index: 0 } } ignore_live_leader: false dest_uuid: "90b9d65ddbce413a9e08c07f9caa2c21" is_pre_election: true
I20260710 11:03:57.836907 25791 consensus_queue.cc:260] T e34bc3b9b01b406d8751218df2c0d7ae P 2de4dc28fc914953ba54c894cf840fb1 [NON_LEADER]: Queue going to NON_LEADER mode. State: All replicated index: 0, Majority replicated index: 0, Committed index: 0, Last appended: 0.0, Last appended by leader: 0, Current term: 0, Majority size: -1, State: 0, Mode: NON_LEADER, active raft config: opid_index: -1 OBSOLETE_local: false peers { permanent_uuid: "4087c4f6cb6d47ceabada49dc3f7fa8f" member_type: VOTER last_known_addr { host: "127.23.237.65" port: 40631 } } peers { permanent_uuid: "90b9d65ddbce413a9e08c07f9caa2c21" member_type: VOTER last_known_addr { host: "127.23.237.66" port: 34869 } } peers { permanent_uuid: "2de4dc28fc914953ba54c894cf840fb1" member_type: VOTER last_known_addr { host: "127.23.237.67" port: 42429 } }
I20260710 11:03:57.836943 25793 tablet_bootstrap.cc:492] T 36d27161b2c346a39d1495b68ac2e909 P 4087c4f6cb6d47ceabada49dc3f7fa8f: No bootstrap required, opened a new log
I20260710 11:03:57.837683 25675 raft_consensus.cc:2468] T d7fd12064c47436db81083886fe19aca P 90b9d65ddbce413a9e08c07f9caa2c21 [term 0 FOLLOWER]: Leader pre-election vote request: Granting yes vote for candidate 2de4dc28fc914953ba54c894cf840fb1 in term 0.
I20260710 11:03:57.838208 25793 ts_tablet_manager.cc:1403] T 36d27161b2c346a39d1495b68ac2e909 P 4087c4f6cb6d47ceabada49dc3f7fa8f: Time spent bootstrapping tablet: real 0.045s	user 0.022s	sys 0.014s
I20260710 11:03:57.838027 25598 tablet_service.cc:1917] Received RequestConsensusVote() RPC: tablet_id: "d7fd12064c47436db81083886fe19aca" candidate_uuid: "2de4dc28fc914953ba54c894cf840fb1" candidate_term: 1 candidate_status { last_received { term: 0 index: 0 } } ignore_live_leader: false dest_uuid: "4087c4f6cb6d47ceabada49dc3f7fa8f" is_pre_election: true
I20260710 11:03:57.838701 25598 raft_consensus.cc:2468] T d7fd12064c47436db81083886fe19aca P 4087c4f6cb6d47ceabada49dc3f7fa8f [term 0 FOLLOWER]: Leader pre-election vote request: Granting yes vote for candidate 2de4dc28fc914953ba54c894cf840fb1 in term 0.
I20260710 11:03:57.837579 25792 ts_tablet_manager.cc:1403] T 9fc01cb6991849e3bf054ff1e729592a P 90b9d65ddbce413a9e08c07f9caa2c21: Time spent bootstrapping tablet: real 0.040s	user 0.020s	sys 0.004s
I20260710 11:03:57.840672 25793 raft_consensus.cc:359] T 36d27161b2c346a39d1495b68ac2e909 P 4087c4f6cb6d47ceabada49dc3f7fa8f [term 0 FOLLOWER]: Replica starting. Triggering 0 pending ops. Active config: opid_index: -1 OBSOLETE_local: false peers { permanent_uuid: "4087c4f6cb6d47ceabada49dc3f7fa8f" member_type: VOTER last_known_addr { host: "127.23.237.65" port: 40631 } } peers { permanent_uuid: "90b9d65ddbce413a9e08c07f9caa2c21" member_type: VOTER last_known_addr { host: "127.23.237.66" port: 34869 } } peers { permanent_uuid: "2de4dc28fc914953ba54c894cf840fb1" member_type: VOTER last_known_addr { host: "127.23.237.67" port: 42429 } }
I20260710 11:03:57.841315 25793 raft_consensus.cc:385] T 36d27161b2c346a39d1495b68ac2e909 P 4087c4f6cb6d47ceabada49dc3f7fa8f [term 0 FOLLOWER]: Consensus starting up: Expiring failure detector timer to make a prompt election more likely
I20260710 11:03:57.841578 25793 raft_consensus.cc:740] T 36d27161b2c346a39d1495b68ac2e909 P 4087c4f6cb6d47ceabada49dc3f7fa8f [term 0 FOLLOWER]: Becoming Follower/Learner. State: Replica: 4087c4f6cb6d47ceabada49dc3f7fa8f, State: Initialized, Role: FOLLOWER
I20260710 11:03:57.842290 25791 ts_tablet_manager.cc:1434] T e34bc3b9b01b406d8751218df2c0d7ae P 2de4dc28fc914953ba54c894cf840fb1: Time spent starting tablet: real 0.013s	user 0.009s	sys 0.000s
I20260710 11:03:57.843119 25792 raft_consensus.cc:359] T 9fc01cb6991849e3bf054ff1e729592a P 90b9d65ddbce413a9e08c07f9caa2c21 [term 0 FOLLOWER]: Replica starting. Triggering 0 pending ops. Active config: opid_index: -1 OBSOLETE_local: false peers { permanent_uuid: "4087c4f6cb6d47ceabada49dc3f7fa8f" member_type: VOTER last_known_addr { host: "127.23.237.65" port: 40631 } } peers { permanent_uuid: "90b9d65ddbce413a9e08c07f9caa2c21" member_type: VOTER last_known_addr { host: "127.23.237.66" port: 34869 } } peers { permanent_uuid: "2de4dc28fc914953ba54c894cf840fb1" member_type: VOTER last_known_addr { host: "127.23.237.67" port: 42429 } }
I20260710 11:03:57.842304 25793 consensus_queue.cc:260] T 36d27161b2c346a39d1495b68ac2e909 P 4087c4f6cb6d47ceabada49dc3f7fa8f [NON_LEADER]: Queue going to NON_LEADER mode. State: All replicated index: 0, Majority replicated index: 0, Committed index: 0, Last appended: 0.0, Last appended by leader: 0, Current term: 0, Majority size: -1, State: 0, Mode: NON_LEADER, active raft config: opid_index: -1 OBSOLETE_local: false peers { permanent_uuid: "4087c4f6cb6d47ceabada49dc3f7fa8f" member_type: VOTER last_known_addr { host: "127.23.237.65" port: 40631 } } peers { permanent_uuid: "90b9d65ddbce413a9e08c07f9caa2c21" member_type: VOTER last_known_addr { host: "127.23.237.66" port: 34869 } } peers { permanent_uuid: "2de4dc28fc914953ba54c894cf840fb1" member_type: VOTER last_known_addr { host: "127.23.237.67" port: 42429 } }
I20260710 11:03:57.843811 25792 raft_consensus.cc:385] T 9fc01cb6991849e3bf054ff1e729592a P 90b9d65ddbce413a9e08c07f9caa2c21 [term 0 FOLLOWER]: Consensus starting up: Expiring failure detector timer to make a prompt election more likely
I20260710 11:03:57.844121 25792 raft_consensus.cc:740] T 9fc01cb6991849e3bf054ff1e729592a P 90b9d65ddbce413a9e08c07f9caa2c21 [term 0 FOLLOWER]: Becoming Follower/Learner. State: Replica: 90b9d65ddbce413a9e08c07f9caa2c21, State: Initialized, Role: FOLLOWER
I20260710 11:03:57.844880 25792 consensus_queue.cc:260] T 9fc01cb6991849e3bf054ff1e729592a P 90b9d65ddbce413a9e08c07f9caa2c21 [NON_LEADER]: Queue going to NON_LEADER mode. State: All replicated index: 0, Majority replicated index: 0, Committed index: 0, Last appended: 0.0, Last appended by leader: 0, Current term: 0, Majority size: -1, State: 0, Mode: NON_LEADER, active raft config: opid_index: -1 OBSOLETE_local: false peers { permanent_uuid: "4087c4f6cb6d47ceabada49dc3f7fa8f" member_type: VOTER last_known_addr { host: "127.23.237.65" port: 40631 } } peers { permanent_uuid: "90b9d65ddbce413a9e08c07f9caa2c21" member_type: VOTER last_known_addr { host: "127.23.237.66" port: 34869 } } peers { permanent_uuid: "2de4dc28fc914953ba54c894cf840fb1" member_type: VOTER last_known_addr { host: "127.23.237.67" port: 42429 } }
I20260710 11:03:57.844273 25791 tablet_bootstrap.cc:492] T 349c0d3da1cd40ea8cb9c91e7221375f P 2de4dc28fc914953ba54c894cf840fb1: Bootstrap starting.
I20260710 11:03:57.846239 25887 consensus_queue.cc:1048] T 075f8664f1fc4248bebc73569037b3f9 P 90b9d65ddbce413a9e08c07f9caa2c21 [LEADER]: Connected to new peer: Peer: permanent_uuid: "4087c4f6cb6d47ceabada49dc3f7fa8f" member_type: VOTER last_known_addr { host: "127.23.237.65" port: 40631 }, Status: LMP_MISMATCH, Last received: 0.0, Next index: 1, Last known committed idx: 0, Time since last communication: 0.000s
I20260710 11:03:57.846882 25792 ts_tablet_manager.cc:1434] T 9fc01cb6991849e3bf054ff1e729592a P 90b9d65ddbce413a9e08c07f9caa2c21: Time spent starting tablet: real 0.007s	user 0.005s	sys 0.000s
I20260710 11:03:57.847770 25793 ts_tablet_manager.cc:1434] T 36d27161b2c346a39d1495b68ac2e909 P 4087c4f6cb6d47ceabada49dc3f7fa8f: Time spent starting tablet: real 0.009s	user 0.005s	sys 0.001s
I20260710 11:03:57.838992 25716 leader_election.cc:304] T d7fd12064c47436db81083886fe19aca P 2de4dc28fc914953ba54c894cf840fb1 [CANDIDATE]: Term 1 pre-election: Election decided. Result: candidate won. Election summary: received 2 responses out of 3 voters: 2 yes votes; 0 no votes. yes voters: 2de4dc28fc914953ba54c894cf840fb1, 90b9d65ddbce413a9e08c07f9caa2c21; no voters: 
I20260710 11:03:57.853632 25804 raft_consensus.cc:2804] T d7fd12064c47436db81083886fe19aca P 2de4dc28fc914953ba54c894cf840fb1 [term 0 FOLLOWER]: Leader pre-election won for term 1
I20260710 11:03:57.853960 25804 raft_consensus.cc:493] T d7fd12064c47436db81083886fe19aca P 2de4dc28fc914953ba54c894cf840fb1 [term 0 FOLLOWER]: Starting leader election (no leader contacted us within the election timeout)
I20260710 11:03:57.854013 25793 tablet_bootstrap.cc:492] T a6e7b28d09a34dd091a49762a84c4286 P 4087c4f6cb6d47ceabada49dc3f7fa8f: Bootstrap starting.
I20260710 11:03:57.854276 25804 raft_consensus.cc:3060] T d7fd12064c47436db81083886fe19aca P 2de4dc28fc914953ba54c894cf840fb1 [term 0 FOLLOWER]: Advancing to term 1
I20260710 11:03:57.835825 25802 leader_election.cc:290] T d7fd12064c47436db81083886fe19aca P 2de4dc28fc914953ba54c894cf840fb1 [CANDIDATE]: Term 1 pre-election: Requested pre-vote from peers 4087c4f6cb6d47ceabada49dc3f7fa8f (127.23.237.65:40631), 90b9d65ddbce413a9e08c07f9caa2c21 (127.23.237.66:34869)
I20260710 11:03:57.860306 25793 tablet_bootstrap.cc:654] T a6e7b28d09a34dd091a49762a84c4286 P 4087c4f6cb6d47ceabada49dc3f7fa8f: Neither blocks nor log segments found. Creating new log.
I20260710 11:03:57.861619 25804 raft_consensus.cc:515] T d7fd12064c47436db81083886fe19aca P 2de4dc28fc914953ba54c894cf840fb1 [term 1 FOLLOWER]: Starting leader election with config: opid_index: -1 OBSOLETE_local: false peers { permanent_uuid: "4087c4f6cb6d47ceabada49dc3f7fa8f" member_type: VOTER last_known_addr { host: "127.23.237.65" port: 40631 } } peers { permanent_uuid: "90b9d65ddbce413a9e08c07f9caa2c21" member_type: VOTER last_known_addr { host: "127.23.237.66" port: 34869 } } peers { permanent_uuid: "2de4dc28fc914953ba54c894cf840fb1" member_type: VOTER last_known_addr { host: "127.23.237.67" port: 42429 } }
I20260710 11:03:57.847798 25792 tablet_bootstrap.cc:492] T a6e7b28d09a34dd091a49762a84c4286 P 90b9d65ddbce413a9e08c07f9caa2c21: Bootstrap starting.
I20260710 11:03:57.860251 25498 catalog_manager.cc:5697] T ba4221bb56f947d8b24de5daecf73c10 P 4087c4f6cb6d47ceabada49dc3f7fa8f reported cstate change: term changed from 0 to 1, leader changed from <none> to 4087c4f6cb6d47ceabada49dc3f7fa8f (127.23.237.65). New cstate: current_term: 1 leader_uuid: "4087c4f6cb6d47ceabada49dc3f7fa8f" committed_config { opid_index: -1 OBSOLETE_local: false peers { permanent_uuid: "4087c4f6cb6d47ceabada49dc3f7fa8f" member_type: VOTER last_known_addr { host: "127.23.237.65" port: 40631 } health_report { overall_health: HEALTHY } } peers { permanent_uuid: "90b9d65ddbce413a9e08c07f9caa2c21" member_type: VOTER last_known_addr { host: "127.23.237.66" port: 34869 } health_report { overall_health: UNKNOWN } } peers { permanent_uuid: "2de4dc28fc914953ba54c894cf840fb1" member_type: VOTER last_known_addr { host: "127.23.237.67" port: 42429 } health_report { overall_health: UNKNOWN } } }
I20260710 11:03:57.868897 25792 tablet_bootstrap.cc:654] T a6e7b28d09a34dd091a49762a84c4286 P 90b9d65ddbce413a9e08c07f9caa2c21: Neither blocks nor log segments found. Creating new log.
I20260710 11:03:57.852924 25791 tablet_bootstrap.cc:654] T 349c0d3da1cd40ea8cb9c91e7221375f P 2de4dc28fc914953ba54c894cf840fb1: Neither blocks nor log segments found. Creating new log.
I20260710 11:03:57.876385 25675 tablet_service.cc:1917] Received RequestConsensusVote() RPC: tablet_id: "d7fd12064c47436db81083886fe19aca" candidate_uuid: "2de4dc28fc914953ba54c894cf840fb1" candidate_term: 1 candidate_status { last_received { term: 0 index: 0 } } ignore_live_leader: false dest_uuid: "90b9d65ddbce413a9e08c07f9caa2c21"
I20260710 11:03:57.877014 25675 raft_consensus.cc:3060] T d7fd12064c47436db81083886fe19aca P 90b9d65ddbce413a9e08c07f9caa2c21 [term 0 FOLLOWER]: Advancing to term 1
I20260710 11:03:57.881662 25599 tablet_service.cc:1917] Received RequestConsensusVote() RPC: tablet_id: "d7fd12064c47436db81083886fe19aca" candidate_uuid: "2de4dc28fc914953ba54c894cf840fb1" candidate_term: 1 candidate_status { last_received { term: 0 index: 0 } } ignore_live_leader: false dest_uuid: "4087c4f6cb6d47ceabada49dc3f7fa8f"
I20260710 11:03:57.882475 25599 raft_consensus.cc:3060] T d7fd12064c47436db81083886fe19aca P 4087c4f6cb6d47ceabada49dc3f7fa8f [term 0 FOLLOWER]: Advancing to term 1
I20260710 11:03:57.884115 25675 raft_consensus.cc:2468] T d7fd12064c47436db81083886fe19aca P 90b9d65ddbce413a9e08c07f9caa2c21 [term 1 FOLLOWER]: Leader election vote request: Granting yes vote for candidate 2de4dc28fc914953ba54c894cf840fb1 in term 1.
I20260710 11:03:57.890148 25716 leader_election.cc:304] T d7fd12064c47436db81083886fe19aca P 2de4dc28fc914953ba54c894cf840fb1 [CANDIDATE]: Term 1 election: Election decided. Result: candidate won. Election summary: received 2 responses out of 3 voters: 2 yes votes; 0 no votes. yes voters: 2de4dc28fc914953ba54c894cf840fb1, 90b9d65ddbce413a9e08c07f9caa2c21; no voters: 
I20260710 11:03:57.891258 25802 raft_consensus.cc:2804] T d7fd12064c47436db81083886fe19aca P 2de4dc28fc914953ba54c894cf840fb1 [term 1 FOLLOWER]: Leader election won for term 1
I20260710 11:03:57.892668 25802 raft_consensus.cc:697] T d7fd12064c47436db81083886fe19aca P 2de4dc28fc914953ba54c894cf840fb1 [term 1 LEADER]: Becoming Leader. State: Replica: 2de4dc28fc914953ba54c894cf840fb1, State: Running, Role: LEADER
I20260710 11:03:57.893853 25599 raft_consensus.cc:2468] T d7fd12064c47436db81083886fe19aca P 4087c4f6cb6d47ceabada49dc3f7fa8f [term 1 FOLLOWER]: Leader election vote request: Granting yes vote for candidate 2de4dc28fc914953ba54c894cf840fb1 in term 1.
I20260710 11:03:57.893764 25802 consensus_queue.cc:237] T d7fd12064c47436db81083886fe19aca P 2de4dc28fc914953ba54c894cf840fb1 [LEADER]: Queue going to LEADER mode. State: All replicated index: 0, Majority replicated index: 0, Committed index: 0, Last appended: 0.0, Last appended by leader: 0, Current term: 1, Majority size: 2, State: 0, Mode: LEADER, active raft config: opid_index: -1 OBSOLETE_local: false peers { permanent_uuid: "4087c4f6cb6d47ceabada49dc3f7fa8f" member_type: VOTER last_known_addr { host: "127.23.237.65" port: 40631 } } peers { permanent_uuid: "90b9d65ddbce413a9e08c07f9caa2c21" member_type: VOTER last_known_addr { host: "127.23.237.66" port: 34869 } } peers { permanent_uuid: "2de4dc28fc914953ba54c894cf840fb1" member_type: VOTER last_known_addr { host: "127.23.237.67" port: 42429 } }
I20260710 11:03:57.874228 25804 leader_election.cc:290] T d7fd12064c47436db81083886fe19aca P 2de4dc28fc914953ba54c894cf840fb1 [CANDIDATE]: Term 1 election: Requested vote from peers 4087c4f6cb6d47ceabada49dc3f7fa8f (127.23.237.65:40631), 90b9d65ddbce413a9e08c07f9caa2c21 (127.23.237.66:34869)
I20260710 11:03:57.887351 25887 consensus_queue.cc:1048] T 075f8664f1fc4248bebc73569037b3f9 P 90b9d65ddbce413a9e08c07f9caa2c21 [LEADER]: Connected to new peer: Peer: permanent_uuid: "2de4dc28fc914953ba54c894cf840fb1" member_type: VOTER last_known_addr { host: "127.23.237.67" port: 42429 }, Status: LMP_MISMATCH, Last received: 0.0, Next index: 1, Last known committed idx: 0, Time since last communication: 0.001s
W20260710 11:03:57.900808 25548 auto_rebalancer.cc:288] Could not retrieve cluster info: Service unavailable: Tablet not running
I20260710 11:03:57.919401 25499 catalog_manager.cc:5697] T d7fd12064c47436db81083886fe19aca P 2de4dc28fc914953ba54c894cf840fb1 reported cstate change: term changed from 0 to 1, leader changed from <none> to 2de4dc28fc914953ba54c894cf840fb1 (127.23.237.67). New cstate: current_term: 1 leader_uuid: "2de4dc28fc914953ba54c894cf840fb1" committed_config { opid_index: -1 OBSOLETE_local: false peers { permanent_uuid: "4087c4f6cb6d47ceabada49dc3f7fa8f" member_type: VOTER last_known_addr { host: "127.23.237.65" port: 40631 } health_report { overall_health: UNKNOWN } } peers { permanent_uuid: "90b9d65ddbce413a9e08c07f9caa2c21" member_type: VOTER last_known_addr { host: "127.23.237.66" port: 34869 } health_report { overall_health: UNKNOWN } } peers { permanent_uuid: "2de4dc28fc914953ba54c894cf840fb1" member_type: VOTER last_known_addr { host: "127.23.237.67" port: 42429 } health_report { overall_health: HEALTHY } } }
I20260710 11:03:57.929786 25887 raft_consensus.cc:493] T 9fc01cb6991849e3bf054ff1e729592a P 90b9d65ddbce413a9e08c07f9caa2c21 [term 0 FOLLOWER]: Starting pre-election (no leader contacted us within the election timeout)
I20260710 11:03:57.930300 25887 raft_consensus.cc:515] T 9fc01cb6991849e3bf054ff1e729592a P 90b9d65ddbce413a9e08c07f9caa2c21 [term 0 FOLLOWER]: Starting pre-election with config: opid_index: -1 OBSOLETE_local: false peers { permanent_uuid: "4087c4f6cb6d47ceabada49dc3f7fa8f" member_type: VOTER last_known_addr { host: "127.23.237.65" port: 40631 } } peers { permanent_uuid: "90b9d65ddbce413a9e08c07f9caa2c21" member_type: VOTER last_known_addr { host: "127.23.237.66" port: 34869 } } peers { permanent_uuid: "2de4dc28fc914953ba54c894cf840fb1" member_type: VOTER last_known_addr { host: "127.23.237.67" port: 42429 } }
I20260710 11:03:57.933225 25887 leader_election.cc:290] T 9fc01cb6991849e3bf054ff1e729592a P 90b9d65ddbce413a9e08c07f9caa2c21 [CANDIDATE]: Term 1 pre-election: Requested pre-vote from peers 4087c4f6cb6d47ceabada49dc3f7fa8f (127.23.237.65:40631), 2de4dc28fc914953ba54c894cf840fb1 (127.23.237.67:42429)
I20260710 11:03:57.933668 25751 tablet_service.cc:1917] Received RequestConsensusVote() RPC: tablet_id: "9fc01cb6991849e3bf054ff1e729592a" candidate_uuid: "90b9d65ddbce413a9e08c07f9caa2c21" candidate_term: 1 candidate_status { last_received { term: 0 index: 0 } } ignore_live_leader: false dest_uuid: "2de4dc28fc914953ba54c894cf840fb1" is_pre_election: true
I20260710 11:03:57.934273 25599 tablet_service.cc:1917] Received RequestConsensusVote() RPC: tablet_id: "9fc01cb6991849e3bf054ff1e729592a" candidate_uuid: "90b9d65ddbce413a9e08c07f9caa2c21" candidate_term: 1 candidate_status { last_received { term: 0 index: 0 } } ignore_live_leader: false dest_uuid: "4087c4f6cb6d47ceabada49dc3f7fa8f" is_pre_election: true
I20260710 11:03:57.934669 25792 tablet_bootstrap.cc:492] T a6e7b28d09a34dd091a49762a84c4286 P 90b9d65ddbce413a9e08c07f9caa2c21: No bootstrap required, opened a new log
I20260710 11:03:57.934973 25793 tablet_bootstrap.cc:492] T a6e7b28d09a34dd091a49762a84c4286 P 4087c4f6cb6d47ceabada49dc3f7fa8f: No bootstrap required, opened a new log
I20260710 11:03:57.935073 25792 ts_tablet_manager.cc:1403] T a6e7b28d09a34dd091a49762a84c4286 P 90b9d65ddbce413a9e08c07f9caa2c21: Time spent bootstrapping tablet: real 0.087s	user 0.007s	sys 0.012s
I20260710 11:03:57.935433 25793 ts_tablet_manager.cc:1403] T a6e7b28d09a34dd091a49762a84c4286 P 4087c4f6cb6d47ceabada49dc3f7fa8f: Time spent bootstrapping tablet: real 0.082s	user 0.030s	sys 0.041s
I20260710 11:03:57.936566 25641 leader_election.cc:304] T 9fc01cb6991849e3bf054ff1e729592a P 90b9d65ddbce413a9e08c07f9caa2c21 [CANDIDATE]: Term 1 pre-election: Election decided. Result: candidate lost. Election summary: received 3 responses out of 3 voters: 1 yes votes; 2 no votes. yes voters: 90b9d65ddbce413a9e08c07f9caa2c21; no voters: 2de4dc28fc914953ba54c894cf840fb1, 4087c4f6cb6d47ceabada49dc3f7fa8f
I20260710 11:03:57.937579 25887 raft_consensus.cc:2749] T 9fc01cb6991849e3bf054ff1e729592a P 90b9d65ddbce413a9e08c07f9caa2c21 [term 0 FOLLOWER]: Leader pre-election lost for term 1. Reason: could not achieve majority
I20260710 11:03:57.937639 25792 raft_consensus.cc:359] T a6e7b28d09a34dd091a49762a84c4286 P 90b9d65ddbce413a9e08c07f9caa2c21 [term 0 FOLLOWER]: Replica starting. Triggering 0 pending ops. Active config: opid_index: -1 OBSOLETE_local: false peers { permanent_uuid: "4087c4f6cb6d47ceabada49dc3f7fa8f" member_type: VOTER last_known_addr { host: "127.23.237.65" port: 40631 } } peers { permanent_uuid: "90b9d65ddbce413a9e08c07f9caa2c21" member_type: VOTER last_known_addr { host: "127.23.237.66" port: 34869 } } peers { permanent_uuid: "2de4dc28fc914953ba54c894cf840fb1" member_type: VOTER last_known_addr { host: "127.23.237.67" port: 42429 } }
I20260710 11:03:57.938318 25792 raft_consensus.cc:385] T a6e7b28d09a34dd091a49762a84c4286 P 90b9d65ddbce413a9e08c07f9caa2c21 [term 0 FOLLOWER]: Consensus starting up: Expiring failure detector timer to make a prompt election more likely
I20260710 11:03:57.938395 25839 raft_consensus.cc:493] T dd57214ca1e84fb6a9d10726d872c049 P 4087c4f6cb6d47ceabada49dc3f7fa8f [term 0 FOLLOWER]: Starting pre-election (no leader contacted us within the election timeout)
I20260710 11:03:57.938124 25793 raft_consensus.cc:359] T a6e7b28d09a34dd091a49762a84c4286 P 4087c4f6cb6d47ceabada49dc3f7fa8f [term 0 FOLLOWER]: Replica starting. Triggering 0 pending ops. Active config: opid_index: -1 OBSOLETE_local: false peers { permanent_uuid: "4087c4f6cb6d47ceabada49dc3f7fa8f" member_type: VOTER last_known_addr { host: "127.23.237.65" port: 40631 } } peers { permanent_uuid: "90b9d65ddbce413a9e08c07f9caa2c21" member_type: VOTER last_known_addr { host: "127.23.237.66" port: 34869 } } peers { permanent_uuid: "2de4dc28fc914953ba54c894cf840fb1" member_type: VOTER last_known_addr { host: "127.23.237.67" port: 42429 } }
I20260710 11:03:57.939093 25793 raft_consensus.cc:385] T a6e7b28d09a34dd091a49762a84c4286 P 4087c4f6cb6d47ceabada49dc3f7fa8f [term 0 FOLLOWER]: Consensus starting up: Expiring failure detector timer to make a prompt election more likely
I20260710 11:03:57.938880 25839 raft_consensus.cc:515] T dd57214ca1e84fb6a9d10726d872c049 P 4087c4f6cb6d47ceabada49dc3f7fa8f [term 0 FOLLOWER]: Starting pre-election with config: opid_index: -1 OBSOLETE_local: false peers { permanent_uuid: "4087c4f6cb6d47ceabada49dc3f7fa8f" member_type: VOTER last_known_addr { host: "127.23.237.65" port: 40631 } } peers { permanent_uuid: "90b9d65ddbce413a9e08c07f9caa2c21" member_type: VOTER last_known_addr { host: "127.23.237.66" port: 34869 } } peers { permanent_uuid: "2de4dc28fc914953ba54c894cf840fb1" member_type: VOTER last_known_addr { host: "127.23.237.67" port: 42429 } }
I20260710 11:03:57.939487 25793 raft_consensus.cc:740] T a6e7b28d09a34dd091a49762a84c4286 P 4087c4f6cb6d47ceabada49dc3f7fa8f [term 0 FOLLOWER]: Becoming Follower/Learner. State: Replica: 4087c4f6cb6d47ceabada49dc3f7fa8f, State: Initialized, Role: FOLLOWER
I20260710 11:03:57.938692 25792 raft_consensus.cc:740] T a6e7b28d09a34dd091a49762a84c4286 P 90b9d65ddbce413a9e08c07f9caa2c21 [term 0 FOLLOWER]: Becoming Follower/Learner. State: Replica: 90b9d65ddbce413a9e08c07f9caa2c21, State: Initialized, Role: FOLLOWER
I20260710 11:03:57.940411 25793 consensus_queue.cc:260] T a6e7b28d09a34dd091a49762a84c4286 P 4087c4f6cb6d47ceabada49dc3f7fa8f [NON_LEADER]: Queue going to NON_LEADER mode. State: All replicated index: 0, Majority replicated index: 0, Committed index: 0, Last appended: 0.0, Last appended by leader: 0, Current term: 0, Majority size: -1, State: 0, Mode: NON_LEADER, active raft config: opid_index: -1 OBSOLETE_local: false peers { permanent_uuid: "4087c4f6cb6d47ceabada49dc3f7fa8f" member_type: VOTER last_known_addr { host: "127.23.237.65" port: 40631 } } peers { permanent_uuid: "90b9d65ddbce413a9e08c07f9caa2c21" member_type: VOTER last_known_addr { host: "127.23.237.66" port: 34869 } } peers { permanent_uuid: "2de4dc28fc914953ba54c894cf840fb1" member_type: VOTER last_known_addr { host: "127.23.237.67" port: 42429 } }
I20260710 11:03:57.940901 25839 leader_election.cc:290] T dd57214ca1e84fb6a9d10726d872c049 P 4087c4f6cb6d47ceabada49dc3f7fa8f [CANDIDATE]: Term 1 pre-election: Requested pre-vote from peers 90b9d65ddbce413a9e08c07f9caa2c21 (127.23.237.66:34869), 2de4dc28fc914953ba54c894cf840fb1 (127.23.237.67:42429)
I20260710 11:03:57.941740 25791 tablet_bootstrap.cc:492] T 349c0d3da1cd40ea8cb9c91e7221375f P 2de4dc28fc914953ba54c894cf840fb1: No bootstrap required, opened a new log
I20260710 11:03:57.942202 25791 ts_tablet_manager.cc:1403] T 349c0d3da1cd40ea8cb9c91e7221375f P 2de4dc28fc914953ba54c894cf840fb1: Time spent bootstrapping tablet: real 0.098s	user 0.015s	sys 0.003s
I20260710 11:03:57.942744 25793 ts_tablet_manager.cc:1434] T a6e7b28d09a34dd091a49762a84c4286 P 4087c4f6cb6d47ceabada49dc3f7fa8f: Time spent starting tablet: real 0.007s	user 0.007s	sys 0.000s
I20260710 11:03:57.943694 25793 tablet_bootstrap.cc:492] T 8a34f0ede327445aa7994352a6ddce35 P 4087c4f6cb6d47ceabada49dc3f7fa8f: Bootstrap starting.
