I20260710 11:03:59.342182 13134 raft_consensus.cc:2393] T f8d60878d81e4f43926fb6c7331ba498 P bd1591e8373a421c97a998097172cd4e [term 1 FOLLOWER]: Leader pre-election vote request: Denying vote to candidate 489ec3daa263474ea85b5ee74d66956c in current term 1: Already voted for candidate 5089d1a749b34bccb473edb21dbb0519 in this term.
I20260710 11:03:59.346289 13023 leader_election.cc:304] T f8d60878d81e4f43926fb6c7331ba498 P 489ec3daa263474ea85b5ee74d66956c [CANDIDATE]: Term 1 pre-election: Election decided. Result: candidate lost. Election summary: received 3 responses out of 3 voters: 1 yes votes; 2 no votes. yes voters: 489ec3daa263474ea85b5ee74d66956c; no voters: 5089d1a749b34bccb473edb21dbb0519, bd1591e8373a421c97a998097172cd4e
I20260710 11:03:59.352851 13322 raft_consensus.cc:3060] T f8d60878d81e4f43926fb6c7331ba498 P 489ec3daa263474ea85b5ee74d66956c [term 0 FOLLOWER]: Advancing to term 1
I20260710 11:03:59.357631 13133 raft_consensus.cc:2468] T 420ab548b2e449329bd2e45adcca9221 P bd1591e8373a421c97a998097172cd4e [term 1 FOLLOWER]: Leader election vote request: Granting yes vote for candidate 489ec3daa263474ea85b5ee74d66956c in term 1.
I20260710 11:03:59.358493 13209 raft_consensus.cc:2468] T 420ab548b2e449329bd2e45adcca9221 P 5089d1a749b34bccb473edb21dbb0519 [term 1 FOLLOWER]: Leader election vote request: Granting yes vote for candidate 489ec3daa263474ea85b5ee74d66956c in term 1.
I20260710 11:03:59.366303 13023 leader_election.cc:304] T 420ab548b2e449329bd2e45adcca9221 P 489ec3daa263474ea85b5ee74d66956c [CANDIDATE]: Term 1 election: Election decided. Result: candidate won. Election summary: received 2 responses out of 3 voters: 2 yes votes; 0 no votes. yes voters: 489ec3daa263474ea85b5ee74d66956c, bd1591e8373a421c97a998097172cd4e; no voters: 
I20260710 11:03:59.371364 13207 raft_consensus.cc:2468] T 0fbb9c82ff8f4344ab5d193bc9b51820 P 5089d1a749b34bccb473edb21dbb0519 [term 1 FOLLOWER]: Leader election vote request: Granting yes vote for candidate 489ec3daa263474ea85b5ee74d66956c in term 1.
I20260710 11:03:59.372967 13331 raft_consensus.cc:2804] T 420ab548b2e449329bd2e45adcca9221 P 489ec3daa263474ea85b5ee74d66956c [term 1 FOLLOWER]: Leader election won for term 1
I20260710 11:03:59.379827 13331 raft_consensus.cc:697] T 420ab548b2e449329bd2e45adcca9221 P 489ec3daa263474ea85b5ee74d66956c [term 1 LEADER]: Becoming Leader. State: Replica: 489ec3daa263474ea85b5ee74d66956c, State: Running, Role: LEADER
I20260710 11:03:59.380748 13331 consensus_queue.cc:237] T 420ab548b2e449329bd2e45adcca9221 P 489ec3daa263474ea85b5ee74d66956c [LEADER]: Queue going to LEADER mode. State: All replicated index: 0, Majority replicated index: 0, Committed index: 0, Last appended: 0.0, Last appended by leader: 0, Current term: 1, Majority size: 2, State: 0, Mode: LEADER, active raft config: opid_index: -1 OBSOLETE_local: false peers { permanent_uuid: "489ec3daa263474ea85b5ee74d66956c" member_type: VOTER last_known_addr { host: "127.11.165.1" port: 46851 } } peers { permanent_uuid: "bd1591e8373a421c97a998097172cd4e" member_type: VOTER last_known_addr { host: "127.11.165.2" port: 36527 } } peers { permanent_uuid: "5089d1a749b34bccb473edb21dbb0519" member_type: VOTER last_known_addr { host: "127.11.165.3" port: 44383 } }
I20260710 11:03:59.404170 13299 raft_consensus.cc:493] T 899c289a49704fca92d520550710028d P 5089d1a749b34bccb473edb21dbb0519 [term 0 FOLLOWER]: Starting pre-election (no leader contacted us within the election timeout)
I20260710 11:03:59.405306 13249 tablet_bootstrap.cc:492] T 2dfd7a50e7c349348bf49b8b268e42b0 P 5089d1a749b34bccb473edb21dbb0519: No bootstrap required, opened a new log
I20260710 11:03:59.404774 13299 raft_consensus.cc:515] T 899c289a49704fca92d520550710028d P 5089d1a749b34bccb473edb21dbb0519 [term 0 FOLLOWER]: Starting pre-election with config: opid_index: -1 OBSOLETE_local: false peers { permanent_uuid: "489ec3daa263474ea85b5ee74d66956c" member_type: VOTER last_known_addr { host: "127.11.165.1" port: 46851 } } peers { permanent_uuid: "bd1591e8373a421c97a998097172cd4e" member_type: VOTER last_known_addr { host: "127.11.165.2" port: 36527 } } peers { permanent_uuid: "5089d1a749b34bccb473edb21dbb0519" member_type: VOTER last_known_addr { host: "127.11.165.3" port: 44383 } }
I20260710 11:03:59.408895 13133 tablet_service.cc:1917] Received RequestConsensusVote() RPC: tablet_id: "899c289a49704fca92d520550710028d" candidate_uuid: "5089d1a749b34bccb473edb21dbb0519" candidate_term: 1 candidate_status { last_received { term: 0 index: 0 } } ignore_live_leader: false dest_uuid: "bd1591e8373a421c97a998097172cd4e" is_pre_election: true
I20260710 11:03:59.410547 13253 raft_consensus.cc:493] T c7400b8aa6a444a88cbaeae2c60b68d3 P 5089d1a749b34bccb473edb21dbb0519 [term 0 FOLLOWER]: Starting pre-election (no leader contacted us within the election timeout)
I20260710 11:03:59.410883 13058 tablet_service.cc:1917] Received RequestConsensusVote() RPC: tablet_id: "899c289a49704fca92d520550710028d" candidate_uuid: "5089d1a749b34bccb473edb21dbb0519" candidate_term: 1 candidate_status { last_received { term: 0 index: 0 } } ignore_live_leader: false dest_uuid: "489ec3daa263474ea85b5ee74d66956c" is_pre_election: true
I20260710 11:03:59.411108 13252 tablet_bootstrap.cc:654] T 9ce87dce43b547c5a2acd49f580411a5 P 489ec3daa263474ea85b5ee74d66956c: Neither blocks nor log segments found. Creating new log.
I20260710 11:03:59.411154 13253 raft_consensus.cc:515] T c7400b8aa6a444a88cbaeae2c60b68d3 P 5089d1a749b34bccb473edb21dbb0519 [term 0 FOLLOWER]: Starting pre-election with config: opid_index: -1 OBSOLETE_local: false peers { permanent_uuid: "489ec3daa263474ea85b5ee74d66956c" member_type: VOTER last_known_addr { host: "127.11.165.1" port: 46851 } } peers { permanent_uuid: "bd1591e8373a421c97a998097172cd4e" member_type: VOTER last_known_addr { host: "127.11.165.2" port: 36527 } } peers { permanent_uuid: "5089d1a749b34bccb473edb21dbb0519" member_type: VOTER last_known_addr { host: "127.11.165.3" port: 44383 } }
I20260710 11:03:59.412168 13299 leader_election.cc:290] T 899c289a49704fca92d520550710028d P 5089d1a749b34bccb473edb21dbb0519 [CANDIDATE]: Term 1 pre-election: Requested pre-vote from peers 489ec3daa263474ea85b5ee74d66956c (127.11.165.1:46851), bd1591e8373a421c97a998097172cd4e (127.11.165.2:36527)
W20260710 11:03:59.412464 13174 leader_election.cc:343] T 899c289a49704fca92d520550710028d P 5089d1a749b34bccb473edb21dbb0519 [CANDIDATE]: Term 1 pre-election: Tablet error from VoteRequest() call to peer 489ec3daa263474ea85b5ee74d66956c (127.11.165.1:46851): Illegal state: must be running to vote when last-logged opid is not known
I20260710 11:03:59.414661 13322 raft_consensus.cc:2749] T f8d60878d81e4f43926fb6c7331ba498 P 489ec3daa263474ea85b5ee74d66956c [term 1 FOLLOWER]: Leader pre-election lost for term 1. Reason: could not achieve majority
W20260710 11:03:59.416237 13172 leader_election.cc:343] T 899c289a49704fca92d520550710028d P 5089d1a749b34bccb473edb21dbb0519 [CANDIDATE]: Term 1 pre-election: Tablet error from VoteRequest() call to peer bd1591e8373a421c97a998097172cd4e (127.11.165.2:36527): Illegal state: must be running to vote when last-logged opid is not known
I20260710 11:03:59.417636 13172 leader_election.cc:304] T 899c289a49704fca92d520550710028d P 5089d1a749b34bccb473edb21dbb0519 [CANDIDATE]: Term 1 pre-election: Election decided. Result: candidate lost. Election summary: received 3 responses out of 3 voters: 1 yes votes; 2 no votes. yes voters: 5089d1a749b34bccb473edb21dbb0519; no voters: 489ec3daa263474ea85b5ee74d66956c, bd1591e8373a421c97a998097172cd4e
I20260710 11:03:59.418717 13299 raft_consensus.cc:2749] T 899c289a49704fca92d520550710028d P 5089d1a749b34bccb473edb21dbb0519 [term 0 FOLLOWER]: Leader pre-election lost for term 1. Reason: could not achieve majority
I20260710 11:03:59.419088 13249 ts_tablet_manager.cc:1403] T 2dfd7a50e7c349348bf49b8b268e42b0 P 5089d1a749b34bccb473edb21dbb0519: Time spent bootstrapping tablet: real 0.188s	user 0.045s	sys 0.040s
I20260710 11:03:59.404963 13024 leader_election.cc:304] T 0fbb9c82ff8f4344ab5d193bc9b51820 P 489ec3daa263474ea85b5ee74d66956c [CANDIDATE]: Term 1 election: Election decided. Result: candidate won. Election summary: received 3 responses out of 3 voters: 2 yes votes; 1 no votes. yes voters: 489ec3daa263474ea85b5ee74d66956c, 5089d1a749b34bccb473edb21dbb0519; no voters: bd1591e8373a421c97a998097172cd4e
I20260710 11:03:59.419983 13058 tablet_service.cc:1917] Received RequestConsensusVote() RPC: tablet_id: "c7400b8aa6a444a88cbaeae2c60b68d3" candidate_uuid: "5089d1a749b34bccb473edb21dbb0519" candidate_term: 1 candidate_status { last_received { term: 0 index: 0 } } ignore_live_leader: false dest_uuid: "489ec3daa263474ea85b5ee74d66956c" is_pre_election: true
W20260710 11:03:59.430420 13174 leader_election.cc:343] T c7400b8aa6a444a88cbaeae2c60b68d3 P 5089d1a749b34bccb473edb21dbb0519 [CANDIDATE]: Term 1 pre-election: Tablet error from VoteRequest() call to peer 489ec3daa263474ea85b5ee74d66956c (127.11.165.1:46851): Illegal state: must be running to vote when last-logged opid is not known
I20260710 11:03:59.431082 13253 leader_election.cc:290] T c7400b8aa6a444a88cbaeae2c60b68d3 P 5089d1a749b34bccb473edb21dbb0519 [CANDIDATE]: Term 1 pre-election: Requested pre-vote from peers 489ec3daa263474ea85b5ee74d66956c (127.11.165.1:46851), bd1591e8373a421c97a998097172cd4e (127.11.165.2:36527)
I20260710 11:03:59.440290 12956 catalog_manager.cc:5697] T 51e56b80e6c4423eba771b02257684e2 P bd1591e8373a421c97a998097172cd4e reported cstate change: term changed from 0 to 1, leader changed from <none> to bd1591e8373a421c97a998097172cd4e (127.11.165.2). New cstate: current_term: 1 leader_uuid: "bd1591e8373a421c97a998097172cd4e" committed_config { opid_index: -1 OBSOLETE_local: false peers { permanent_uuid: "489ec3daa263474ea85b5ee74d66956c" member_type: VOTER last_known_addr { host: "127.11.165.1" port: 46851 } health_report { overall_health: UNKNOWN } } peers { permanent_uuid: "bd1591e8373a421c97a998097172cd4e" member_type: VOTER last_known_addr { host: "127.11.165.2" port: 36527 } health_report { overall_health: HEALTHY } } peers { permanent_uuid: "5089d1a749b34bccb473edb21dbb0519" member_type: VOTER last_known_addr { host: "127.11.165.3" port: 44383 } health_report { overall_health: UNKNOWN } } }
I20260710 11:03:59.442469 13135 tablet_service.cc:1917] Received RequestConsensusVote() RPC: tablet_id: "c7400b8aa6a444a88cbaeae2c60b68d3" candidate_uuid: "5089d1a749b34bccb473edb21dbb0519" candidate_term: 1 candidate_status { last_received { term: 0 index: 0 } } ignore_live_leader: false dest_uuid: "bd1591e8373a421c97a998097172cd4e" is_pre_election: true
I20260710 11:03:59.428321 13322 raft_consensus.cc:2804] T 0fbb9c82ff8f4344ab5d193bc9b51820 P 489ec3daa263474ea85b5ee74d66956c [term 1 FOLLOWER]: Leader election won for term 1
I20260710 11:03:59.444098 13322 raft_consensus.cc:697] T 0fbb9c82ff8f4344ab5d193bc9b51820 P 489ec3daa263474ea85b5ee74d66956c [term 1 LEADER]: Becoming Leader. State: Replica: 489ec3daa263474ea85b5ee74d66956c, State: Running, Role: LEADER
W20260710 11:03:59.444355 13172 leader_election.cc:343] T c7400b8aa6a444a88cbaeae2c60b68d3 P 5089d1a749b34bccb473edb21dbb0519 [CANDIDATE]: Term 1 pre-election: Tablet error from VoteRequest() call to peer bd1591e8373a421c97a998097172cd4e (127.11.165.2:36527): Illegal state: must be running to vote when last-logged opid is not known
I20260710 11:03:59.440972 13250 tablet_bootstrap.cc:654] T 0fbb9c82ff8f4344ab5d193bc9b51820 P bd1591e8373a421c97a998097172cd4e: Neither blocks nor log segments found. Creating new log.
I20260710 11:03:59.445004 13172 leader_election.cc:304] T c7400b8aa6a444a88cbaeae2c60b68d3 P 5089d1a749b34bccb473edb21dbb0519 [CANDIDATE]: Term 1 pre-election: Election decided. Result: candidate lost. Election summary: received 3 responses out of 3 voters: 1 yes votes; 2 no votes. yes voters: 5089d1a749b34bccb473edb21dbb0519; no voters: 489ec3daa263474ea85b5ee74d66956c, bd1591e8373a421c97a998097172cd4e
I20260710 11:03:59.456566 13331 consensus_queue.cc:1048] T 4a0f481810c34a6c9f48b9c19d460ccd P 489ec3daa263474ea85b5ee74d66956c [LEADER]: Connected to new peer: Peer: permanent_uuid: "5089d1a749b34bccb473edb21dbb0519" member_type: VOTER last_known_addr { host: "127.11.165.3" port: 44383 }, Status: LMP_MISMATCH, Last received: 0.0, Next index: 1, Last known committed idx: 0, Time since last communication: 0.000s
I20260710 11:03:59.457244 13299 raft_consensus.cc:2749] T c7400b8aa6a444a88cbaeae2c60b68d3 P 5089d1a749b34bccb473edb21dbb0519 [term 0 FOLLOWER]: Leader pre-election lost for term 1. Reason: could not achieve majority
I20260710 11:03:59.456818 13256 raft_consensus.cc:493] T 51e56b80e6c4423eba771b02257684e2 P 489ec3daa263474ea85b5ee74d66956c [term 0 FOLLOWER]: Starting pre-election (no leader contacted us within the election timeout)
I20260710 11:03:59.451722 13322 consensus_queue.cc:237] T 0fbb9c82ff8f4344ab5d193bc9b51820 P 489ec3daa263474ea85b5ee74d66956c [LEADER]: Queue going to LEADER mode. State: All replicated index: 0, Majority replicated index: 0, Committed index: 0, Last appended: 0.0, Last appended by leader: 0, Current term: 1, Majority size: 2, State: 0, Mode: LEADER, active raft config: opid_index: -1 OBSOLETE_local: false peers { permanent_uuid: "489ec3daa263474ea85b5ee74d66956c" member_type: VOTER last_known_addr { host: "127.11.165.1" port: 46851 } } peers { permanent_uuid: "bd1591e8373a421c97a998097172cd4e" member_type: VOTER last_known_addr { host: "127.11.165.2" port: 36527 } } peers { permanent_uuid: "5089d1a749b34bccb473edb21dbb0519" member_type: VOTER last_known_addr { host: "127.11.165.3" port: 44383 } }
I20260710 11:03:59.461082 13321 raft_consensus.cc:493] T a6c3390367724a8f855dc555cd326243 P bd1591e8373a421c97a998097172cd4e [term 0 FOLLOWER]: Starting pre-election (no leader contacted us within the election timeout)
I20260710 11:03:59.465866 13321 raft_consensus.cc:515] T a6c3390367724a8f855dc555cd326243 P bd1591e8373a421c97a998097172cd4e [term 0 FOLLOWER]: Starting pre-election with config: opid_index: -1 OBSOLETE_local: false peers { permanent_uuid: "489ec3daa263474ea85b5ee74d66956c" member_type: VOTER last_known_addr { host: "127.11.165.1" port: 46851 } } peers { permanent_uuid: "bd1591e8373a421c97a998097172cd4e" member_type: VOTER last_known_addr { host: "127.11.165.2" port: 36527 } } peers { permanent_uuid: "5089d1a749b34bccb473edb21dbb0519" member_type: VOTER last_known_addr { host: "127.11.165.3" port: 44383 } }
I20260710 11:03:59.460464 13256 raft_consensus.cc:515] T 51e56b80e6c4423eba771b02257684e2 P 489ec3daa263474ea85b5ee74d66956c [term 0 FOLLOWER]: Starting pre-election with config: opid_index: -1 OBSOLETE_local: false peers { permanent_uuid: "489ec3daa263474ea85b5ee74d66956c" member_type: VOTER last_known_addr { host: "127.11.165.1" port: 46851 } } peers { permanent_uuid: "bd1591e8373a421c97a998097172cd4e" member_type: VOTER last_known_addr { host: "127.11.165.2" port: 36527 } } peers { permanent_uuid: "5089d1a749b34bccb473edb21dbb0519" member_type: VOTER last_known_addr { host: "127.11.165.3" port: 44383 } }
I20260710 11:03:59.471629 13256 leader_election.cc:290] T 51e56b80e6c4423eba771b02257684e2 P 489ec3daa263474ea85b5ee74d66956c [CANDIDATE]: Term 1 pre-election: Requested pre-vote from peers bd1591e8373a421c97a998097172cd4e (127.11.165.2:36527), 5089d1a749b34bccb473edb21dbb0519 (127.11.165.3:44383)
I20260710 11:03:59.472594 13135 tablet_service.cc:1917] Received RequestConsensusVote() RPC: tablet_id: "51e56b80e6c4423eba771b02257684e2" candidate_uuid: "489ec3daa263474ea85b5ee74d66956c" candidate_term: 1 candidate_status { last_received { term: 0 index: 0 } } ignore_live_leader: false dest_uuid: "bd1591e8373a421c97a998097172cd4e" is_pre_election: true
I20260710 11:03:59.473378 13321 leader_election.cc:290] T a6c3390367724a8f855dc555cd326243 P bd1591e8373a421c97a998097172cd4e [CANDIDATE]: Term 1 pre-election: Requested pre-vote from peers 489ec3daa263474ea85b5ee74d66956c (127.11.165.1:46851), 5089d1a749b34bccb473edb21dbb0519 (127.11.165.3:44383)
I20260710 11:03:59.475880 13207 tablet_service.cc:1917] Received RequestConsensusVote() RPC: tablet_id: "a6c3390367724a8f855dc555cd326243" candidate_uuid: "bd1591e8373a421c97a998097172cd4e" candidate_term: 1 candidate_status { last_received { term: 0 index: 0 } } ignore_live_leader: false dest_uuid: "5089d1a749b34bccb473edb21dbb0519" is_pre_election: true
I20260710 11:03:59.480180 13207 tablet_service.cc:1917] Received RequestConsensusVote() RPC: tablet_id: "51e56b80e6c4423eba771b02257684e2" candidate_uuid: "489ec3daa263474ea85b5ee74d66956c" candidate_term: 1 candidate_status { last_received { term: 0 index: 0 } } ignore_live_leader: false dest_uuid: "5089d1a749b34bccb473edb21dbb0519" is_pre_election: true
I20260710 11:03:59.480212 12957 catalog_manager.cc:5697] T 420ab548b2e449329bd2e45adcca9221 P 489ec3daa263474ea85b5ee74d66956c reported cstate change: term changed from 0 to 1, leader changed from <none> to 489ec3daa263474ea85b5ee74d66956c (127.11.165.1). New cstate: current_term: 1 leader_uuid: "489ec3daa263474ea85b5ee74d66956c" committed_config { opid_index: -1 OBSOLETE_local: false peers { permanent_uuid: "489ec3daa263474ea85b5ee74d66956c" member_type: VOTER last_known_addr { host: "127.11.165.1" port: 46851 } health_report { overall_health: HEALTHY } } peers { permanent_uuid: "bd1591e8373a421c97a998097172cd4e" member_type: VOTER last_known_addr { host: "127.11.165.2" port: 36527 } health_report { overall_health: UNKNOWN } } peers { permanent_uuid: "5089d1a749b34bccb473edb21dbb0519" member_type: VOTER last_known_addr { host: "127.11.165.3" port: 44383 } health_report { overall_health: UNKNOWN } } }
I20260710 11:03:59.481875 13249 raft_consensus.cc:359] T 2dfd7a50e7c349348bf49b8b268e42b0 P 5089d1a749b34bccb473edb21dbb0519 [term 0 FOLLOWER]: Replica starting. Triggering 0 pending ops. Active config: opid_index: -1 OBSOLETE_local: false peers { permanent_uuid: "489ec3daa263474ea85b5ee74d66956c" member_type: VOTER last_known_addr { host: "127.11.165.1" port: 46851 } } peers { permanent_uuid: "bd1591e8373a421c97a998097172cd4e" member_type: VOTER last_known_addr { host: "127.11.165.2" port: 36527 } } peers { permanent_uuid: "5089d1a749b34bccb473edb21dbb0519" member_type: VOTER last_known_addr { host: "127.11.165.3" port: 44383 } }
I20260710 11:03:59.487279 13249 raft_consensus.cc:385] T 2dfd7a50e7c349348bf49b8b268e42b0 P 5089d1a749b34bccb473edb21dbb0519 [term 0 FOLLOWER]: Consensus starting up: Expiring failure detector timer to make a prompt election more likely
I20260710 11:03:59.487648 13249 raft_consensus.cc:740] T 2dfd7a50e7c349348bf49b8b268e42b0 P 5089d1a749b34bccb473edb21dbb0519 [term 0 FOLLOWER]: Becoming Follower/Learner. State: Replica: 5089d1a749b34bccb473edb21dbb0519, State: Initialized, Role: FOLLOWER
I20260710 11:03:59.488461 13249 consensus_queue.cc:260] T 2dfd7a50e7c349348bf49b8b268e42b0 P 5089d1a749b34bccb473edb21dbb0519 [NON_LEADER]: Queue going to NON_LEADER mode. State: All replicated index: 0, Majority replicated index: 0, Committed index: 0, Last appended: 0.0, Last appended by leader: 0, Current term: 0, Majority size: -1, State: 0, Mode: NON_LEADER, active raft config: opid_index: -1 OBSOLETE_local: false peers { permanent_uuid: "489ec3daa263474ea85b5ee74d66956c" member_type: VOTER last_known_addr { host: "127.11.165.1" port: 46851 } } peers { permanent_uuid: "bd1591e8373a421c97a998097172cd4e" member_type: VOTER last_known_addr { host: "127.11.165.2" port: 36527 } } peers { permanent_uuid: "5089d1a749b34bccb473edb21dbb0519" member_type: VOTER last_known_addr { host: "127.11.165.3" port: 44383 } }
I20260710 11:03:59.491799 13249 ts_tablet_manager.cc:1434] T 2dfd7a50e7c349348bf49b8b268e42b0 P 5089d1a749b34bccb473edb21dbb0519: Time spent starting tablet: real 0.072s	user 0.006s	sys 0.001s
I20260710 11:03:59.495579 13249 tablet_bootstrap.cc:492] T 4d3962af6e284afc962edab8405abe3a P 5089d1a749b34bccb473edb21dbb0519: Bootstrap starting.
I20260710 11:03:59.497409 13133 raft_consensus.cc:3060] T a6c3390367724a8f855dc555cd326243 P bd1591e8373a421c97a998097172cd4e [term 0 FOLLOWER]: Advancing to term 1
I20260710 11:03:59.498101 13253 raft_consensus.cc:493] T b108c18999e8480b8735bf69663f04f7 P 5089d1a749b34bccb473edb21dbb0519 [term 0 FOLLOWER]: Starting pre-election (no leader contacted us within the election timeout)
I20260710 11:03:59.498590 13253 raft_consensus.cc:515] T b108c18999e8480b8735bf69663f04f7 P 5089d1a749b34bccb473edb21dbb0519 [term 0 FOLLOWER]: Starting pre-election with config: opid_index: -1 OBSOLETE_local: false peers { permanent_uuid: "489ec3daa263474ea85b5ee74d66956c" member_type: VOTER last_known_addr { host: "127.11.165.1" port: 46851 } } peers { permanent_uuid: "bd1591e8373a421c97a998097172cd4e" member_type: VOTER last_known_addr { host: "127.11.165.2" port: 36527 } } peers { permanent_uuid: "5089d1a749b34bccb473edb21dbb0519" member_type: VOTER last_known_addr { host: "127.11.165.3" port: 44383 } }
I20260710 11:03:59.500734 13253 leader_election.cc:290] T b108c18999e8480b8735bf69663f04f7 P 5089d1a749b34bccb473edb21dbb0519 [CANDIDATE]: Term 1 pre-election: Requested pre-vote from peers 489ec3daa263474ea85b5ee74d66956c (127.11.165.1:46851), bd1591e8373a421c97a998097172cd4e (127.11.165.2:36527)
I20260710 11:03:59.504021 13058 tablet_service.cc:1917] Received RequestConsensusVote() RPC: tablet_id: "b108c18999e8480b8735bf69663f04f7" candidate_uuid: "5089d1a749b34bccb473edb21dbb0519" candidate_term: 1 candidate_status { last_received { term: 0 index: 0 } } ignore_live_leader: false dest_uuid: "489ec3daa263474ea85b5ee74d66956c" is_pre_election: true
I20260710 11:03:59.504664 13058 raft_consensus.cc:2468] T b108c18999e8480b8735bf69663f04f7 P 489ec3daa263474ea85b5ee74d66956c [term 0 FOLLOWER]: Leader pre-election vote request: Granting yes vote for candidate 5089d1a749b34bccb473edb21dbb0519 in term 0.
I20260710 11:03:59.505030 13249 tablet_bootstrap.cc:654] T 4d3962af6e284afc962edab8405abe3a P 5089d1a749b34bccb473edb21dbb0519: Neither blocks nor log segments found. Creating new log.
I20260710 11:03:59.510799 13174 leader_election.cc:304] T b108c18999e8480b8735bf69663f04f7 P 5089d1a749b34bccb473edb21dbb0519 [CANDIDATE]: Term 1 pre-election: Election decided. Result: candidate won. Election summary: received 2 responses out of 3 voters: 2 yes votes; 0 no votes. yes voters: 489ec3daa263474ea85b5ee74d66956c, 5089d1a749b34bccb473edb21dbb0519; no voters: 
I20260710 11:03:59.511870 13299 consensus_queue.cc:1048] T db8c1360f4af4f9fa9eececcf9ee7cb2 P 5089d1a749b34bccb473edb21dbb0519 [LEADER]: Connected to new peer: Peer: permanent_uuid: "bd1591e8373a421c97a998097172cd4e" member_type: VOTER last_known_addr { host: "127.11.165.2" port: 36527 }, Status: LMP_MISMATCH, Last received: 0.0, Next index: 1, Last known committed idx: 0, Time since last communication: 0.000s
I20260710 11:03:59.513736 13250 tablet_bootstrap.cc:492] T 0fbb9c82ff8f4344ab5d193bc9b51820 P bd1591e8373a421c97a998097172cd4e: No bootstrap required, opened a new log
I20260710 11:03:59.515144 13132 tablet_service.cc:1917] Received RequestConsensusVote() RPC: tablet_id: "b108c18999e8480b8735bf69663f04f7" candidate_uuid: "5089d1a749b34bccb473edb21dbb0519" candidate_term: 1 candidate_status { last_received { term: 0 index: 0 } } ignore_live_leader: false dest_uuid: "bd1591e8373a421c97a998097172cd4e" is_pre_election: true
I20260710 11:03:59.514187 13250 ts_tablet_manager.cc:1403] T 0fbb9c82ff8f4344ab5d193bc9b51820 P bd1591e8373a421c97a998097172cd4e: Time spent bootstrapping tablet: real 0.199s	user 0.028s	sys 0.026s
I20260710 11:03:59.516003 13207 raft_consensus.cc:2393] T 51e56b80e6c4423eba771b02257684e2 P 5089d1a749b34bccb473edb21dbb0519 [term 1 FOLLOWER]: Leader pre-election vote request: Denying vote to candidate 489ec3daa263474ea85b5ee74d66956c in current term 1: Already voted for candidate bd1591e8373a421c97a998097172cd4e in this term.
I20260710 11:03:59.516606 13058 tablet_service.cc:1917] Received RequestConsensusVote() RPC: tablet_id: "a6c3390367724a8f855dc555cd326243" candidate_uuid: "bd1591e8373a421c97a998097172cd4e" candidate_term: 1 candidate_status { last_received { term: 0 index: 0 } } ignore_live_leader: false dest_uuid: "489ec3daa263474ea85b5ee74d66956c" is_pre_election: true
I20260710 11:03:59.518620 13250 raft_consensus.cc:359] T 0fbb9c82ff8f4344ab5d193bc9b51820 P bd1591e8373a421c97a998097172cd4e [term 0 FOLLOWER]: Replica starting. Triggering 0 pending ops. Active config: opid_index: -1 OBSOLETE_local: false peers { permanent_uuid: "489ec3daa263474ea85b5ee74d66956c" member_type: VOTER last_known_addr { host: "127.11.165.1" port: 46851 } } peers { permanent_uuid: "bd1591e8373a421c97a998097172cd4e" member_type: VOTER last_known_addr { host: "127.11.165.2" port: 36527 } } peers { permanent_uuid: "5089d1a749b34bccb473edb21dbb0519" member_type: VOTER last_known_addr { host: "127.11.165.3" port: 44383 } }
I20260710 11:03:59.519531 13250 raft_consensus.cc:385] T 0fbb9c82ff8f4344ab5d193bc9b51820 P bd1591e8373a421c97a998097172cd4e [term 0 FOLLOWER]: Consensus starting up: Expiring failure detector timer to make a prompt election more likely
I20260710 11:03:59.519866 13250 raft_consensus.cc:740] T 0fbb9c82ff8f4344ab5d193bc9b51820 P bd1591e8373a421c97a998097172cd4e [term 0 FOLLOWER]: Becoming Follower/Learner. State: Replica: bd1591e8373a421c97a998097172cd4e, State: Initialized, Role: FOLLOWER
I20260710 11:03:59.520754 13250 consensus_queue.cc:260] T 0fbb9c82ff8f4344ab5d193bc9b51820 P bd1591e8373a421c97a998097172cd4e [NON_LEADER]: Queue going to NON_LEADER mode. State: All replicated index: 0, Majority replicated index: 0, Committed index: 0, Last appended: 0.0, Last appended by leader: 0, Current term: 0, Majority size: -1, State: 0, Mode: NON_LEADER, active raft config: opid_index: -1 OBSOLETE_local: false peers { permanent_uuid: "489ec3daa263474ea85b5ee74d66956c" member_type: VOTER last_known_addr { host: "127.11.165.1" port: 46851 } } peers { permanent_uuid: "bd1591e8373a421c97a998097172cd4e" member_type: VOTER last_known_addr { host: "127.11.165.2" port: 36527 } } peers { permanent_uuid: "5089d1a749b34bccb473edb21dbb0519" member_type: VOTER last_known_addr { host: "127.11.165.3" port: 44383 } }
I20260710 11:03:59.523511 13250 ts_tablet_manager.cc:1434] T 0fbb9c82ff8f4344ab5d193bc9b51820 P bd1591e8373a421c97a998097172cd4e: Time spent starting tablet: real 0.008s	user 0.006s	sys 0.000s
I20260710 11:03:59.523687 13313 raft_consensus.cc:2804] T b108c18999e8480b8735bf69663f04f7 P 5089d1a749b34bccb473edb21dbb0519 [term 0 FOLLOWER]: Leader pre-election won for term 1
I20260710 11:03:59.524111 13313 raft_consensus.cc:493] T b108c18999e8480b8735bf69663f04f7 P 5089d1a749b34bccb473edb21dbb0519 [term 0 FOLLOWER]: Starting leader election (no leader contacted us within the election timeout)
I20260710 11:03:59.524442 13313 raft_consensus.cc:3060] T b108c18999e8480b8735bf69663f04f7 P 5089d1a749b34bccb473edb21dbb0519 [term 0 FOLLOWER]: Advancing to term 1
I20260710 11:03:59.524607 13250 tablet_bootstrap.cc:492] T 9ce87dce43b547c5a2acd49f580411a5 P bd1591e8373a421c97a998097172cd4e: Bootstrap starting.
W20260710 11:03:59.526391 13172 leader_election.cc:343] T b108c18999e8480b8735bf69663f04f7 P 5089d1a749b34bccb473edb21dbb0519 [CANDIDATE]: Term 1 pre-election: Tablet error from VoteRequest() call to peer bd1591e8373a421c97a998097172cd4e (127.11.165.2:36527): Illegal state: must be running to vote when last-logged opid is not known
I20260710 11:03:59.529606 13271 consensus_queue.cc:1048] T 2dfd7a50e7c349348bf49b8b268e42b0 P 489ec3daa263474ea85b5ee74d66956c [LEADER]: Connected to new peer: Peer: permanent_uuid: "bd1591e8373a421c97a998097172cd4e" member_type: VOTER last_known_addr { host: "127.11.165.2" port: 36527 }, Status: LMP_MISMATCH, Last received: 0.0, Next index: 1, Last known committed idx: 0, Time since last communication: 0.000s
I20260710 11:03:59.530933 13271 raft_consensus.cc:493] T db8c1360f4af4f9fa9eececcf9ee7cb2 P 489ec3daa263474ea85b5ee74d66956c [term 0 FOLLOWER]: Starting pre-election (no leader contacted us within the election timeout)
I20260710 11:03:59.533092 13271 raft_consensus.cc:515] T db8c1360f4af4f9fa9eececcf9ee7cb2 P 489ec3daa263474ea85b5ee74d66956c [term 0 FOLLOWER]: Starting pre-election with config: opid_index: -1 OBSOLETE_local: false peers { permanent_uuid: "489ec3daa263474ea85b5ee74d66956c" member_type: VOTER last_known_addr { host: "127.11.165.1" port: 46851 } } peers { permanent_uuid: "bd1591e8373a421c97a998097172cd4e" member_type: VOTER last_known_addr { host: "127.11.165.2" port: 36527 } } peers { permanent_uuid: "5089d1a749b34bccb473edb21dbb0519" member_type: VOTER last_known_addr { host: "127.11.165.3" port: 44383 } }
I20260710 11:03:59.554944 12957 catalog_manager.cc:5697] T 0fbb9c82ff8f4344ab5d193bc9b51820 P 489ec3daa263474ea85b5ee74d66956c reported cstate change: term changed from 0 to 1, leader changed from <none> to 489ec3daa263474ea85b5ee74d66956c (127.11.165.1). New cstate: current_term: 1 leader_uuid: "489ec3daa263474ea85b5ee74d66956c" committed_config { opid_index: -1 OBSOLETE_local: false peers { permanent_uuid: "489ec3daa263474ea85b5ee74d66956c" member_type: VOTER last_known_addr { host: "127.11.165.1" port: 46851 } health_report { overall_health: HEALTHY } } peers { permanent_uuid: "bd1591e8373a421c97a998097172cd4e" member_type: VOTER last_known_addr { host: "127.11.165.2" port: 36527 } health_report { overall_health: UNKNOWN } } peers { permanent_uuid: "5089d1a749b34bccb473edb21dbb0519" member_type: VOTER last_known_addr { host: "127.11.165.3" port: 44383 } health_report { overall_health: UNKNOWN } } }
I20260710 11:03:59.561969 13313 raft_consensus.cc:515] T b108c18999e8480b8735bf69663f04f7 P 5089d1a749b34bccb473edb21dbb0519 [term 1 FOLLOWER]: Starting leader election with config: opid_index: -1 OBSOLETE_local: false peers { permanent_uuid: "489ec3daa263474ea85b5ee74d66956c" member_type: VOTER last_known_addr { host: "127.11.165.1" port: 46851 } } peers { permanent_uuid: "bd1591e8373a421c97a998097172cd4e" member_type: VOTER last_known_addr { host: "127.11.165.2" port: 36527 } } peers { permanent_uuid: "5089d1a749b34bccb473edb21dbb0519" member_type: VOTER last_known_addr { host: "127.11.165.3" port: 44383 } }
I20260710 11:03:59.565707 13060 tablet_service.cc:1917] Received RequestConsensusVote() RPC: tablet_id: "b108c18999e8480b8735bf69663f04f7" candidate_uuid: "5089d1a749b34bccb473edb21dbb0519" candidate_term: 1 candidate_status { last_received { term: 0 index: 0 } } ignore_live_leader: false dest_uuid: "489ec3daa263474ea85b5ee74d66956c"
I20260710 11:03:59.566349 13060 raft_consensus.cc:3060] T b108c18999e8480b8735bf69663f04f7 P 489ec3daa263474ea85b5ee74d66956c [term 0 FOLLOWER]: Advancing to term 1
I20260710 11:03:59.567116 13100 leader_election.cc:304] T a6c3390367724a8f855dc555cd326243 P bd1591e8373a421c97a998097172cd4e [CANDIDATE]: Term 1 pre-election: Election decided. Result: candidate lost. Election summary: received 3 responses out of 3 voters: 1 yes votes; 2 no votes. yes voters: bd1591e8373a421c97a998097172cd4e; no voters: 489ec3daa263474ea85b5ee74d66956c, 5089d1a749b34bccb473edb21dbb0519
I20260710 11:03:59.566388 13024 leader_election.cc:304] T 51e56b80e6c4423eba771b02257684e2 P 489ec3daa263474ea85b5ee74d66956c [CANDIDATE]: Term 1 pre-election: Election decided. Result: candidate lost. Election summary: received 3 responses out of 3 voters: 1 yes votes; 2 no votes. yes voters: 489ec3daa263474ea85b5ee74d66956c; no voters: 5089d1a749b34bccb473edb21dbb0519, bd1591e8373a421c97a998097172cd4e
I20260710 11:03:59.577335 13268 raft_consensus.cc:3060] T 51e56b80e6c4423eba771b02257684e2 P 489ec3daa263474ea85b5ee74d66956c [term 0 FOLLOWER]: Advancing to term 1
I20260710 11:03:59.582782 13250 tablet_bootstrap.cc:654] T 9ce87dce43b547c5a2acd49f580411a5 P bd1591e8373a421c97a998097172cd4e: Neither blocks nor log segments found. Creating new log.
I20260710 11:03:59.584235 13131 tablet_service.cc:1917] Received RequestConsensusVote() RPC: tablet_id: "db8c1360f4af4f9fa9eececcf9ee7cb2" candidate_uuid: "489ec3daa263474ea85b5ee74d66956c" candidate_term: 1 candidate_status { last_received { term: 0 index: 0 } } ignore_live_leader: false dest_uuid: "bd1591e8373a421c97a998097172cd4e" is_pre_election: true
I20260710 11:03:59.574458 13313 leader_election.cc:290] T b108c18999e8480b8735bf69663f04f7 P 5089d1a749b34bccb473edb21dbb0519 [CANDIDATE]: Term 1 election: Requested vote from peers 489ec3daa263474ea85b5ee74d66956c (127.11.165.1:46851), bd1591e8373a421c97a998097172cd4e (127.11.165.2:36527)
I20260710 11:03:59.589592 13274 raft_consensus.cc:2749] T a6c3390367724a8f855dc555cd326243 P bd1591e8373a421c97a998097172cd4e [term 1 FOLLOWER]: Leader pre-election lost for term 1. Reason: could not achieve majority
I20260710 11:03:59.590754 13130 tablet_service.cc:1917] Received RequestConsensusVote() RPC: tablet_id: "b108c18999e8480b8735bf69663f04f7" candidate_uuid: "5089d1a749b34bccb473edb21dbb0519" candidate_term: 1 candidate_status { last_received { term: 0 index: 0 } } ignore_live_leader: false dest_uuid: "bd1591e8373a421c97a998097172cd4e"
W20260710 11:03:59.592084 13172 leader_election.cc:343] T b108c18999e8480b8735bf69663f04f7 P 5089d1a749b34bccb473edb21dbb0519 [CANDIDATE]: Term 1 election: Tablet error from VoteRequest() call to peer bd1591e8373a421c97a998097172cd4e (127.11.165.2:36527): Illegal state: must be running to vote when last-logged opid is not known
I20260710 11:03:59.592967 13252 tablet_bootstrap.cc:492] T 9ce87dce43b547c5a2acd49f580411a5 P 489ec3daa263474ea85b5ee74d66956c: No bootstrap required, opened a new log
I20260710 11:03:59.593427 13252 ts_tablet_manager.cc:1403] T 9ce87dce43b547c5a2acd49f580411a5 P 489ec3daa263474ea85b5ee74d66956c: Time spent bootstrapping tablet: real 0.271s	user 0.004s	sys 0.044s
I20260710 11:03:59.595995 13252 raft_consensus.cc:359] T 9ce87dce43b547c5a2acd49f580411a5 P 489ec3daa263474ea85b5ee74d66956c [term 0 FOLLOWER]: Replica starting. Triggering 0 pending ops. Active config: opid_index: -1 OBSOLETE_local: false peers { permanent_uuid: "489ec3daa263474ea85b5ee74d66956c" member_type: VOTER last_known_addr { host: "127.11.165.1" port: 46851 } } peers { permanent_uuid: "bd1591e8373a421c97a998097172cd4e" member_type: VOTER last_known_addr { host: "127.11.165.2" port: 36527 } } peers { permanent_uuid: "5089d1a749b34bccb473edb21dbb0519" member_type: VOTER last_known_addr { host: "127.11.165.3" port: 44383 } }
W20260710 11:03:59.596532 13006 auto_rebalancer.cc:288] Could not retrieve cluster info: Service unavailable: Tablet not running
I20260710 11:03:59.596644 13252 raft_consensus.cc:385] T 9ce87dce43b547c5a2acd49f580411a5 P 489ec3daa263474ea85b5ee74d66956c [term 0 FOLLOWER]: Consensus starting up: Expiring failure detector timer to make a prompt election more likely
I20260710 11:03:59.600909 13252 raft_consensus.cc:740] T 9ce87dce43b547c5a2acd49f580411a5 P 489ec3daa263474ea85b5ee74d66956c [term 0 FOLLOWER]: Becoming Follower/Learner. State: Replica: 489ec3daa263474ea85b5ee74d66956c, State: Initialized, Role: FOLLOWER
I20260710 11:03:59.600466 13253 consensus_queue.cc:1048] T f8d60878d81e4f43926fb6c7331ba498 P 5089d1a749b34bccb473edb21dbb0519 [LEADER]: Connected to new peer: Peer: permanent_uuid: "489ec3daa263474ea85b5ee74d66956c" member_type: VOTER last_known_addr { host: "127.11.165.1" port: 46851 }, Status: LMP_MISMATCH, Last received: 0.0, Next index: 1, Last known committed idx: 0, Time since last communication: 0.001s
I20260710 11:03:59.605216 13271 leader_election.cc:290] T db8c1360f4af4f9fa9eececcf9ee7cb2 P 489ec3daa263474ea85b5ee74d66956c [CANDIDATE]: Term 1 pre-election: Requested pre-vote from peers bd1591e8373a421c97a998097172cd4e (127.11.165.2:36527), 5089d1a749b34bccb473edb21dbb0519 (127.11.165.3:44383)
I20260710 11:03:59.606251 13252 consensus_queue.cc:260] T 9ce87dce43b547c5a2acd49f580411a5 P 489ec3daa263474ea85b5ee74d66956c [NON_LEADER]: Queue going to NON_LEADER mode. State: All replicated index: 0, Majority replicated index: 0, Committed index: 0, Last appended: 0.0, Last appended by leader: 0, Current term: 0, Majority size: -1, State: 0, Mode: NON_LEADER, active raft config: opid_index: -1 OBSOLETE_local: false peers { permanent_uuid: "489ec3daa263474ea85b5ee74d66956c" member_type: VOTER last_known_addr { host: "127.11.165.1" port: 46851 } } peers { permanent_uuid: "bd1591e8373a421c97a998097172cd4e" member_type: VOTER last_known_addr { host: "127.11.165.2" port: 36527 } } peers { permanent_uuid: "5089d1a749b34bccb473edb21dbb0519" member_type: VOTER last_known_addr { host: "127.11.165.3" port: 44383 } }
I20260710 11:03:59.609154 13252 ts_tablet_manager.cc:1434] T 9ce87dce43b547c5a2acd49f580411a5 P 489ec3daa263474ea85b5ee74d66956c: Time spent starting tablet: real 0.015s	user 0.003s	sys 0.005s
I20260710 11:03:59.610311 13252 tablet_bootstrap.cc:492] T 899c289a49704fca92d520550710028d P 489ec3daa263474ea85b5ee74d66956c: Bootstrap starting.
I20260710 11:03:59.600417 13268 raft_consensus.cc:2749] T 51e56b80e6c4423eba771b02257684e2 P 489ec3daa263474ea85b5ee74d66956c [term 1 FOLLOWER]: Leader pre-election lost for term 1. Reason: could not achieve majority
I20260710 11:03:59.616127 13059 raft_consensus.cc:3060] T db8c1360f4af4f9fa9eececcf9ee7cb2 P 489ec3daa263474ea85b5ee74d66956c [term 0 FOLLOWER]: Advancing to term 1
I20260710 11:03:59.617586 13249 tablet_bootstrap.cc:492] T 4d3962af6e284afc962edab8405abe3a P 5089d1a749b34bccb473edb21dbb0519: No bootstrap required, opened a new log
I20260710 11:03:59.618059 13249 ts_tablet_manager.cc:1403] T 4d3962af6e284afc962edab8405abe3a P 5089d1a749b34bccb473edb21dbb0519: Time spent bootstrapping tablet: real 0.125s	user 0.019s	sys 0.021s
I20260710 11:03:59.620530 13249 raft_consensus.cc:359] T 4d3962af6e284afc962edab8405abe3a P 5089d1a749b34bccb473edb21dbb0519 [term 0 FOLLOWER]: Replica starting. Triggering 0 pending ops. Active config: opid_index: -1 OBSOLETE_local: false peers { permanent_uuid: "489ec3daa263474ea85b5ee74d66956c" member_type: VOTER last_known_addr { host: "127.11.165.1" port: 46851 } } peers { permanent_uuid: "bd1591e8373a421c97a998097172cd4e" member_type: VOTER last_known_addr { host: "127.11.165.2" port: 36527 } } peers { permanent_uuid: "5089d1a749b34bccb473edb21dbb0519" member_type: VOTER last_known_addr { host: "127.11.165.3" port: 44383 } }
I20260710 11:03:59.622793 13249 raft_consensus.cc:385] T 4d3962af6e284afc962edab8405abe3a P 5089d1a749b34bccb473edb21dbb0519 [term 0 FOLLOWER]: Consensus starting up: Expiring failure detector timer to make a prompt election more likely
I20260710 11:03:59.623075 13249 raft_consensus.cc:740] T 4d3962af6e284afc962edab8405abe3a P 5089d1a749b34bccb473edb21dbb0519 [term 0 FOLLOWER]: Becoming Follower/Learner. State: Replica: 5089d1a749b34bccb473edb21dbb0519, State: Initialized, Role: FOLLOWER
I20260710 11:03:59.623694 13249 consensus_queue.cc:260] T 4d3962af6e284afc962edab8405abe3a P 5089d1a749b34bccb473edb21dbb0519 [NON_LEADER]: Queue going to NON_LEADER mode. State: All replicated index: 0, Majority replicated index: 0, Committed index: 0, Last appended: 0.0, Last appended by leader: 0, Current term: 0, Majority size: -1, State: 0, Mode: NON_LEADER, active raft config: opid_index: -1 OBSOLETE_local: false peers { permanent_uuid: "489ec3daa263474ea85b5ee74d66956c" member_type: VOTER last_known_addr { host: "127.11.165.1" port: 46851 } } peers { permanent_uuid: "bd1591e8373a421c97a998097172cd4e" member_type: VOTER last_known_addr { host: "127.11.165.2" port: 36527 } } peers { permanent_uuid: "5089d1a749b34bccb473edb21dbb0519" member_type: VOTER last_known_addr { host: "127.11.165.3" port: 44383 } }
I20260710 11:03:59.604977 13060 raft_consensus.cc:2468] T b108c18999e8480b8735bf69663f04f7 P 489ec3daa263474ea85b5ee74d66956c [term 1 FOLLOWER]: Leader election vote request: Granting yes vote for candidate 5089d1a749b34bccb473edb21dbb0519 in term 1.
I20260710 11:03:59.633827 13249 ts_tablet_manager.cc:1434] T 4d3962af6e284afc962edab8405abe3a P 5089d1a749b34bccb473edb21dbb0519: Time spent starting tablet: real 0.015s	user 0.005s	sys 0.002s
I20260710 11:03:59.636435 13253 consensus_queue.cc:1048] T db8c1360f4af4f9fa9eececcf9ee7cb2 P 5089d1a749b34bccb473edb21dbb0519 [LEADER]: Connected to new peer: Peer: permanent_uuid: "489ec3daa263474ea85b5ee74d66956c" member_type: VOTER last_known_addr { host: "127.11.165.1" port: 46851 }, Status: LMP_MISMATCH, Last received: 0.0, Next index: 1, Last known committed idx: 0, Time since last communication: 0.000s
I20260710 11:03:59.636818 13207 raft_consensus.cc:3060] T 2dfd7a50e7c349348bf49b8b268e42b0 P 5089d1a749b34bccb473edb21dbb0519 [term 0 FOLLOWER]: Advancing to term 1
I20260710 11:03:59.636714 13174 leader_election.cc:304] T b108c18999e8480b8735bf69663f04f7 P 5089d1a749b34bccb473edb21dbb0519 [CANDIDATE]: Term 1 election: Election decided. Result: candidate won. Election summary: received 3 responses out of 3 voters: 2 yes votes; 1 no votes. yes voters: 489ec3daa263474ea85b5ee74d66956c, 5089d1a749b34bccb473edb21dbb0519; no voters: bd1591e8373a421c97a998097172cd4e
I20260710 11:03:59.637890 13253 raft_consensus.cc:2804] T b108c18999e8480b8735bf69663f04f7 P 5089d1a749b34bccb473edb21dbb0519 [term 1 FOLLOWER]: Leader election won for term 1
I20260710 11:03:59.638316 13253 raft_consensus.cc:697] T b108c18999e8480b8735bf69663f04f7 P 5089d1a749b34bccb473edb21dbb0519 [term 1 LEADER]: Becoming Leader. State: Replica: 5089d1a749b34bccb473edb21dbb0519, State: Running, Role: LEADER
I20260710 11:03:59.636485 13209 tablet_service.cc:1917] Received RequestConsensusVote() RPC: tablet_id: "db8c1360f4af4f9fa9eececcf9ee7cb2" candidate_uuid: "489ec3daa263474ea85b5ee74d66956c" candidate_term: 1 candidate_status { last_received { term: 0 index: 0 } } ignore_live_leader: false dest_uuid: "5089d1a749b34bccb473edb21dbb0519" is_pre_election: true
I20260710 11:03:59.639683 13299 consensus_queue.cc:1048] T f8d60878d81e4f43926fb6c7331ba498 P 5089d1a749b34bccb473edb21dbb0519 [LEADER]: Connected to new peer: Peer: permanent_uuid: "bd1591e8373a421c97a998097172cd4e" member_type: VOTER last_known_addr { host: "127.11.165.2" port: 36527 }, Status: LMP_MISMATCH, Last received: 0.0, Next index: 1, Last known committed idx: 0, Time since last communication: 0.006s
I20260710 11:03:59.645848 13024 leader_election.cc:304] T db8c1360f4af4f9fa9eececcf9ee7cb2 P 489ec3daa263474ea85b5ee74d66956c [CANDIDATE]: Term 1 pre-election: Election decided. Result: candidate lost. Election summary: received 3 responses out of 3 voters: 1 yes votes; 2 no votes. yes voters: 489ec3daa263474ea85b5ee74d66956c; no voters: 5089d1a749b34bccb473edb21dbb0519, bd1591e8373a421c97a998097172cd4e
I20260710 11:03:59.639115 13253 consensus_queue.cc:237] T b108c18999e8480b8735bf69663f04f7 P 5089d1a749b34bccb473edb21dbb0519 [LEADER]: Queue going to LEADER mode. State: All replicated index: 0, Majority replicated index: 0, Committed index: 0, Last appended: 0.0, Last appended by leader: 0, Current term: 1, Majority size: 2, State: 0, Mode: LEADER, active raft config: opid_index: -1 OBSOLETE_local: false peers { permanent_uuid: "489ec3daa263474ea85b5ee74d66956c" member_type: VOTER last_known_addr { host: "127.11.165.1" port: 46851 } } peers { permanent_uuid: "bd1591e8373a421c97a998097172cd4e" member_type: VOTER last_known_addr { host: "127.11.165.2" port: 36527 } } peers { permanent_uuid: "5089d1a749b34bccb473edb21dbb0519" member_type: VOTER last_known_addr { host: "127.11.165.3" port: 44383 } }
I20260710 11:03:59.653177 13268 raft_consensus.cc:2749] T db8c1360f4af4f9fa9eececcf9ee7cb2 P 489ec3daa263474ea85b5ee74d66956c [term 1 FOLLOWER]: Leader pre-election lost for term 1. Reason: could not achieve majority
I20260710 11:03:59.656569 13271 consensus_queue.cc:1048] T 2dfd7a50e7c349348bf49b8b268e42b0 P 489ec3daa263474ea85b5ee74d66956c [LEADER]: Connected to new peer: Peer: permanent_uuid: "5089d1a749b34bccb473edb21dbb0519" member_type: VOTER last_known_addr { host: "127.11.165.3" port: 44383 }, Status: LMP_MISMATCH, Last received: 0.0, Next index: 1, Last known committed idx: 0, Time since last communication: 0.004s
I20260710 11:03:59.669399 13252 tablet_bootstrap.cc:654] T 899c289a49704fca92d520550710028d P 489ec3daa263474ea85b5ee74d66956c: Neither blocks nor log segments found. Creating new log.
I20260710 11:03:59.677610 13250 tablet_bootstrap.cc:492] T 9ce87dce43b547c5a2acd49f580411a5 P bd1591e8373a421c97a998097172cd4e: No bootstrap required, opened a new log
I20260710 11:03:59.678085 13250 ts_tablet_manager.cc:1403] T 9ce87dce43b547c5a2acd49f580411a5 P bd1591e8373a421c97a998097172cd4e: Time spent bootstrapping tablet: real 0.154s	user 0.028s	sys 0.011s
I20260710 11:03:59.681526 13250 raft_consensus.cc:359] T 9ce87dce43b547c5a2acd49f580411a5 P bd1591e8373a421c97a998097172cd4e [term 0 FOLLOWER]: Replica starting. Triggering 0 pending ops. Active config: opid_index: -1 OBSOLETE_local: false peers { permanent_uuid: "489ec3daa263474ea85b5ee74d66956c" member_type: VOTER last_known_addr { host: "127.11.165.1" port: 46851 } } peers { permanent_uuid: "bd1591e8373a421c97a998097172cd4e" member_type: VOTER last_known_addr { host: "127.11.165.2" port: 36527 } } peers { permanent_uuid: "5089d1a749b34bccb473edb21dbb0519" member_type: VOTER last_known_addr { host: "127.11.165.3" port: 44383 } }
I20260710 11:03:59.684290 13392 raft_consensus.cc:493] T 4d3962af6e284afc962edab8405abe3a P 5089d1a749b34bccb473edb21dbb0519 [term 0 FOLLOWER]: Starting pre-election (no leader contacted us within the election timeout)
I20260710 11:03:59.684558 13250 raft_consensus.cc:385] T 9ce87dce43b547c5a2acd49f580411a5 P bd1591e8373a421c97a998097172cd4e [term 0 FOLLOWER]: Consensus starting up: Expiring failure detector timer to make a prompt election more likely
I20260710 11:03:59.684903 13250 raft_consensus.cc:740] T 9ce87dce43b547c5a2acd49f580411a5 P bd1591e8373a421c97a998097172cd4e [term 0 FOLLOWER]: Becoming Follower/Learner. State: Replica: bd1591e8373a421c97a998097172cd4e, State: Initialized, Role: FOLLOWER
I20260710 11:03:59.685014 13392 raft_consensus.cc:515] T 4d3962af6e284afc962edab8405abe3a P 5089d1a749b34bccb473edb21dbb0519 [term 0 FOLLOWER]: Starting pre-election with config: opid_index: -1 OBSOLETE_local: false peers { permanent_uuid: "489ec3daa263474ea85b5ee74d66956c" member_type: VOTER last_known_addr { host: "127.11.165.1" port: 46851 } } peers { permanent_uuid: "bd1591e8373a421c97a998097172cd4e" member_type: VOTER last_known_addr { host: "127.11.165.2" port: 36527 } } peers { permanent_uuid: "5089d1a749b34bccb473edb21dbb0519" member_type: VOTER last_known_addr { host: "127.11.165.3" port: 44383 } }
I20260710 11:03:59.685683 13250 consensus_queue.cc:260] T 9ce87dce43b547c5a2acd49f580411a5 P bd1591e8373a421c97a998097172cd4e [NON_LEADER]: Queue going to NON_LEADER mode. State: All replicated index: 0, Majority replicated index: 0, Committed index: 0, Last appended: 0.0, Last appended by leader: 0, Current term: 0, Majority size: -1, State: 0, Mode: NON_LEADER, active raft config: opid_index: -1 OBSOLETE_local: false peers { permanent_uuid: "489ec3daa263474ea85b5ee74d66956c" member_type: VOTER last_known_addr { host: "127.11.165.1" port: 46851 } } peers { permanent_uuid: "bd1591e8373a421c97a998097172cd4e" member_type: VOTER last_known_addr { host: "127.11.165.2" port: 36527 } } peers { permanent_uuid: "5089d1a749b34bccb473edb21dbb0519" member_type: VOTER last_known_addr { host: "127.11.165.3" port: 44383 } }
I20260710 11:03:59.688239 13060 tablet_service.cc:1917] Received RequestConsensusVote() RPC: tablet_id: "4d3962af6e284afc962edab8405abe3a" candidate_uuid: "5089d1a749b34bccb473edb21dbb0519" candidate_term: 1 candidate_status { last_received { term: 0 index: 0 } } ignore_live_leader: false dest_uuid: "489ec3daa263474ea85b5ee74d66956c" is_pre_election: true
I20260710 11:03:59.688700 13250 ts_tablet_manager.cc:1434] T 9ce87dce43b547c5a2acd49f580411a5 P bd1591e8373a421c97a998097172cd4e: Time spent starting tablet: real 0.010s	user 0.005s	sys 0.000s
I20260710 11:03:59.688907 13060 raft_consensus.cc:2468] T 4d3962af6e284afc962edab8405abe3a P 489ec3daa263474ea85b5ee74d66956c [term 0 FOLLOWER]: Leader pre-election vote request: Granting yes vote for candidate 5089d1a749b34bccb473edb21dbb0519 in term 0.
I20260710 11:03:59.689829 13250 tablet_bootstrap.cc:492] T 899c289a49704fca92d520550710028d P bd1591e8373a421c97a998097172cd4e: Bootstrap starting.
I20260710 11:03:59.690337 13174 leader_election.cc:304] T 4d3962af6e284afc962edab8405abe3a P 5089d1a749b34bccb473edb21dbb0519 [CANDIDATE]: Term 1 pre-election: Election decided. Result: candidate won. Election summary: received 2 responses out of 3 voters: 2 yes votes; 0 no votes. yes voters: 489ec3daa263474ea85b5ee74d66956c, 5089d1a749b34bccb473edb21dbb0519; no voters: 
I20260710 11:03:59.691159 13299 raft_consensus.cc:2804] T 4d3962af6e284afc962edab8405abe3a P 5089d1a749b34bccb473edb21dbb0519 [term 0 FOLLOWER]: Leader pre-election won for term 1
I20260710 11:03:59.691517 13299 raft_consensus.cc:493] T 4d3962af6e284afc962edab8405abe3a P 5089d1a749b34bccb473edb21dbb0519 [term 0 FOLLOWER]: Starting leader election (no leader contacted us within the election timeout)
I20260710 11:03:59.691841 13299 raft_consensus.cc:3060] T 4d3962af6e284afc962edab8405abe3a P 5089d1a749b34bccb473edb21dbb0519 [term 0 FOLLOWER]: Advancing to term 1
I20260710 11:03:59.699070 13299 raft_consensus.cc:515] T 4d3962af6e284afc962edab8405abe3a P 5089d1a749b34bccb473edb21dbb0519 [term 1 FOLLOWER]: Starting leader election with config: opid_index: -1 OBSOLETE_local: false peers { permanent_uuid: "489ec3daa263474ea85b5ee74d66956c" member_type: VOTER last_known_addr { host: "127.11.165.1" port: 46851 } } peers { permanent_uuid: "bd1591e8373a421c97a998097172cd4e" member_type: VOTER last_known_addr { host: "127.11.165.2" port: 36527 } } peers { permanent_uuid: "5089d1a749b34bccb473edb21dbb0519" member_type: VOTER last_known_addr { host: "127.11.165.3" port: 44383 } }
