I20260710 11:03:56.923063 31154 raft_consensus.cc:2468] T 544e36bff2334495ad3bbe9dbdea43a2 P 46d8788994f5419ebdad8a950a23c968 [term 1 FOLLOWER]: Leader election vote request: Granting yes vote for candidate 68b5246f0c504b8cb43ae0b49fc2b8bf in term 1.
I20260710 11:03:56.923198 31197 consensus_queue.cc:260] T bd49499f1af64c83bf780ec04d4faa01 P 2a6a6e9ed00b411ca530ecc2d209b2fd [NON_LEADER]: Queue going to NON_LEADER mode. State: All replicated index: 0, Majority replicated index: 0, Committed index: 0, Last appended: 0.0, Last appended by leader: 0, Current term: 0, Majority size: -1, State: 0, Mode: NON_LEADER, active raft config: opid_index: -1 OBSOLETE_local: false peers { permanent_uuid: "68b5246f0c504b8cb43ae0b49fc2b8bf" member_type: VOTER last_known_addr { host: "127.29.53.1" port: 33251 } } peers { permanent_uuid: "2a6a6e9ed00b411ca530ecc2d209b2fd" member_type: VOTER last_known_addr { host: "127.29.53.2" port: 35345 } } peers { permanent_uuid: "46d8788994f5419ebdad8a950a23c968" member_type: VOTER last_known_addr { host: "127.29.53.3" port: 40265 } }
I20260710 11:03:56.924098 31310 raft_consensus.cc:2749] T dfe6cb9909b743eca8bc6f022e7b3789 P 46d8788994f5419ebdad8a950a23c968 [term 1 FOLLOWER]: Leader election lost for term 1. Reason: could not achieve majority
I20260710 11:03:56.923589 31120 leader_election.cc:304] T 6e3760d319c44a609582e60f6a33dd8c P 46d8788994f5419ebdad8a950a23c968 [CANDIDATE]: Term 1 pre-election: Election decided. Result: candidate lost. Election summary: received 3 responses out of 3 voters: 1 yes votes; 2 no votes. yes voters: 46d8788994f5419ebdad8a950a23c968; no voters: 2a6a6e9ed00b411ca530ecc2d209b2fd, 68b5246f0c504b8cb43ae0b49fc2b8bf
I20260710 11:03:56.925352 31197 ts_tablet_manager.cc:1434] T bd49499f1af64c83bf780ec04d4faa01 P 2a6a6e9ed00b411ca530ecc2d209b2fd: Time spent starting tablet: real 0.026s	user 0.004s	sys 0.002s
I20260710 11:03:56.938687 30970 leader_election.cc:304] T 544e36bff2334495ad3bbe9dbdea43a2 P 68b5246f0c504b8cb43ae0b49fc2b8bf [CANDIDATE]: Term 1 election: Election decided. Result: candidate won. Election summary: received 2 responses out of 3 voters: 2 yes votes; 0 no votes. yes voters: 46d8788994f5419ebdad8a950a23c968, 68b5246f0c504b8cb43ae0b49fc2b8bf; no voters: 
I20260710 11:03:56.939828 31247 consensus_queue.cc:1048] T b5f7b1cf29c74b16ad0758f4a43573db P 68b5246f0c504b8cb43ae0b49fc2b8bf [LEADER]: Connected to new peer: Peer: permanent_uuid: "46d8788994f5419ebdad8a950a23c968" member_type: VOTER last_known_addr { host: "127.29.53.3" port: 40265 }, Status: LMP_MISMATCH, Last received: 0.0, Next index: 1, Last known committed idx: 0, Time since last communication: 0.000s
I20260710 11:03:56.913975 31240 consensus_queue.cc:1048] T 282a519594284192845be477c9722a7b P 46d8788994f5419ebdad8a950a23c968 [LEADER]: Connected to new peer: Peer: permanent_uuid: "2a6a6e9ed00b411ca530ecc2d209b2fd" member_type: VOTER last_known_addr { host: "127.29.53.2" port: 35345 }, Status: LMP_MISMATCH, Last received: 0.0, Next index: 1, Last known committed idx: 0, Time since last communication: 0.013s
I20260710 11:03:56.941602 31247 raft_consensus.cc:2804] T 544e36bff2334495ad3bbe9dbdea43a2 P 68b5246f0c504b8cb43ae0b49fc2b8bf [term 1 FOLLOWER]: Leader election won for term 1
I20260710 11:03:56.942096 31247 raft_consensus.cc:697] T 544e36bff2334495ad3bbe9dbdea43a2 P 68b5246f0c504b8cb43ae0b49fc2b8bf [term 1 LEADER]: Becoming Leader. State: Replica: 68b5246f0c504b8cb43ae0b49fc2b8bf, State: Running, Role: LEADER
I20260710 11:03:56.942896 31247 consensus_queue.cc:237] T 544e36bff2334495ad3bbe9dbdea43a2 P 68b5246f0c504b8cb43ae0b49fc2b8bf [LEADER]: Queue going to LEADER mode. State: All replicated index: 0, Majority replicated index: 0, Committed index: 0, Last appended: 0.0, Last appended by leader: 0, Current term: 1, Majority size: 2, State: 0, Mode: LEADER, active raft config: opid_index: -1 OBSOLETE_local: false peers { permanent_uuid: "68b5246f0c504b8cb43ae0b49fc2b8bf" member_type: VOTER last_known_addr { host: "127.29.53.1" port: 33251 } } peers { permanent_uuid: "2a6a6e9ed00b411ca530ecc2d209b2fd" member_type: VOTER last_known_addr { host: "127.29.53.2" port: 35345 } } peers { permanent_uuid: "46d8788994f5419ebdad8a950a23c968" member_type: VOTER last_known_addr { host: "127.29.53.3" port: 40265 } }
I20260710 11:03:56.946758 30903 catalog_manager.cc:5697] T bd49499f1af64c83bf780ec04d4faa01 P 46d8788994f5419ebdad8a950a23c968 reported cstate change: term changed from 0 to 1, leader changed from <none> to 46d8788994f5419ebdad8a950a23c968 (127.29.53.3). New cstate: current_term: 1 leader_uuid: "46d8788994f5419ebdad8a950a23c968" committed_config { opid_index: -1 OBSOLETE_local: false peers { permanent_uuid: "68b5246f0c504b8cb43ae0b49fc2b8bf" member_type: VOTER last_known_addr { host: "127.29.53.1" port: 33251 } health_report { overall_health: UNKNOWN } } peers { permanent_uuid: "2a6a6e9ed00b411ca530ecc2d209b2fd" member_type: VOTER last_known_addr { host: "127.29.53.2" port: 35345 } health_report { overall_health: UNKNOWN } } peers { permanent_uuid: "46d8788994f5419ebdad8a950a23c968" member_type: VOTER last_known_addr { host: "127.29.53.3" port: 40265 } health_report { overall_health: HEALTHY } } }
I20260710 11:03:56.948303 31237 raft_consensus.cc:515] T 7ad88a0a246f405480ae96e862d26cd2 P 68b5246f0c504b8cb43ae0b49fc2b8bf [term 1 FOLLOWER]: Starting leader election with config: opid_index: -1 OBSOLETE_local: false peers { permanent_uuid: "68b5246f0c504b8cb43ae0b49fc2b8bf" member_type: VOTER last_known_addr { host: "127.29.53.1" port: 33251 } } peers { permanent_uuid: "2a6a6e9ed00b411ca530ecc2d209b2fd" member_type: VOTER last_known_addr { host: "127.29.53.2" port: 35345 } } peers { permanent_uuid: "46d8788994f5419ebdad8a950a23c968" member_type: VOTER last_known_addr { host: "127.29.53.3" port: 40265 } }
I20260710 11:03:56.951185 31237 leader_election.cc:290] T 7ad88a0a246f405480ae96e862d26cd2 P 68b5246f0c504b8cb43ae0b49fc2b8bf [CANDIDATE]: Term 1 election: Requested vote from peers 2a6a6e9ed00b411ca530ecc2d209b2fd (127.29.53.2:35345), 46d8788994f5419ebdad8a950a23c968 (127.29.53.3:40265)
I20260710 11:03:56.951449 31153 tablet_service.cc:1917] Received RequestConsensusVote() RPC: tablet_id: "7ad88a0a246f405480ae96e862d26cd2" candidate_uuid: "68b5246f0c504b8cb43ae0b49fc2b8bf" candidate_term: 1 candidate_status { last_received { term: 0 index: 0 } } ignore_live_leader: false dest_uuid: "46d8788994f5419ebdad8a950a23c968"
W20260710 11:03:56.951777 30971 outbound_call.cc:321] RPC callback for RPC call kudu.consensus.ConsensusService.RequestConsensusVote -> {remote=127.29.53.2:35345, user_credentials={real_user=slave}} blocked reactor thread for 51001.7us
I20260710 11:03:56.961481 31362 consensus_queue.cc:1048] T 2764f4d0ee3243ce99259c2dd48b7f66 P 2a6a6e9ed00b411ca530ecc2d209b2fd [LEADER]: Connected to new peer: Peer: permanent_uuid: "46d8788994f5419ebdad8a950a23c968" member_type: VOTER last_known_addr { host: "127.29.53.3" port: 40265 }, Status: LMP_MISMATCH, Last received: 0.0, Next index: 1, Last known committed idx: 0, Time since last communication: 0.004s
I20260710 11:03:56.957229 31153 raft_consensus.cc:3060] T 7ad88a0a246f405480ae96e862d26cd2 P 46d8788994f5419ebdad8a950a23c968 [term 0 FOLLOWER]: Advancing to term 1
I20260710 11:03:56.959983 31006 tablet_service.cc:1917] Received RequestConsensusVote() RPC: tablet_id: "544e36bff2334495ad3bbe9dbdea43a2" candidate_uuid: "46d8788994f5419ebdad8a950a23c968" candidate_term: 1 candidate_status { last_received { term: 0 index: 0 } } ignore_live_leader: false dest_uuid: "68b5246f0c504b8cb43ae0b49fc2b8bf" is_pre_election: true
I20260710 11:03:56.980993 31078 raft_consensus.cc:3060] T bd49499f1af64c83bf780ec04d4faa01 P 2a6a6e9ed00b411ca530ecc2d209b2fd [term 0 FOLLOWER]: Advancing to term 1
I20260710 11:03:56.983662 31120 leader_election.cc:304] T 544e36bff2334495ad3bbe9dbdea43a2 P 46d8788994f5419ebdad8a950a23c968 [CANDIDATE]: Term 1 pre-election: Election decided. Result: candidate won. Election summary: received 2 responses out of 3 voters: 2 yes votes; 0 no votes. yes voters: 2a6a6e9ed00b411ca530ecc2d209b2fd, 46d8788994f5419ebdad8a950a23c968; no voters: 
I20260710 11:03:56.986032 31240 raft_consensus.cc:2764] T 544e36bff2334495ad3bbe9dbdea43a2 P 46d8788994f5419ebdad8a950a23c968 [term 1 FOLLOWER]: Leader pre-election decision vote started in defunct term 0: won
I20260710 11:03:56.994534 31078 raft_consensus.cc:2468] T bd49499f1af64c83bf780ec04d4faa01 P 2a6a6e9ed00b411ca530ecc2d209b2fd [term 1 FOLLOWER]: Leader election vote request: Granting yes vote for candidate 46d8788994f5419ebdad8a950a23c968 in term 1.
I20260710 11:03:56.996707 30971 leader_election.cc:304] T dfe6cb9909b743eca8bc6f022e7b3789 P 68b5246f0c504b8cb43ae0b49fc2b8bf [CANDIDATE]: Term 1 election: Election decided. Result: candidate won. Election summary: received 3 responses out of 3 voters: 2 yes votes; 1 no votes. yes voters: 2a6a6e9ed00b411ca530ecc2d209b2fd, 68b5246f0c504b8cb43ae0b49fc2b8bf; no voters: 46d8788994f5419ebdad8a950a23c968
I20260710 11:03:56.998207 30904 catalog_manager.cc:5697] T 544e36bff2334495ad3bbe9dbdea43a2 P 68b5246f0c504b8cb43ae0b49fc2b8bf reported cstate change: term changed from 0 to 1, leader changed from <none> to 68b5246f0c504b8cb43ae0b49fc2b8bf (127.29.53.1). New cstate: current_term: 1 leader_uuid: "68b5246f0c504b8cb43ae0b49fc2b8bf" committed_config { opid_index: -1 OBSOLETE_local: false peers { permanent_uuid: "68b5246f0c504b8cb43ae0b49fc2b8bf" member_type: VOTER last_known_addr { host: "127.29.53.1" port: 33251 } health_report { overall_health: HEALTHY } } peers { permanent_uuid: "2a6a6e9ed00b411ca530ecc2d209b2fd" member_type: VOTER last_known_addr { host: "127.29.53.2" port: 35345 } health_report { overall_health: UNKNOWN } } peers { permanent_uuid: "46d8788994f5419ebdad8a950a23c968" member_type: VOTER last_known_addr { host: "127.29.53.3" port: 40265 } health_report { overall_health: UNKNOWN } } }
I20260710 11:03:57.007718 31356 raft_consensus.cc:2749] T 6e3760d319c44a609582e60f6a33dd8c P 46d8788994f5419ebdad8a950a23c968 [term 1 FOLLOWER]: Leader pre-election lost for term 1. Reason: could not achieve majority
I20260710 11:03:57.010021 31078 tablet_service.cc:1917] Received RequestConsensusVote() RPC: tablet_id: "544e36bff2334495ad3bbe9dbdea43a2" candidate_uuid: "68b5246f0c504b8cb43ae0b49fc2b8bf" candidate_term: 1 candidate_status { last_received { term: 0 index: 0 } } ignore_live_leader: false dest_uuid: "2a6a6e9ed00b411ca530ecc2d209b2fd"
I20260710 11:03:57.010627 31078 raft_consensus.cc:3060] T 544e36bff2334495ad3bbe9dbdea43a2 P 2a6a6e9ed00b411ca530ecc2d209b2fd [term 0 FOLLOWER]: Advancing to term 1
I20260710 11:03:57.004151 31247 raft_consensus.cc:2804] T dfe6cb9909b743eca8bc6f022e7b3789 P 68b5246f0c504b8cb43ae0b49fc2b8bf [term 1 FOLLOWER]: Leader election won for term 1
I20260710 11:03:56.994855 31153 raft_consensus.cc:2468] T 7ad88a0a246f405480ae96e862d26cd2 P 46d8788994f5419ebdad8a950a23c968 [term 1 FOLLOWER]: Leader election vote request: Granting yes vote for candidate 68b5246f0c504b8cb43ae0b49fc2b8bf in term 1.
I20260710 11:03:57.020694 31247 raft_consensus.cc:697] T dfe6cb9909b743eca8bc6f022e7b3789 P 68b5246f0c504b8cb43ae0b49fc2b8bf [term 1 LEADER]: Becoming Leader. State: Replica: 68b5246f0c504b8cb43ae0b49fc2b8bf, State: Running, Role: LEADER
I20260710 11:03:57.031675 31247 consensus_queue.cc:237] T dfe6cb9909b743eca8bc6f022e7b3789 P 68b5246f0c504b8cb43ae0b49fc2b8bf [LEADER]: Queue going to LEADER mode. State: All replicated index: 0, Majority replicated index: 0, Committed index: 0, Last appended: 0.0, Last appended by leader: 0, Current term: 1, Majority size: 2, State: 0, Mode: LEADER, active raft config: opid_index: -1 OBSOLETE_local: false peers { permanent_uuid: "68b5246f0c504b8cb43ae0b49fc2b8bf" member_type: VOTER last_known_addr { host: "127.29.53.1" port: 33251 } } peers { permanent_uuid: "2a6a6e9ed00b411ca530ecc2d209b2fd" member_type: VOTER last_known_addr { host: "127.29.53.2" port: 35345 } } peers { permanent_uuid: "46d8788994f5419ebdad8a950a23c968" member_type: VOTER last_known_addr { host: "127.29.53.3" port: 40265 } }
I20260710 11:03:57.032954 30970 leader_election.cc:304] T 7ad88a0a246f405480ae96e862d26cd2 P 68b5246f0c504b8cb43ae0b49fc2b8bf [CANDIDATE]: Term 1 election: Election decided. Result: candidate won. Election summary: received 2 responses out of 3 voters: 2 yes votes; 0 no votes. yes voters: 46d8788994f5419ebdad8a950a23c968, 68b5246f0c504b8cb43ae0b49fc2b8bf; no voters: 
I20260710 11:03:57.034432 31243 consensus_queue.cc:1048] T 6e3760d319c44a609582e60f6a33dd8c P 68b5246f0c504b8cb43ae0b49fc2b8bf [LEADER]: Connected to new peer: Peer: permanent_uuid: "46d8788994f5419ebdad8a950a23c968" member_type: VOTER last_known_addr { host: "127.29.53.3" port: 40265 }, Status: LMP_MISMATCH, Last received: 0.0, Next index: 1, Last known committed idx: 0, Time since last communication: 0.000s
I20260710 11:03:57.035913 31243 raft_consensus.cc:2804] T 7ad88a0a246f405480ae96e862d26cd2 P 68b5246f0c504b8cb43ae0b49fc2b8bf [term 1 FOLLOWER]: Leader election won for term 1
I20260710 11:03:57.044250 31243 raft_consensus.cc:697] T 7ad88a0a246f405480ae96e862d26cd2 P 68b5246f0c504b8cb43ae0b49fc2b8bf [term 1 LEADER]: Becoming Leader. State: Replica: 68b5246f0c504b8cb43ae0b49fc2b8bf, State: Running, Role: LEADER
I20260710 11:03:57.047808 31080 tablet_service.cc:1917] Received RequestConsensusVote() RPC: tablet_id: "7ad88a0a246f405480ae96e862d26cd2" candidate_uuid: "68b5246f0c504b8cb43ae0b49fc2b8bf" candidate_term: 1 candidate_status { last_received { term: 0 index: 0 } } ignore_live_leader: false dest_uuid: "2a6a6e9ed00b411ca530ecc2d209b2fd"
I20260710 11:03:57.048513 31080 raft_consensus.cc:3060] T 7ad88a0a246f405480ae96e862d26cd2 P 2a6a6e9ed00b411ca530ecc2d209b2fd [term 0 FOLLOWER]: Advancing to term 1
I20260710 11:03:57.047514 31243 consensus_queue.cc:237] T 7ad88a0a246f405480ae96e862d26cd2 P 68b5246f0c504b8cb43ae0b49fc2b8bf [LEADER]: Queue going to LEADER mode. State: All replicated index: 0, Majority replicated index: 0, Committed index: 0, Last appended: 0.0, Last appended by leader: 0, Current term: 1, Majority size: 2, State: 0, Mode: LEADER, active raft config: opid_index: -1 OBSOLETE_local: false peers { permanent_uuid: "68b5246f0c504b8cb43ae0b49fc2b8bf" member_type: VOTER last_known_addr { host: "127.29.53.1" port: 33251 } } peers { permanent_uuid: "2a6a6e9ed00b411ca530ecc2d209b2fd" member_type: VOTER last_known_addr { host: "127.29.53.2" port: 35345 } } peers { permanent_uuid: "46d8788994f5419ebdad8a950a23c968" member_type: VOTER last_known_addr { host: "127.29.53.3" port: 40265 } }
I20260710 11:03:57.087713 31078 raft_consensus.cc:2468] T 544e36bff2334495ad3bbe9dbdea43a2 P 2a6a6e9ed00b411ca530ecc2d209b2fd [term 1 FOLLOWER]: Leader election vote request: Granting yes vote for candidate 68b5246f0c504b8cb43ae0b49fc2b8bf in term 1.
I20260710 11:03:57.092319 31080 raft_consensus.cc:2468] T 7ad88a0a246f405480ae96e862d26cd2 P 2a6a6e9ed00b411ca530ecc2d209b2fd [term 1 FOLLOWER]: Leader election vote request: Granting yes vote for candidate 68b5246f0c504b8cb43ae0b49fc2b8bf in term 1.
I20260710 11:03:57.124269 30903 catalog_manager.cc:5697] T dfe6cb9909b743eca8bc6f022e7b3789 P 68b5246f0c504b8cb43ae0b49fc2b8bf reported cstate change: term changed from 0 to 1, leader changed from <none> to 68b5246f0c504b8cb43ae0b49fc2b8bf (127.29.53.1). New cstate: current_term: 1 leader_uuid: "68b5246f0c504b8cb43ae0b49fc2b8bf" committed_config { opid_index: -1 OBSOLETE_local: false peers { permanent_uuid: "68b5246f0c504b8cb43ae0b49fc2b8bf" member_type: VOTER last_known_addr { host: "127.29.53.1" port: 33251 } health_report { overall_health: HEALTHY } } peers { permanent_uuid: "2a6a6e9ed00b411ca530ecc2d209b2fd" member_type: VOTER last_known_addr { host: "127.29.53.2" port: 35345 } health_report { overall_health: UNKNOWN } } peers { permanent_uuid: "46d8788994f5419ebdad8a950a23c968" member_type: VOTER last_known_addr { host: "127.29.53.3" port: 40265 } health_report { overall_health: UNKNOWN } } }
I20260710 11:03:57.126036 30903 catalog_manager.cc:5697] T 7ad88a0a246f405480ae96e862d26cd2 P 68b5246f0c504b8cb43ae0b49fc2b8bf reported cstate change: term changed from 0 to 1, leader changed from <none> to 68b5246f0c504b8cb43ae0b49fc2b8bf (127.29.53.1). New cstate: current_term: 1 leader_uuid: "68b5246f0c504b8cb43ae0b49fc2b8bf" committed_config { opid_index: -1 OBSOLETE_local: false peers { permanent_uuid: "68b5246f0c504b8cb43ae0b49fc2b8bf" member_type: VOTER last_known_addr { host: "127.29.53.1" port: 33251 } health_report { overall_health: HEALTHY } } peers { permanent_uuid: "2a6a6e9ed00b411ca530ecc2d209b2fd" member_type: VOTER last_known_addr { host: "127.29.53.2" port: 35345 } health_report { overall_health: UNKNOWN } } peers { permanent_uuid: "46d8788994f5419ebdad8a950a23c968" member_type: VOTER last_known_addr { host: "127.29.53.3" port: 40265 } health_report { overall_health: UNKNOWN } } }
I20260710 11:03:57.251982 31356 consensus_queue.cc:1048] T bd49499f1af64c83bf780ec04d4faa01 P 46d8788994f5419ebdad8a950a23c968 [LEADER]: Connected to new peer: Peer: permanent_uuid: "68b5246f0c504b8cb43ae0b49fc2b8bf" member_type: VOTER last_known_addr { host: "127.29.53.1" port: 33251 }, Status: LMP_MISMATCH, Last received: 0.0, Next index: 1, Last known committed idx: 0, Time since last communication: 0.000s
I20260710 11:03:57.254115 29908 file_cache.cc:504] Constructed file cache file cache with capacity 419430
W20260710 11:03:57.275681 31391 instance_detector.cc:116] could not retrieve AWS instance metadata: Network error: curl error: HTTP response code said error: The requested URL returned error: 404
I20260710 11:03:57.279587 31240 consensus_queue.cc:1048] T bd49499f1af64c83bf780ec04d4faa01 P 46d8788994f5419ebdad8a950a23c968 [LEADER]: Connected to new peer: Peer: permanent_uuid: "2a6a6e9ed00b411ca530ecc2d209b2fd" member_type: VOTER last_known_addr { host: "127.29.53.2" port: 35345 }, Status: LMP_MISMATCH, Last received: 0.0, Next index: 1, Last known committed idx: 0, Time since last communication: 0.000s
W20260710 11:03:57.288710 31392 instance_detector.cc:116] could not retrieve Azure instance metadata: Network error: curl error: HTTP response code said error: The requested URL returned error: 404
W20260710 11:03:57.301672 31395 instance_detector.cc:116] could not retrieve OpenStack instance metadata: Network error: curl error: HTTP response code said error: The requested URL returned error: 404
I20260710 11:03:57.302853 29908 server_base.cc:1061] running on GCE node
I20260710 11:03:57.303648 29908 hybrid_clock.cc:584] initializing the hybrid clock with 'system_unsync' time source
W20260710 11:03:57.303864 29908 system_unsync_time.cc:38] NTP support is disabled. Clock error bounds will not be accurate. This configuration is not suitable for distributed clusters.
I20260710 11:03:57.304025 29908 hybrid_clock.cc:648] HybridClock initialized: now 1783681437304009 us; error 0 us; skew 500 ppm
I20260710 11:03:57.304601 29908 server_base.cc:861] Flag tcmalloc_max_total_thread_cache_bytes is not working since tcmalloc is not enabled.
I20260710 11:03:57.306797 29908 webserver.cc:533] Webserver started at http://127.29.53.4:34961/ using document root <none> and password file <none>
I20260710 11:03:57.307226 29908 fs_manager.cc:362] Metadata directory not provided
I20260710 11:03:57.307408 29908 fs_manager.cc:368] Using write-ahead log directory (fs_wal_dir) as metadata directory
I20260710 11:03:57.307654 29908 server_base.cc:909] This appears to be a new deployment of Kudu; creating new FS layout
I20260710 11:03:57.308707 29908 fs_manager.cc:1068] Generated new instance metadata in path /tmp/dist-test-taskT9ZOMc/test-tmp/auto_leader_rebalancer-test.0.LeaderRebalancerTest.AddTserver.1783681410691888-29908-0/minicluster-data/ts-3-root/instance:
uuid: "ec9620a517e0431792039685177fb6fa"
format_stamp: "Formatted at 2026-07-10 11:03:57 on dist-test-slave-k57q"
I20260710 11:03:57.313956 29908 fs_manager.cc:696] Time spent creating directory manager: real 0.005s	user 0.005s	sys 0.000s
I20260710 11:03:57.316989 31400 log_block_manager.cc:4127] Time spent loading block containers with low live blocks: real 0.000s	user 0.000s	sys 0.000s
I20260710 11:03:57.317638 29908 fs_manager.cc:730] Time spent opening block manager: real 0.002s	user 0.003s	sys 0.000s
I20260710 11:03:57.317939 29908 fs_manager.cc:647] Opened local filesystem: /tmp/dist-test-taskT9ZOMc/test-tmp/auto_leader_rebalancer-test.0.LeaderRebalancerTest.AddTserver.1783681410691888-29908-0/minicluster-data/ts-3-root
uuid: "ec9620a517e0431792039685177fb6fa"
format_stamp: "Formatted at 2026-07-10 11:03:57 on dist-test-slave-k57q"
I20260710 11:03:57.318187 29908 fs_report.cc:389] FS layout report
--------------------
wal directory: /tmp/dist-test-taskT9ZOMc/test-tmp/auto_leader_rebalancer-test.0.LeaderRebalancerTest.AddTserver.1783681410691888-29908-0/minicluster-data/ts-3-root
metadata directory: /tmp/dist-test-taskT9ZOMc/test-tmp/auto_leader_rebalancer-test.0.LeaderRebalancerTest.AddTserver.1783681410691888-29908-0/minicluster-data/ts-3-root
1 data directories: /tmp/dist-test-taskT9ZOMc/test-tmp/auto_leader_rebalancer-test.0.LeaderRebalancerTest.AddTserver.1783681410691888-29908-0/minicluster-data/ts-3-root/data
Total live blocks: 0
Total live bytes: 0
Total live bytes (after alignment): 0
Total number of LBM containers: 0 (0 full)
Did not check for missing blocks
Did not check for orphaned blocks
Total full LBM containers with extra space: 0 (0 repaired)
Total full LBM container extra space in bytes: 0 (0 repaired)
Total incomplete LBM containers: 0 (0 repaired)
Total LBM partial records: 0 (0 repaired)
Total corrupted LBM metadata records in RocksDB: 0 (0 repaired)
I20260710 11:03:57.352563 29908 rpc_server.cc:225] running with OpenSSL 1.1.1  11 Sep 2018
I20260710 11:03:57.353760 29908 kserver.cc:163] Server-wide thread pool size limit: 3276
I20260710 11:03:57.355185 29908 txn_system_client.cc:432] TxnSystemClient initialization is disabled...
I20260710 11:03:57.357311 29908 ts_tablet_manager.cc:585] Loaded tablet metadata (0 total tablets, 0 live tablets)
I20260710 11:03:57.357501 29908 ts_tablet_manager.cc:531] Time spent load tablet metadata: real 0.000s	user 0.000s	sys 0.000s
I20260710 11:03:57.357715 29908 ts_tablet_manager.cc:616] Registered 0 tablets
I20260710 11:03:57.357872 29908 ts_tablet_manager.cc:595] Time spent register tablets: real 0.000s	user 0.000s	sys 0.000s
I20260710 11:03:57.361558 31243 consensus_queue.cc:1048] T 544e36bff2334495ad3bbe9dbdea43a2 P 68b5246f0c504b8cb43ae0b49fc2b8bf [LEADER]: Connected to new peer: Peer: permanent_uuid: "2a6a6e9ed00b411ca530ecc2d209b2fd" member_type: VOTER last_known_addr { host: "127.29.53.2" port: 35345 }, Status: LMP_MISMATCH, Last received: 0.0, Next index: 1, Last known committed idx: 0, Time since last communication: 0.000s
I20260710 11:03:57.378026 31243 consensus_queue.cc:1048] T 544e36bff2334495ad3bbe9dbdea43a2 P 68b5246f0c504b8cb43ae0b49fc2b8bf [LEADER]: Connected to new peer: Peer: permanent_uuid: "46d8788994f5419ebdad8a950a23c968" member_type: VOTER last_known_addr { host: "127.29.53.3" port: 40265 }, Status: LMP_MISMATCH, Last received: 0.0, Next index: 1, Last known committed idx: 0, Time since last communication: 0.000s
I20260710 11:03:57.431648 29908 rpc_server.cc:307] RPC server started. Bound to: 127.29.53.4:33085
I20260710 11:03:57.431733 31464 acceptor_pool.cc:272] collecting diagnostics on the listening RPC socket 127.29.53.4:33085 every 8 connection(s)
I20260710 11:03:57.438284 29908 auto_leader_rebalancer-test.cc:388] add a tserver: ec9620a517e0431792039685177fb6fa
I20260710 11:03:57.455470 31465 heartbeater.cc:344] Connected to a master server at 127.29.53.62:33799
I20260710 11:03:57.455960 31465 heartbeater.cc:461] Registering TS with master...
I20260710 11:03:57.456972 31465 heartbeater.cc:507] Master 127.29.53.62:33799 requested a full tablet report, sending...
I20260710 11:03:57.459043 30904 ts_manager.cc:194] Registered new tserver with Master: ec9620a517e0431792039685177fb6fa (127.29.53.4:33085)
I20260710 11:03:57.460708 30904 master_service.cc:502] Signed X509 certificate for tserver {username='slave'} at 127.0.0.1:46424
I20260710 11:03:57.465266 31243 consensus_queue.cc:1048] T 7ad88a0a246f405480ae96e862d26cd2 P 68b5246f0c504b8cb43ae0b49fc2b8bf [LEADER]: Connected to new peer: Peer: permanent_uuid: "46d8788994f5419ebdad8a950a23c968" member_type: VOTER last_known_addr { host: "127.29.53.3" port: 40265 }, Status: LMP_MISMATCH, Last received: 0.0, Next index: 1, Last known committed idx: 0, Time since last communication: 0.000s
I20260710 11:03:57.476924 31386 consensus_queue.cc:1048] T 7ad88a0a246f405480ae96e862d26cd2 P 68b5246f0c504b8cb43ae0b49fc2b8bf [LEADER]: Connected to new peer: Peer: permanent_uuid: "2a6a6e9ed00b411ca530ecc2d209b2fd" member_type: VOTER last_known_addr { host: "127.29.53.2" port: 35345 }, Status: LMP_MISMATCH, Last received: 0.0, Next index: 1, Last known committed idx: 0, Time since last communication: 0.000s
I20260710 11:03:57.623077 31386 consensus_queue.cc:1048] T dfe6cb9909b743eca8bc6f022e7b3789 P 68b5246f0c504b8cb43ae0b49fc2b8bf [LEADER]: Connected to new peer: Peer: permanent_uuid: "2a6a6e9ed00b411ca530ecc2d209b2fd" member_type: VOTER last_known_addr { host: "127.29.53.2" port: 35345 }, Status: LMP_MISMATCH, Last received: 0.0, Next index: 1, Last known committed idx: 0, Time since last communication: 0.000s
I20260710 11:03:57.632287 31201 consensus_queue.cc:1048] T dfe6cb9909b743eca8bc6f022e7b3789 P 68b5246f0c504b8cb43ae0b49fc2b8bf [LEADER]: Connected to new peer: Peer: permanent_uuid: "46d8788994f5419ebdad8a950a23c968" member_type: VOTER last_known_addr { host: "127.29.53.3" port: 40265 }, Status: LMP_MISMATCH, Last received: 0.0, Next index: 1, Last known committed idx: 0, Time since last communication: 0.000s
I20260710 11:03:57.707587 31006 consensus_queue.cc:237] T 513af659796e44c1bc3d6a35379d5381 P 68b5246f0c504b8cb43ae0b49fc2b8bf [LEADER]: Queue going to LEADER mode. State: All replicated index: 0, Majority replicated index: 1, Committed index: 1, Last appended: 1.1, Last appended by leader: 0, Current term: 1, Majority size: 2, State: 0, Mode: LEADER, active raft config: opid_index: 2 OBSOLETE_local: false peers { permanent_uuid: "68b5246f0c504b8cb43ae0b49fc2b8bf" member_type: VOTER last_known_addr { host: "127.29.53.1" port: 33251 } } peers { permanent_uuid: "2a6a6e9ed00b411ca530ecc2d209b2fd" member_type: VOTER last_known_addr { host: "127.29.53.2" port: 35345 } } peers { permanent_uuid: "46d8788994f5419ebdad8a950a23c968" member_type: VOTER last_known_addr { host: "127.29.53.3" port: 40265 } attrs { replace: true } } peers { permanent_uuid: "ec9620a517e0431792039685177fb6fa" member_type: NON_VOTER last_known_addr { host: "127.29.53.4" port: 33085 } attrs { promote: true } }
I20260710 11:03:57.713369 31078 raft_consensus.cc:1275] T 513af659796e44c1bc3d6a35379d5381 P 2a6a6e9ed00b411ca530ecc2d209b2fd [term 1 FOLLOWER]: Refusing update from remote peer 68b5246f0c504b8cb43ae0b49fc2b8bf: Log matching property violated. Preceding OpId in replica: term: 1 index: 1. Preceding OpId from leader: term: 1 index: 2. (index mismatch)
I20260710 11:03:57.714012 31150 raft_consensus.cc:1275] T 513af659796e44c1bc3d6a35379d5381 P 46d8788994f5419ebdad8a950a23c968 [term 1 FOLLOWER]: Refusing update from remote peer 68b5246f0c504b8cb43ae0b49fc2b8bf: Log matching property violated. Preceding OpId in replica: term: 1 index: 1. Preceding OpId from leader: term: 1 index: 2. (index mismatch)
I20260710 11:03:57.714663 31243 consensus_queue.cc:1048] T 513af659796e44c1bc3d6a35379d5381 P 68b5246f0c504b8cb43ae0b49fc2b8bf [LEADER]: Connected to new peer: Peer: permanent_uuid: "2a6a6e9ed00b411ca530ecc2d209b2fd" member_type: VOTER last_known_addr { host: "127.29.53.2" port: 35345 }, Status: LMP_MISMATCH, Last received: 0.0, Next index: 2, Last known committed idx: 1, Time since last communication: 0.000s
I20260710 11:03:57.715500 31247 consensus_queue.cc:1048] T 513af659796e44c1bc3d6a35379d5381 P 68b5246f0c504b8cb43ae0b49fc2b8bf [LEADER]: Connected to new peer: Peer: permanent_uuid: "46d8788994f5419ebdad8a950a23c968" member_type: VOTER last_known_addr { host: "127.29.53.3" port: 40265 } attrs { replace: true }, Status: LMP_MISMATCH, Last received: 0.0, Next index: 2, Last known committed idx: 1, Time since last communication: 0.000s
I20260710 11:03:57.723069 31247 raft_consensus.cc:2955] T 513af659796e44c1bc3d6a35379d5381 P 68b5246f0c504b8cb43ae0b49fc2b8bf [term 1 LEADER]: Committing config change with OpId 1.2: config changed from index -1 to 2, NON_VOTER ec9620a517e0431792039685177fb6fa (127.29.53.4) added. New config: { opid_index: 2 OBSOLETE_local: false peers { permanent_uuid: "68b5246f0c504b8cb43ae0b49fc2b8bf" member_type: VOTER last_known_addr { host: "127.29.53.1" port: 33251 } } peers { permanent_uuid: "2a6a6e9ed00b411ca530ecc2d209b2fd" member_type: VOTER last_known_addr { host: "127.29.53.2" port: 35345 } } peers { permanent_uuid: "46d8788994f5419ebdad8a950a23c968" member_type: VOTER last_known_addr { host: "127.29.53.3" port: 40265 } attrs { replace: true } } peers { permanent_uuid: "ec9620a517e0431792039685177fb6fa" member_type: NON_VOTER last_known_addr { host: "127.29.53.4" port: 33085 } attrs { promote: true } } }
I20260710 11:03:57.724607 31078 raft_consensus.cc:2955] T 513af659796e44c1bc3d6a35379d5381 P 2a6a6e9ed00b411ca530ecc2d209b2fd [term 1 FOLLOWER]: Committing config change with OpId 1.2: config changed from index -1 to 2, NON_VOTER ec9620a517e0431792039685177fb6fa (127.29.53.4) added. New config: { opid_index: 2 OBSOLETE_local: false peers { permanent_uuid: "68b5246f0c504b8cb43ae0b49fc2b8bf" member_type: VOTER last_known_addr { host: "127.29.53.1" port: 33251 } } peers { permanent_uuid: "2a6a6e9ed00b411ca530ecc2d209b2fd" member_type: VOTER last_known_addr { host: "127.29.53.2" port: 35345 } } peers { permanent_uuid: "46d8788994f5419ebdad8a950a23c968" member_type: VOTER last_known_addr { host: "127.29.53.3" port: 40265 } attrs { replace: true } } peers { permanent_uuid: "ec9620a517e0431792039685177fb6fa" member_type: NON_VOTER last_known_addr { host: "127.29.53.4" port: 33085 } attrs { promote: true } } }
I20260710 11:03:57.730048 31153 raft_consensus.cc:2955] T 513af659796e44c1bc3d6a35379d5381 P 46d8788994f5419ebdad8a950a23c968 [term 1 FOLLOWER]: Committing config change with OpId 1.2: config changed from index -1 to 2, NON_VOTER ec9620a517e0431792039685177fb6fa (127.29.53.4) added. New config: { opid_index: 2 OBSOLETE_local: false peers { permanent_uuid: "68b5246f0c504b8cb43ae0b49fc2b8bf" member_type: VOTER last_known_addr { host: "127.29.53.1" port: 33251 } } peers { permanent_uuid: "2a6a6e9ed00b411ca530ecc2d209b2fd" member_type: VOTER last_known_addr { host: "127.29.53.2" port: 35345 } } peers { permanent_uuid: "46d8788994f5419ebdad8a950a23c968" member_type: VOTER last_known_addr { host: "127.29.53.3" port: 40265 } attrs { replace: true } } peers { permanent_uuid: "ec9620a517e0431792039685177fb6fa" member_type: NON_VOTER last_known_addr { host: "127.29.53.4" port: 33085 } attrs { promote: true } } }
I20260710 11:03:57.738965 30904 catalog_manager.cc:5697] T 513af659796e44c1bc3d6a35379d5381 P 2a6a6e9ed00b411ca530ecc2d209b2fd reported cstate change: config changed from index -1 to 2, NON_VOTER ec9620a517e0431792039685177fb6fa (127.29.53.4) added. New cstate: current_term: 1 leader_uuid: "68b5246f0c504b8cb43ae0b49fc2b8bf" committed_config { opid_index: 2 OBSOLETE_local: false peers { permanent_uuid: "68b5246f0c504b8cb43ae0b49fc2b8bf" member_type: VOTER last_known_addr { host: "127.29.53.1" port: 33251 } } peers { permanent_uuid: "2a6a6e9ed00b411ca530ecc2d209b2fd" member_type: VOTER last_known_addr { host: "127.29.53.2" port: 35345 } } peers { permanent_uuid: "46d8788994f5419ebdad8a950a23c968" member_type: VOTER last_known_addr { host: "127.29.53.3" port: 40265 } attrs { replace: true } } peers { permanent_uuid: "ec9620a517e0431792039685177fb6fa" member_type: NON_VOTER last_known_addr { host: "127.29.53.4" port: 33085 } attrs { promote: true } } }
I20260710 11:03:57.740727 31006 consensus_queue.cc:237] T b5f7b1cf29c74b16ad0758f4a43573db P 68b5246f0c504b8cb43ae0b49fc2b8bf [LEADER]: Queue going to LEADER mode. State: All replicated index: 0, Majority replicated index: 1, Committed index: 1, Last appended: 1.1, Last appended by leader: 0, Current term: 1, Majority size: 2, State: 0, Mode: LEADER, active raft config: opid_index: 2 OBSOLETE_local: false peers { permanent_uuid: "68b5246f0c504b8cb43ae0b49fc2b8bf" member_type: VOTER last_known_addr { host: "127.29.53.1" port: 33251 } } peers { permanent_uuid: "2a6a6e9ed00b411ca530ecc2d209b2fd" member_type: VOTER last_known_addr { host: "127.29.53.2" port: 35345 } attrs { replace: true } } peers { permanent_uuid: "46d8788994f5419ebdad8a950a23c968" member_type: VOTER last_known_addr { host: "127.29.53.3" port: 40265 } } peers { permanent_uuid: "ec9620a517e0431792039685177fb6fa" member_type: NON_VOTER last_known_addr { host: "127.29.53.4" port: 33085 } attrs { promote: true } }
I20260710 11:03:57.748353 31078 raft_consensus.cc:1275] T b5f7b1cf29c74b16ad0758f4a43573db P 2a6a6e9ed00b411ca530ecc2d209b2fd [term 1 FOLLOWER]: Refusing update from remote peer 68b5246f0c504b8cb43ae0b49fc2b8bf: Log matching property violated. Preceding OpId in replica: term: 1 index: 1. Preceding OpId from leader: term: 1 index: 2. (index mismatch)
W20260710 11:03:57.750754 30969 consensus_peers.cc:597] T 513af659796e44c1bc3d6a35379d5381 P 68b5246f0c504b8cb43ae0b49fc2b8bf -> Peer ec9620a517e0431792039685177fb6fa (127.29.53.4:33085): Couldn't send request to peer ec9620a517e0431792039685177fb6fa. Error code: TABLET_NOT_FOUND (6). Status: Not found: Tablet not found: 513af659796e44c1bc3d6a35379d5381. This is attempt 1: this message will repeat every 5th retry.
W20260710 11:03:57.751420 30969 consensus_peers.cc:597] T b5f7b1cf29c74b16ad0758f4a43573db P 68b5246f0c504b8cb43ae0b49fc2b8bf -> Peer ec9620a517e0431792039685177fb6fa (127.29.53.4:33085): Couldn't send request to peer ec9620a517e0431792039685177fb6fa. Error code: TABLET_NOT_FOUND (6). Status: Not found: Tablet not found: b5f7b1cf29c74b16ad0758f4a43573db. This is attempt 1: this message will repeat every 5th retry.
I20260710 11:03:57.751969 31386 consensus_queue.cc:1048] T b5f7b1cf29c74b16ad0758f4a43573db P 68b5246f0c504b8cb43ae0b49fc2b8bf [LEADER]: Connected to new peer: Peer: permanent_uuid: "2a6a6e9ed00b411ca530ecc2d209b2fd" member_type: VOTER last_known_addr { host: "127.29.53.2" port: 35345 } attrs { replace: true }, Status: LMP_MISMATCH, Last received: 0.0, Next index: 2, Last known committed idx: 1, Time since last communication: 0.000s
I20260710 11:03:57.754484 31153 raft_consensus.cc:1275] T b5f7b1cf29c74b16ad0758f4a43573db P 46d8788994f5419ebdad8a950a23c968 [term 1 FOLLOWER]: Refusing update from remote peer 68b5246f0c504b8cb43ae0b49fc2b8bf: Log matching property violated. Preceding OpId in replica: term: 1 index: 1. Preceding OpId from leader: term: 1 index: 2. (index mismatch)
I20260710 11:03:57.757136 31243 consensus_queue.cc:1048] T b5f7b1cf29c74b16ad0758f4a43573db P 68b5246f0c504b8cb43ae0b49fc2b8bf [LEADER]: Connected to new peer: Peer: permanent_uuid: "46d8788994f5419ebdad8a950a23c968" member_type: VOTER last_known_addr { host: "127.29.53.3" port: 40265 }, Status: LMP_MISMATCH, Last received: 0.0, Next index: 2, Last known committed idx: 1, Time since last communication: 0.000s
I20260710 11:03:57.759472 31386 raft_consensus.cc:2955] T b5f7b1cf29c74b16ad0758f4a43573db P 68b5246f0c504b8cb43ae0b49fc2b8bf [term 1 LEADER]: Committing config change with OpId 1.2: config changed from index -1 to 2, NON_VOTER ec9620a517e0431792039685177fb6fa (127.29.53.4) added. New config: { opid_index: 2 OBSOLETE_local: false peers { permanent_uuid: "68b5246f0c504b8cb43ae0b49fc2b8bf" member_type: VOTER last_known_addr { host: "127.29.53.1" port: 33251 } } peers { permanent_uuid: "2a6a6e9ed00b411ca530ecc2d209b2fd" member_type: VOTER last_known_addr { host: "127.29.53.2" port: 35345 } attrs { replace: true } } peers { permanent_uuid: "46d8788994f5419ebdad8a950a23c968" member_type: VOTER last_known_addr { host: "127.29.53.3" port: 40265 } } peers { permanent_uuid: "ec9620a517e0431792039685177fb6fa" member_type: NON_VOTER last_known_addr { host: "127.29.53.4" port: 33085 } attrs { promote: true } } }
I20260710 11:03:57.765057 31080 raft_consensus.cc:2955] T b5f7b1cf29c74b16ad0758f4a43573db P 2a6a6e9ed00b411ca530ecc2d209b2fd [term 1 FOLLOWER]: Committing config change with OpId 1.2: config changed from index -1 to 2, NON_VOTER ec9620a517e0431792039685177fb6fa (127.29.53.4) added. New config: { opid_index: 2 OBSOLETE_local: false peers { permanent_uuid: "68b5246f0c504b8cb43ae0b49fc2b8bf" member_type: VOTER last_known_addr { host: "127.29.53.1" port: 33251 } } peers { permanent_uuid: "2a6a6e9ed00b411ca530ecc2d209b2fd" member_type: VOTER last_known_addr { host: "127.29.53.2" port: 35345 } attrs { replace: true } } peers { permanent_uuid: "46d8788994f5419ebdad8a950a23c968" member_type: VOTER last_known_addr { host: "127.29.53.3" port: 40265 } } peers { permanent_uuid: "ec9620a517e0431792039685177fb6fa" member_type: NON_VOTER last_known_addr { host: "127.29.53.4" port: 33085 } attrs { promote: true } } }
I20260710 11:03:57.767977 31153 raft_consensus.cc:2955] T b5f7b1cf29c74b16ad0758f4a43573db P 46d8788994f5419ebdad8a950a23c968 [term 1 FOLLOWER]: Committing config change with OpId 1.2: config changed from index -1 to 2, NON_VOTER ec9620a517e0431792039685177fb6fa (127.29.53.4) added. New config: { opid_index: 2 OBSOLETE_local: false peers { permanent_uuid: "68b5246f0c504b8cb43ae0b49fc2b8bf" member_type: VOTER last_known_addr { host: "127.29.53.1" port: 33251 } } peers { permanent_uuid: "2a6a6e9ed00b411ca530ecc2d209b2fd" member_type: VOTER last_known_addr { host: "127.29.53.2" port: 35345 } attrs { replace: true } } peers { permanent_uuid: "46d8788994f5419ebdad8a950a23c968" member_type: VOTER last_known_addr { host: "127.29.53.3" port: 40265 } } peers { permanent_uuid: "ec9620a517e0431792039685177fb6fa" member_type: NON_VOTER last_known_addr { host: "127.29.53.4" port: 33085 } attrs { promote: true } } }
I20260710 11:03:57.780670 30903 catalog_manager.cc:5697] T b5f7b1cf29c74b16ad0758f4a43573db P 2a6a6e9ed00b411ca530ecc2d209b2fd reported cstate change: config changed from index -1 to 2, NON_VOTER ec9620a517e0431792039685177fb6fa (127.29.53.4) added. New cstate: current_term: 1 leader_uuid: "68b5246f0c504b8cb43ae0b49fc2b8bf" committed_config { opid_index: 2 OBSOLETE_local: false peers { permanent_uuid: "68b5246f0c504b8cb43ae0b49fc2b8bf" member_type: VOTER last_known_addr { host: "127.29.53.1" port: 33251 } } peers { permanent_uuid: "2a6a6e9ed00b411ca530ecc2d209b2fd" member_type: VOTER last_known_addr { host: "127.29.53.2" port: 35345 } attrs { replace: true } } peers { permanent_uuid: "46d8788994f5419ebdad8a950a23c968" member_type: VOTER last_known_addr { host: "127.29.53.3" port: 40265 } } peers { permanent_uuid: "ec9620a517e0431792039685177fb6fa" member_type: NON_VOTER last_known_addr { host: "127.29.53.4" port: 33085 } attrs { promote: true } } }
I20260710 11:03:57.803475 31153 consensus_queue.cc:237] T bd49499f1af64c83bf780ec04d4faa01 P 46d8788994f5419ebdad8a950a23c968 [LEADER]: Queue going to LEADER mode. State: All replicated index: 0, Majority replicated index: 1, Committed index: 1, Last appended: 1.1, Last appended by leader: 0, Current term: 1, Majority size: 2, State: 0, Mode: LEADER, active raft config: opid_index: 2 OBSOLETE_local: false peers { permanent_uuid: "68b5246f0c504b8cb43ae0b49fc2b8bf" member_type: VOTER last_known_addr { host: "127.29.53.1" port: 33251 } attrs { replace: true } } peers { permanent_uuid: "2a6a6e9ed00b411ca530ecc2d209b2fd" member_type: VOTER last_known_addr { host: "127.29.53.2" port: 35345 } } peers { permanent_uuid: "46d8788994f5419ebdad8a950a23c968" member_type: VOTER last_known_addr { host: "127.29.53.3" port: 40265 } } peers { permanent_uuid: "ec9620a517e0431792039685177fb6fa" member_type: NON_VOTER last_known_addr { host: "127.29.53.4" port: 33085 } attrs { promote: true } }
I20260710 11:03:57.809300 31006 raft_consensus.cc:1275] T bd49499f1af64c83bf780ec04d4faa01 P 68b5246f0c504b8cb43ae0b49fc2b8bf [term 1 FOLLOWER]: Refusing update from remote peer 46d8788994f5419ebdad8a950a23c968: Log matching property violated. Preceding OpId in replica: term: 1 index: 1. Preceding OpId from leader: term: 1 index: 2. (index mismatch)
I20260710 11:03:57.810021 31080 raft_consensus.cc:1275] T bd49499f1af64c83bf780ec04d4faa01 P 2a6a6e9ed00b411ca530ecc2d209b2fd [term 1 FOLLOWER]: Refusing update from remote peer 46d8788994f5419ebdad8a950a23c968: Log matching property violated. Preceding OpId in replica: term: 1 index: 1. Preceding OpId from leader: term: 1 index: 2. (index mismatch)
I20260710 11:03:57.810695 31356 consensus_queue.cc:1048] T bd49499f1af64c83bf780ec04d4faa01 P 46d8788994f5419ebdad8a950a23c968 [LEADER]: Connected to new peer: Peer: permanent_uuid: "68b5246f0c504b8cb43ae0b49fc2b8bf" member_type: VOTER last_known_addr { host: "127.29.53.1" port: 33251 } attrs { replace: true }, Status: LMP_MISMATCH, Last received: 0.0, Next index: 2, Last known committed idx: 1, Time since last communication: 0.000s
I20260710 11:03:57.811378 31481 consensus_queue.cc:1048] T bd49499f1af64c83bf780ec04d4faa01 P 46d8788994f5419ebdad8a950a23c968 [LEADER]: Connected to new peer: Peer: permanent_uuid: "2a6a6e9ed00b411ca530ecc2d209b2fd" member_type: VOTER last_known_addr { host: "127.29.53.2" port: 35345 }, Status: LMP_MISMATCH, Last received: 0.0, Next index: 2, Last known committed idx: 1, Time since last communication: 0.000s
I20260710 11:03:57.817968 31356 raft_consensus.cc:2955] T bd49499f1af64c83bf780ec04d4faa01 P 46d8788994f5419ebdad8a950a23c968 [term 1 LEADER]: Committing config change with OpId 1.2: config changed from index -1 to 2, NON_VOTER ec9620a517e0431792039685177fb6fa (127.29.53.4) added. New config: { opid_index: 2 OBSOLETE_local: false peers { permanent_uuid: "68b5246f0c504b8cb43ae0b49fc2b8bf" member_type: VOTER last_known_addr { host: "127.29.53.1" port: 33251 } attrs { replace: true } } peers { permanent_uuid: "2a6a6e9ed00b411ca530ecc2d209b2fd" member_type: VOTER last_known_addr { host: "127.29.53.2" port: 35345 } } peers { permanent_uuid: "46d8788994f5419ebdad8a950a23c968" member_type: VOTER last_known_addr { host: "127.29.53.3" port: 40265 } } peers { permanent_uuid: "ec9620a517e0431792039685177fb6fa" member_type: NON_VOTER last_known_addr { host: "127.29.53.4" port: 33085 } attrs { promote: true } } }
I20260710 11:03:57.820624 31080 raft_consensus.cc:2955] T bd49499f1af64c83bf780ec04d4faa01 P 2a6a6e9ed00b411ca530ecc2d209b2fd [term 1 FOLLOWER]: Committing config change with OpId 1.2: config changed from index -1 to 2, NON_VOTER ec9620a517e0431792039685177fb6fa (127.29.53.4) added. New config: { opid_index: 2 OBSOLETE_local: false peers { permanent_uuid: "68b5246f0c504b8cb43ae0b49fc2b8bf" member_type: VOTER last_known_addr { host: "127.29.53.1" port: 33251 } attrs { replace: true } } peers { permanent_uuid: "2a6a6e9ed00b411ca530ecc2d209b2fd" member_type: VOTER last_known_addr { host: "127.29.53.2" port: 35345 } } peers { permanent_uuid: "46d8788994f5419ebdad8a950a23c968" member_type: VOTER last_known_addr { host: "127.29.53.3" port: 40265 } } peers { permanent_uuid: "ec9620a517e0431792039685177fb6fa" member_type: NON_VOTER last_known_addr { host: "127.29.53.4" port: 33085 } attrs { promote: true } } }
I20260710 11:03:57.821008 31006 raft_consensus.cc:2955] T bd49499f1af64c83bf780ec04d4faa01 P 68b5246f0c504b8cb43ae0b49fc2b8bf [term 1 FOLLOWER]: Committing config change with OpId 1.2: config changed from index -1 to 2, NON_VOTER ec9620a517e0431792039685177fb6fa (127.29.53.4) added. New config: { opid_index: 2 OBSOLETE_local: false peers { permanent_uuid: "68b5246f0c504b8cb43ae0b49fc2b8bf" member_type: VOTER last_known_addr { host: "127.29.53.1" port: 33251 } attrs { replace: true } } peers { permanent_uuid: "2a6a6e9ed00b411ca530ecc2d209b2fd" member_type: VOTER last_known_addr { host: "127.29.53.2" port: 35345 } } peers { permanent_uuid: "46d8788994f5419ebdad8a950a23c968" member_type: VOTER last_known_addr { host: "127.29.53.3" port: 40265 } } peers { permanent_uuid: "ec9620a517e0431792039685177fb6fa" member_type: NON_VOTER last_known_addr { host: "127.29.53.4" port: 33085 } attrs { promote: true } } }
W20260710 11:03:57.822242 31118 consensus_peers.cc:597] T bd49499f1af64c83bf780ec04d4faa01 P 46d8788994f5419ebdad8a950a23c968 -> Peer ec9620a517e0431792039685177fb6fa (127.29.53.4:33085): Couldn't send request to peer ec9620a517e0431792039685177fb6fa. Error code: TABLET_NOT_FOUND (6). Status: Not found: Tablet not found: bd49499f1af64c83bf780ec04d4faa01. This is attempt 1: this message will repeat every 5th retry.
I20260710 11:03:57.833531 30901 catalog_manager.cc:5697] T bd49499f1af64c83bf780ec04d4faa01 P 68b5246f0c504b8cb43ae0b49fc2b8bf reported cstate change: config changed from index -1 to 2, NON_VOTER ec9620a517e0431792039685177fb6fa (127.29.53.4) added. New cstate: current_term: 1 leader_uuid: "46d8788994f5419ebdad8a950a23c968" committed_config { opid_index: 2 OBSOLETE_local: false peers { permanent_uuid: "68b5246f0c504b8cb43ae0b49fc2b8bf" member_type: VOTER last_known_addr { host: "127.29.53.1" port: 33251 } attrs { replace: true } } peers { permanent_uuid: "2a6a6e9ed00b411ca530ecc2d209b2fd" member_type: VOTER last_known_addr { host: "127.29.53.2" port: 35345 } } peers { permanent_uuid: "46d8788994f5419ebdad8a950a23c968" member_type: VOTER last_known_addr { host: "127.29.53.3" port: 40265 } } peers { permanent_uuid: "ec9620a517e0431792039685177fb6fa" member_type: NON_VOTER last_known_addr { host: "127.29.53.4" port: 33085 } attrs { promote: true } } }
I20260710 11:03:57.837131 31006 consensus_queue.cc:237] T 8d82cdf209dc461cbd7fa7c530b4297b P 68b5246f0c504b8cb43ae0b49fc2b8bf [LEADER]: Queue going to LEADER mode. State: All replicated index: 0, Majority replicated index: 1, Committed index: 1, Last appended: 1.1, Last appended by leader: 0, Current term: 1, Majority size: 2, State: 0, Mode: LEADER, active raft config: opid_index: 2 OBSOLETE_local: false peers { permanent_uuid: "68b5246f0c504b8cb43ae0b49fc2b8bf" member_type: VOTER last_known_addr { host: "127.29.53.1" port: 33251 } } peers { permanent_uuid: "2a6a6e9ed00b411ca530ecc2d209b2fd" member_type: VOTER last_known_addr { host: "127.29.53.2" port: 35345 } attrs { replace: true } } peers { permanent_uuid: "46d8788994f5419ebdad8a950a23c968" member_type: VOTER last_known_addr { host: "127.29.53.3" port: 40265 } } peers { permanent_uuid: "ec9620a517e0431792039685177fb6fa" member_type: NON_VOTER last_known_addr { host: "127.29.53.4" port: 33085 } attrs { promote: true } }
I20260710 11:03:57.843243 31150 raft_consensus.cc:1275] T 8d82cdf209dc461cbd7fa7c530b4297b P 46d8788994f5419ebdad8a950a23c968 [term 1 FOLLOWER]: Refusing update from remote peer 68b5246f0c504b8cb43ae0b49fc2b8bf: Log matching property violated. Preceding OpId in replica: term: 1 index: 1. Preceding OpId from leader: term: 1 index: 2. (index mismatch)
I20260710 11:03:57.844310 31080 raft_consensus.cc:1275] T 8d82cdf209dc461cbd7fa7c530b4297b P 2a6a6e9ed00b411ca530ecc2d209b2fd [term 1 FOLLOWER]: Refusing update from remote peer 68b5246f0c504b8cb43ae0b49fc2b8bf: Log matching property violated. Preceding OpId in replica: term: 1 index: 1. Preceding OpId from leader: term: 1 index: 2. (index mismatch)
W20260710 11:03:57.844604 30969 consensus_peers.cc:597] T 8d82cdf209dc461cbd7fa7c530b4297b P 68b5246f0c504b8cb43ae0b49fc2b8bf -> Peer ec9620a517e0431792039685177fb6fa (127.29.53.4:33085): Couldn't send request to peer ec9620a517e0431792039685177fb6fa. Error code: TABLET_NOT_FOUND (6). Status: Not found: Tablet not found: 8d82cdf209dc461cbd7fa7c530b4297b. This is attempt 1: this message will repeat every 5th retry.
I20260710 11:03:57.844810 31201 consensus_queue.cc:1048] T 8d82cdf209dc461cbd7fa7c530b4297b P 68b5246f0c504b8cb43ae0b49fc2b8bf [LEADER]: Connected to new peer: Peer: permanent_uuid: "46d8788994f5419ebdad8a950a23c968" member_type: VOTER last_known_addr { host: "127.29.53.3" port: 40265 }, Status: LMP_MISMATCH, Last received: 0.0, Next index: 2, Last known committed idx: 1, Time since last communication: 0.000s
I20260710 11:03:57.845793 31243 consensus_queue.cc:1048] T 8d82cdf209dc461cbd7fa7c530b4297b P 68b5246f0c504b8cb43ae0b49fc2b8bf [LEADER]: Connected to new peer: Peer: permanent_uuid: "2a6a6e9ed00b411ca530ecc2d209b2fd" member_type: VOTER last_known_addr { host: "127.29.53.2" port: 35345 } attrs { replace: true }, Status: LMP_MISMATCH, Last received: 0.0, Next index: 2, Last known committed idx: 1, Time since last communication: 0.000s
I20260710 11:03:57.859253 31386 raft_consensus.cc:2955] T 8d82cdf209dc461cbd7fa7c530b4297b P 68b5246f0c504b8cb43ae0b49fc2b8bf [term 1 LEADER]: Committing config change with OpId 1.2: config changed from index -1 to 2, NON_VOTER ec9620a517e0431792039685177fb6fa (127.29.53.4) added. New config: { opid_index: 2 OBSOLETE_local: false peers { permanent_uuid: "68b5246f0c504b8cb43ae0b49fc2b8bf" member_type: VOTER last_known_addr { host: "127.29.53.1" port: 33251 } } peers { permanent_uuid: "2a6a6e9ed00b411ca530ecc2d209b2fd" member_type: VOTER last_known_addr { host: "127.29.53.2" port: 35345 } attrs { replace: true } } peers { permanent_uuid: "46d8788994f5419ebdad8a950a23c968" member_type: VOTER last_known_addr { host: "127.29.53.3" port: 40265 } } peers { permanent_uuid: "ec9620a517e0431792039685177fb6fa" member_type: NON_VOTER last_known_addr { host: "127.29.53.4" port: 33085 } attrs { promote: true } } }
