I20260710 11:03:48.014544 20764 leader_election.cc:304] T f14e0f8b66844fd882f2d43f25d8d73f P 8890e79d8e784b7896472553c87ad70e [CANDIDATE]: Term 3 election: Election decided. Result: candidate won. Election summary: received 2 responses out of 3 voters: 2 yes votes; 0 no votes. yes voters: 7e0dcc9aa64545008999743bc755712f, 8890e79d8e784b7896472553c87ad70e; no voters: 
I20260710 11:03:48.015306 20883 raft_consensus.cc:2804] T f14e0f8b66844fd882f2d43f25d8d73f P 8890e79d8e784b7896472553c87ad70e [term 3 FOLLOWER]: Leader election won for term 3
I20260710 11:03:48.016040 20649 raft_consensus.cc:2468] T f14e0f8b66844fd882f2d43f25d8d73f P c7217719d8724198ab47a06f62ad80ba [term 3 FOLLOWER]: Leader election vote request: Granting yes vote for candidate 8890e79d8e784b7896472553c87ad70e in term 3.
I20260710 11:03:48.016638 20883 raft_consensus.cc:697] T f14e0f8b66844fd882f2d43f25d8d73f P 8890e79d8e784b7896472553c87ad70e [term 3 LEADER]: Becoming Leader. State: Replica: 8890e79d8e784b7896472553c87ad70e, State: Running, Role: LEADER
I20260710 11:03:48.017588 20883 consensus_queue.cc:237] T f14e0f8b66844fd882f2d43f25d8d73f P 8890e79d8e784b7896472553c87ad70e [LEADER]: Queue going to LEADER mode. State: All replicated index: 0, Majority replicated index: 2, Committed index: 2, Last appended: 2.2, Last appended by leader: 2, Current term: 3, Majority size: 2, State: 0, Mode: LEADER, active raft config: opid_index: -1 OBSOLETE_local: false peers { permanent_uuid: "7e0dcc9aa64545008999743bc755712f" member_type: VOTER last_known_addr { host: "127.19.141.2" port: 42129 } } peers { permanent_uuid: "8890e79d8e784b7896472553c87ad70e" member_type: VOTER last_known_addr { host: "127.19.141.3" port: 40209 } } peers { permanent_uuid: "c7217719d8724198ab47a06f62ad80ba" member_type: VOTER last_known_addr { host: "127.19.141.1" port: 44687 } }
I20260710 11:03:48.026027 20547 catalog_manager.cc:5697] T f14e0f8b66844fd882f2d43f25d8d73f P 8890e79d8e784b7896472553c87ad70e reported cstate change: term changed from 2 to 3, leader changed from c7217719d8724198ab47a06f62ad80ba (127.19.141.1) to 8890e79d8e784b7896472553c87ad70e (127.19.141.3). New cstate: current_term: 3 leader_uuid: "8890e79d8e784b7896472553c87ad70e" committed_config { opid_index: -1 OBSOLETE_local: false peers { permanent_uuid: "7e0dcc9aa64545008999743bc755712f" member_type: VOTER last_known_addr { host: "127.19.141.2" port: 42129 } health_report { overall_health: UNKNOWN } } peers { permanent_uuid: "8890e79d8e784b7896472553c87ad70e" member_type: VOTER last_known_addr { host: "127.19.141.3" port: 40209 } health_report { overall_health: HEALTHY } } peers { permanent_uuid: "c7217719d8724198ab47a06f62ad80ba" member_type: VOTER last_known_addr { host: "127.19.141.1" port: 44687 } health_report { overall_health: UNKNOWN } } }
I20260710 11:03:48.316412 20934 raft_consensus.cc:993] T e09742d18bfc4d318df97c8cf92e20bf P c7217719d8724198ab47a06f62ad80ba: : Instructing follower 8890e79d8e784b7896472553c87ad70e to start an election
I20260710 11:03:48.316923 20930 raft_consensus.cc:1081] T e09742d18bfc4d318df97c8cf92e20bf P c7217719d8724198ab47a06f62ad80ba [term 2 LEADER]: Signalling peer 8890e79d8e784b7896472553c87ad70e to start an election
I20260710 11:03:48.318377 20797 tablet_service.cc:2044] Received Run Leader Election RPC: tablet_id: "e09742d18bfc4d318df97c8cf92e20bf"
dest_uuid: "8890e79d8e784b7896472553c87ad70e"
 from {username='slave'} at 127.0.0.1:33232
I20260710 11:03:48.318951 20797 raft_consensus.cc:493] T e09742d18bfc4d318df97c8cf92e20bf P 8890e79d8e784b7896472553c87ad70e [term 2 FOLLOWER]: Starting forced leader election (received explicit request)
I20260710 11:03:48.319327 20797 raft_consensus.cc:3060] T e09742d18bfc4d318df97c8cf92e20bf P 8890e79d8e784b7896472553c87ad70e [term 2 FOLLOWER]: Advancing to term 3
I20260710 11:03:48.326293 20797 raft_consensus.cc:515] T e09742d18bfc4d318df97c8cf92e20bf P 8890e79d8e784b7896472553c87ad70e [term 3 FOLLOWER]: Starting forced leader election with config: opid_index: -1 OBSOLETE_local: false peers { permanent_uuid: "c7217719d8724198ab47a06f62ad80ba" member_type: VOTER last_known_addr { host: "127.19.141.1" port: 44687 } } peers { permanent_uuid: "7e0dcc9aa64545008999743bc755712f" member_type: VOTER last_known_addr { host: "127.19.141.2" port: 42129 } } peers { permanent_uuid: "8890e79d8e784b7896472553c87ad70e" member_type: VOTER last_known_addr { host: "127.19.141.3" port: 40209 } }
I20260710 11:03:48.328279 20797 leader_election.cc:290] T e09742d18bfc4d318df97c8cf92e20bf P 8890e79d8e784b7896472553c87ad70e [CANDIDATE]: Term 3 election: Requested vote from peers c7217719d8724198ab47a06f62ad80ba (127.19.141.1:44687), 7e0dcc9aa64545008999743bc755712f (127.19.141.2:42129)
I20260710 11:03:48.328972 20649 tablet_service.cc:1917] Received RequestConsensusVote() RPC: tablet_id: "e09742d18bfc4d318df97c8cf92e20bf" candidate_uuid: "8890e79d8e784b7896472553c87ad70e" candidate_term: 3 candidate_status { last_received { term: 2 index: 2 } } ignore_live_leader: true dest_uuid: "c7217719d8724198ab47a06f62ad80ba"
I20260710 11:03:48.329265 20723 tablet_service.cc:1917] Received RequestConsensusVote() RPC: tablet_id: "e09742d18bfc4d318df97c8cf92e20bf" candidate_uuid: "8890e79d8e784b7896472553c87ad70e" candidate_term: 3 candidate_status { last_received { term: 2 index: 2 } } ignore_live_leader: true dest_uuid: "7e0dcc9aa64545008999743bc755712f"
I20260710 11:03:48.329540 20649 raft_consensus.cc:3055] T e09742d18bfc4d318df97c8cf92e20bf P c7217719d8724198ab47a06f62ad80ba [term 2 LEADER]: Stepping down as leader of term 2
I20260710 11:03:48.329747 20723 raft_consensus.cc:3060] T e09742d18bfc4d318df97c8cf92e20bf P 7e0dcc9aa64545008999743bc755712f [term 2 FOLLOWER]: Advancing to term 3
I20260710 11:03:48.329874 20649 raft_consensus.cc:740] T e09742d18bfc4d318df97c8cf92e20bf P c7217719d8724198ab47a06f62ad80ba [term 2 LEADER]: Becoming Follower/Learner. State: Replica: c7217719d8724198ab47a06f62ad80ba, State: Running, Role: LEADER
I20260710 11:03:48.330677 20649 consensus_queue.cc:260] T e09742d18bfc4d318df97c8cf92e20bf P c7217719d8724198ab47a06f62ad80ba [NON_LEADER]: Queue going to NON_LEADER mode. State: All replicated index: 0, Majority replicated index: 2, Committed index: 2, Last appended: 2.2, Last appended by leader: 2, Current term: 2, Majority size: -1, State: 0, Mode: NON_LEADER, active raft config: opid_index: -1 OBSOLETE_local: false peers { permanent_uuid: "c7217719d8724198ab47a06f62ad80ba" member_type: VOTER last_known_addr { host: "127.19.141.1" port: 44687 } } peers { permanent_uuid: "7e0dcc9aa64545008999743bc755712f" member_type: VOTER last_known_addr { host: "127.19.141.2" port: 42129 } } peers { permanent_uuid: "8890e79d8e784b7896472553c87ad70e" member_type: VOTER last_known_addr { host: "127.19.141.3" port: 40209 } }
I20260710 11:03:48.331789 20649 raft_consensus.cc:3060] T e09742d18bfc4d318df97c8cf92e20bf P c7217719d8724198ab47a06f62ad80ba [term 2 FOLLOWER]: Advancing to term 3
I20260710 11:03:48.335500 20723 raft_consensus.cc:2468] T e09742d18bfc4d318df97c8cf92e20bf P 7e0dcc9aa64545008999743bc755712f [term 3 FOLLOWER]: Leader election vote request: Granting yes vote for candidate 8890e79d8e784b7896472553c87ad70e in term 3.
I20260710 11:03:48.337996 20649 raft_consensus.cc:2468] T e09742d18bfc4d318df97c8cf92e20bf P c7217719d8724198ab47a06f62ad80ba [term 3 FOLLOWER]: Leader election vote request: Granting yes vote for candidate 8890e79d8e784b7896472553c87ad70e in term 3.
I20260710 11:03:48.338994 20764 leader_election.cc:304] T e09742d18bfc4d318df97c8cf92e20bf P 8890e79d8e784b7896472553c87ad70e [CANDIDATE]: Term 3 election: Election decided. Result: candidate won. Election summary: received 2 responses out of 3 voters: 2 yes votes; 0 no votes. yes voters: 8890e79d8e784b7896472553c87ad70e, c7217719d8724198ab47a06f62ad80ba; no voters: 
I20260710 11:03:48.339790 20883 raft_consensus.cc:2804] T e09742d18bfc4d318df97c8cf92e20bf P 8890e79d8e784b7896472553c87ad70e [term 3 FOLLOWER]: Leader election won for term 3
I20260710 11:03:48.340507 20883 raft_consensus.cc:697] T e09742d18bfc4d318df97c8cf92e20bf P 8890e79d8e784b7896472553c87ad70e [term 3 LEADER]: Becoming Leader. State: Replica: 8890e79d8e784b7896472553c87ad70e, State: Running, Role: LEADER
I20260710 11:03:48.341267 20883 consensus_queue.cc:237] T e09742d18bfc4d318df97c8cf92e20bf P 8890e79d8e784b7896472553c87ad70e [LEADER]: Queue going to LEADER mode. State: All replicated index: 0, Majority replicated index: 2, Committed index: 2, Last appended: 2.2, Last appended by leader: 2, Current term: 3, Majority size: 2, State: 0, Mode: LEADER, active raft config: opid_index: -1 OBSOLETE_local: false peers { permanent_uuid: "c7217719d8724198ab47a06f62ad80ba" member_type: VOTER last_known_addr { host: "127.19.141.1" port: 44687 } } peers { permanent_uuid: "7e0dcc9aa64545008999743bc755712f" member_type: VOTER last_known_addr { host: "127.19.141.2" port: 42129 } } peers { permanent_uuid: "8890e79d8e784b7896472553c87ad70e" member_type: VOTER last_known_addr { host: "127.19.141.3" port: 40209 } }
I20260710 11:03:48.353006 20547 catalog_manager.cc:5697] T e09742d18bfc4d318df97c8cf92e20bf P 8890e79d8e784b7896472553c87ad70e reported cstate change: term changed from 2 to 3, leader changed from c7217719d8724198ab47a06f62ad80ba (127.19.141.1) to 8890e79d8e784b7896472553c87ad70e (127.19.141.3). New cstate: current_term: 3 leader_uuid: "8890e79d8e784b7896472553c87ad70e" committed_config { opid_index: -1 OBSOLETE_local: false peers { permanent_uuid: "c7217719d8724198ab47a06f62ad80ba" member_type: VOTER last_known_addr { host: "127.19.141.1" port: 44687 } health_report { overall_health: UNKNOWN } } peers { permanent_uuid: "7e0dcc9aa64545008999743bc755712f" member_type: VOTER last_known_addr { host: "127.19.141.2" port: 42129 } health_report { overall_health: UNKNOWN } } peers { permanent_uuid: "8890e79d8e784b7896472553c87ad70e" member_type: VOTER last_known_addr { host: "127.19.141.3" port: 40209 } health_report { overall_health: HEALTHY } } }
I20260710 11:03:48.487396 20649 raft_consensus.cc:1275] T f14e0f8b66844fd882f2d43f25d8d73f P c7217719d8724198ab47a06f62ad80ba [term 3 FOLLOWER]: Refusing update from remote peer 8890e79d8e784b7896472553c87ad70e: Log matching property violated. Preceding OpId in replica: term: 2 index: 2. Preceding OpId from leader: term: 3 index: 3. (index mismatch)
I20260710 11:03:48.488699 20883 consensus_queue.cc:1048] T f14e0f8b66844fd882f2d43f25d8d73f P 8890e79d8e784b7896472553c87ad70e [LEADER]: Connected to new peer: Peer: permanent_uuid: "c7217719d8724198ab47a06f62ad80ba" member_type: VOTER last_known_addr { host: "127.19.141.1" port: 44687 }, Status: LMP_MISMATCH, Last received: 0.0, Next index: 3, Last known committed idx: 2, Time since last communication: 0.000s
I20260710 11:03:48.501255 20723 raft_consensus.cc:1275] T f14e0f8b66844fd882f2d43f25d8d73f P 7e0dcc9aa64545008999743bc755712f [term 3 FOLLOWER]: Refusing update from remote peer 8890e79d8e784b7896472553c87ad70e: Log matching property violated. Preceding OpId in replica: term: 2 index: 2. Preceding OpId from leader: term: 3 index: 3. (index mismatch)
I20260710 11:03:48.503130 20944 consensus_queue.cc:1048] T f14e0f8b66844fd882f2d43f25d8d73f P 8890e79d8e784b7896472553c87ad70e [LEADER]: Connected to new peer: Peer: permanent_uuid: "7e0dcc9aa64545008999743bc755712f" member_type: VOTER last_known_addr { host: "127.19.141.2" port: 42129 }, Status: LMP_MISMATCH, Last received: 0.0, Next index: 3, Last known committed idx: 2, Time since last communication: 0.000s
I20260710 11:03:48.865175 20649 raft_consensus.cc:1275] T e09742d18bfc4d318df97c8cf92e20bf P c7217719d8724198ab47a06f62ad80ba [term 3 FOLLOWER]: Refusing update from remote peer 8890e79d8e784b7896472553c87ad70e: Log matching property violated. Preceding OpId in replica: term: 2 index: 2. Preceding OpId from leader: term: 3 index: 3. (index mismatch)
I20260710 11:03:48.866495 20944 consensus_queue.cc:1048] T e09742d18bfc4d318df97c8cf92e20bf P 8890e79d8e784b7896472553c87ad70e [LEADER]: Connected to new peer: Peer: permanent_uuid: "c7217719d8724198ab47a06f62ad80ba" member_type: VOTER last_known_addr { host: "127.19.141.1" port: 44687 }, Status: LMP_MISMATCH, Last received: 0.0, Next index: 3, Last known committed idx: 2, Time since last communication: 0.000s
I20260710 11:03:48.877043 20723 raft_consensus.cc:1275] T e09742d18bfc4d318df97c8cf92e20bf P 7e0dcc9aa64545008999743bc755712f [term 3 FOLLOWER]: Refusing update from remote peer 8890e79d8e784b7896472553c87ad70e: Log matching property violated. Preceding OpId in replica: term: 2 index: 2. Preceding OpId from leader: term: 3 index: 3. (index mismatch)
I20260710 11:03:48.878237 20883 consensus_queue.cc:1048] T e09742d18bfc4d318df97c8cf92e20bf P 8890e79d8e784b7896472553c87ad70e [LEADER]: Connected to new peer: Peer: permanent_uuid: "7e0dcc9aa64545008999743bc755712f" member_type: VOTER last_known_addr { host: "127.19.141.2" port: 42129 }, Status: LMP_MISMATCH, Last received: 0.0, Next index: 3, Last known committed idx: 2, Time since last communication: 0.000s
I20260710 11:03:48.885102 20020 auto_leader_rebalancer.cc:141] leader rebalance for table test-workload
I20260710 11:03:48.905021 20797 tablet_service.cc:2072] Received LeaderStepDown RPC: tablet_id: "f14e0f8b66844fd882f2d43f25d8d73f"
dest_uuid: "8890e79d8e784b7896472553c87ad70e"
mode: GRACEFUL
new_leader_uuid: "c7217719d8724198ab47a06f62ad80ba"
 from {username='slave'} at 127.0.0.1:33250
I20260710 11:03:48.905711 20797 raft_consensus.cc:606] T f14e0f8b66844fd882f2d43f25d8d73f P 8890e79d8e784b7896472553c87ad70e [term 3 LEADER]: Received request to transfer leadership to TS c7217719d8724198ab47a06f62ad80ba
I20260710 11:03:48.919612 20797 tablet_service.cc:2072] Received LeaderStepDown RPC: tablet_id: "e09742d18bfc4d318df97c8cf92e20bf"
dest_uuid: "8890e79d8e784b7896472553c87ad70e"
mode: GRACEFUL
new_leader_uuid: "c7217719d8724198ab47a06f62ad80ba"
 from {username='slave'} at 127.0.0.1:33250
I20260710 11:03:48.920176 20797 raft_consensus.cc:606] T e09742d18bfc4d318df97c8cf92e20bf P 8890e79d8e784b7896472553c87ad70e [term 3 LEADER]: Received request to transfer leadership to TS c7217719d8724198ab47a06f62ad80ba
I20260710 11:03:48.933209 20935 raft_consensus.cc:993] T f14e0f8b66844fd882f2d43f25d8d73f P 8890e79d8e784b7896472553c87ad70e: : Instructing follower c7217719d8724198ab47a06f62ad80ba to start an election
I20260710 11:03:48.933640 20883 raft_consensus.cc:1081] T f14e0f8b66844fd882f2d43f25d8d73f P 8890e79d8e784b7896472553c87ad70e [term 3 LEADER]: Signalling peer c7217719d8724198ab47a06f62ad80ba to start an election
I20260710 11:03:48.935212 20649 tablet_service.cc:2044] Received Run Leader Election RPC: tablet_id: "f14e0f8b66844fd882f2d43f25d8d73f"
dest_uuid: "c7217719d8724198ab47a06f62ad80ba"
 from {username='slave'} at 127.0.0.1:59708
I20260710 11:03:48.935642 20649 raft_consensus.cc:493] T f14e0f8b66844fd882f2d43f25d8d73f P c7217719d8724198ab47a06f62ad80ba [term 3 FOLLOWER]: Starting forced leader election (received explicit request)
I20260710 11:03:48.935920 20649 raft_consensus.cc:3060] T f14e0f8b66844fd882f2d43f25d8d73f P c7217719d8724198ab47a06f62ad80ba [term 3 FOLLOWER]: Advancing to term 4
I20260710 11:03:48.940330 20723 tablet_service.cc:2072] Received LeaderStepDown RPC: tablet_id: "892c57580a0d48eeb35cceb60ca67169"
dest_uuid: "7e0dcc9aa64545008999743bc755712f"
mode: GRACEFUL
new_leader_uuid: "c7217719d8724198ab47a06f62ad80ba"
 from {username='slave'} at 127.0.0.1:59014
I20260710 11:03:48.940616 20649 raft_consensus.cc:515] T f14e0f8b66844fd882f2d43f25d8d73f P c7217719d8724198ab47a06f62ad80ba [term 4 FOLLOWER]: Starting forced leader election with config: opid_index: -1 OBSOLETE_local: false peers { permanent_uuid: "7e0dcc9aa64545008999743bc755712f" member_type: VOTER last_known_addr { host: "127.19.141.2" port: 42129 } } peers { permanent_uuid: "8890e79d8e784b7896472553c87ad70e" member_type: VOTER last_known_addr { host: "127.19.141.3" port: 40209 } } peers { permanent_uuid: "c7217719d8724198ab47a06f62ad80ba" member_type: VOTER last_known_addr { host: "127.19.141.1" port: 44687 } }
I20260710 11:03:48.940853 20723 raft_consensus.cc:606] T 892c57580a0d48eeb35cceb60ca67169 P 7e0dcc9aa64545008999743bc755712f [term 1 LEADER]: Received request to transfer leadership to TS c7217719d8724198ab47a06f62ad80ba
I20260710 11:03:48.942384 20649 leader_election.cc:290] T f14e0f8b66844fd882f2d43f25d8d73f P c7217719d8724198ab47a06f62ad80ba [CANDIDATE]: Term 4 election: Requested vote from peers 7e0dcc9aa64545008999743bc755712f (127.19.141.2:42129), 8890e79d8e784b7896472553c87ad70e (127.19.141.3:40209)
I20260710 11:03:48.943657 20723 tablet_service.cc:1917] Received RequestConsensusVote() RPC: tablet_id: "f14e0f8b66844fd882f2d43f25d8d73f" candidate_uuid: "c7217719d8724198ab47a06f62ad80ba" candidate_term: 4 candidate_status { last_received { term: 3 index: 3 } } ignore_live_leader: true dest_uuid: "7e0dcc9aa64545008999743bc755712f"
I20260710 11:03:48.943583 20797 tablet_service.cc:1917] Received RequestConsensusVote() RPC: tablet_id: "f14e0f8b66844fd882f2d43f25d8d73f" candidate_uuid: "c7217719d8724198ab47a06f62ad80ba" candidate_term: 4 candidate_status { last_received { term: 3 index: 3 } } ignore_live_leader: true dest_uuid: "8890e79d8e784b7896472553c87ad70e"
I20260710 11:03:48.944298 20723 raft_consensus.cc:3060] T f14e0f8b66844fd882f2d43f25d8d73f P 7e0dcc9aa64545008999743bc755712f [term 3 FOLLOWER]: Advancing to term 4
I20260710 11:03:48.944372 20797 raft_consensus.cc:3055] T f14e0f8b66844fd882f2d43f25d8d73f P 8890e79d8e784b7896472553c87ad70e [term 3 LEADER]: Stepping down as leader of term 3
I20260710 11:03:48.944788 20797 raft_consensus.cc:740] T f14e0f8b66844fd882f2d43f25d8d73f P 8890e79d8e784b7896472553c87ad70e [term 3 LEADER]: Becoming Follower/Learner. State: Replica: 8890e79d8e784b7896472553c87ad70e, State: Running, Role: LEADER
I20260710 11:03:48.945585 20797 consensus_queue.cc:260] T f14e0f8b66844fd882f2d43f25d8d73f P 8890e79d8e784b7896472553c87ad70e [NON_LEADER]: Queue going to NON_LEADER mode. State: All replicated index: 0, Majority replicated index: 3, Committed index: 3, Last appended: 3.3, Last appended by leader: 3, Current term: 3, Majority size: -1, State: 0, Mode: NON_LEADER, active raft config: opid_index: -1 OBSOLETE_local: false peers { permanent_uuid: "7e0dcc9aa64545008999743bc755712f" member_type: VOTER last_known_addr { host: "127.19.141.2" port: 42129 } } peers { permanent_uuid: "8890e79d8e784b7896472553c87ad70e" member_type: VOTER last_known_addr { host: "127.19.141.3" port: 40209 } } peers { permanent_uuid: "c7217719d8724198ab47a06f62ad80ba" member_type: VOTER last_known_addr { host: "127.19.141.1" port: 44687 } }
I20260710 11:03:48.946853 20797 raft_consensus.cc:3060] T f14e0f8b66844fd882f2d43f25d8d73f P 8890e79d8e784b7896472553c87ad70e [term 3 FOLLOWER]: Advancing to term 4
I20260710 11:03:48.949469 20722 tablet_service.cc:2072] Received LeaderStepDown RPC: tablet_id: "67a4d90d8e1d4da1bae33316960beba5"
dest_uuid: "7e0dcc9aa64545008999743bc755712f"
mode: GRACEFUL
new_leader_uuid: "c7217719d8724198ab47a06f62ad80ba"
 from {username='slave'} at 127.0.0.1:59014
I20260710 11:03:48.949994 20722 raft_consensus.cc:606] T 67a4d90d8e1d4da1bae33316960beba5 P 7e0dcc9aa64545008999743bc755712f [term 2 LEADER]: Received request to transfer leadership to TS c7217719d8724198ab47a06f62ad80ba
I20260710 11:03:48.952186 20723 raft_consensus.cc:2468] T f14e0f8b66844fd882f2d43f25d8d73f P 7e0dcc9aa64545008999743bc755712f [term 4 FOLLOWER]: Leader election vote request: Granting yes vote for candidate c7217719d8724198ab47a06f62ad80ba in term 4.
I20260710 11:03:48.953186 20615 leader_election.cc:304] T f14e0f8b66844fd882f2d43f25d8d73f P c7217719d8724198ab47a06f62ad80ba [CANDIDATE]: Term 4 election: Election decided. Result: candidate won. Election summary: received 2 responses out of 3 voters: 2 yes votes; 0 no votes. yes voters: 7e0dcc9aa64545008999743bc755712f, c7217719d8724198ab47a06f62ad80ba; no voters: 
I20260710 11:03:48.953982 20930 raft_consensus.cc:2804] T f14e0f8b66844fd882f2d43f25d8d73f P c7217719d8724198ab47a06f62ad80ba [term 4 FOLLOWER]: Leader election won for term 4
I20260710 11:03:48.955317 20723 tablet_service.cc:2072] Received LeaderStepDown RPC: tablet_id: "fffdd9848465447c9f8c43f1f114ac2f"
dest_uuid: "7e0dcc9aa64545008999743bc755712f"
mode: GRACEFUL
new_leader_uuid: "c7217719d8724198ab47a06f62ad80ba"
 from {username='slave'} at 127.0.0.1:59014
I20260710 11:03:48.955736 20723 raft_consensus.cc:606] T fffdd9848465447c9f8c43f1f114ac2f P 7e0dcc9aa64545008999743bc755712f [term 2 LEADER]: Received request to transfer leadership to TS c7217719d8724198ab47a06f62ad80ba
I20260710 11:03:48.959815 20797 raft_consensus.cc:2468] T f14e0f8b66844fd882f2d43f25d8d73f P 8890e79d8e784b7896472553c87ad70e [term 4 FOLLOWER]: Leader election vote request: Granting yes vote for candidate c7217719d8724198ab47a06f62ad80ba in term 4.
I20260710 11:03:48.964267 20930 raft_consensus.cc:697] T f14e0f8b66844fd882f2d43f25d8d73f P c7217719d8724198ab47a06f62ad80ba [term 4 LEADER]: Becoming Leader. State: Replica: c7217719d8724198ab47a06f62ad80ba, State: Running, Role: LEADER
I20260710 11:03:48.965155 20930 consensus_queue.cc:237] T f14e0f8b66844fd882f2d43f25d8d73f P c7217719d8724198ab47a06f62ad80ba [LEADER]: Queue going to LEADER mode. State: All replicated index: 0, Majority replicated index: 3, Committed index: 3, Last appended: 3.3, Last appended by leader: 3, Current term: 4, Majority size: 2, State: 0, Mode: LEADER, active raft config: opid_index: -1 OBSOLETE_local: false peers { permanent_uuid: "7e0dcc9aa64545008999743bc755712f" member_type: VOTER last_known_addr { host: "127.19.141.2" port: 42129 } } peers { permanent_uuid: "8890e79d8e784b7896472553c87ad70e" member_type: VOTER last_known_addr { host: "127.19.141.3" port: 40209 } } peers { permanent_uuid: "c7217719d8724198ab47a06f62ad80ba" member_type: VOTER last_known_addr { host: "127.19.141.1" port: 44687 } }
I20260710 11:03:48.971793 20547 catalog_manager.cc:5697] T f14e0f8b66844fd882f2d43f25d8d73f P c7217719d8724198ab47a06f62ad80ba reported cstate change: term changed from 3 to 4, leader changed from 8890e79d8e784b7896472553c87ad70e (127.19.141.3) to c7217719d8724198ab47a06f62ad80ba (127.19.141.1). New cstate: current_term: 4 leader_uuid: "c7217719d8724198ab47a06f62ad80ba" committed_config { opid_index: -1 OBSOLETE_local: false peers { permanent_uuid: "7e0dcc9aa64545008999743bc755712f" member_type: VOTER last_known_addr { host: "127.19.141.2" port: 42129 } health_report { overall_health: UNKNOWN } } peers { permanent_uuid: "8890e79d8e784b7896472553c87ad70e" member_type: VOTER last_known_addr { host: "127.19.141.3" port: 40209 } health_report { overall_health: UNKNOWN } } peers { permanent_uuid: "c7217719d8724198ab47a06f62ad80ba" member_type: VOTER last_known_addr { host: "127.19.141.1" port: 44687 } health_report { overall_health: HEALTHY } } }
I20260710 11:03:49.022482 20956 raft_consensus.cc:993] T 892c57580a0d48eeb35cceb60ca67169 P 7e0dcc9aa64545008999743bc755712f: : Instructing follower c7217719d8724198ab47a06f62ad80ba to start an election
I20260710 11:03:49.022934 20931 raft_consensus.cc:1081] T 892c57580a0d48eeb35cceb60ca67169 P 7e0dcc9aa64545008999743bc755712f [term 1 LEADER]: Signalling peer c7217719d8724198ab47a06f62ad80ba to start an election
I20260710 11:03:49.024466 20649 tablet_service.cc:2044] Received Run Leader Election RPC: tablet_id: "892c57580a0d48eeb35cceb60ca67169"
dest_uuid: "c7217719d8724198ab47a06f62ad80ba"
 from {username='slave'} at 127.0.0.1:59710
I20260710 11:03:49.024999 20649 raft_consensus.cc:493] T 892c57580a0d48eeb35cceb60ca67169 P c7217719d8724198ab47a06f62ad80ba [term 1 FOLLOWER]: Starting forced leader election (received explicit request)
I20260710 11:03:49.025341 20649 raft_consensus.cc:3060] T 892c57580a0d48eeb35cceb60ca67169 P c7217719d8724198ab47a06f62ad80ba [term 1 FOLLOWER]: Advancing to term 2
I20260710 11:03:49.031561 20649 raft_consensus.cc:515] T 892c57580a0d48eeb35cceb60ca67169 P c7217719d8724198ab47a06f62ad80ba [term 2 FOLLOWER]: Starting forced leader election with config: opid_index: -1 OBSOLETE_local: false peers { permanent_uuid: "c7217719d8724198ab47a06f62ad80ba" member_type: VOTER last_known_addr { host: "127.19.141.1" port: 44687 } } peers { permanent_uuid: "7e0dcc9aa64545008999743bc755712f" member_type: VOTER last_known_addr { host: "127.19.141.2" port: 42129 } } peers { permanent_uuid: "8890e79d8e784b7896472553c87ad70e" member_type: VOTER last_known_addr { host: "127.19.141.3" port: 40209 } }
I20260710 11:03:49.033695 20649 leader_election.cc:290] T 892c57580a0d48eeb35cceb60ca67169 P c7217719d8724198ab47a06f62ad80ba [CANDIDATE]: Term 2 election: Requested vote from peers 7e0dcc9aa64545008999743bc755712f (127.19.141.2:42129), 8890e79d8e784b7896472553c87ad70e (127.19.141.3:40209)
I20260710 11:03:49.034175 20723 tablet_service.cc:1917] Received RequestConsensusVote() RPC: tablet_id: "892c57580a0d48eeb35cceb60ca67169" candidate_uuid: "c7217719d8724198ab47a06f62ad80ba" candidate_term: 2 candidate_status { last_received { term: 1 index: 1 } } ignore_live_leader: true dest_uuid: "7e0dcc9aa64545008999743bc755712f"
I20260710 11:03:49.034175 20797 tablet_service.cc:1917] Received RequestConsensusVote() RPC: tablet_id: "892c57580a0d48eeb35cceb60ca67169" candidate_uuid: "c7217719d8724198ab47a06f62ad80ba" candidate_term: 2 candidate_status { last_received { term: 1 index: 1 } } ignore_live_leader: true dest_uuid: "8890e79d8e784b7896472553c87ad70e"
I20260710 11:03:49.034875 20723 raft_consensus.cc:3055] T 892c57580a0d48eeb35cceb60ca67169 P 7e0dcc9aa64545008999743bc755712f [term 1 LEADER]: Stepping down as leader of term 1
I20260710 11:03:49.034884 20797 raft_consensus.cc:3060] T 892c57580a0d48eeb35cceb60ca67169 P 8890e79d8e784b7896472553c87ad70e [term 1 FOLLOWER]: Advancing to term 2
I20260710 11:03:49.035252 20723 raft_consensus.cc:740] T 892c57580a0d48eeb35cceb60ca67169 P 7e0dcc9aa64545008999743bc755712f [term 1 LEADER]: Becoming Follower/Learner. State: Replica: 7e0dcc9aa64545008999743bc755712f, State: Running, Role: LEADER
I20260710 11:03:49.036149 20723 consensus_queue.cc:260] T 892c57580a0d48eeb35cceb60ca67169 P 7e0dcc9aa64545008999743bc755712f [NON_LEADER]: Queue going to NON_LEADER mode. State: All replicated index: 0, Majority replicated index: 1, Committed index: 1, Last appended: 1.1, Last appended by leader: 1, Current term: 1, Majority size: -1, State: 0, Mode: NON_LEADER, active raft config: opid_index: -1 OBSOLETE_local: false peers { permanent_uuid: "c7217719d8724198ab47a06f62ad80ba" member_type: VOTER last_known_addr { host: "127.19.141.1" port: 44687 } } peers { permanent_uuid: "7e0dcc9aa64545008999743bc755712f" member_type: VOTER last_known_addr { host: "127.19.141.2" port: 42129 } } peers { permanent_uuid: "8890e79d8e784b7896472553c87ad70e" member_type: VOTER last_known_addr { host: "127.19.141.3" port: 40209 } }
I20260710 11:03:49.037129 20723 raft_consensus.cc:3060] T 892c57580a0d48eeb35cceb60ca67169 P 7e0dcc9aa64545008999743bc755712f [term 1 FOLLOWER]: Advancing to term 2
I20260710 11:03:49.040592 20723 raft_consensus.cc:2468] T 892c57580a0d48eeb35cceb60ca67169 P 7e0dcc9aa64545008999743bc755712f [term 2 FOLLOWER]: Leader election vote request: Granting yes vote for candidate c7217719d8724198ab47a06f62ad80ba in term 2.
I20260710 11:03:49.041353 20615 leader_election.cc:304] T 892c57580a0d48eeb35cceb60ca67169 P c7217719d8724198ab47a06f62ad80ba [CANDIDATE]: Term 2 election: Election decided. Result: candidate won. Election summary: received 2 responses out of 3 voters: 2 yes votes; 0 no votes. yes voters: 7e0dcc9aa64545008999743bc755712f, c7217719d8724198ab47a06f62ad80ba; no voters: 
I20260710 11:03:49.041570 20797 raft_consensus.cc:2468] T 892c57580a0d48eeb35cceb60ca67169 P 8890e79d8e784b7896472553c87ad70e [term 2 FOLLOWER]: Leader election vote request: Granting yes vote for candidate c7217719d8724198ab47a06f62ad80ba in term 2.
I20260710 11:03:49.042017 20930 raft_consensus.cc:2804] T 892c57580a0d48eeb35cceb60ca67169 P c7217719d8724198ab47a06f62ad80ba [term 2 FOLLOWER]: Leader election won for term 2
I20260710 11:03:49.042439 20930 raft_consensus.cc:697] T 892c57580a0d48eeb35cceb60ca67169 P c7217719d8724198ab47a06f62ad80ba [term 2 LEADER]: Becoming Leader. State: Replica: c7217719d8724198ab47a06f62ad80ba, State: Running, Role: LEADER
I20260710 11:03:49.043197 20930 consensus_queue.cc:237] T 892c57580a0d48eeb35cceb60ca67169 P c7217719d8724198ab47a06f62ad80ba [LEADER]: Queue going to LEADER mode. State: All replicated index: 0, Majority replicated index: 1, Committed index: 1, Last appended: 1.1, Last appended by leader: 1, Current term: 2, Majority size: 2, State: 0, Mode: LEADER, active raft config: opid_index: -1 OBSOLETE_local: false peers { permanent_uuid: "c7217719d8724198ab47a06f62ad80ba" member_type: VOTER last_known_addr { host: "127.19.141.1" port: 44687 } } peers { permanent_uuid: "7e0dcc9aa64545008999743bc755712f" member_type: VOTER last_known_addr { host: "127.19.141.2" port: 42129 } } peers { permanent_uuid: "8890e79d8e784b7896472553c87ad70e" member_type: VOTER last_known_addr { host: "127.19.141.3" port: 40209 } }
I20260710 11:03:49.049901 20547 catalog_manager.cc:5697] T 892c57580a0d48eeb35cceb60ca67169 P c7217719d8724198ab47a06f62ad80ba reported cstate change: term changed from 1 to 2, leader changed from 7e0dcc9aa64545008999743bc755712f (127.19.141.2) to c7217719d8724198ab47a06f62ad80ba (127.19.141.1). New cstate: current_term: 2 leader_uuid: "c7217719d8724198ab47a06f62ad80ba" committed_config { opid_index: -1 OBSOLETE_local: false peers { permanent_uuid: "c7217719d8724198ab47a06f62ad80ba" member_type: VOTER last_known_addr { host: "127.19.141.1" port: 44687 } health_report { overall_health: HEALTHY } } peers { permanent_uuid: "7e0dcc9aa64545008999743bc755712f" member_type: VOTER last_known_addr { host: "127.19.141.2" port: 42129 } health_report { overall_health: UNKNOWN } } peers { permanent_uuid: "8890e79d8e784b7896472553c87ad70e" member_type: VOTER last_known_addr { host: "127.19.141.3" port: 40209 } health_report { overall_health: UNKNOWN } } }
I20260710 11:03:49.425002 20935 raft_consensus.cc:993] T e09742d18bfc4d318df97c8cf92e20bf P 8890e79d8e784b7896472553c87ad70e: : Instructing follower c7217719d8724198ab47a06f62ad80ba to start an election
I20260710 11:03:49.425407 20935 raft_consensus.cc:1081] T e09742d18bfc4d318df97c8cf92e20bf P 8890e79d8e784b7896472553c87ad70e [term 3 LEADER]: Signalling peer c7217719d8724198ab47a06f62ad80ba to start an election
I20260710 11:03:49.426589 20649 tablet_service.cc:2044] Received Run Leader Election RPC: tablet_id: "e09742d18bfc4d318df97c8cf92e20bf"
dest_uuid: "c7217719d8724198ab47a06f62ad80ba"
 from {username='slave'} at 127.0.0.1:59708
I20260710 11:03:49.426944 20649 raft_consensus.cc:493] T e09742d18bfc4d318df97c8cf92e20bf P c7217719d8724198ab47a06f62ad80ba [term 3 FOLLOWER]: Starting forced leader election (received explicit request)
I20260710 11:03:49.427161 20649 raft_consensus.cc:3060] T e09742d18bfc4d318df97c8cf92e20bf P c7217719d8724198ab47a06f62ad80ba [term 3 FOLLOWER]: Advancing to term 4
I20260710 11:03:49.430860 20649 raft_consensus.cc:515] T e09742d18bfc4d318df97c8cf92e20bf P c7217719d8724198ab47a06f62ad80ba [term 4 FOLLOWER]: Starting forced leader election with config: opid_index: -1 OBSOLETE_local: false peers { permanent_uuid: "c7217719d8724198ab47a06f62ad80ba" member_type: VOTER last_known_addr { host: "127.19.141.1" port: 44687 } } peers { permanent_uuid: "7e0dcc9aa64545008999743bc755712f" member_type: VOTER last_known_addr { host: "127.19.141.2" port: 42129 } } peers { permanent_uuid: "8890e79d8e784b7896472553c87ad70e" member_type: VOTER last_known_addr { host: "127.19.141.3" port: 40209 } }
I20260710 11:03:49.432137 20649 leader_election.cc:290] T e09742d18bfc4d318df97c8cf92e20bf P c7217719d8724198ab47a06f62ad80ba [CANDIDATE]: Term 4 election: Requested vote from peers 7e0dcc9aa64545008999743bc755712f (127.19.141.2:42129), 8890e79d8e784b7896472553c87ad70e (127.19.141.3:40209)
I20260710 11:03:49.433043 20797 tablet_service.cc:1917] Received RequestConsensusVote() RPC: tablet_id: "e09742d18bfc4d318df97c8cf92e20bf" candidate_uuid: "c7217719d8724198ab47a06f62ad80ba" candidate_term: 4 candidate_status { last_received { term: 3 index: 3 } } ignore_live_leader: true dest_uuid: "8890e79d8e784b7896472553c87ad70e"
I20260710 11:03:49.433043 20723 tablet_service.cc:1917] Received RequestConsensusVote() RPC: tablet_id: "e09742d18bfc4d318df97c8cf92e20bf" candidate_uuid: "c7217719d8724198ab47a06f62ad80ba" candidate_term: 4 candidate_status { last_received { term: 3 index: 3 } } ignore_live_leader: true dest_uuid: "7e0dcc9aa64545008999743bc755712f"
I20260710 11:03:49.433729 20797 raft_consensus.cc:3055] T e09742d18bfc4d318df97c8cf92e20bf P 8890e79d8e784b7896472553c87ad70e [term 3 LEADER]: Stepping down as leader of term 3
I20260710 11:03:49.433815 20723 raft_consensus.cc:3060] T e09742d18bfc4d318df97c8cf92e20bf P 7e0dcc9aa64545008999743bc755712f [term 3 FOLLOWER]: Advancing to term 4
I20260710 11:03:49.434008 20797 raft_consensus.cc:740] T e09742d18bfc4d318df97c8cf92e20bf P 8890e79d8e784b7896472553c87ad70e [term 3 LEADER]: Becoming Follower/Learner. State: Replica: 8890e79d8e784b7896472553c87ad70e, State: Running, Role: LEADER
I20260710 11:03:49.434648 20797 consensus_queue.cc:260] T e09742d18bfc4d318df97c8cf92e20bf P 8890e79d8e784b7896472553c87ad70e [NON_LEADER]: Queue going to NON_LEADER mode. State: All replicated index: 0, Majority replicated index: 3, Committed index: 3, Last appended: 3.3, Last appended by leader: 3, Current term: 3, Majority size: -1, State: 0, Mode: NON_LEADER, active raft config: opid_index: -1 OBSOLETE_local: false peers { permanent_uuid: "c7217719d8724198ab47a06f62ad80ba" member_type: VOTER last_known_addr { host: "127.19.141.1" port: 44687 } } peers { permanent_uuid: "7e0dcc9aa64545008999743bc755712f" member_type: VOTER last_known_addr { host: "127.19.141.2" port: 42129 } } peers { permanent_uuid: "8890e79d8e784b7896472553c87ad70e" member_type: VOTER last_known_addr { host: "127.19.141.3" port: 40209 } }
I20260710 11:03:49.435415 20797 raft_consensus.cc:3060] T e09742d18bfc4d318df97c8cf92e20bf P 8890e79d8e784b7896472553c87ad70e [term 3 FOLLOWER]: Advancing to term 4
I20260710 11:03:49.437698 20723 raft_consensus.cc:2468] T e09742d18bfc4d318df97c8cf92e20bf P 7e0dcc9aa64545008999743bc755712f [term 4 FOLLOWER]: Leader election vote request: Granting yes vote for candidate c7217719d8724198ab47a06f62ad80ba in term 4.
I20260710 11:03:49.438951 20615 leader_election.cc:304] T e09742d18bfc4d318df97c8cf92e20bf P c7217719d8724198ab47a06f62ad80ba [CANDIDATE]: Term 4 election: Election decided. Result: candidate won. Election summary: received 2 responses out of 3 voters: 2 yes votes; 0 no votes. yes voters: 7e0dcc9aa64545008999743bc755712f, c7217719d8724198ab47a06f62ad80ba; no voters: 
I20260710 11:03:49.439680 20797 raft_consensus.cc:2468] T e09742d18bfc4d318df97c8cf92e20bf P 8890e79d8e784b7896472553c87ad70e [term 4 FOLLOWER]: Leader election vote request: Granting yes vote for candidate c7217719d8724198ab47a06f62ad80ba in term 4.
I20260710 11:03:49.439760 20930 raft_consensus.cc:2804] T e09742d18bfc4d318df97c8cf92e20bf P c7217719d8724198ab47a06f62ad80ba [term 4 FOLLOWER]: Leader election won for term 4
I20260710 11:03:49.441936 20930 raft_consensus.cc:697] T e09742d18bfc4d318df97c8cf92e20bf P c7217719d8724198ab47a06f62ad80ba [term 4 LEADER]: Becoming Leader. State: Replica: c7217719d8724198ab47a06f62ad80ba, State: Running, Role: LEADER
I20260710 11:03:49.442826 20930 consensus_queue.cc:237] T e09742d18bfc4d318df97c8cf92e20bf P c7217719d8724198ab47a06f62ad80ba [LEADER]: Queue going to LEADER mode. State: All replicated index: 0, Majority replicated index: 3, Committed index: 3, Last appended: 3.3, Last appended by leader: 3, Current term: 4, Majority size: 2, State: 0, Mode: LEADER, active raft config: opid_index: -1 OBSOLETE_local: false peers { permanent_uuid: "c7217719d8724198ab47a06f62ad80ba" member_type: VOTER last_known_addr { host: "127.19.141.1" port: 44687 } } peers { permanent_uuid: "7e0dcc9aa64545008999743bc755712f" member_type: VOTER last_known_addr { host: "127.19.141.2" port: 42129 } } peers { permanent_uuid: "8890e79d8e784b7896472553c87ad70e" member_type: VOTER last_known_addr { host: "127.19.141.3" port: 40209 } }
I20260710 11:03:49.443868 20956 raft_consensus.cc:993] T fffdd9848465447c9f8c43f1f114ac2f P 7e0dcc9aa64545008999743bc755712f: : Instructing follower c7217719d8724198ab47a06f62ad80ba to start an election
I20260710 11:03:49.446033 20956 raft_consensus.cc:1081] T fffdd9848465447c9f8c43f1f114ac2f P 7e0dcc9aa64545008999743bc755712f [term 2 LEADER]: Signalling peer c7217719d8724198ab47a06f62ad80ba to start an election
I20260710 11:03:49.447358 20649 tablet_service.cc:2044] Received Run Leader Election RPC: tablet_id: "fffdd9848465447c9f8c43f1f114ac2f"
dest_uuid: "c7217719d8724198ab47a06f62ad80ba"
 from {username='slave'} at 127.0.0.1:59710
I20260710 11:03:49.447739 20649 raft_consensus.cc:493] T fffdd9848465447c9f8c43f1f114ac2f P c7217719d8724198ab47a06f62ad80ba [term 2 FOLLOWER]: Starting forced leader election (received explicit request)
I20260710 11:03:49.448043 20649 raft_consensus.cc:3060] T fffdd9848465447c9f8c43f1f114ac2f P c7217719d8724198ab47a06f62ad80ba [term 2 FOLLOWER]: Advancing to term 3
I20260710 11:03:49.449626 20547 catalog_manager.cc:5697] T e09742d18bfc4d318df97c8cf92e20bf P c7217719d8724198ab47a06f62ad80ba reported cstate change: term changed from 3 to 4, leader changed from 8890e79d8e784b7896472553c87ad70e (127.19.141.3) to c7217719d8724198ab47a06f62ad80ba (127.19.141.1). New cstate: current_term: 4 leader_uuid: "c7217719d8724198ab47a06f62ad80ba" committed_config { opid_index: -1 OBSOLETE_local: false peers { permanent_uuid: "c7217719d8724198ab47a06f62ad80ba" member_type: VOTER last_known_addr { host: "127.19.141.1" port: 44687 } health_report { overall_health: HEALTHY } } peers { permanent_uuid: "7e0dcc9aa64545008999743bc755712f" member_type: VOTER last_known_addr { host: "127.19.141.2" port: 42129 } health_report { overall_health: UNKNOWN } } peers { permanent_uuid: "8890e79d8e784b7896472553c87ad70e" member_type: VOTER last_known_addr { host: "127.19.141.3" port: 40209 } health_report { overall_health: UNKNOWN } } }
I20260710 11:03:49.451689 20649 raft_consensus.cc:515] T fffdd9848465447c9f8c43f1f114ac2f P c7217719d8724198ab47a06f62ad80ba [term 3 FOLLOWER]: Starting forced leader election with config: opid_index: -1 OBSOLETE_local: false peers { permanent_uuid: "c7217719d8724198ab47a06f62ad80ba" member_type: VOTER last_known_addr { host: "127.19.141.1" port: 44687 } } peers { permanent_uuid: "7e0dcc9aa64545008999743bc755712f" member_type: VOTER last_known_addr { host: "127.19.141.2" port: 42129 } } peers { permanent_uuid: "8890e79d8e784b7896472553c87ad70e" member_type: VOTER last_known_addr { host: "127.19.141.3" port: 40209 } }
I20260710 11:03:49.453411 20649 leader_election.cc:290] T fffdd9848465447c9f8c43f1f114ac2f P c7217719d8724198ab47a06f62ad80ba [CANDIDATE]: Term 3 election: Requested vote from peers 7e0dcc9aa64545008999743bc755712f (127.19.141.2:42129), 8890e79d8e784b7896472553c87ad70e (127.19.141.3:40209)
I20260710 11:03:49.454032 20723 tablet_service.cc:1917] Received RequestConsensusVote() RPC: tablet_id: "fffdd9848465447c9f8c43f1f114ac2f" candidate_uuid: "c7217719d8724198ab47a06f62ad80ba" candidate_term: 3 candidate_status { last_received { term: 2 index: 2 } } ignore_live_leader: true dest_uuid: "7e0dcc9aa64545008999743bc755712f"
I20260710 11:03:49.454351 20797 tablet_service.cc:1917] Received RequestConsensusVote() RPC: tablet_id: "fffdd9848465447c9f8c43f1f114ac2f" candidate_uuid: "c7217719d8724198ab47a06f62ad80ba" candidate_term: 3 candidate_status { last_received { term: 2 index: 2 } } ignore_live_leader: true dest_uuid: "8890e79d8e784b7896472553c87ad70e"
I20260710 11:03:49.454594 20723 raft_consensus.cc:3055] T fffdd9848465447c9f8c43f1f114ac2f P 7e0dcc9aa64545008999743bc755712f [term 2 LEADER]: Stepping down as leader of term 2
I20260710 11:03:49.454838 20797 raft_consensus.cc:3060] T fffdd9848465447c9f8c43f1f114ac2f P 8890e79d8e784b7896472553c87ad70e [term 2 FOLLOWER]: Advancing to term 3
I20260710 11:03:49.454926 20723 raft_consensus.cc:740] T fffdd9848465447c9f8c43f1f114ac2f P 7e0dcc9aa64545008999743bc755712f [term 2 LEADER]: Becoming Follower/Learner. State: Replica: 7e0dcc9aa64545008999743bc755712f, State: Running, Role: LEADER
I20260710 11:03:49.455686 20723 consensus_queue.cc:260] T fffdd9848465447c9f8c43f1f114ac2f P 7e0dcc9aa64545008999743bc755712f [NON_LEADER]: Queue going to NON_LEADER mode. State: All replicated index: 0, Majority replicated index: 2, Committed index: 2, Last appended: 2.2, Last appended by leader: 2, Current term: 2, Majority size: -1, State: 0, Mode: NON_LEADER, active raft config: opid_index: -1 OBSOLETE_local: false peers { permanent_uuid: "c7217719d8724198ab47a06f62ad80ba" member_type: VOTER last_known_addr { host: "127.19.141.1" port: 44687 } } peers { permanent_uuid: "7e0dcc9aa64545008999743bc755712f" member_type: VOTER last_known_addr { host: "127.19.141.2" port: 42129 } } peers { permanent_uuid: "8890e79d8e784b7896472553c87ad70e" member_type: VOTER last_known_addr { host: "127.19.141.3" port: 40209 } }
I20260710 11:03:49.456744 20723 raft_consensus.cc:3060] T fffdd9848465447c9f8c43f1f114ac2f P 7e0dcc9aa64545008999743bc755712f [term 2 FOLLOWER]: Advancing to term 3
I20260710 11:03:49.459317 20797 raft_consensus.cc:2468] T fffdd9848465447c9f8c43f1f114ac2f P 8890e79d8e784b7896472553c87ad70e [term 3 FOLLOWER]: Leader election vote request: Granting yes vote for candidate c7217719d8724198ab47a06f62ad80ba in term 3.
I20260710 11:03:49.460139 20612 leader_election.cc:304] T fffdd9848465447c9f8c43f1f114ac2f P c7217719d8724198ab47a06f62ad80ba [CANDIDATE]: Term 3 election: Election decided. Result: candidate won. Election summary: received 2 responses out of 3 voters: 2 yes votes; 0 no votes. yes voters: 8890e79d8e784b7896472553c87ad70e, c7217719d8724198ab47a06f62ad80ba; no voters: 
I20260710 11:03:49.460747 20930 raft_consensus.cc:2804] T fffdd9848465447c9f8c43f1f114ac2f P c7217719d8724198ab47a06f62ad80ba [term 3 FOLLOWER]: Leader election won for term 3
I20260710 11:03:49.460815 20723 raft_consensus.cc:2468] T fffdd9848465447c9f8c43f1f114ac2f P 7e0dcc9aa64545008999743bc755712f [term 3 FOLLOWER]: Leader election vote request: Granting yes vote for candidate c7217719d8724198ab47a06f62ad80ba in term 3.
I20260710 11:03:49.461243 20930 raft_consensus.cc:697] T fffdd9848465447c9f8c43f1f114ac2f P c7217719d8724198ab47a06f62ad80ba [term 3 LEADER]: Becoming Leader. State: Replica: c7217719d8724198ab47a06f62ad80ba, State: Running, Role: LEADER
I20260710 11:03:49.462211 20930 consensus_queue.cc:237] T fffdd9848465447c9f8c43f1f114ac2f P c7217719d8724198ab47a06f62ad80ba [LEADER]: Queue going to LEADER mode. State: All replicated index: 0, Majority replicated index: 2, Committed index: 2, Last appended: 2.2, Last appended by leader: 2, Current term: 3, Majority size: 2, State: 0, Mode: LEADER, active raft config: opid_index: -1 OBSOLETE_local: false peers { permanent_uuid: "c7217719d8724198ab47a06f62ad80ba" member_type: VOTER last_known_addr { host: "127.19.141.1" port: 44687 } } peers { permanent_uuid: "7e0dcc9aa64545008999743bc755712f" member_type: VOTER last_known_addr { host: "127.19.141.2" port: 42129 } } peers { permanent_uuid: "8890e79d8e784b7896472553c87ad70e" member_type: VOTER last_known_addr { host: "127.19.141.3" port: 40209 } }
I20260710 11:03:49.467983 20547 catalog_manager.cc:5697] T fffdd9848465447c9f8c43f1f114ac2f P c7217719d8724198ab47a06f62ad80ba reported cstate change: term changed from 2 to 3, leader changed from 7e0dcc9aa64545008999743bc755712f (127.19.141.2) to c7217719d8724198ab47a06f62ad80ba (127.19.141.1). New cstate: current_term: 3 leader_uuid: "c7217719d8724198ab47a06f62ad80ba" committed_config { opid_index: -1 OBSOLETE_local: false peers { permanent_uuid: "c7217719d8724198ab47a06f62ad80ba" member_type: VOTER last_known_addr { host: "127.19.141.1" port: 44687 } health_report { overall_health: HEALTHY } } peers { permanent_uuid: "7e0dcc9aa64545008999743bc755712f" member_type: VOTER last_known_addr { host: "127.19.141.2" port: 42129 } health_report { overall_health: UNKNOWN } } peers { permanent_uuid: "8890e79d8e784b7896472553c87ad70e" member_type: VOTER last_known_addr { host: "127.19.141.3" port: 40209 } health_report { overall_health: UNKNOWN } } }
I20260710 11:03:49.472586 20797 raft_consensus.cc:1275] T f14e0f8b66844fd882f2d43f25d8d73f P 8890e79d8e784b7896472553c87ad70e [term 4 FOLLOWER]: Refusing update from remote peer c7217719d8724198ab47a06f62ad80ba: Log matching property violated. Preceding OpId in replica: term: 3 index: 3. Preceding OpId from leader: term: 4 index: 4. (index mismatch)
I20260710 11:03:49.473742 20930 consensus_queue.cc:1048] T f14e0f8b66844fd882f2d43f25d8d73f P c7217719d8724198ab47a06f62ad80ba [LEADER]: Connected to new peer: Peer: permanent_uuid: "8890e79d8e784b7896472553c87ad70e" member_type: VOTER last_known_addr { host: "127.19.141.3" port: 40209 }, Status: LMP_MISMATCH, Last received: 0.0, Next index: 4, Last known committed idx: 3, Time since last communication: 0.000s
I20260710 11:03:49.481536 20723 raft_consensus.cc:1275] T f14e0f8b66844fd882f2d43f25d8d73f P 7e0dcc9aa64545008999743bc755712f [term 4 FOLLOWER]: Refusing update from remote peer c7217719d8724198ab47a06f62ad80ba: Log matching property violated. Preceding OpId in replica: term: 3 index: 3. Preceding OpId from leader: term: 4 index: 4. (index mismatch)
I20260710 11:03:49.483114 20930 consensus_queue.cc:1048] T f14e0f8b66844fd882f2d43f25d8d73f P c7217719d8724198ab47a06f62ad80ba [LEADER]: Connected to new peer: Peer: permanent_uuid: "7e0dcc9aa64545008999743bc755712f" member_type: VOTER last_known_addr { host: "127.19.141.2" port: 42129 }, Status: LMP_MISMATCH, Last received: 0.0, Next index: 4, Last known committed idx: 3, Time since last communication: 0.000s
I20260710 11:03:49.485657 20956 raft_consensus.cc:993] T 67a4d90d8e1d4da1bae33316960beba5 P 7e0dcc9aa64545008999743bc755712f: : Instructing follower c7217719d8724198ab47a06f62ad80ba to start an election
I20260710 11:03:49.486035 20956 raft_consensus.cc:1081] T 67a4d90d8e1d4da1bae33316960beba5 P 7e0dcc9aa64545008999743bc755712f [term 2 LEADER]: Signalling peer c7217719d8724198ab47a06f62ad80ba to start an election
I20260710 11:03:49.487501 20649 tablet_service.cc:2044] Received Run Leader Election RPC: tablet_id: "67a4d90d8e1d4da1bae33316960beba5"
dest_uuid: "c7217719d8724198ab47a06f62ad80ba"
 from {username='slave'} at 127.0.0.1:59710
I20260710 11:03:49.487985 20649 raft_consensus.cc:493] T 67a4d90d8e1d4da1bae33316960beba5 P c7217719d8724198ab47a06f62ad80ba [term 2 FOLLOWER]: Starting forced leader election (received explicit request)
I20260710 11:03:49.488302 20649 raft_consensus.cc:3060] T 67a4d90d8e1d4da1bae33316960beba5 P c7217719d8724198ab47a06f62ad80ba [term 2 FOLLOWER]: Advancing to term 3
I20260710 11:03:49.494300 20649 raft_consensus.cc:515] T 67a4d90d8e1d4da1bae33316960beba5 P c7217719d8724198ab47a06f62ad80ba [term 3 FOLLOWER]: Starting forced leader election with config: opid_index: -1 OBSOLETE_local: false peers { permanent_uuid: "c7217719d8724198ab47a06f62ad80ba" member_type: VOTER last_known_addr { host: "127.19.141.1" port: 44687 } } peers { permanent_uuid: "7e0dcc9aa64545008999743bc755712f" member_type: VOTER last_known_addr { host: "127.19.141.2" port: 42129 } } peers { permanent_uuid: "8890e79d8e784b7896472553c87ad70e" member_type: VOTER last_known_addr { host: "127.19.141.3" port: 40209 } }
I20260710 11:03:49.495869 20649 leader_election.cc:290] T 67a4d90d8e1d4da1bae33316960beba5 P c7217719d8724198ab47a06f62ad80ba [CANDIDATE]: Term 3 election: Requested vote from peers 7e0dcc9aa64545008999743bc755712f (127.19.141.2:42129), 8890e79d8e784b7896472553c87ad70e (127.19.141.3:40209)
I20260710 11:03:49.496521 20723 tablet_service.cc:1917] Received RequestConsensusVote() RPC: tablet_id: "67a4d90d8e1d4da1bae33316960beba5" candidate_uuid: "c7217719d8724198ab47a06f62ad80ba" candidate_term: 3 candidate_status { last_received { term: 2 index: 2 } } ignore_live_leader: true dest_uuid: "7e0dcc9aa64545008999743bc755712f"
I20260710 11:03:49.496814 20797 tablet_service.cc:1917] Received RequestConsensusVote() RPC: tablet_id: "67a4d90d8e1d4da1bae33316960beba5" candidate_uuid: "c7217719d8724198ab47a06f62ad80ba" candidate_term: 3 candidate_status { last_received { term: 2 index: 2 } } ignore_live_leader: true dest_uuid: "8890e79d8e784b7896472553c87ad70e"
I20260710 11:03:49.497049 20723 raft_consensus.cc:3055] T 67a4d90d8e1d4da1bae33316960beba5 P 7e0dcc9aa64545008999743bc755712f [term 2 LEADER]: Stepping down as leader of term 2
I20260710 11:03:49.497319 20797 raft_consensus.cc:3060] T 67a4d90d8e1d4da1bae33316960beba5 P 8890e79d8e784b7896472553c87ad70e [term 2 FOLLOWER]: Advancing to term 3
I20260710 11:03:49.497360 20723 raft_consensus.cc:740] T 67a4d90d8e1d4da1bae33316960beba5 P 7e0dcc9aa64545008999743bc755712f [term 2 LEADER]: Becoming Follower/Learner. State: Replica: 7e0dcc9aa64545008999743bc755712f, State: Running, Role: LEADER
