I20260710 11:00:14.076014  7401 raft_consensus.cc:515] T c819ccbc9a3742fcbb1c8646edd757a2 P c07206522df54e23b27d18f5d2aba830 [term 0 FOLLOWER]: Starting pre-election with config: opid_index: -1 OBSOLETE_local: false peers { permanent_uuid: "f8107607cfe7438bbd53ad3a02d11f53" member_type: VOTER last_known_addr { host: "127.5.231.65" port: 42155 } } peers { permanent_uuid: "4e07d51134ca442e9446afb2dc7a5bea" member_type: VOTER last_known_addr { host: "127.5.231.66" port: 38337 } } peers { permanent_uuid: "c07206522df54e23b27d18f5d2aba830" member_type: VOTER last_known_addr { host: "127.5.231.67" port: 42501 } }
I20260710 11:00:14.076635  7438 raft_consensus.cc:493] T 42dd6db4a24143a684b823aac1673a2b P c07206522df54e23b27d18f5d2aba830 [term 0 FOLLOWER]: Starting leader election (no leader contacted us within the election timeout)
W20260710 11:00:14.076817  7249 leader_election.cc:343] T 42dd6db4a24143a684b823aac1673a2b P 4e07d51134ca442e9446afb2dc7a5bea [CANDIDATE]: Term 1 pre-election: Tablet error from VoteRequest() call to peer f8107607cfe7438bbd53ad3a02d11f53 (127.5.231.65:42155): Illegal state: must be running to vote when last-logged opid is not known
I20260710 11:00:14.076653  7436 raft_consensus.cc:2749] T 56f68c8ca9284cf0b53181e9735be56f P 4e07d51134ca442e9446afb2dc7a5bea [term 1 FOLLOWER]: Leader election lost for term 1. Reason: could not achieve majority
I20260710 11:00:14.078188  7401 leader_election.cc:290] T c819ccbc9a3742fcbb1c8646edd757a2 P c07206522df54e23b27d18f5d2aba830 [CANDIDATE]: Term 1 pre-election: Requested pre-vote from peers f8107607cfe7438bbd53ad3a02d11f53 (127.5.231.65:42155), 4e07d51134ca442e9446afb2dc7a5bea (127.5.231.66:38337)
I20260710 11:00:14.071441  7435 consensus_queue.cc:237] T 1ef35982f939472ab52404a80f4cb6b9 P 4e07d51134ca442e9446afb2dc7a5bea [LEADER]: Queue going to LEADER mode. State: All replicated index: 0, Majority replicated index: 0, Committed index: 0, Last appended: 0.0, Last appended by leader: 0, Current term: 1, Majority size: 2, State: 0, Mode: LEADER, active raft config: opid_index: -1 OBSOLETE_local: false peers { permanent_uuid: "f8107607cfe7438bbd53ad3a02d11f53" member_type: VOTER last_known_addr { host: "127.5.231.65" port: 42155 } } peers { permanent_uuid: "4e07d51134ca442e9446afb2dc7a5bea" member_type: VOTER last_known_addr { host: "127.5.231.66" port: 38337 } } peers { permanent_uuid: "c07206522df54e23b27d18f5d2aba830" member_type: VOTER last_known_addr { host: "127.5.231.67" port: 42501 } }
I20260710 11:00:14.077123  7438 raft_consensus.cc:3060] T 42dd6db4a24143a684b823aac1673a2b P c07206522df54e23b27d18f5d2aba830 [term 0 FOLLOWER]: Advancing to term 1
I20260710 11:00:14.081511  7207 tablet_service.cc:1917] Received RequestConsensusVote() RPC: tablet_id: "c819ccbc9a3742fcbb1c8646edd757a2" candidate_uuid: "c07206522df54e23b27d18f5d2aba830" candidate_term: 1 candidate_status { last_received { term: 0 index: 0 } } ignore_live_leader: false dest_uuid: "f8107607cfe7438bbd53ad3a02d11f53" is_pre_election: true
I20260710 11:00:14.083073  7283 tablet_service.cc:1917] Received RequestConsensusVote() RPC: tablet_id: "c819ccbc9a3742fcbb1c8646edd757a2" candidate_uuid: "c07206522df54e23b27d18f5d2aba830" candidate_term: 1 candidate_status { last_received { term: 0 index: 0 } } ignore_live_leader: false dest_uuid: "4e07d51134ca442e9446afb2dc7a5bea" is_pre_election: true
I20260710 11:00:14.084508  7398 tablet_bootstrap.cc:492] T 16228df340124cfe971350b4be94110c P c07206522df54e23b27d18f5d2aba830: No bootstrap required, opened a new log
W20260710 11:00:14.084664  7323 leader_election.cc:343] T c819ccbc9a3742fcbb1c8646edd757a2 P c07206522df54e23b27d18f5d2aba830 [CANDIDATE]: Term 1 pre-election: Tablet error from VoteRequest() call to peer 4e07d51134ca442e9446afb2dc7a5bea (127.5.231.66:38337): Illegal state: must be running to vote when last-logged opid is not known
I20260710 11:00:14.085016  7398 ts_tablet_manager.cc:1403] T 16228df340124cfe971350b4be94110c P c07206522df54e23b27d18f5d2aba830: Time spent bootstrapping tablet: real 0.173s	user 0.047s	sys 0.091s
W20260710 11:00:14.086302  7323 leader_election.cc:343] T c819ccbc9a3742fcbb1c8646edd757a2 P c07206522df54e23b27d18f5d2aba830 [CANDIDATE]: Term 1 pre-election: Tablet error from VoteRequest() call to peer f8107607cfe7438bbd53ad3a02d11f53 (127.5.231.65:42155): Illegal state: must be running to vote when last-logged opid is not known
I20260710 11:00:14.086714  7323 leader_election.cc:304] T c819ccbc9a3742fcbb1c8646edd757a2 P c07206522df54e23b27d18f5d2aba830 [CANDIDATE]: Term 1 pre-election: Election decided. Result: candidate lost. Election summary: received 3 responses out of 3 voters: 1 yes votes; 2 no votes. yes voters: c07206522df54e23b27d18f5d2aba830; no voters: 4e07d51134ca442e9446afb2dc7a5bea, f8107607cfe7438bbd53ad3a02d11f53
I20260710 11:00:14.087432  7401 raft_consensus.cc:2749] T c819ccbc9a3742fcbb1c8646edd757a2 P c07206522df54e23b27d18f5d2aba830 [term 0 FOLLOWER]: Leader pre-election lost for term 1. Reason: could not achieve majority
I20260710 11:00:14.087980  7106 catalog_manager.cc:5697] T 8b08f72f67b0497096c17186afbe52e3 P f8107607cfe7438bbd53ad3a02d11f53 reported cstate change: term changed from 0 to 1, leader changed from <none> to f8107607cfe7438bbd53ad3a02d11f53 (127.5.231.65). New cstate: current_term: 1 leader_uuid: "f8107607cfe7438bbd53ad3a02d11f53" committed_config { opid_index: -1 OBSOLETE_local: false peers { permanent_uuid: "f8107607cfe7438bbd53ad3a02d11f53" member_type: VOTER last_known_addr { host: "127.5.231.65" port: 42155 } health_report { overall_health: HEALTHY } } peers { permanent_uuid: "4e07d51134ca442e9446afb2dc7a5bea" member_type: VOTER last_known_addr { host: "127.5.231.66" port: 38337 } health_report { overall_health: UNKNOWN } } peers { permanent_uuid: "c07206522df54e23b27d18f5d2aba830" member_type: VOTER last_known_addr { host: "127.5.231.67" port: 42501 } health_report { overall_health: UNKNOWN } } }
I20260710 11:00:14.088374  7398 raft_consensus.cc:359] T 16228df340124cfe971350b4be94110c P c07206522df54e23b27d18f5d2aba830 [term 0 FOLLOWER]: Replica starting. Triggering 0 pending ops. Active config: opid_index: -1 OBSOLETE_local: false peers { permanent_uuid: "f8107607cfe7438bbd53ad3a02d11f53" member_type: VOTER last_known_addr { host: "127.5.231.65" port: 42155 } } peers { permanent_uuid: "4e07d51134ca442e9446afb2dc7a5bea" member_type: VOTER last_known_addr { host: "127.5.231.66" port: 38337 } } peers { permanent_uuid: "c07206522df54e23b27d18f5d2aba830" member_type: VOTER last_known_addr { host: "127.5.231.67" port: 42501 } }
I20260710 11:00:14.089140  7398 raft_consensus.cc:385] T 16228df340124cfe971350b4be94110c P c07206522df54e23b27d18f5d2aba830 [term 0 FOLLOWER]: Consensus starting up: Expiring failure detector timer to make a prompt election more likely
I20260710 11:00:14.089500  7398 raft_consensus.cc:740] T 16228df340124cfe971350b4be94110c P c07206522df54e23b27d18f5d2aba830 [term 0 FOLLOWER]: Becoming Follower/Learner. State: Replica: c07206522df54e23b27d18f5d2aba830, State: Initialized, Role: FOLLOWER
I20260710 11:00:14.085788  7434 raft_consensus.cc:515] T 42dd6db4a24143a684b823aac1673a2b P 4e07d51134ca442e9446afb2dc7a5bea [term 1 FOLLOWER]: Starting leader election with config: opid_index: -1 OBSOLETE_local: false peers { permanent_uuid: "f8107607cfe7438bbd53ad3a02d11f53" member_type: VOTER last_known_addr { host: "127.5.231.65" port: 42155 } } peers { permanent_uuid: "4e07d51134ca442e9446afb2dc7a5bea" member_type: VOTER last_known_addr { host: "127.5.231.66" port: 38337 } } peers { permanent_uuid: "c07206522df54e23b27d18f5d2aba830" member_type: VOTER last_known_addr { host: "127.5.231.67" port: 42501 } }
I20260710 11:00:14.090458  7398 consensus_queue.cc:260] T 16228df340124cfe971350b4be94110c P c07206522df54e23b27d18f5d2aba830 [NON_LEADER]: Queue going to NON_LEADER mode. State: All replicated index: 0, Majority replicated index: 0, Committed index: 0, Last appended: 0.0, Last appended by leader: 0, Current term: 0, Majority size: -1, State: 0, Mode: NON_LEADER, active raft config: opid_index: -1 OBSOLETE_local: false peers { permanent_uuid: "f8107607cfe7438bbd53ad3a02d11f53" member_type: VOTER last_known_addr { host: "127.5.231.65" port: 42155 } } peers { permanent_uuid: "4e07d51134ca442e9446afb2dc7a5bea" member_type: VOTER last_known_addr { host: "127.5.231.66" port: 38337 } } peers { permanent_uuid: "c07206522df54e23b27d18f5d2aba830" member_type: VOTER last_known_addr { host: "127.5.231.67" port: 42501 } }
I20260710 11:00:14.093611  7398 ts_tablet_manager.cc:1434] T 16228df340124cfe971350b4be94110c P c07206522df54e23b27d18f5d2aba830: Time spent starting tablet: real 0.008s	user 0.006s	sys 0.000s
I20260710 11:00:14.099347  7207 tablet_service.cc:1917] Received RequestConsensusVote() RPC: tablet_id: "42dd6db4a24143a684b823aac1673a2b" candidate_uuid: "4e07d51134ca442e9446afb2dc7a5bea" candidate_term: 1 candidate_status { last_received { term: 0 index: 0 } } ignore_live_leader: false dest_uuid: "f8107607cfe7438bbd53ad3a02d11f53"
W20260710 11:00:14.101186  7249 leader_election.cc:343] T 42dd6db4a24143a684b823aac1673a2b P 4e07d51134ca442e9446afb2dc7a5bea [CANDIDATE]: Term 1 election: Tablet error from VoteRequest() call to peer f8107607cfe7438bbd53ad3a02d11f53 (127.5.231.65:42155): Illegal state: must be running to vote when last-logged opid is not known
I20260710 11:00:14.102406  7438 raft_consensus.cc:515] T 42dd6db4a24143a684b823aac1673a2b P c07206522df54e23b27d18f5d2aba830 [term 1 FOLLOWER]: Starting leader election with config: opid_index: -1 OBSOLETE_local: false peers { permanent_uuid: "f8107607cfe7438bbd53ad3a02d11f53" member_type: VOTER last_known_addr { host: "127.5.231.65" port: 42155 } } peers { permanent_uuid: "4e07d51134ca442e9446afb2dc7a5bea" member_type: VOTER last_known_addr { host: "127.5.231.66" port: 38337 } } peers { permanent_uuid: "c07206522df54e23b27d18f5d2aba830" member_type: VOTER last_known_addr { host: "127.5.231.67" port: 42501 } }
I20260710 11:00:14.102613  7356 tablet_service.cc:1917] Received RequestConsensusVote() RPC: tablet_id: "42dd6db4a24143a684b823aac1673a2b" candidate_uuid: "4e07d51134ca442e9446afb2dc7a5bea" candidate_term: 1 candidate_status { last_received { term: 0 index: 0 } } ignore_live_leader: false dest_uuid: "c07206522df54e23b27d18f5d2aba830"
I20260710 11:00:14.102725  7398 tablet_bootstrap.cc:492] T 1f460bb4d8d74769962ad7b4775ed608 P c07206522df54e23b27d18f5d2aba830: Bootstrap starting.
I20260710 11:00:14.103695  7356 raft_consensus.cc:2393] T 42dd6db4a24143a684b823aac1673a2b P c07206522df54e23b27d18f5d2aba830 [term 1 FOLLOWER]: Leader election vote request: Denying vote to candidate 4e07d51134ca442e9446afb2dc7a5bea in current term 1: Already voted for candidate c07206522df54e23b27d18f5d2aba830 in this term.
I20260710 11:00:14.098642  7434 leader_election.cc:290] T 42dd6db4a24143a684b823aac1673a2b P 4e07d51134ca442e9446afb2dc7a5bea [CANDIDATE]: Term 1 election: Requested vote from peers f8107607cfe7438bbd53ad3a02d11f53 (127.5.231.65:42155), c07206522df54e23b27d18f5d2aba830 (127.5.231.67:42501)
I20260710 11:00:14.106094  7438 leader_election.cc:290] T 42dd6db4a24143a684b823aac1673a2b P c07206522df54e23b27d18f5d2aba830 [CANDIDATE]: Term 1 election: Requested vote from peers f8107607cfe7438bbd53ad3a02d11f53 (127.5.231.65:42155), 4e07d51134ca442e9446afb2dc7a5bea (127.5.231.66:38337)
I20260710 11:00:14.107185  7207 tablet_service.cc:1917] Received RequestConsensusVote() RPC: tablet_id: "42dd6db4a24143a684b823aac1673a2b" candidate_uuid: "c07206522df54e23b27d18f5d2aba830" candidate_term: 1 candidate_status { last_received { term: 0 index: 0 } } ignore_live_leader: false dest_uuid: "f8107607cfe7438bbd53ad3a02d11f53"
I20260710 11:00:14.107493  7249 leader_election.cc:304] T 42dd6db4a24143a684b823aac1673a2b P 4e07d51134ca442e9446afb2dc7a5bea [CANDIDATE]: Term 1 election: Election decided. Result: candidate lost. Election summary: received 3 responses out of 3 voters: 1 yes votes; 2 no votes. yes voters: 4e07d51134ca442e9446afb2dc7a5bea; no voters: c07206522df54e23b27d18f5d2aba830, f8107607cfe7438bbd53ad3a02d11f53
W20260710 11:00:14.108937  7323 leader_election.cc:343] T 42dd6db4a24143a684b823aac1673a2b P c07206522df54e23b27d18f5d2aba830 [CANDIDATE]: Term 1 election: Tablet error from VoteRequest() call to peer f8107607cfe7438bbd53ad3a02d11f53 (127.5.231.65:42155): Illegal state: must be running to vote when last-logged opid is not known
I20260710 11:00:14.112123  7283 tablet_service.cc:1917] Received RequestConsensusVote() RPC: tablet_id: "42dd6db4a24143a684b823aac1673a2b" candidate_uuid: "c07206522df54e23b27d18f5d2aba830" candidate_term: 1 candidate_status { last_received { term: 0 index: 0 } } ignore_live_leader: false dest_uuid: "4e07d51134ca442e9446afb2dc7a5bea"
I20260710 11:00:14.112902  7283 raft_consensus.cc:2393] T 42dd6db4a24143a684b823aac1673a2b P 4e07d51134ca442e9446afb2dc7a5bea [term 1 FOLLOWER]: Leader election vote request: Denying vote to candidate c07206522df54e23b27d18f5d2aba830 in current term 1: Already voted for candidate 4e07d51134ca442e9446afb2dc7a5bea in this term.
I20260710 11:00:14.114432  7399 tablet_bootstrap.cc:492] T c819ccbc9a3742fcbb1c8646edd757a2 P 4e07d51134ca442e9446afb2dc7a5bea: No bootstrap required, opened a new log
I20260710 11:00:14.114801  7399 ts_tablet_manager.cc:1403] T c819ccbc9a3742fcbb1c8646edd757a2 P 4e07d51134ca442e9446afb2dc7a5bea: Time spent bootstrapping tablet: real 0.072s	user 0.011s	sys 0.006s
I20260710 11:00:14.116391  7398 tablet_bootstrap.cc:654] T 1f460bb4d8d74769962ad7b4775ed608 P c07206522df54e23b27d18f5d2aba830: Neither blocks nor log segments found. Creating new log.
I20260710 11:00:14.119561  7405 tablet_bootstrap.cc:654] T 42dd6db4a24143a684b823aac1673a2b P f8107607cfe7438bbd53ad3a02d11f53: Neither blocks nor log segments found. Creating new log.
I20260710 11:00:14.119609  7323 leader_election.cc:304] T 42dd6db4a24143a684b823aac1673a2b P c07206522df54e23b27d18f5d2aba830 [CANDIDATE]: Term 1 election: Election decided. Result: candidate lost. Election summary: received 3 responses out of 3 voters: 1 yes votes; 2 no votes. yes voters: c07206522df54e23b27d18f5d2aba830; no voters: 4e07d51134ca442e9446afb2dc7a5bea, f8107607cfe7438bbd53ad3a02d11f53
I20260710 11:00:14.119872  7399 raft_consensus.cc:359] T c819ccbc9a3742fcbb1c8646edd757a2 P 4e07d51134ca442e9446afb2dc7a5bea [term 0 FOLLOWER]: Replica starting. Triggering 0 pending ops. Active config: opid_index: -1 OBSOLETE_local: false peers { permanent_uuid: "f8107607cfe7438bbd53ad3a02d11f53" member_type: VOTER last_known_addr { host: "127.5.231.65" port: 42155 } } peers { permanent_uuid: "4e07d51134ca442e9446afb2dc7a5bea" member_type: VOTER last_known_addr { host: "127.5.231.66" port: 38337 } } peers { permanent_uuid: "c07206522df54e23b27d18f5d2aba830" member_type: VOTER last_known_addr { host: "127.5.231.67" port: 42501 } }
I20260710 11:00:14.120566  7399 raft_consensus.cc:385] T c819ccbc9a3742fcbb1c8646edd757a2 P 4e07d51134ca442e9446afb2dc7a5bea [term 0 FOLLOWER]: Consensus starting up: Expiring failure detector timer to make a prompt election more likely
I20260710 11:00:14.120882  7399 raft_consensus.cc:740] T c819ccbc9a3742fcbb1c8646edd757a2 P 4e07d51134ca442e9446afb2dc7a5bea [term 0 FOLLOWER]: Becoming Follower/Learner. State: Replica: 4e07d51134ca442e9446afb2dc7a5bea, State: Initialized, Role: FOLLOWER
I20260710 11:00:14.120980  7434 raft_consensus.cc:2749] T 42dd6db4a24143a684b823aac1673a2b P 4e07d51134ca442e9446afb2dc7a5bea [term 1 FOLLOWER]: Leader election lost for term 1. Reason: could not achieve majority
I20260710 11:00:14.121734  7399 consensus_queue.cc:260] T c819ccbc9a3742fcbb1c8646edd757a2 P 4e07d51134ca442e9446afb2dc7a5bea [NON_LEADER]: Queue going to NON_LEADER mode. State: All replicated index: 0, Majority replicated index: 0, Committed index: 0, Last appended: 0.0, Last appended by leader: 0, Current term: 0, Majority size: -1, State: 0, Mode: NON_LEADER, active raft config: opid_index: -1 OBSOLETE_local: false peers { permanent_uuid: "f8107607cfe7438bbd53ad3a02d11f53" member_type: VOTER last_known_addr { host: "127.5.231.65" port: 42155 } } peers { permanent_uuid: "4e07d51134ca442e9446afb2dc7a5bea" member_type: VOTER last_known_addr { host: "127.5.231.66" port: 38337 } } peers { permanent_uuid: "c07206522df54e23b27d18f5d2aba830" member_type: VOTER last_known_addr { host: "127.5.231.67" port: 42501 } }
I20260710 11:00:14.122552  7438 raft_consensus.cc:2749] T 42dd6db4a24143a684b823aac1673a2b P c07206522df54e23b27d18f5d2aba830 [term 1 FOLLOWER]: Leader election lost for term 1. Reason: could not achieve majority
I20260710 11:00:14.128732  7398 tablet_bootstrap.cc:492] T 1f460bb4d8d74769962ad7b4775ed608 P c07206522df54e23b27d18f5d2aba830: No bootstrap required, opened a new log
I20260710 11:00:14.129204  7398 ts_tablet_manager.cc:1403] T 1f460bb4d8d74769962ad7b4775ed608 P c07206522df54e23b27d18f5d2aba830: Time spent bootstrapping tablet: real 0.032s	user 0.011s	sys 0.001s
I20260710 11:00:14.131160  7399 ts_tablet_manager.cc:1434] T c819ccbc9a3742fcbb1c8646edd757a2 P 4e07d51134ca442e9446afb2dc7a5bea: Time spent starting tablet: real 0.016s	user 0.004s	sys 0.004s
I20260710 11:00:14.132249  7399 tablet_bootstrap.cc:492] T 66ce943c96ae4d3eb368d2123e86a37b P 4e07d51134ca442e9446afb2dc7a5bea: Bootstrap starting.
I20260710 11:00:14.132162  7398 raft_consensus.cc:359] T 1f460bb4d8d74769962ad7b4775ed608 P c07206522df54e23b27d18f5d2aba830 [term 0 FOLLOWER]: Replica starting. Triggering 0 pending ops. Active config: opid_index: -1 OBSOLETE_local: false peers { permanent_uuid: "f8107607cfe7438bbd53ad3a02d11f53" member_type: VOTER last_known_addr { host: "127.5.231.65" port: 42155 } } peers { permanent_uuid: "4e07d51134ca442e9446afb2dc7a5bea" member_type: VOTER last_known_addr { host: "127.5.231.66" port: 38337 } } peers { permanent_uuid: "c07206522df54e23b27d18f5d2aba830" member_type: VOTER last_known_addr { host: "127.5.231.67" port: 42501 } }
I20260710 11:00:14.132869  7398 raft_consensus.cc:385] T 1f460bb4d8d74769962ad7b4775ed608 P c07206522df54e23b27d18f5d2aba830 [term 0 FOLLOWER]: Consensus starting up: Expiring failure detector timer to make a prompt election more likely
I20260710 11:00:14.133124  7398 raft_consensus.cc:740] T 1f460bb4d8d74769962ad7b4775ed608 P c07206522df54e23b27d18f5d2aba830 [term 0 FOLLOWER]: Becoming Follower/Learner. State: Replica: c07206522df54e23b27d18f5d2aba830, State: Initialized, Role: FOLLOWER
I20260710 11:00:14.133777  7398 consensus_queue.cc:260] T 1f460bb4d8d74769962ad7b4775ed608 P c07206522df54e23b27d18f5d2aba830 [NON_LEADER]: Queue going to NON_LEADER mode. State: All replicated index: 0, Majority replicated index: 0, Committed index: 0, Last appended: 0.0, Last appended by leader: 0, Current term: 0, Majority size: -1, State: 0, Mode: NON_LEADER, active raft config: opid_index: -1 OBSOLETE_local: false peers { permanent_uuid: "f8107607cfe7438bbd53ad3a02d11f53" member_type: VOTER last_known_addr { host: "127.5.231.65" port: 42155 } } peers { permanent_uuid: "4e07d51134ca442e9446afb2dc7a5bea" member_type: VOTER last_known_addr { host: "127.5.231.66" port: 38337 } } peers { permanent_uuid: "c07206522df54e23b27d18f5d2aba830" member_type: VOTER last_known_addr { host: "127.5.231.67" port: 42501 } }
I20260710 11:00:14.135370  7398 ts_tablet_manager.cc:1434] T 1f460bb4d8d74769962ad7b4775ed608 P c07206522df54e23b27d18f5d2aba830: Time spent starting tablet: real 0.006s	user 0.004s	sys 0.000s
I20260710 11:00:14.136198  7398 tablet_bootstrap.cc:492] T 0f93141062d94beca40184d747d2039b P c07206522df54e23b27d18f5d2aba830: Bootstrap starting.
I20260710 11:00:14.141585  7405 tablet_bootstrap.cc:492] T 42dd6db4a24143a684b823aac1673a2b P f8107607cfe7438bbd53ad3a02d11f53: No bootstrap required, opened a new log
I20260710 11:00:14.142058  7398 tablet_bootstrap.cc:654] T 0f93141062d94beca40184d747d2039b P c07206522df54e23b27d18f5d2aba830: Neither blocks nor log segments found. Creating new log.
I20260710 11:00:14.142093  7405 ts_tablet_manager.cc:1403] T 42dd6db4a24143a684b823aac1673a2b P f8107607cfe7438bbd53ad3a02d11f53: Time spent bootstrapping tablet: real 0.107s	user 0.015s	sys 0.001s
I20260710 11:00:14.144073  7411 raft_consensus.cc:493] T 0057da3d29c14839922cb4a2ee7b8ff5 P f8107607cfe7438bbd53ad3a02d11f53 [term 0 FOLLOWER]: Starting pre-election (no leader contacted us within the election timeout)
I20260710 11:00:14.144552  7411 raft_consensus.cc:515] T 0057da3d29c14839922cb4a2ee7b8ff5 P f8107607cfe7438bbd53ad3a02d11f53 [term 0 FOLLOWER]: Starting pre-election with config: opid_index: -1 OBSOLETE_local: false peers { permanent_uuid: "4e07d51134ca442e9446afb2dc7a5bea" member_type: VOTER last_known_addr { host: "127.5.231.66" port: 38337 } } peers { permanent_uuid: "c07206522df54e23b27d18f5d2aba830" member_type: VOTER last_known_addr { host: "127.5.231.67" port: 42501 } } peers { permanent_uuid: "f8107607cfe7438bbd53ad3a02d11f53" member_type: VOTER last_known_addr { host: "127.5.231.65" port: 42155 } }
I20260710 11:00:14.145196  7405 raft_consensus.cc:359] T 42dd6db4a24143a684b823aac1673a2b P f8107607cfe7438bbd53ad3a02d11f53 [term 0 FOLLOWER]: Replica starting. Triggering 0 pending ops. Active config: opid_index: -1 OBSOLETE_local: false peers { permanent_uuid: "f8107607cfe7438bbd53ad3a02d11f53" member_type: VOTER last_known_addr { host: "127.5.231.65" port: 42155 } } peers { permanent_uuid: "4e07d51134ca442e9446afb2dc7a5bea" member_type: VOTER last_known_addr { host: "127.5.231.66" port: 38337 } } peers { permanent_uuid: "c07206522df54e23b27d18f5d2aba830" member_type: VOTER last_known_addr { host: "127.5.231.67" port: 42501 } }
I20260710 11:00:14.145838  7405 raft_consensus.cc:385] T 42dd6db4a24143a684b823aac1673a2b P f8107607cfe7438bbd53ad3a02d11f53 [term 0 FOLLOWER]: Consensus starting up: Expiring failure detector timer to make a prompt election more likely
I20260710 11:00:14.146114  7405 raft_consensus.cc:740] T 42dd6db4a24143a684b823aac1673a2b P f8107607cfe7438bbd53ad3a02d11f53 [term 0 FOLLOWER]: Becoming Follower/Learner. State: Replica: f8107607cfe7438bbd53ad3a02d11f53, State: Initialized, Role: FOLLOWER
I20260710 11:00:14.146513  7411 leader_election.cc:290] T 0057da3d29c14839922cb4a2ee7b8ff5 P f8107607cfe7438bbd53ad3a02d11f53 [CANDIDATE]: Term 1 pre-election: Requested pre-vote from peers 4e07d51134ca442e9446afb2dc7a5bea (127.5.231.66:38337), c07206522df54e23b27d18f5d2aba830 (127.5.231.67:42501)
I20260710 11:00:14.146811  7405 consensus_queue.cc:260] T 42dd6db4a24143a684b823aac1673a2b P f8107607cfe7438bbd53ad3a02d11f53 [NON_LEADER]: Queue going to NON_LEADER mode. State: All replicated index: 0, Majority replicated index: 0, Committed index: 0, Last appended: 0.0, Last appended by leader: 0, Current term: 0, Majority size: -1, State: 0, Mode: NON_LEADER, active raft config: opid_index: -1 OBSOLETE_local: false peers { permanent_uuid: "f8107607cfe7438bbd53ad3a02d11f53" member_type: VOTER last_known_addr { host: "127.5.231.65" port: 42155 } } peers { permanent_uuid: "4e07d51134ca442e9446afb2dc7a5bea" member_type: VOTER last_known_addr { host: "127.5.231.66" port: 38337 } } peers { permanent_uuid: "c07206522df54e23b27d18f5d2aba830" member_type: VOTER last_known_addr { host: "127.5.231.67" port: 42501 } }
I20260710 11:00:14.149626  7405 ts_tablet_manager.cc:1434] T 42dd6db4a24143a684b823aac1673a2b P f8107607cfe7438bbd53ad3a02d11f53: Time spent starting tablet: real 0.007s	user 0.008s	sys 0.000s
I20260710 11:00:14.150416  7283 tablet_service.cc:1917] Received RequestConsensusVote() RPC: tablet_id: "0057da3d29c14839922cb4a2ee7b8ff5" candidate_uuid: "f8107607cfe7438bbd53ad3a02d11f53" candidate_term: 1 candidate_status { last_received { term: 0 index: 0 } } ignore_live_leader: false dest_uuid: "4e07d51134ca442e9446afb2dc7a5bea" is_pre_election: true
I20260710 11:00:14.151173  7405 tablet_bootstrap.cc:492] T 53969f8fc23547d4bcfdfcb28c4d04f8 P f8107607cfe7438bbd53ad3a02d11f53: Bootstrap starting.
I20260710 11:00:14.151482  7438 raft_consensus.cc:493] T 16228df340124cfe971350b4be94110c P c07206522df54e23b27d18f5d2aba830 [term 0 FOLLOWER]: Starting pre-election (no leader contacted us within the election timeout)
I20260710 11:00:14.151913  7438 raft_consensus.cc:515] T 16228df340124cfe971350b4be94110c P c07206522df54e23b27d18f5d2aba830 [term 0 FOLLOWER]: Starting pre-election with config: opid_index: -1 OBSOLETE_local: false peers { permanent_uuid: "f8107607cfe7438bbd53ad3a02d11f53" member_type: VOTER last_known_addr { host: "127.5.231.65" port: 42155 } } peers { permanent_uuid: "4e07d51134ca442e9446afb2dc7a5bea" member_type: VOTER last_known_addr { host: "127.5.231.66" port: 38337 } } peers { permanent_uuid: "c07206522df54e23b27d18f5d2aba830" member_type: VOTER last_known_addr { host: "127.5.231.67" port: 42501 } }
I20260710 11:00:14.154521  7438 leader_election.cc:290] T 16228df340124cfe971350b4be94110c P c07206522df54e23b27d18f5d2aba830 [CANDIDATE]: Term 1 pre-election: Requested pre-vote from peers f8107607cfe7438bbd53ad3a02d11f53 (127.5.231.65:42155), 4e07d51134ca442e9446afb2dc7a5bea (127.5.231.66:38337)
I20260710 11:00:14.155119  7207 tablet_service.cc:1917] Received RequestConsensusVote() RPC: tablet_id: "16228df340124cfe971350b4be94110c" candidate_uuid: "c07206522df54e23b27d18f5d2aba830" candidate_term: 1 candidate_status { last_received { term: 0 index: 0 } } ignore_live_leader: false dest_uuid: "f8107607cfe7438bbd53ad3a02d11f53" is_pre_election: true
I20260710 11:00:14.155258  7356 tablet_service.cc:1917] Received RequestConsensusVote() RPC: tablet_id: "0057da3d29c14839922cb4a2ee7b8ff5" candidate_uuid: "f8107607cfe7438bbd53ad3a02d11f53" candidate_term: 1 candidate_status { last_received { term: 0 index: 0 } } ignore_live_leader: false dest_uuid: "c07206522df54e23b27d18f5d2aba830" is_pre_election: true
W20260710 11:00:14.157624  7323 leader_election.cc:343] T 16228df340124cfe971350b4be94110c P c07206522df54e23b27d18f5d2aba830 [CANDIDATE]: Term 1 pre-election: Tablet error from VoteRequest() call to peer f8107607cfe7438bbd53ad3a02d11f53 (127.5.231.65:42155): Illegal state: must be running to vote when last-logged opid is not known
I20260710 11:00:14.158382  7356 raft_consensus.cc:2393] T 0057da3d29c14839922cb4a2ee7b8ff5 P c07206522df54e23b27d18f5d2aba830 [term 1 FOLLOWER]: Leader pre-election vote request: Denying vote to candidate f8107607cfe7438bbd53ad3a02d11f53 in current term 1: Already voted for candidate 4e07d51134ca442e9446afb2dc7a5bea in this term.
I20260710 11:00:14.158602  7405 tablet_bootstrap.cc:654] T 53969f8fc23547d4bcfdfcb28c4d04f8 P f8107607cfe7438bbd53ad3a02d11f53: Neither blocks nor log segments found. Creating new log.
I20260710 11:00:14.159335  7283 tablet_service.cc:1917] Received RequestConsensusVote() RPC: tablet_id: "16228df340124cfe971350b4be94110c" candidate_uuid: "c07206522df54e23b27d18f5d2aba830" candidate_term: 1 candidate_status { last_received { term: 0 index: 0 } } ignore_live_leader: false dest_uuid: "4e07d51134ca442e9446afb2dc7a5bea" is_pre_election: true
I20260710 11:00:14.159557  7174 leader_election.cc:304] T 0057da3d29c14839922cb4a2ee7b8ff5 P f8107607cfe7438bbd53ad3a02d11f53 [CANDIDATE]: Term 1 pre-election: Election decided. Result: candidate lost. Election summary: received 3 responses out of 3 voters: 1 yes votes; 2 no votes. yes voters: f8107607cfe7438bbd53ad3a02d11f53; no voters: 4e07d51134ca442e9446afb2dc7a5bea, c07206522df54e23b27d18f5d2aba830
I20260710 11:00:14.160630  7411 raft_consensus.cc:3060] T 0057da3d29c14839922cb4a2ee7b8ff5 P f8107607cfe7438bbd53ad3a02d11f53 [term 0 FOLLOWER]: Advancing to term 1
W20260710 11:00:14.161370  7323 leader_election.cc:343] T 16228df340124cfe971350b4be94110c P c07206522df54e23b27d18f5d2aba830 [CANDIDATE]: Term 1 pre-election: Tablet error from VoteRequest() call to peer 4e07d51134ca442e9446afb2dc7a5bea (127.5.231.66:38337): Illegal state: must be running to vote when last-logged opid is not known
I20260710 11:00:14.161773  7323 leader_election.cc:304] T 16228df340124cfe971350b4be94110c P c07206522df54e23b27d18f5d2aba830 [CANDIDATE]: Term 1 pre-election: Election decided. Result: candidate lost. Election summary: received 3 responses out of 3 voters: 1 yes votes; 2 no votes. yes voters: c07206522df54e23b27d18f5d2aba830; no voters: 4e07d51134ca442e9446afb2dc7a5bea, f8107607cfe7438bbd53ad3a02d11f53
I20260710 11:00:14.162709  7438 raft_consensus.cc:2749] T 16228df340124cfe971350b4be94110c P c07206522df54e23b27d18f5d2aba830 [term 0 FOLLOWER]: Leader pre-election lost for term 1. Reason: could not achieve majority
I20260710 11:00:14.164052  7107 catalog_manager.cc:5697] T 53969f8fc23547d4bcfdfcb28c4d04f8 P 4e07d51134ca442e9446afb2dc7a5bea reported cstate change: term changed from 0 to 1, leader changed from <none> to 4e07d51134ca442e9446afb2dc7a5bea (127.5.231.66). New cstate: current_term: 1 leader_uuid: "4e07d51134ca442e9446afb2dc7a5bea" committed_config { opid_index: -1 OBSOLETE_local: false peers { permanent_uuid: "f8107607cfe7438bbd53ad3a02d11f53" member_type: VOTER last_known_addr { host: "127.5.231.65" port: 42155 } health_report { overall_health: UNKNOWN } } peers { permanent_uuid: "4e07d51134ca442e9446afb2dc7a5bea" member_type: VOTER last_known_addr { host: "127.5.231.66" port: 38337 } health_report { overall_health: HEALTHY } } peers { permanent_uuid: "c07206522df54e23b27d18f5d2aba830" member_type: VOTER last_known_addr { host: "127.5.231.67" port: 42501 } health_report { overall_health: UNKNOWN } } }
I20260710 11:00:14.165563  7399 tablet_bootstrap.cc:654] T 66ce943c96ae4d3eb368d2123e86a37b P 4e07d51134ca442e9446afb2dc7a5bea: Neither blocks nor log segments found. Creating new log.
I20260710 11:00:14.167761  7411 raft_consensus.cc:2749] T 0057da3d29c14839922cb4a2ee7b8ff5 P f8107607cfe7438bbd53ad3a02d11f53 [term 1 FOLLOWER]: Leader pre-election lost for term 1. Reason: could not achieve majority
I20260710 11:00:14.167549  7107 catalog_manager.cc:5697] T 1ef35982f939472ab52404a80f4cb6b9 P 4e07d51134ca442e9446afb2dc7a5bea reported cstate change: term changed from 0 to 1, leader changed from <none> to 4e07d51134ca442e9446afb2dc7a5bea (127.5.231.66). New cstate: current_term: 1 leader_uuid: "4e07d51134ca442e9446afb2dc7a5bea" committed_config { opid_index: -1 OBSOLETE_local: false peers { permanent_uuid: "f8107607cfe7438bbd53ad3a02d11f53" member_type: VOTER last_known_addr { host: "127.5.231.65" port: 42155 } health_report { overall_health: UNKNOWN } } peers { permanent_uuid: "4e07d51134ca442e9446afb2dc7a5bea" member_type: VOTER last_known_addr { host: "127.5.231.66" port: 38337 } health_report { overall_health: HEALTHY } } peers { permanent_uuid: "c07206522df54e23b27d18f5d2aba830" member_type: VOTER last_known_addr { host: "127.5.231.67" port: 42501 } health_report { overall_health: UNKNOWN } } }
I20260710 11:00:14.172453  7398 tablet_bootstrap.cc:492] T 0f93141062d94beca40184d747d2039b P c07206522df54e23b27d18f5d2aba830: No bootstrap required, opened a new log
I20260710 11:00:14.172906  7398 ts_tablet_manager.cc:1403] T 0f93141062d94beca40184d747d2039b P c07206522df54e23b27d18f5d2aba830: Time spent bootstrapping tablet: real 0.037s	user 0.021s	sys 0.004s
I20260710 11:00:14.173735  7405 tablet_bootstrap.cc:492] T 53969f8fc23547d4bcfdfcb28c4d04f8 P f8107607cfe7438bbd53ad3a02d11f53: No bootstrap required, opened a new log
I20260710 11:00:14.174038  7405 ts_tablet_manager.cc:1403] T 53969f8fc23547d4bcfdfcb28c4d04f8 P f8107607cfe7438bbd53ad3a02d11f53: Time spent bootstrapping tablet: real 0.023s	user 0.010s	sys 0.000s
I20260710 11:00:14.175349  7398 raft_consensus.cc:359] T 0f93141062d94beca40184d747d2039b P c07206522df54e23b27d18f5d2aba830 [term 0 FOLLOWER]: Replica starting. Triggering 0 pending ops. Active config: opid_index: -1 OBSOLETE_local: false peers { permanent_uuid: "f8107607cfe7438bbd53ad3a02d11f53" member_type: VOTER last_known_addr { host: "127.5.231.65" port: 42155 } } peers { permanent_uuid: "4e07d51134ca442e9446afb2dc7a5bea" member_type: VOTER last_known_addr { host: "127.5.231.66" port: 38337 } } peers { permanent_uuid: "c07206522df54e23b27d18f5d2aba830" member_type: VOTER last_known_addr { host: "127.5.231.67" port: 42501 } }
I20260710 11:00:14.175974  7398 raft_consensus.cc:385] T 0f93141062d94beca40184d747d2039b P c07206522df54e23b27d18f5d2aba830 [term 0 FOLLOWER]: Consensus starting up: Expiring failure detector timer to make a prompt election more likely
I20260710 11:00:14.176066  7405 raft_consensus.cc:359] T 53969f8fc23547d4bcfdfcb28c4d04f8 P f8107607cfe7438bbd53ad3a02d11f53 [term 0 FOLLOWER]: Replica starting. Triggering 0 pending ops. Active config: opid_index: -1 OBSOLETE_local: false peers { permanent_uuid: "f8107607cfe7438bbd53ad3a02d11f53" member_type: VOTER last_known_addr { host: "127.5.231.65" port: 42155 } } peers { permanent_uuid: "4e07d51134ca442e9446afb2dc7a5bea" member_type: VOTER last_known_addr { host: "127.5.231.66" port: 38337 } } peers { permanent_uuid: "c07206522df54e23b27d18f5d2aba830" member_type: VOTER last_known_addr { host: "127.5.231.67" port: 42501 } }
I20260710 11:00:14.176347  7398 raft_consensus.cc:740] T 0f93141062d94beca40184d747d2039b P c07206522df54e23b27d18f5d2aba830 [term 0 FOLLOWER]: Becoming Follower/Learner. State: Replica: c07206522df54e23b27d18f5d2aba830, State: Initialized, Role: FOLLOWER
I20260710 11:00:14.176673  7405 raft_consensus.cc:385] T 53969f8fc23547d4bcfdfcb28c4d04f8 P f8107607cfe7438bbd53ad3a02d11f53 [term 0 FOLLOWER]: Consensus starting up: Expiring failure detector timer to make a prompt election more likely
I20260710 11:00:14.176983  7405 raft_consensus.cc:740] T 53969f8fc23547d4bcfdfcb28c4d04f8 P f8107607cfe7438bbd53ad3a02d11f53 [term 0 FOLLOWER]: Becoming Follower/Learner. State: Replica: f8107607cfe7438bbd53ad3a02d11f53, State: Initialized, Role: FOLLOWER
I20260710 11:00:14.177186  7398 consensus_queue.cc:260] T 0f93141062d94beca40184d747d2039b P c07206522df54e23b27d18f5d2aba830 [NON_LEADER]: Queue going to NON_LEADER mode. State: All replicated index: 0, Majority replicated index: 0, Committed index: 0, Last appended: 0.0, Last appended by leader: 0, Current term: 0, Majority size: -1, State: 0, Mode: NON_LEADER, active raft config: opid_index: -1 OBSOLETE_local: false peers { permanent_uuid: "f8107607cfe7438bbd53ad3a02d11f53" member_type: VOTER last_known_addr { host: "127.5.231.65" port: 42155 } } peers { permanent_uuid: "4e07d51134ca442e9446afb2dc7a5bea" member_type: VOTER last_known_addr { host: "127.5.231.66" port: 38337 } } peers { permanent_uuid: "c07206522df54e23b27d18f5d2aba830" member_type: VOTER last_known_addr { host: "127.5.231.67" port: 42501 } }
I20260710 11:00:14.177757  7405 consensus_queue.cc:260] T 53969f8fc23547d4bcfdfcb28c4d04f8 P f8107607cfe7438bbd53ad3a02d11f53 [NON_LEADER]: Queue going to NON_LEADER mode. State: All replicated index: 0, Majority replicated index: 0, Committed index: 0, Last appended: 0.0, Last appended by leader: 0, Current term: 0, Majority size: -1, State: 0, Mode: NON_LEADER, active raft config: opid_index: -1 OBSOLETE_local: false peers { permanent_uuid: "f8107607cfe7438bbd53ad3a02d11f53" member_type: VOTER last_known_addr { host: "127.5.231.65" port: 42155 } } peers { permanent_uuid: "4e07d51134ca442e9446afb2dc7a5bea" member_type: VOTER last_known_addr { host: "127.5.231.66" port: 38337 } } peers { permanent_uuid: "c07206522df54e23b27d18f5d2aba830" member_type: VOTER last_known_addr { host: "127.5.231.67" port: 42501 } }
I20260710 11:00:14.180311  7405 ts_tablet_manager.cc:1434] T 53969f8fc23547d4bcfdfcb28c4d04f8 P f8107607cfe7438bbd53ad3a02d11f53: Time spent starting tablet: real 0.006s	user 0.006s	sys 0.000s
I20260710 11:00:14.181437  7405 tablet_bootstrap.cc:492] T 4499b02d491f4ca3a27d78a17c8e9845 P f8107607cfe7438bbd53ad3a02d11f53: Bootstrap starting.
I20260710 11:00:14.182232  7399 tablet_bootstrap.cc:492] T 66ce943c96ae4d3eb368d2123e86a37b P 4e07d51134ca442e9446afb2dc7a5bea: No bootstrap required, opened a new log
I20260710 11:00:14.182662  7399 ts_tablet_manager.cc:1403] T 66ce943c96ae4d3eb368d2123e86a37b P 4e07d51134ca442e9446afb2dc7a5bea: Time spent bootstrapping tablet: real 0.051s	user 0.010s	sys 0.000s
I20260710 11:00:14.185539  7399 raft_consensus.cc:359] T 66ce943c96ae4d3eb368d2123e86a37b P 4e07d51134ca442e9446afb2dc7a5bea [term 0 FOLLOWER]: Replica starting. Triggering 0 pending ops. Active config: opid_index: -1 OBSOLETE_local: false peers { permanent_uuid: "f8107607cfe7438bbd53ad3a02d11f53" member_type: VOTER last_known_addr { host: "127.5.231.65" port: 42155 } } peers { permanent_uuid: "4e07d51134ca442e9446afb2dc7a5bea" member_type: VOTER last_known_addr { host: "127.5.231.66" port: 38337 } } peers { permanent_uuid: "c07206522df54e23b27d18f5d2aba830" member_type: VOTER last_known_addr { host: "127.5.231.67" port: 42501 } }
I20260710 11:00:14.186218  7399 raft_consensus.cc:385] T 66ce943c96ae4d3eb368d2123e86a37b P 4e07d51134ca442e9446afb2dc7a5bea [term 0 FOLLOWER]: Consensus starting up: Expiring failure detector timer to make a prompt election more likely
I20260710 11:00:14.186474  7399 raft_consensus.cc:740] T 66ce943c96ae4d3eb368d2123e86a37b P 4e07d51134ca442e9446afb2dc7a5bea [term 0 FOLLOWER]: Becoming Follower/Learner. State: Replica: 4e07d51134ca442e9446afb2dc7a5bea, State: Initialized, Role: FOLLOWER
I20260710 11:00:14.187150  7399 consensus_queue.cc:260] T 66ce943c96ae4d3eb368d2123e86a37b P 4e07d51134ca442e9446afb2dc7a5bea [NON_LEADER]: Queue going to NON_LEADER mode. State: All replicated index: 0, Majority replicated index: 0, Committed index: 0, Last appended: 0.0, Last appended by leader: 0, Current term: 0, Majority size: -1, State: 0, Mode: NON_LEADER, active raft config: opid_index: -1 OBSOLETE_local: false peers { permanent_uuid: "f8107607cfe7438bbd53ad3a02d11f53" member_type: VOTER last_known_addr { host: "127.5.231.65" port: 42155 } } peers { permanent_uuid: "4e07d51134ca442e9446afb2dc7a5bea" member_type: VOTER last_known_addr { host: "127.5.231.66" port: 38337 } } peers { permanent_uuid: "c07206522df54e23b27d18f5d2aba830" member_type: VOTER last_known_addr { host: "127.5.231.67" port: 42501 } }
I20260710 11:00:14.187647  7405 tablet_bootstrap.cc:654] T 4499b02d491f4ca3a27d78a17c8e9845 P f8107607cfe7438bbd53ad3a02d11f53: Neither blocks nor log segments found. Creating new log.
I20260710 11:00:14.189170  7399 ts_tablet_manager.cc:1434] T 66ce943c96ae4d3eb368d2123e86a37b P 4e07d51134ca442e9446afb2dc7a5bea: Time spent starting tablet: real 0.006s	user 0.007s	sys 0.000s
I20260710 11:00:14.190402  7399 tablet_bootstrap.cc:492] T 97a5930d8db34513973ab9b460ea2b5b P 4e07d51134ca442e9446afb2dc7a5bea: Bootstrap starting.
I20260710 11:00:14.193295  7398 ts_tablet_manager.cc:1434] T 0f93141062d94beca40184d747d2039b P c07206522df54e23b27d18f5d2aba830: Time spent starting tablet: real 0.020s	user 0.006s	sys 0.000s
I20260710 11:00:14.194406  7398 tablet_bootstrap.cc:492] T 1c65a917542b45ddaffe390e24863df9 P c07206522df54e23b27d18f5d2aba830: Bootstrap starting.
I20260710 11:00:14.196475  7399 tablet_bootstrap.cc:654] T 97a5930d8db34513973ab9b460ea2b5b P 4e07d51134ca442e9446afb2dc7a5bea: Neither blocks nor log segments found. Creating new log.
I20260710 11:00:14.198091  7405 tablet_bootstrap.cc:492] T 4499b02d491f4ca3a27d78a17c8e9845 P f8107607cfe7438bbd53ad3a02d11f53: No bootstrap required, opened a new log
I20260710 11:00:14.198596  7405 ts_tablet_manager.cc:1403] T 4499b02d491f4ca3a27d78a17c8e9845 P f8107607cfe7438bbd53ad3a02d11f53: Time spent bootstrapping tablet: real 0.017s	user 0.013s	sys 0.000s
I20260710 11:00:14.200404  7398 tablet_bootstrap.cc:654] T 1c65a917542b45ddaffe390e24863df9 P c07206522df54e23b27d18f5d2aba830: Neither blocks nor log segments found. Creating new log.
I20260710 11:00:14.201666  7405 raft_consensus.cc:359] T 4499b02d491f4ca3a27d78a17c8e9845 P f8107607cfe7438bbd53ad3a02d11f53 [term 0 FOLLOWER]: Replica starting. Triggering 0 pending ops. Active config: opid_index: -1 OBSOLETE_local: false peers { permanent_uuid: "f8107607cfe7438bbd53ad3a02d11f53" member_type: VOTER last_known_addr { host: "127.5.231.65" port: 42155 } } peers { permanent_uuid: "4e07d51134ca442e9446afb2dc7a5bea" member_type: VOTER last_known_addr { host: "127.5.231.66" port: 38337 } } peers { permanent_uuid: "c07206522df54e23b27d18f5d2aba830" member_type: VOTER last_known_addr { host: "127.5.231.67" port: 42501 } }
I20260710 11:00:14.202455  7405 raft_consensus.cc:385] T 4499b02d491f4ca3a27d78a17c8e9845 P f8107607cfe7438bbd53ad3a02d11f53 [term 0 FOLLOWER]: Consensus starting up: Expiring failure detector timer to make a prompt election more likely
I20260710 11:00:14.202803  7405 raft_consensus.cc:740] T 4499b02d491f4ca3a27d78a17c8e9845 P f8107607cfe7438bbd53ad3a02d11f53 [term 0 FOLLOWER]: Becoming Follower/Learner. State: Replica: f8107607cfe7438bbd53ad3a02d11f53, State: Initialized, Role: FOLLOWER
I20260710 11:00:14.203671  7405 consensus_queue.cc:260] T 4499b02d491f4ca3a27d78a17c8e9845 P f8107607cfe7438bbd53ad3a02d11f53 [NON_LEADER]: Queue going to NON_LEADER mode. State: All replicated index: 0, Majority replicated index: 0, Committed index: 0, Last appended: 0.0, Last appended by leader: 0, Current term: 0, Majority size: -1, State: 0, Mode: NON_LEADER, active raft config: opid_index: -1 OBSOLETE_local: false peers { permanent_uuid: "f8107607cfe7438bbd53ad3a02d11f53" member_type: VOTER last_known_addr { host: "127.5.231.65" port: 42155 } } peers { permanent_uuid: "4e07d51134ca442e9446afb2dc7a5bea" member_type: VOTER last_known_addr { host: "127.5.231.66" port: 38337 } } peers { permanent_uuid: "c07206522df54e23b27d18f5d2aba830" member_type: VOTER last_known_addr { host: "127.5.231.67" port: 42501 } }
I20260710 11:00:14.206157  7405 ts_tablet_manager.cc:1434] T 4499b02d491f4ca3a27d78a17c8e9845 P f8107607cfe7438bbd53ad3a02d11f53: Time spent starting tablet: real 0.007s	user 0.005s	sys 0.000s
I20260710 11:00:14.207190  7405 tablet_bootstrap.cc:492] T c819ccbc9a3742fcbb1c8646edd757a2 P f8107607cfe7438bbd53ad3a02d11f53: Bootstrap starting.
I20260710 11:00:14.213549  7405 tablet_bootstrap.cc:654] T c819ccbc9a3742fcbb1c8646edd757a2 P f8107607cfe7438bbd53ad3a02d11f53: Neither blocks nor log segments found. Creating new log.
I20260710 11:00:14.225296  7399 tablet_bootstrap.cc:492] T 97a5930d8db34513973ab9b460ea2b5b P 4e07d51134ca442e9446afb2dc7a5bea: No bootstrap required, opened a new log
I20260710 11:00:14.225749  7399 ts_tablet_manager.cc:1403] T 97a5930d8db34513973ab9b460ea2b5b P 4e07d51134ca442e9446afb2dc7a5bea: Time spent bootstrapping tablet: real 0.036s	user 0.019s	sys 0.015s
I20260710 11:00:14.226496  7405 tablet_bootstrap.cc:492] T c819ccbc9a3742fcbb1c8646edd757a2 P f8107607cfe7438bbd53ad3a02d11f53: No bootstrap required, opened a new log
I20260710 11:00:14.226572  7398 tablet_bootstrap.cc:492] T 1c65a917542b45ddaffe390e24863df9 P c07206522df54e23b27d18f5d2aba830: No bootstrap required, opened a new log
I20260710 11:00:14.226940  7405 ts_tablet_manager.cc:1403] T c819ccbc9a3742fcbb1c8646edd757a2 P f8107607cfe7438bbd53ad3a02d11f53: Time spent bootstrapping tablet: real 0.020s	user 0.011s	sys 0.007s
I20260710 11:00:14.226999  7398 ts_tablet_manager.cc:1403] T 1c65a917542b45ddaffe390e24863df9 P c07206522df54e23b27d18f5d2aba830: Time spent bootstrapping tablet: real 0.033s	user 0.017s	sys 0.013s
I20260710 11:00:14.228214  7399 raft_consensus.cc:359] T 97a5930d8db34513973ab9b460ea2b5b P 4e07d51134ca442e9446afb2dc7a5bea [term 0 FOLLOWER]: Replica starting. Triggering 0 pending ops. Active config: opid_index: -1 OBSOLETE_local: false peers { permanent_uuid: "f8107607cfe7438bbd53ad3a02d11f53" member_type: VOTER last_known_addr { host: "127.5.231.65" port: 42155 } } peers { permanent_uuid: "4e07d51134ca442e9446afb2dc7a5bea" member_type: VOTER last_known_addr { host: "127.5.231.66" port: 38337 } } peers { permanent_uuid: "c07206522df54e23b27d18f5d2aba830" member_type: VOTER last_known_addr { host: "127.5.231.67" port: 42501 } }
I20260710 11:00:14.228883  7399 raft_consensus.cc:385] T 97a5930d8db34513973ab9b460ea2b5b P 4e07d51134ca442e9446afb2dc7a5bea [term 0 FOLLOWER]: Consensus starting up: Expiring failure detector timer to make a prompt election more likely
I20260710 11:00:14.229142  7399 raft_consensus.cc:740] T 97a5930d8db34513973ab9b460ea2b5b P 4e07d51134ca442e9446afb2dc7a5bea [term 0 FOLLOWER]: Becoming Follower/Learner. State: Replica: 4e07d51134ca442e9446afb2dc7a5bea, State: Initialized, Role: FOLLOWER
I20260710 11:00:14.229355  7405 raft_consensus.cc:359] T c819ccbc9a3742fcbb1c8646edd757a2 P f8107607cfe7438bbd53ad3a02d11f53 [term 0 FOLLOWER]: Replica starting. Triggering 0 pending ops. Active config: opid_index: -1 OBSOLETE_local: false peers { permanent_uuid: "f8107607cfe7438bbd53ad3a02d11f53" member_type: VOTER last_known_addr { host: "127.5.231.65" port: 42155 } } peers { permanent_uuid: "4e07d51134ca442e9446afb2dc7a5bea" member_type: VOTER last_known_addr { host: "127.5.231.66" port: 38337 } } peers { permanent_uuid: "c07206522df54e23b27d18f5d2aba830" member_type: VOTER last_known_addr { host: "127.5.231.67" port: 42501 } }
I20260710 11:00:14.229578  7398 raft_consensus.cc:359] T 1c65a917542b45ddaffe390e24863df9 P c07206522df54e23b27d18f5d2aba830 [term 0 FOLLOWER]: Replica starting. Triggering 0 pending ops. Active config: opid_index: -1 OBSOLETE_local: false peers { permanent_uuid: "f8107607cfe7438bbd53ad3a02d11f53" member_type: VOTER last_known_addr { host: "127.5.231.65" port: 42155 } } peers { permanent_uuid: "4e07d51134ca442e9446afb2dc7a5bea" member_type: VOTER last_known_addr { host: "127.5.231.66" port: 38337 } } peers { permanent_uuid: "c07206522df54e23b27d18f5d2aba830" member_type: VOTER last_known_addr { host: "127.5.231.67" port: 42501 } }
I20260710 11:00:14.229779  7399 consensus_queue.cc:260] T 97a5930d8db34513973ab9b460ea2b5b P 4e07d51134ca442e9446afb2dc7a5bea [NON_LEADER]: Queue going to NON_LEADER mode. State: All replicated index: 0, Majority replicated index: 0, Committed index: 0, Last appended: 0.0, Last appended by leader: 0, Current term: 0, Majority size: -1, State: 0, Mode: NON_LEADER, active raft config: opid_index: -1 OBSOLETE_local: false peers { permanent_uuid: "f8107607cfe7438bbd53ad3a02d11f53" member_type: VOTER last_known_addr { host: "127.5.231.65" port: 42155 } } peers { permanent_uuid: "4e07d51134ca442e9446afb2dc7a5bea" member_type: VOTER last_known_addr { host: "127.5.231.66" port: 38337 } } peers { permanent_uuid: "c07206522df54e23b27d18f5d2aba830" member_type: VOTER last_known_addr { host: "127.5.231.67" port: 42501 } }
I20260710 11:00:14.230078  7405 raft_consensus.cc:385] T c819ccbc9a3742fcbb1c8646edd757a2 P f8107607cfe7438bbd53ad3a02d11f53 [term 0 FOLLOWER]: Consensus starting up: Expiring failure detector timer to make a prompt election more likely
I20260710 11:00:14.230216  7398 raft_consensus.cc:385] T 1c65a917542b45ddaffe390e24863df9 P c07206522df54e23b27d18f5d2aba830 [term 0 FOLLOWER]: Consensus starting up: Expiring failure detector timer to make a prompt election more likely
I20260710 11:00:14.230486  7405 raft_consensus.cc:740] T c819ccbc9a3742fcbb1c8646edd757a2 P f8107607cfe7438bbd53ad3a02d11f53 [term 0 FOLLOWER]: Becoming Follower/Learner. State: Replica: f8107607cfe7438bbd53ad3a02d11f53, State: Initialized, Role: FOLLOWER
I20260710 11:00:14.230548  7398 raft_consensus.cc:740] T 1c65a917542b45ddaffe390e24863df9 P c07206522df54e23b27d18f5d2aba830 [term 0 FOLLOWER]: Becoming Follower/Learner. State: Replica: c07206522df54e23b27d18f5d2aba830, State: Initialized, Role: FOLLOWER
I20260710 11:00:14.231714  7399 ts_tablet_manager.cc:1434] T 97a5930d8db34513973ab9b460ea2b5b P 4e07d51134ca442e9446afb2dc7a5bea: Time spent starting tablet: real 0.006s	user 0.004s	sys 0.000s
I20260710 11:00:14.231261  7405 consensus_queue.cc:260] T c819ccbc9a3742fcbb1c8646edd757a2 P f8107607cfe7438bbd53ad3a02d11f53 [NON_LEADER]: Queue going to NON_LEADER mode. State: All replicated index: 0, Majority replicated index: 0, Committed index: 0, Last appended: 0.0, Last appended by leader: 0, Current term: 0, Majority size: -1, State: 0, Mode: NON_LEADER, active raft config: opid_index: -1 OBSOLETE_local: false peers { permanent_uuid: "f8107607cfe7438bbd53ad3a02d11f53" member_type: VOTER last_known_addr { host: "127.5.231.65" port: 42155 } } peers { permanent_uuid: "4e07d51134ca442e9446afb2dc7a5bea" member_type: VOTER last_known_addr { host: "127.5.231.66" port: 38337 } } peers { permanent_uuid: "c07206522df54e23b27d18f5d2aba830" member_type: VOTER last_known_addr { host: "127.5.231.67" port: 42501 } }
I20260710 11:00:14.231488  7398 consensus_queue.cc:260] T 1c65a917542b45ddaffe390e24863df9 P c07206522df54e23b27d18f5d2aba830 [NON_LEADER]: Queue going to NON_LEADER mode. State: All replicated index: 0, Majority replicated index: 0, Committed index: 0, Last appended: 0.0, Last appended by leader: 0, Current term: 0, Majority size: -1, State: 0, Mode: NON_LEADER, active raft config: opid_index: -1 OBSOLETE_local: false peers { permanent_uuid: "f8107607cfe7438bbd53ad3a02d11f53" member_type: VOTER last_known_addr { host: "127.5.231.65" port: 42155 } } peers { permanent_uuid: "4e07d51134ca442e9446afb2dc7a5bea" member_type: VOTER last_known_addr { host: "127.5.231.66" port: 38337 } } peers { permanent_uuid: "c07206522df54e23b27d18f5d2aba830" member_type: VOTER last_known_addr { host: "127.5.231.67" port: 42501 } }
I20260710 11:00:14.233014  7399 tablet_bootstrap.cc:492] T c25aa61fe35440f78fb71a870d59750d P 4e07d51134ca442e9446afb2dc7a5bea: Bootstrap starting.
I20260710 11:00:14.233942  7405 ts_tablet_manager.cc:1434] T c819ccbc9a3742fcbb1c8646edd757a2 P f8107607cfe7438bbd53ad3a02d11f53: Time spent starting tablet: real 0.007s	user 0.007s	sys 0.000s
I20260710 11:00:14.235069  7405 tablet_bootstrap.cc:492] T 1ef35982f939472ab52404a80f4cb6b9 P f8107607cfe7438bbd53ad3a02d11f53: Bootstrap starting.
