I20260710 11:03:41.243034 15874 consensus_queue.cc:260] T 8decef41e3cf4071b282f9791336dad6 P abb8af651ccb46bea38faf9c89a5860a [NON_LEADER]: Queue going to NON_LEADER mode. State: All replicated index: 0, Majority replicated index: 2, Committed index: 2, Last appended: 2.2, Last appended by leader: 2, Current term: 2, Majority size: -1, State: 0, Mode: NON_LEADER, active raft config: opid_index: -1 OBSOLETE_local: false peers { permanent_uuid: "690f9879435443b9b8c03a2c8eec6ebb" member_type: VOTER last_known_addr { host: "127.15.76.1" port: 39713 } } peers { permanent_uuid: "abb8af651ccb46bea38faf9c89a5860a" member_type: VOTER last_known_addr { host: "127.15.76.2" port: 35245 } } peers { permanent_uuid: "03880a54b53441ba9a583dcaab9719ff" member_type: VOTER last_known_addr { host: "127.15.76.3" port: 33447 } }
I20260710 11:03:41.243901 15874 raft_consensus.cc:3060] T 8decef41e3cf4071b282f9791336dad6 P abb8af651ccb46bea38faf9c89a5860a [term 2 FOLLOWER]: Advancing to term 3
I20260710 11:03:41.246834 15799 raft_consensus.cc:2468] T 8decef41e3cf4071b282f9791336dad6 P 690f9879435443b9b8c03a2c8eec6ebb [term 3 FOLLOWER]: Leader election vote request: Granting yes vote for candidate 03880a54b53441ba9a583dcaab9719ff in term 3.
I20260710 11:03:41.247938 15874 raft_consensus.cc:2468] T 8decef41e3cf4071b282f9791336dad6 P abb8af651ccb46bea38faf9c89a5860a [term 3 FOLLOWER]: Leader election vote request: Granting yes vote for candidate 03880a54b53441ba9a583dcaab9719ff in term 3.
I20260710 11:03:41.248016 15912 leader_election.cc:304] T 8decef41e3cf4071b282f9791336dad6 P 03880a54b53441ba9a583dcaab9719ff [CANDIDATE]: Term 3 election: Election decided. Result: candidate won. Election summary: received 2 responses out of 3 voters: 2 yes votes; 0 no votes. yes voters: 03880a54b53441ba9a583dcaab9719ff, 690f9879435443b9b8c03a2c8eec6ebb; no voters: 
I20260710 11:03:41.248943 16087 raft_consensus.cc:2804] T 8decef41e3cf4071b282f9791336dad6 P 03880a54b53441ba9a583dcaab9719ff [term 3 FOLLOWER]: Leader election won for term 3
I20260710 11:03:41.249703 16087 raft_consensus.cc:697] T 8decef41e3cf4071b282f9791336dad6 P 03880a54b53441ba9a583dcaab9719ff [term 3 LEADER]: Becoming Leader. State: Replica: 03880a54b53441ba9a583dcaab9719ff, State: Running, Role: LEADER
I20260710 11:03:41.250522 16087 consensus_queue.cc:237] T 8decef41e3cf4071b282f9791336dad6 P 03880a54b53441ba9a583dcaab9719ff [LEADER]: Queue going to LEADER mode. State: All replicated index: 0, Majority replicated index: 2, Committed index: 2, Last appended: 2.2, Last appended by leader: 2, Current term: 3, Majority size: 2, State: 0, Mode: LEADER, active raft config: opid_index: -1 OBSOLETE_local: false peers { permanent_uuid: "690f9879435443b9b8c03a2c8eec6ebb" member_type: VOTER last_known_addr { host: "127.15.76.1" port: 39713 } } peers { permanent_uuid: "abb8af651ccb46bea38faf9c89a5860a" member_type: VOTER last_known_addr { host: "127.15.76.2" port: 35245 } } peers { permanent_uuid: "03880a54b53441ba9a583dcaab9719ff" member_type: VOTER last_known_addr { host: "127.15.76.3" port: 33447 } }
I20260710 11:03:41.256994 15693 catalog_manager.cc:5697] T 8decef41e3cf4071b282f9791336dad6 P 03880a54b53441ba9a583dcaab9719ff reported cstate change: term changed from 2 to 3, leader changed from abb8af651ccb46bea38faf9c89a5860a (127.15.76.2) to 03880a54b53441ba9a583dcaab9719ff (127.15.76.3). New cstate: current_term: 3 leader_uuid: "03880a54b53441ba9a583dcaab9719ff" committed_config { opid_index: -1 OBSOLETE_local: false peers { permanent_uuid: "690f9879435443b9b8c03a2c8eec6ebb" member_type: VOTER last_known_addr { host: "127.15.76.1" port: 39713 } health_report { overall_health: UNKNOWN } } peers { permanent_uuid: "abb8af651ccb46bea38faf9c89a5860a" member_type: VOTER last_known_addr { host: "127.15.76.2" port: 35245 } health_report { overall_health: UNKNOWN } } peers { permanent_uuid: "03880a54b53441ba9a583dcaab9719ff" member_type: VOTER last_known_addr { host: "127.15.76.3" port: 33447 } health_report { overall_health: HEALTHY } } }
I20260710 11:03:41.358346 16116 raft_consensus.cc:993] T 8e4475a664cc4358bc64046b234bd350 P abb8af651ccb46bea38faf9c89a5860a: : Instructing follower 690f9879435443b9b8c03a2c8eec6ebb to start an election
I20260710 11:03:41.358748 16116 raft_consensus.cc:1081] T 8e4475a664cc4358bc64046b234bd350 P abb8af651ccb46bea38faf9c89a5860a [term 4 LEADER]: Signalling peer 690f9879435443b9b8c03a2c8eec6ebb to start an election
I20260710 11:03:41.360162 15799 tablet_service.cc:2044] Received Run Leader Election RPC: tablet_id: "8e4475a664cc4358bc64046b234bd350"
dest_uuid: "690f9879435443b9b8c03a2c8eec6ebb"
 from {username='slave'} at 127.0.0.1:54500
I20260710 11:03:41.360670 15799 raft_consensus.cc:493] T 8e4475a664cc4358bc64046b234bd350 P 690f9879435443b9b8c03a2c8eec6ebb [term 4 FOLLOWER]: Starting forced leader election (received explicit request)
I20260710 11:03:41.360983 15799 raft_consensus.cc:3060] T 8e4475a664cc4358bc64046b234bd350 P 690f9879435443b9b8c03a2c8eec6ebb [term 4 FOLLOWER]: Advancing to term 5
I20260710 11:03:41.366468 15799 raft_consensus.cc:515] T 8e4475a664cc4358bc64046b234bd350 P 690f9879435443b9b8c03a2c8eec6ebb [term 5 FOLLOWER]: Starting forced leader election with config: opid_index: -1 OBSOLETE_local: false peers { permanent_uuid: "03880a54b53441ba9a583dcaab9719ff" member_type: VOTER last_known_addr { host: "127.15.76.3" port: 33447 } } peers { permanent_uuid: "690f9879435443b9b8c03a2c8eec6ebb" member_type: VOTER last_known_addr { host: "127.15.76.1" port: 39713 } } peers { permanent_uuid: "abb8af651ccb46bea38faf9c89a5860a" member_type: VOTER last_known_addr { host: "127.15.76.2" port: 35245 } }
I20260710 11:03:41.368533 15799 leader_election.cc:290] T 8e4475a664cc4358bc64046b234bd350 P 690f9879435443b9b8c03a2c8eec6ebb [CANDIDATE]: Term 5 election: Requested vote from peers 03880a54b53441ba9a583dcaab9719ff (127.15.76.3:33447), abb8af651ccb46bea38faf9c89a5860a (127.15.76.2:35245)
I20260710 11:03:41.368803 15947 tablet_service.cc:1917] Received RequestConsensusVote() RPC: tablet_id: "8e4475a664cc4358bc64046b234bd350" candidate_uuid: "690f9879435443b9b8c03a2c8eec6ebb" candidate_term: 5 candidate_status { last_received { term: 4 index: 4 } } ignore_live_leader: true dest_uuid: "03880a54b53441ba9a583dcaab9719ff"
I20260710 11:03:41.369114 15874 tablet_service.cc:1917] Received RequestConsensusVote() RPC: tablet_id: "8e4475a664cc4358bc64046b234bd350" candidate_uuid: "690f9879435443b9b8c03a2c8eec6ebb" candidate_term: 5 candidate_status { last_received { term: 4 index: 4 } } ignore_live_leader: true dest_uuid: "abb8af651ccb46bea38faf9c89a5860a"
I20260710 11:03:41.369414 15947 raft_consensus.cc:3060] T 8e4475a664cc4358bc64046b234bd350 P 03880a54b53441ba9a583dcaab9719ff [term 4 FOLLOWER]: Advancing to term 5
I20260710 11:03:41.369727 15874 raft_consensus.cc:3055] T 8e4475a664cc4358bc64046b234bd350 P abb8af651ccb46bea38faf9c89a5860a [term 4 LEADER]: Stepping down as leader of term 4
I20260710 11:03:41.370007 15874 raft_consensus.cc:740] T 8e4475a664cc4358bc64046b234bd350 P abb8af651ccb46bea38faf9c89a5860a [term 4 LEADER]: Becoming Follower/Learner. State: Replica: abb8af651ccb46bea38faf9c89a5860a, State: Running, Role: LEADER
I20260710 11:03:41.370643 15874 consensus_queue.cc:260] T 8e4475a664cc4358bc64046b234bd350 P abb8af651ccb46bea38faf9c89a5860a [NON_LEADER]: Queue going to NON_LEADER mode. State: All replicated index: 0, Majority replicated index: 4, Committed index: 4, Last appended: 4.4, Last appended by leader: 4, Current term: 4, Majority size: -1, State: 0, Mode: NON_LEADER, active raft config: opid_index: -1 OBSOLETE_local: false peers { permanent_uuid: "03880a54b53441ba9a583dcaab9719ff" member_type: VOTER last_known_addr { host: "127.15.76.3" port: 33447 } } peers { permanent_uuid: "690f9879435443b9b8c03a2c8eec6ebb" member_type: VOTER last_known_addr { host: "127.15.76.1" port: 39713 } } peers { permanent_uuid: "abb8af651ccb46bea38faf9c89a5860a" member_type: VOTER last_known_addr { host: "127.15.76.2" port: 35245 } }
I20260710 11:03:41.371404 15874 raft_consensus.cc:3060] T 8e4475a664cc4358bc64046b234bd350 P abb8af651ccb46bea38faf9c89a5860a [term 4 FOLLOWER]: Advancing to term 5
I20260710 11:03:41.373939 15947 raft_consensus.cc:2468] T 8e4475a664cc4358bc64046b234bd350 P 03880a54b53441ba9a583dcaab9719ff [term 5 FOLLOWER]: Leader election vote request: Granting yes vote for candidate 690f9879435443b9b8c03a2c8eec6ebb in term 5.
I20260710 11:03:41.375080 15765 leader_election.cc:304] T 8e4475a664cc4358bc64046b234bd350 P 690f9879435443b9b8c03a2c8eec6ebb [CANDIDATE]: Term 5 election: Election decided. Result: candidate won. Election summary: received 2 responses out of 3 voters: 2 yes votes; 0 no votes. yes voters: 03880a54b53441ba9a583dcaab9719ff, 690f9879435443b9b8c03a2c8eec6ebb; no voters: 
I20260710 11:03:41.375272 15874 raft_consensus.cc:2468] T 8e4475a664cc4358bc64046b234bd350 P abb8af651ccb46bea38faf9c89a5860a [term 5 FOLLOWER]: Leader election vote request: Granting yes vote for candidate 690f9879435443b9b8c03a2c8eec6ebb in term 5.
I20260710 11:03:41.376809 16131 raft_consensus.cc:2804] T 8e4475a664cc4358bc64046b234bd350 P 690f9879435443b9b8c03a2c8eec6ebb [term 5 FOLLOWER]: Leader election won for term 5
I20260710 11:03:41.377781 16131 raft_consensus.cc:697] T 8e4475a664cc4358bc64046b234bd350 P 690f9879435443b9b8c03a2c8eec6ebb [term 5 LEADER]: Becoming Leader. State: Replica: 690f9879435443b9b8c03a2c8eec6ebb, State: Running, Role: LEADER
I20260710 11:03:41.378628 16131 consensus_queue.cc:237] T 8e4475a664cc4358bc64046b234bd350 P 690f9879435443b9b8c03a2c8eec6ebb [LEADER]: Queue going to LEADER mode. State: All replicated index: 0, Majority replicated index: 4, Committed index: 4, Last appended: 4.4, Last appended by leader: 4, Current term: 5, Majority size: 2, State: 0, Mode: LEADER, active raft config: opid_index: -1 OBSOLETE_local: false peers { permanent_uuid: "03880a54b53441ba9a583dcaab9719ff" member_type: VOTER last_known_addr { host: "127.15.76.3" port: 33447 } } peers { permanent_uuid: "690f9879435443b9b8c03a2c8eec6ebb" member_type: VOTER last_known_addr { host: "127.15.76.1" port: 39713 } } peers { permanent_uuid: "abb8af651ccb46bea38faf9c89a5860a" member_type: VOTER last_known_addr { host: "127.15.76.2" port: 35245 } }
I20260710 11:03:41.382517 16124 raft_consensus.cc:993] T 56d720dc40934aeaa01e3db18b5fa04f P abb8af651ccb46bea38faf9c89a5860a: : Instructing follower 03880a54b53441ba9a583dcaab9719ff to start an election
I20260710 11:03:41.383034 16116 raft_consensus.cc:1081] T 56d720dc40934aeaa01e3db18b5fa04f P abb8af651ccb46bea38faf9c89a5860a [term 4 LEADER]: Signalling peer 03880a54b53441ba9a583dcaab9719ff to start an election
I20260710 11:03:41.384752 15947 tablet_service.cc:2044] Received Run Leader Election RPC: tablet_id: "56d720dc40934aeaa01e3db18b5fa04f"
dest_uuid: "03880a54b53441ba9a583dcaab9719ff"
 from {username='slave'} at 127.0.0.1:58778
I20260710 11:03:41.385164 15947 raft_consensus.cc:493] T 56d720dc40934aeaa01e3db18b5fa04f P 03880a54b53441ba9a583dcaab9719ff [term 4 FOLLOWER]: Starting forced leader election (received explicit request)
I20260710 11:03:41.385439 15947 raft_consensus.cc:3060] T 56d720dc40934aeaa01e3db18b5fa04f P 03880a54b53441ba9a583dcaab9719ff [term 4 FOLLOWER]: Advancing to term 5
I20260710 11:03:41.386096 15693 catalog_manager.cc:5697] T 8e4475a664cc4358bc64046b234bd350 P 690f9879435443b9b8c03a2c8eec6ebb reported cstate change: term changed from 4 to 5, leader changed from abb8af651ccb46bea38faf9c89a5860a (127.15.76.2) to 690f9879435443b9b8c03a2c8eec6ebb (127.15.76.1). New cstate: current_term: 5 leader_uuid: "690f9879435443b9b8c03a2c8eec6ebb" committed_config { opid_index: -1 OBSOLETE_local: false peers { permanent_uuid: "03880a54b53441ba9a583dcaab9719ff" member_type: VOTER last_known_addr { host: "127.15.76.3" port: 33447 } health_report { overall_health: UNKNOWN } } peers { permanent_uuid: "690f9879435443b9b8c03a2c8eec6ebb" member_type: VOTER last_known_addr { host: "127.15.76.1" port: 39713 } health_report { overall_health: HEALTHY } } peers { permanent_uuid: "abb8af651ccb46bea38faf9c89a5860a" member_type: VOTER last_known_addr { host: "127.15.76.2" port: 35245 } health_report { overall_health: UNKNOWN } } }
I20260710 11:03:41.390326 15947 raft_consensus.cc:515] T 56d720dc40934aeaa01e3db18b5fa04f P 03880a54b53441ba9a583dcaab9719ff [term 5 FOLLOWER]: Starting forced leader election with config: opid_index: -1 OBSOLETE_local: false peers { permanent_uuid: "690f9879435443b9b8c03a2c8eec6ebb" member_type: VOTER last_known_addr { host: "127.15.76.1" port: 39713 } } peers { permanent_uuid: "abb8af651ccb46bea38faf9c89a5860a" member_type: VOTER last_known_addr { host: "127.15.76.2" port: 35245 } } peers { permanent_uuid: "03880a54b53441ba9a583dcaab9719ff" member_type: VOTER last_known_addr { host: "127.15.76.3" port: 33447 } }
I20260710 11:03:41.391814 15947 leader_election.cc:290] T 56d720dc40934aeaa01e3db18b5fa04f P 03880a54b53441ba9a583dcaab9719ff [CANDIDATE]: Term 5 election: Requested vote from peers 690f9879435443b9b8c03a2c8eec6ebb (127.15.76.1:39713), abb8af651ccb46bea38faf9c89a5860a (127.15.76.2:35245)
I20260710 11:03:41.392525 15799 tablet_service.cc:1917] Received RequestConsensusVote() RPC: tablet_id: "56d720dc40934aeaa01e3db18b5fa04f" candidate_uuid: "03880a54b53441ba9a583dcaab9719ff" candidate_term: 5 candidate_status { last_received { term: 4 index: 4 } } ignore_live_leader: true dest_uuid: "690f9879435443b9b8c03a2c8eec6ebb"
I20260710 11:03:41.393061 15799 raft_consensus.cc:3060] T 56d720dc40934aeaa01e3db18b5fa04f P 690f9879435443b9b8c03a2c8eec6ebb [term 4 FOLLOWER]: Advancing to term 5
I20260710 11:03:41.393170 15874 tablet_service.cc:1917] Received RequestConsensusVote() RPC: tablet_id: "56d720dc40934aeaa01e3db18b5fa04f" candidate_uuid: "03880a54b53441ba9a583dcaab9719ff" candidate_term: 5 candidate_status { last_received { term: 4 index: 4 } } ignore_live_leader: true dest_uuid: "abb8af651ccb46bea38faf9c89a5860a"
I20260710 11:03:41.393656 15874 raft_consensus.cc:3055] T 56d720dc40934aeaa01e3db18b5fa04f P abb8af651ccb46bea38faf9c89a5860a [term 4 LEADER]: Stepping down as leader of term 4
I20260710 11:03:41.393882 15874 raft_consensus.cc:740] T 56d720dc40934aeaa01e3db18b5fa04f P abb8af651ccb46bea38faf9c89a5860a [term 4 LEADER]: Becoming Follower/Learner. State: Replica: abb8af651ccb46bea38faf9c89a5860a, State: Running, Role: LEADER
I20260710 11:03:41.394470 15874 consensus_queue.cc:260] T 56d720dc40934aeaa01e3db18b5fa04f P abb8af651ccb46bea38faf9c89a5860a [NON_LEADER]: Queue going to NON_LEADER mode. State: All replicated index: 0, Majority replicated index: 4, Committed index: 4, Last appended: 4.4, Last appended by leader: 4, Current term: 4, Majority size: -1, State: 0, Mode: NON_LEADER, active raft config: opid_index: -1 OBSOLETE_local: false peers { permanent_uuid: "690f9879435443b9b8c03a2c8eec6ebb" member_type: VOTER last_known_addr { host: "127.15.76.1" port: 39713 } } peers { permanent_uuid: "abb8af651ccb46bea38faf9c89a5860a" member_type: VOTER last_known_addr { host: "127.15.76.2" port: 35245 } } peers { permanent_uuid: "03880a54b53441ba9a583dcaab9719ff" member_type: VOTER last_known_addr { host: "127.15.76.3" port: 33447 } }
I20260710 11:03:41.395212 15874 raft_consensus.cc:3060] T 56d720dc40934aeaa01e3db18b5fa04f P abb8af651ccb46bea38faf9c89a5860a [term 4 FOLLOWER]: Advancing to term 5
I20260710 11:03:41.398029 15799 raft_consensus.cc:2468] T 56d720dc40934aeaa01e3db18b5fa04f P 690f9879435443b9b8c03a2c8eec6ebb [term 5 FOLLOWER]: Leader election vote request: Granting yes vote for candidate 03880a54b53441ba9a583dcaab9719ff in term 5.
I20260710 11:03:41.398849 15912 leader_election.cc:304] T 56d720dc40934aeaa01e3db18b5fa04f P 03880a54b53441ba9a583dcaab9719ff [CANDIDATE]: Term 5 election: Election decided. Result: candidate won. Election summary: received 2 responses out of 3 voters: 2 yes votes; 0 no votes. yes voters: 03880a54b53441ba9a583dcaab9719ff, 690f9879435443b9b8c03a2c8eec6ebb; no voters: 
I20260710 11:03:41.398917 15874 raft_consensus.cc:2468] T 56d720dc40934aeaa01e3db18b5fa04f P abb8af651ccb46bea38faf9c89a5860a [term 5 FOLLOWER]: Leader election vote request: Granting yes vote for candidate 03880a54b53441ba9a583dcaab9719ff in term 5.
I20260710 11:03:41.399557 16087 raft_consensus.cc:2804] T 56d720dc40934aeaa01e3db18b5fa04f P 03880a54b53441ba9a583dcaab9719ff [term 5 FOLLOWER]: Leader election won for term 5
I20260710 11:03:41.400091 16087 raft_consensus.cc:697] T 56d720dc40934aeaa01e3db18b5fa04f P 03880a54b53441ba9a583dcaab9719ff [term 5 LEADER]: Becoming Leader. State: Replica: 03880a54b53441ba9a583dcaab9719ff, State: Running, Role: LEADER
I20260710 11:03:41.400839 16087 consensus_queue.cc:237] T 56d720dc40934aeaa01e3db18b5fa04f P 03880a54b53441ba9a583dcaab9719ff [LEADER]: Queue going to LEADER mode. State: All replicated index: 0, Majority replicated index: 4, Committed index: 4, Last appended: 4.4, Last appended by leader: 4, Current term: 5, Majority size: 2, State: 0, Mode: LEADER, active raft config: opid_index: -1 OBSOLETE_local: false peers { permanent_uuid: "690f9879435443b9b8c03a2c8eec6ebb" member_type: VOTER last_known_addr { host: "127.15.76.1" port: 39713 } } peers { permanent_uuid: "abb8af651ccb46bea38faf9c89a5860a" member_type: VOTER last_known_addr { host: "127.15.76.2" port: 35245 } } peers { permanent_uuid: "03880a54b53441ba9a583dcaab9719ff" member_type: VOTER last_known_addr { host: "127.15.76.3" port: 33447 } }
I20260710 11:03:41.406642 15693 catalog_manager.cc:5697] T 56d720dc40934aeaa01e3db18b5fa04f P 03880a54b53441ba9a583dcaab9719ff reported cstate change: term changed from 4 to 5, leader changed from abb8af651ccb46bea38faf9c89a5860a (127.15.76.2) to 03880a54b53441ba9a583dcaab9719ff (127.15.76.3). New cstate: current_term: 5 leader_uuid: "03880a54b53441ba9a583dcaab9719ff" committed_config { opid_index: -1 OBSOLETE_local: false peers { permanent_uuid: "690f9879435443b9b8c03a2c8eec6ebb" member_type: VOTER last_known_addr { host: "127.15.76.1" port: 39713 } health_report { overall_health: UNKNOWN } } peers { permanent_uuid: "abb8af651ccb46bea38faf9c89a5860a" member_type: VOTER last_known_addr { host: "127.15.76.2" port: 35245 } health_report { overall_health: UNKNOWN } } peers { permanent_uuid: "03880a54b53441ba9a583dcaab9719ff" member_type: VOTER last_known_addr { host: "127.15.76.3" port: 33447 } health_report { overall_health: HEALTHY } } }
I20260710 11:03:41.631762 15874 raft_consensus.cc:1275] T 8decef41e3cf4071b282f9791336dad6 P abb8af651ccb46bea38faf9c89a5860a [term 3 FOLLOWER]: Refusing update from remote peer 03880a54b53441ba9a583dcaab9719ff: Log matching property violated. Preceding OpId in replica: term: 2 index: 2. Preceding OpId from leader: term: 3 index: 3. (index mismatch)
I20260710 11:03:41.632838 16087 consensus_queue.cc:1048] T 8decef41e3cf4071b282f9791336dad6 P 03880a54b53441ba9a583dcaab9719ff [LEADER]: Connected to new peer: Peer: permanent_uuid: "abb8af651ccb46bea38faf9c89a5860a" member_type: VOTER last_known_addr { host: "127.15.76.2" port: 35245 }, Status: LMP_MISMATCH, Last received: 0.0, Next index: 3, Last known committed idx: 2, Time since last communication: 0.000s
I20260710 11:03:41.641906 15799 raft_consensus.cc:1275] T 8decef41e3cf4071b282f9791336dad6 P 690f9879435443b9b8c03a2c8eec6ebb [term 3 FOLLOWER]: Refusing update from remote peer 03880a54b53441ba9a583dcaab9719ff: Log matching property violated. Preceding OpId in replica: term: 2 index: 2. Preceding OpId from leader: term: 3 index: 3. (index mismatch)
I20260710 11:03:41.643280 16137 consensus_queue.cc:1048] T 8decef41e3cf4071b282f9791336dad6 P 03880a54b53441ba9a583dcaab9719ff [LEADER]: Connected to new peer: Peer: permanent_uuid: "690f9879435443b9b8c03a2c8eec6ebb" member_type: VOTER last_known_addr { host: "127.15.76.1" port: 39713 }, Status: LMP_MISMATCH, Last received: 0.0, Next index: 3, Last known committed idx: 2, Time since last communication: 0.000s
I20260710 11:03:41.697794 16124 raft_consensus.cc:993] T a178a4730c754df2ae3642b0dd86f763 P abb8af651ccb46bea38faf9c89a5860a: : Instructing follower 690f9879435443b9b8c03a2c8eec6ebb to start an election
I20260710 11:03:41.698204 16116 raft_consensus.cc:1081] T a178a4730c754df2ae3642b0dd86f763 P abb8af651ccb46bea38faf9c89a5860a [term 1 LEADER]: Signalling peer 690f9879435443b9b8c03a2c8eec6ebb to start an election
I20260710 11:03:41.699512 15799 tablet_service.cc:2044] Received Run Leader Election RPC: tablet_id: "a178a4730c754df2ae3642b0dd86f763"
dest_uuid: "690f9879435443b9b8c03a2c8eec6ebb"
 from {username='slave'} at 127.0.0.1:54500
I20260710 11:03:41.699944 15799 raft_consensus.cc:493] T a178a4730c754df2ae3642b0dd86f763 P 690f9879435443b9b8c03a2c8eec6ebb [term 1 FOLLOWER]: Starting forced leader election (received explicit request)
I20260710 11:03:41.700245 15799 raft_consensus.cc:3060] T a178a4730c754df2ae3642b0dd86f763 P 690f9879435443b9b8c03a2c8eec6ebb [term 1 FOLLOWER]: Advancing to term 2
I20260710 11:03:41.704442 15799 raft_consensus.cc:515] T a178a4730c754df2ae3642b0dd86f763 P 690f9879435443b9b8c03a2c8eec6ebb [term 2 FOLLOWER]: Starting forced leader election with config: opid_index: -1 OBSOLETE_local: false peers { permanent_uuid: "690f9879435443b9b8c03a2c8eec6ebb" member_type: VOTER last_known_addr { host: "127.15.76.1" port: 39713 } } peers { permanent_uuid: "abb8af651ccb46bea38faf9c89a5860a" member_type: VOTER last_known_addr { host: "127.15.76.2" port: 35245 } } peers { permanent_uuid: "03880a54b53441ba9a583dcaab9719ff" member_type: VOTER last_known_addr { host: "127.15.76.3" port: 33447 } }
I20260710 11:03:41.705902 15799 leader_election.cc:290] T a178a4730c754df2ae3642b0dd86f763 P 690f9879435443b9b8c03a2c8eec6ebb [CANDIDATE]: Term 2 election: Requested vote from peers abb8af651ccb46bea38faf9c89a5860a (127.15.76.2:35245), 03880a54b53441ba9a583dcaab9719ff (127.15.76.3:33447)
I20260710 11:03:41.706539 15874 tablet_service.cc:1917] Received RequestConsensusVote() RPC: tablet_id: "a178a4730c754df2ae3642b0dd86f763" candidate_uuid: "690f9879435443b9b8c03a2c8eec6ebb" candidate_term: 2 candidate_status { last_received { term: 1 index: 1 } } ignore_live_leader: true dest_uuid: "abb8af651ccb46bea38faf9c89a5860a"
I20260710 11:03:41.706816 15947 tablet_service.cc:1917] Received RequestConsensusVote() RPC: tablet_id: "a178a4730c754df2ae3642b0dd86f763" candidate_uuid: "690f9879435443b9b8c03a2c8eec6ebb" candidate_term: 2 candidate_status { last_received { term: 1 index: 1 } } ignore_live_leader: true dest_uuid: "03880a54b53441ba9a583dcaab9719ff"
I20260710 11:03:41.707058 15874 raft_consensus.cc:3055] T a178a4730c754df2ae3642b0dd86f763 P abb8af651ccb46bea38faf9c89a5860a [term 1 LEADER]: Stepping down as leader of term 1
I20260710 11:03:41.707315 15947 raft_consensus.cc:3060] T a178a4730c754df2ae3642b0dd86f763 P 03880a54b53441ba9a583dcaab9719ff [term 1 FOLLOWER]: Advancing to term 2
I20260710 11:03:41.707358 15874 raft_consensus.cc:740] T a178a4730c754df2ae3642b0dd86f763 P abb8af651ccb46bea38faf9c89a5860a [term 1 LEADER]: Becoming Follower/Learner. State: Replica: abb8af651ccb46bea38faf9c89a5860a, State: Running, Role: LEADER
I20260710 11:03:41.708199 15874 consensus_queue.cc:260] T a178a4730c754df2ae3642b0dd86f763 P abb8af651ccb46bea38faf9c89a5860a [NON_LEADER]: Queue going to NON_LEADER mode. State: All replicated index: 0, Majority replicated index: 1, Committed index: 1, Last appended: 1.1, Last appended by leader: 1, Current term: 1, Majority size: -1, State: 0, Mode: NON_LEADER, active raft config: opid_index: -1 OBSOLETE_local: false peers { permanent_uuid: "690f9879435443b9b8c03a2c8eec6ebb" member_type: VOTER last_known_addr { host: "127.15.76.1" port: 39713 } } peers { permanent_uuid: "abb8af651ccb46bea38faf9c89a5860a" member_type: VOTER last_known_addr { host: "127.15.76.2" port: 35245 } } peers { permanent_uuid: "03880a54b53441ba9a583dcaab9719ff" member_type: VOTER last_known_addr { host: "127.15.76.3" port: 33447 } }
I20260710 11:03:41.709316 15874 raft_consensus.cc:3060] T a178a4730c754df2ae3642b0dd86f763 P abb8af651ccb46bea38faf9c89a5860a [term 1 FOLLOWER]: Advancing to term 2
I20260710 11:03:41.711596 15947 raft_consensus.cc:2468] T a178a4730c754df2ae3642b0dd86f763 P 03880a54b53441ba9a583dcaab9719ff [term 2 FOLLOWER]: Leader election vote request: Granting yes vote for candidate 690f9879435443b9b8c03a2c8eec6ebb in term 2.
I20260710 11:03:41.712337 15765 leader_election.cc:304] T a178a4730c754df2ae3642b0dd86f763 P 690f9879435443b9b8c03a2c8eec6ebb [CANDIDATE]: Term 2 election: Election decided. Result: candidate won. Election summary: received 2 responses out of 3 voters: 2 yes votes; 0 no votes. yes voters: 03880a54b53441ba9a583dcaab9719ff, 690f9879435443b9b8c03a2c8eec6ebb; no voters: 
I20260710 11:03:41.712996 16131 raft_consensus.cc:2804] T a178a4730c754df2ae3642b0dd86f763 P 690f9879435443b9b8c03a2c8eec6ebb [term 2 FOLLOWER]: Leader election won for term 2
I20260710 11:03:41.713374 16131 raft_consensus.cc:697] T a178a4730c754df2ae3642b0dd86f763 P 690f9879435443b9b8c03a2c8eec6ebb [term 2 LEADER]: Becoming Leader. State: Replica: 690f9879435443b9b8c03a2c8eec6ebb, State: Running, Role: LEADER
I20260710 11:03:41.713864 15874 raft_consensus.cc:2468] T a178a4730c754df2ae3642b0dd86f763 P abb8af651ccb46bea38faf9c89a5860a [term 2 FOLLOWER]: Leader election vote request: Granting yes vote for candidate 690f9879435443b9b8c03a2c8eec6ebb in term 2.
I20260710 11:03:41.714134 16131 consensus_queue.cc:237] T a178a4730c754df2ae3642b0dd86f763 P 690f9879435443b9b8c03a2c8eec6ebb [LEADER]: Queue going to LEADER mode. State: All replicated index: 0, Majority replicated index: 1, Committed index: 1, Last appended: 1.1, Last appended by leader: 1, Current term: 2, Majority size: 2, State: 0, Mode: LEADER, active raft config: opid_index: -1 OBSOLETE_local: false peers { permanent_uuid: "690f9879435443b9b8c03a2c8eec6ebb" member_type: VOTER last_known_addr { host: "127.15.76.1" port: 39713 } } peers { permanent_uuid: "abb8af651ccb46bea38faf9c89a5860a" member_type: VOTER last_known_addr { host: "127.15.76.2" port: 35245 } } peers { permanent_uuid: "03880a54b53441ba9a583dcaab9719ff" member_type: VOTER last_known_addr { host: "127.15.76.3" port: 33447 } }
I20260710 11:03:41.719772 15693 catalog_manager.cc:5697] T a178a4730c754df2ae3642b0dd86f763 P 690f9879435443b9b8c03a2c8eec6ebb reported cstate change: term changed from 1 to 2, leader changed from abb8af651ccb46bea38faf9c89a5860a (127.15.76.2) to 690f9879435443b9b8c03a2c8eec6ebb (127.15.76.1). New cstate: current_term: 2 leader_uuid: "690f9879435443b9b8c03a2c8eec6ebb" committed_config { opid_index: -1 OBSOLETE_local: false peers { permanent_uuid: "690f9879435443b9b8c03a2c8eec6ebb" member_type: VOTER last_known_addr { host: "127.15.76.1" port: 39713 } health_report { overall_health: HEALTHY } } peers { permanent_uuid: "abb8af651ccb46bea38faf9c89a5860a" member_type: VOTER last_known_addr { host: "127.15.76.2" port: 35245 } health_report { overall_health: UNKNOWN } } peers { permanent_uuid: "03880a54b53441ba9a583dcaab9719ff" member_type: VOTER last_known_addr { host: "127.15.76.3" port: 33447 } health_report { overall_health: UNKNOWN } } }
I20260710 11:03:41.769851 16124 raft_consensus.cc:993] T 9c4a8b54ebf24694a421dc9a2a6acd2b P abb8af651ccb46bea38faf9c89a5860a: : Instructing follower 690f9879435443b9b8c03a2c8eec6ebb to start an election
I20260710 11:03:41.770278 16116 raft_consensus.cc:1081] T 9c4a8b54ebf24694a421dc9a2a6acd2b P abb8af651ccb46bea38faf9c89a5860a [term 3 LEADER]: Signalling peer 690f9879435443b9b8c03a2c8eec6ebb to start an election
I20260710 11:03:41.771689 15799 tablet_service.cc:2044] Received Run Leader Election RPC: tablet_id: "9c4a8b54ebf24694a421dc9a2a6acd2b"
dest_uuid: "690f9879435443b9b8c03a2c8eec6ebb"
 from {username='slave'} at 127.0.0.1:54500
I20260710 11:03:41.772140 15799 raft_consensus.cc:493] T 9c4a8b54ebf24694a421dc9a2a6acd2b P 690f9879435443b9b8c03a2c8eec6ebb [term 3 FOLLOWER]: Starting forced leader election (received explicit request)
I20260710 11:03:41.772509 15799 raft_consensus.cc:3060] T 9c4a8b54ebf24694a421dc9a2a6acd2b P 690f9879435443b9b8c03a2c8eec6ebb [term 3 FOLLOWER]: Advancing to term 4
I20260710 11:03:41.776808 15799 raft_consensus.cc:515] T 9c4a8b54ebf24694a421dc9a2a6acd2b P 690f9879435443b9b8c03a2c8eec6ebb [term 4 FOLLOWER]: Starting forced leader election with config: opid_index: -1 OBSOLETE_local: false peers { permanent_uuid: "690f9879435443b9b8c03a2c8eec6ebb" member_type: VOTER last_known_addr { host: "127.15.76.1" port: 39713 } } peers { permanent_uuid: "abb8af651ccb46bea38faf9c89a5860a" member_type: VOTER last_known_addr { host: "127.15.76.2" port: 35245 } } peers { permanent_uuid: "03880a54b53441ba9a583dcaab9719ff" member_type: VOTER last_known_addr { host: "127.15.76.3" port: 33447 } }
I20260710 11:03:41.778291 15799 leader_election.cc:290] T 9c4a8b54ebf24694a421dc9a2a6acd2b P 690f9879435443b9b8c03a2c8eec6ebb [CANDIDATE]: Term 4 election: Requested vote from peers abb8af651ccb46bea38faf9c89a5860a (127.15.76.2:35245), 03880a54b53441ba9a583dcaab9719ff (127.15.76.3:33447)
I20260710 11:03:41.778810 15874 tablet_service.cc:1917] Received RequestConsensusVote() RPC: tablet_id: "9c4a8b54ebf24694a421dc9a2a6acd2b" candidate_uuid: "690f9879435443b9b8c03a2c8eec6ebb" candidate_term: 4 candidate_status { last_received { term: 3 index: 3 } } ignore_live_leader: true dest_uuid: "abb8af651ccb46bea38faf9c89a5860a"
I20260710 11:03:41.779155 15947 tablet_service.cc:1917] Received RequestConsensusVote() RPC: tablet_id: "9c4a8b54ebf24694a421dc9a2a6acd2b" candidate_uuid: "690f9879435443b9b8c03a2c8eec6ebb" candidate_term: 4 candidate_status { last_received { term: 3 index: 3 } } ignore_live_leader: true dest_uuid: "03880a54b53441ba9a583dcaab9719ff"
I20260710 11:03:41.779343 15874 raft_consensus.cc:3055] T 9c4a8b54ebf24694a421dc9a2a6acd2b P abb8af651ccb46bea38faf9c89a5860a [term 3 LEADER]: Stepping down as leader of term 3
I20260710 11:03:41.779646 15947 raft_consensus.cc:3060] T 9c4a8b54ebf24694a421dc9a2a6acd2b P 03880a54b53441ba9a583dcaab9719ff [term 3 FOLLOWER]: Advancing to term 4
I20260710 11:03:41.779675 15874 raft_consensus.cc:740] T 9c4a8b54ebf24694a421dc9a2a6acd2b P abb8af651ccb46bea38faf9c89a5860a [term 3 LEADER]: Becoming Follower/Learner. State: Replica: abb8af651ccb46bea38faf9c89a5860a, State: Running, Role: LEADER
I20260710 11:03:41.780501 15874 consensus_queue.cc:260] T 9c4a8b54ebf24694a421dc9a2a6acd2b P abb8af651ccb46bea38faf9c89a5860a [NON_LEADER]: Queue going to NON_LEADER mode. State: All replicated index: 0, Majority replicated index: 3, Committed index: 3, Last appended: 3.3, Last appended by leader: 3, Current term: 3, Majority size: -1, State: 0, Mode: NON_LEADER, active raft config: opid_index: -1 OBSOLETE_local: false peers { permanent_uuid: "690f9879435443b9b8c03a2c8eec6ebb" member_type: VOTER last_known_addr { host: "127.15.76.1" port: 39713 } } peers { permanent_uuid: "abb8af651ccb46bea38faf9c89a5860a" member_type: VOTER last_known_addr { host: "127.15.76.2" port: 35245 } } peers { permanent_uuid: "03880a54b53441ba9a583dcaab9719ff" member_type: VOTER last_known_addr { host: "127.15.76.3" port: 33447 } }
I20260710 11:03:41.781374 15874 raft_consensus.cc:3060] T 9c4a8b54ebf24694a421dc9a2a6acd2b P abb8af651ccb46bea38faf9c89a5860a [term 3 FOLLOWER]: Advancing to term 4
I20260710 11:03:41.782891 15799 raft_consensus.cc:1275] T 56d720dc40934aeaa01e3db18b5fa04f P 690f9879435443b9b8c03a2c8eec6ebb [term 5 FOLLOWER]: Refusing update from remote peer 03880a54b53441ba9a583dcaab9719ff: Log matching property violated. Preceding OpId in replica: term: 4 index: 4. Preceding OpId from leader: term: 5 index: 5. (index mismatch)
I20260710 11:03:41.784307 15947 raft_consensus.cc:2468] T 9c4a8b54ebf24694a421dc9a2a6acd2b P 03880a54b53441ba9a583dcaab9719ff [term 4 FOLLOWER]: Leader election vote request: Granting yes vote for candidate 690f9879435443b9b8c03a2c8eec6ebb in term 4.
I20260710 11:03:41.784161 16137 consensus_queue.cc:1048] T 56d720dc40934aeaa01e3db18b5fa04f P 03880a54b53441ba9a583dcaab9719ff [LEADER]: Connected to new peer: Peer: permanent_uuid: "690f9879435443b9b8c03a2c8eec6ebb" member_type: VOTER last_known_addr { host: "127.15.76.1" port: 39713 }, Status: LMP_MISMATCH, Last received: 0.0, Next index: 5, Last known committed idx: 4, Time since last communication: 0.000s
I20260710 11:03:41.785422 15765 leader_election.cc:304] T 9c4a8b54ebf24694a421dc9a2a6acd2b P 690f9879435443b9b8c03a2c8eec6ebb [CANDIDATE]: Term 4 election: Election decided. Result: candidate won. Election summary: received 2 responses out of 3 voters: 2 yes votes; 0 no votes. yes voters: 03880a54b53441ba9a583dcaab9719ff, 690f9879435443b9b8c03a2c8eec6ebb; no voters: 
I20260710 11:03:41.786125 16131 raft_consensus.cc:2804] T 9c4a8b54ebf24694a421dc9a2a6acd2b P 690f9879435443b9b8c03a2c8eec6ebb [term 4 FOLLOWER]: Leader election won for term 4
I20260710 11:03:41.786592 16131 raft_consensus.cc:697] T 9c4a8b54ebf24694a421dc9a2a6acd2b P 690f9879435443b9b8c03a2c8eec6ebb [term 4 LEADER]: Becoming Leader. State: Replica: 690f9879435443b9b8c03a2c8eec6ebb, State: Running, Role: LEADER
I20260710 11:03:41.787222 15874 raft_consensus.cc:2468] T 9c4a8b54ebf24694a421dc9a2a6acd2b P abb8af651ccb46bea38faf9c89a5860a [term 4 FOLLOWER]: Leader election vote request: Granting yes vote for candidate 690f9879435443b9b8c03a2c8eec6ebb in term 4.
I20260710 11:03:41.787438 16131 consensus_queue.cc:237] T 9c4a8b54ebf24694a421dc9a2a6acd2b P 690f9879435443b9b8c03a2c8eec6ebb [LEADER]: Queue going to LEADER mode. State: All replicated index: 0, Majority replicated index: 3, Committed index: 3, Last appended: 3.3, Last appended by leader: 3, Current term: 4, Majority size: 2, State: 0, Mode: LEADER, active raft config: opid_index: -1 OBSOLETE_local: false peers { permanent_uuid: "690f9879435443b9b8c03a2c8eec6ebb" member_type: VOTER last_known_addr { host: "127.15.76.1" port: 39713 } } peers { permanent_uuid: "abb8af651ccb46bea38faf9c89a5860a" member_type: VOTER last_known_addr { host: "127.15.76.2" port: 35245 } } peers { permanent_uuid: "03880a54b53441ba9a583dcaab9719ff" member_type: VOTER last_known_addr { host: "127.15.76.3" port: 33447 } }
I20260710 11:03:41.794763 15874 raft_consensus.cc:1275] T 56d720dc40934aeaa01e3db18b5fa04f P abb8af651ccb46bea38faf9c89a5860a [term 5 FOLLOWER]: Refusing update from remote peer 03880a54b53441ba9a583dcaab9719ff: Log matching property violated. Preceding OpId in replica: term: 4 index: 4. Preceding OpId from leader: term: 5 index: 5. (index mismatch)
I20260710 11:03:41.797580 15947 raft_consensus.cc:1275] T 8e4475a664cc4358bc64046b234bd350 P 03880a54b53441ba9a583dcaab9719ff [term 5 FOLLOWER]: Refusing update from remote peer 690f9879435443b9b8c03a2c8eec6ebb: Log matching property violated. Preceding OpId in replica: term: 4 index: 4. Preceding OpId from leader: term: 5 index: 5. (index mismatch)
I20260710 11:03:41.797756 16087 consensus_queue.cc:1048] T 56d720dc40934aeaa01e3db18b5fa04f P 03880a54b53441ba9a583dcaab9719ff [LEADER]: Connected to new peer: Peer: permanent_uuid: "abb8af651ccb46bea38faf9c89a5860a" member_type: VOTER last_known_addr { host: "127.15.76.2" port: 35245 }, Status: LMP_MISMATCH, Last received: 0.0, Next index: 5, Last known committed idx: 4, Time since last communication: 0.000s
I20260710 11:03:41.798849 16131 consensus_queue.cc:1048] T 8e4475a664cc4358bc64046b234bd350 P 690f9879435443b9b8c03a2c8eec6ebb [LEADER]: Connected to new peer: Peer: permanent_uuid: "03880a54b53441ba9a583dcaab9719ff" member_type: VOTER last_known_addr { host: "127.15.76.3" port: 33447 }, Status: LMP_MISMATCH, Last received: 0.0, Next index: 5, Last known committed idx: 4, Time since last communication: 0.000s
I20260710 11:03:41.798758 15696 catalog_manager.cc:5697] T 9c4a8b54ebf24694a421dc9a2a6acd2b P 690f9879435443b9b8c03a2c8eec6ebb reported cstate change: term changed from 3 to 4, leader changed from abb8af651ccb46bea38faf9c89a5860a (127.15.76.2) to 690f9879435443b9b8c03a2c8eec6ebb (127.15.76.1). New cstate: current_term: 4 leader_uuid: "690f9879435443b9b8c03a2c8eec6ebb" committed_config { opid_index: -1 OBSOLETE_local: false peers { permanent_uuid: "690f9879435443b9b8c03a2c8eec6ebb" member_type: VOTER last_known_addr { host: "127.15.76.1" port: 39713 } health_report { overall_health: HEALTHY } } peers { permanent_uuid: "abb8af651ccb46bea38faf9c89a5860a" member_type: VOTER last_known_addr { host: "127.15.76.2" port: 35245 } health_report { overall_health: UNKNOWN } } peers { permanent_uuid: "03880a54b53441ba9a583dcaab9719ff" member_type: VOTER last_known_addr { host: "127.15.76.3" port: 33447 } health_report { overall_health: UNKNOWN } } }
I20260710 11:03:41.813648 15874 raft_consensus.cc:1275] T 8e4475a664cc4358bc64046b234bd350 P abb8af651ccb46bea38faf9c89a5860a [term 5 FOLLOWER]: Refusing update from remote peer 690f9879435443b9b8c03a2c8eec6ebb: Log matching property violated. Preceding OpId in replica: term: 4 index: 4. Preceding OpId from leader: term: 5 index: 5. (index mismatch)
I20260710 11:03:41.814769 16131 consensus_queue.cc:1048] T 8e4475a664cc4358bc64046b234bd350 P 690f9879435443b9b8c03a2c8eec6ebb [LEADER]: Connected to new peer: Peer: permanent_uuid: "abb8af651ccb46bea38faf9c89a5860a" member_type: VOTER last_known_addr { host: "127.15.76.2" port: 35245 }, Status: LMP_MISMATCH, Last received: 0.0, Next index: 5, Last known committed idx: 4, Time since last communication: 0.001s
I20260710 11:03:42.159759 15874 raft_consensus.cc:1275] T a178a4730c754df2ae3642b0dd86f763 P abb8af651ccb46bea38faf9c89a5860a [term 2 FOLLOWER]: Refusing update from remote peer 690f9879435443b9b8c03a2c8eec6ebb: Log matching property violated. Preceding OpId in replica: term: 1 index: 1. Preceding OpId from leader: term: 2 index: 2. (index mismatch)
I20260710 11:03:42.160939 16131 consensus_queue.cc:1048] T a178a4730c754df2ae3642b0dd86f763 P 690f9879435443b9b8c03a2c8eec6ebb [LEADER]: Connected to new peer: Peer: permanent_uuid: "abb8af651ccb46bea38faf9c89a5860a" member_type: VOTER last_known_addr { host: "127.15.76.2" port: 35245 }, Status: LMP_MISMATCH, Last received: 0.0, Next index: 2, Last known committed idx: 1, Time since last communication: 0.000s
I20260710 11:03:42.168921 15947 raft_consensus.cc:1275] T a178a4730c754df2ae3642b0dd86f763 P 03880a54b53441ba9a583dcaab9719ff [term 2 FOLLOWER]: Refusing update from remote peer 690f9879435443b9b8c03a2c8eec6ebb: Log matching property violated. Preceding OpId in replica: term: 1 index: 1. Preceding OpId from leader: term: 2 index: 2. (index mismatch)
I20260710 11:03:42.170816 16146 consensus_queue.cc:1048] T a178a4730c754df2ae3642b0dd86f763 P 690f9879435443b9b8c03a2c8eec6ebb [LEADER]: Connected to new peer: Peer: permanent_uuid: "03880a54b53441ba9a583dcaab9719ff" member_type: VOTER last_known_addr { host: "127.15.76.3" port: 33447 }, Status: LMP_MISMATCH, Last received: 0.0, Next index: 2, Last known committed idx: 1, Time since last communication: 0.000s
I20260710 11:03:42.218362 15664 auto_leader_rebalancer.cc:141] leader rebalance for table test-workload
I20260710 11:03:42.224206 15664 tablet_server.cc:179] TabletServer@127.15.76.1:0 shutting down...
I20260710 11:03:42.245857 15664 ts_tablet_manager.cc:1507] Shutting down tablet manager...
I20260710 11:03:42.246555 15664 tablet_replica.cc:333] T 6b9f4e302d91476e894a065424760053 P 690f9879435443b9b8c03a2c8eec6ebb: stopping tablet replica
I20260710 11:03:42.247254 15664 raft_consensus.cc:2243] T 6b9f4e302d91476e894a065424760053 P 690f9879435443b9b8c03a2c8eec6ebb [term 2 FOLLOWER]: Raft consensus shutting down.
I20260710 11:03:42.247747 15664 raft_consensus.cc:2272] T 6b9f4e302d91476e894a065424760053 P 690f9879435443b9b8c03a2c8eec6ebb [term 2 FOLLOWER]: Raft consensus is shut down!
I20260710 11:03:42.249765 15664 tablet_replica.cc:333] T 56d720dc40934aeaa01e3db18b5fa04f P 690f9879435443b9b8c03a2c8eec6ebb: stopping tablet replica
I20260710 11:03:42.250283 15664 raft_consensus.cc:2243] T 56d720dc40934aeaa01e3db18b5fa04f P 690f9879435443b9b8c03a2c8eec6ebb [term 5 FOLLOWER]: Raft consensus shutting down.
I20260710 11:03:42.250707 15664 raft_consensus.cc:2272] T 56d720dc40934aeaa01e3db18b5fa04f P 690f9879435443b9b8c03a2c8eec6ebb [term 5 FOLLOWER]: Raft consensus is shut down!
I20260710 11:03:42.252406 15664 tablet_replica.cc:333] T 3fd4333059b740ec8efe52ff8ca3f415 P 690f9879435443b9b8c03a2c8eec6ebb: stopping tablet replica
I20260710 11:03:42.252830 15664 raft_consensus.cc:2243] T 3fd4333059b740ec8efe52ff8ca3f415 P 690f9879435443b9b8c03a2c8eec6ebb [term 2 FOLLOWER]: Raft consensus shutting down.
I20260710 11:03:42.253185 15664 raft_consensus.cc:2272] T 3fd4333059b740ec8efe52ff8ca3f415 P 690f9879435443b9b8c03a2c8eec6ebb [term 2 FOLLOWER]: Raft consensus is shut down!
I20260710 11:03:42.254621 15664 tablet_replica.cc:333] T 8e4475a664cc4358bc64046b234bd350 P 690f9879435443b9b8c03a2c8eec6ebb: stopping tablet replica
I20260710 11:03:42.255046 15664 raft_consensus.cc:2243] T 8e4475a664cc4358bc64046b234bd350 P 690f9879435443b9b8c03a2c8eec6ebb [term 5 LEADER]: Raft consensus shutting down.
I20260710 11:03:42.255740 15664 raft_consensus.cc:2272] T 8e4475a664cc4358bc64046b234bd350 P 690f9879435443b9b8c03a2c8eec6ebb [term 5 FOLLOWER]: Raft consensus is shut down!
I20260710 11:03:42.257710 15664 tablet_replica.cc:333] T a178a4730c754df2ae3642b0dd86f763 P 690f9879435443b9b8c03a2c8eec6ebb: stopping tablet replica
I20260710 11:03:42.258144 15664 raft_consensus.cc:2243] T a178a4730c754df2ae3642b0dd86f763 P 690f9879435443b9b8c03a2c8eec6ebb [term 2 LEADER]: Raft consensus shutting down.
I20260710 11:03:42.258852 15664 raft_consensus.cc:2272] T a178a4730c754df2ae3642b0dd86f763 P 690f9879435443b9b8c03a2c8eec6ebb [term 2 FOLLOWER]: Raft consensus is shut down!
I20260710 11:03:42.261068 15664 tablet_replica.cc:333] T b2c3459b7055485fa52571132acff858 P 690f9879435443b9b8c03a2c8eec6ebb: stopping tablet replica
I20260710 11:03:42.261230 15874 raft_consensus.cc:1275] T 9c4a8b54ebf24694a421dc9a2a6acd2b P abb8af651ccb46bea38faf9c89a5860a [term 4 FOLLOWER]: Refusing update from remote peer 690f9879435443b9b8c03a2c8eec6ebb: Log matching property violated. Preceding OpId in replica: term: 3 index: 3. Preceding OpId from leader: term: 4 index: 4. (index mismatch)
I20260710 11:03:42.261602 15664 raft_consensus.cc:2243] T b2c3459b7055485fa52571132acff858 P 690f9879435443b9b8c03a2c8eec6ebb [term 2 FOLLOWER]: Raft consensus shutting down.
I20260710 11:03:42.262025 15664 raft_consensus.cc:2272] T b2c3459b7055485fa52571132acff858 P 690f9879435443b9b8c03a2c8eec6ebb [term 2 FOLLOWER]: Raft consensus is shut down!
I20260710 11:03:42.262449 16146 consensus_queue.cc:1048] T 9c4a8b54ebf24694a421dc9a2a6acd2b P 690f9879435443b9b8c03a2c8eec6ebb [LEADER]: Connected to new peer: Peer: permanent_uuid: "abb8af651ccb46bea38faf9c89a5860a" member_type: VOTER last_known_addr { host: "127.15.76.2" port: 35245 }, Status: LMP_MISMATCH, Last received: 0.0, Next index: 4, Last known committed idx: 3, Time since last communication: 0.000s
I20260710 11:03:42.263823 15664 tablet_replica.cc:333] T 8decef41e3cf4071b282f9791336dad6 P 690f9879435443b9b8c03a2c8eec6ebb: stopping tablet replica
I20260710 11:03:42.264285 15664 raft_consensus.cc:2243] T 8decef41e3cf4071b282f9791336dad6 P 690f9879435443b9b8c03a2c8eec6ebb [term 3 FOLLOWER]: Raft consensus shutting down.
I20260710 11:03:42.264747 15664 raft_consensus.cc:2272] T 8decef41e3cf4071b282f9791336dad6 P 690f9879435443b9b8c03a2c8eec6ebb [term 3 FOLLOWER]: Raft consensus is shut down!
I20260710 11:03:42.267433 15664 tablet_replica.cc:333] T 9c4a8b54ebf24694a421dc9a2a6acd2b P 690f9879435443b9b8c03a2c8eec6ebb: stopping tablet replica
I20260710 11:03:42.268132 15664 raft_consensus.cc:2243] T 9c4a8b54ebf24694a421dc9a2a6acd2b P 690f9879435443b9b8c03a2c8eec6ebb [term 4 LEADER]: Raft consensus shutting down.
I20260710 11:03:42.268906 15664 pending_rounds.cc:70] T 9c4a8b54ebf24694a421dc9a2a6acd2b P 690f9879435443b9b8c03a2c8eec6ebb: Trying to abort 1 pending ops.
I20260710 11:03:42.269193 15664 pending_rounds.cc:77] T 9c4a8b54ebf24694a421dc9a2a6acd2b P 690f9879435443b9b8c03a2c8eec6ebb: Aborting op as it isn't in flight: id { term: 4 index: 4 } timestamp: 7305959103650877440 op_type: NO_OP noop_request { }
I20260710 11:03:42.269588 15664 raft_consensus.cc:2889] T 9c4a8b54ebf24694a421dc9a2a6acd2b P 690f9879435443b9b8c03a2c8eec6ebb [term 4 LEADER]: NO_OP replication failed: Aborted: Op aborted
I20260710 11:03:42.269945 15664 raft_consensus.cc:2272] T 9c4a8b54ebf24694a421dc9a2a6acd2b P 690f9879435443b9b8c03a2c8eec6ebb [term 4 FOLLOWER]: Raft consensus is shut down!
I20260710 11:03:42.272271 15664 tablet_replica.cc:333] T 1424031764f44c3380ba526f201c7ee1 P 690f9879435443b9b8c03a2c8eec6ebb: stopping tablet replica
I20260710 11:03:42.272845 15664 raft_consensus.cc:2243] T 1424031764f44c3380ba526f201c7ee1 P 690f9879435443b9b8c03a2c8eec6ebb [term 2 FOLLOWER]: Raft consensus shutting down.
I20260710 11:03:42.273411 15664 raft_consensus.cc:2272] T 1424031764f44c3380ba526f201c7ee1 P 690f9879435443b9b8c03a2c8eec6ebb [term 2 FOLLOWER]: Raft consensus is shut down!
W20260710 11:03:42.284296 15912 proxy.cc:239] Call had error, refreshing address and retrying: Remote error: Service unavailable: service kudu.consensus.ConsensusService not registered on TabletServer
W20260710 11:03:42.287168 15912 consensus_peers.cc:597] T 56d720dc40934aeaa01e3db18b5fa04f P 03880a54b53441ba9a583dcaab9719ff -> Peer 690f9879435443b9b8c03a2c8eec6ebb (127.15.76.1:39713): Couldn't send request to peer 690f9879435443b9b8c03a2c8eec6ebb. Status: Remote error: Service unavailable: service kudu.consensus.ConsensusService not registered on TabletServer. This is attempt 1: this message will repeat every 5th retry.
I20260710 11:03:42.368284 15664 tablet_server.cc:196] TabletServer@127.15.76.1:0 shutdown complete.
I20260710 11:03:42.386325 15664 tablet_server.cc:179] TabletServer@127.15.76.2:0 shutting down...
I20260710 11:03:42.407106 15664 ts_tablet_manager.cc:1507] Shutting down tablet manager...
I20260710 11:03:42.407711 15664 tablet_replica.cc:333] T 56d720dc40934aeaa01e3db18b5fa04f P abb8af651ccb46bea38faf9c89a5860a: stopping tablet replica
I20260710 11:03:42.408357 15664 raft_consensus.cc:2243] T 56d720dc40934aeaa01e3db18b5fa04f P abb8af651ccb46bea38faf9c89a5860a [term 5 FOLLOWER]: Raft consensus shutting down.
I20260710 11:03:42.408797 15664 raft_consensus.cc:2272] T 56d720dc40934aeaa01e3db18b5fa04f P abb8af651ccb46bea38faf9c89a5860a [term 5 FOLLOWER]: Raft consensus is shut down!
I20260710 11:03:42.410817 15664 tablet_replica.cc:333] T 6b9f4e302d91476e894a065424760053 P abb8af651ccb46bea38faf9c89a5860a: stopping tablet replica
I20260710 11:03:42.411290 15664 raft_consensus.cc:2243] T 6b9f4e302d91476e894a065424760053 P abb8af651ccb46bea38faf9c89a5860a [term 2 FOLLOWER]: Raft consensus shutting down.
I20260710 11:03:42.411700 15664 raft_consensus.cc:2272] T 6b9f4e302d91476e894a065424760053 P abb8af651ccb46bea38faf9c89a5860a [term 2 FOLLOWER]: Raft consensus is shut down!
I20260710 11:03:42.413241 15664 tablet_replica.cc:333] T 3fd4333059b740ec8efe52ff8ca3f415 P abb8af651ccb46bea38faf9c89a5860a: stopping tablet replica
I20260710 11:03:42.413684 15664 raft_consensus.cc:2243] T 3fd4333059b740ec8efe52ff8ca3f415 P abb8af651ccb46bea38faf9c89a5860a [term 2 LEADER]: Raft consensus shutting down.
I20260710 11:03:42.414399 15664 raft_consensus.cc:2272] T 3fd4333059b740ec8efe52ff8ca3f415 P abb8af651ccb46bea38faf9c89a5860a [term 2 FOLLOWER]: Raft consensus is shut down!
I20260710 11:03:42.415858 15664 tablet_replica.cc:333] T 8decef41e3cf4071b282f9791336dad6 P abb8af651ccb46bea38faf9c89a5860a: stopping tablet replica
I20260710 11:03:42.416280 15664 raft_consensus.cc:2243] T 8decef41e3cf4071b282f9791336dad6 P abb8af651ccb46bea38faf9c89a5860a [term 3 FOLLOWER]: Raft consensus shutting down.
I20260710 11:03:42.416602 15664 raft_consensus.cc:2272] T 8decef41e3cf4071b282f9791336dad6 P abb8af651ccb46bea38faf9c89a5860a [term 3 FOLLOWER]: Raft consensus is shut down!
I20260710 11:03:42.418345 15664 tablet_replica.cc:333] T b2c3459b7055485fa52571132acff858 P abb8af651ccb46bea38faf9c89a5860a: stopping tablet replica
I20260710 11:03:42.418769 15664 raft_consensus.cc:2243] T b2c3459b7055485fa52571132acff858 P abb8af651ccb46bea38faf9c89a5860a [term 2 LEADER]: Raft consensus shutting down.
I20260710 11:03:42.419425 15664 raft_consensus.cc:2272] T b2c3459b7055485fa52571132acff858 P abb8af651ccb46bea38faf9c89a5860a [term 2 FOLLOWER]: Raft consensus is shut down!
I20260710 11:03:42.420843 15664 tablet_replica.cc:333] T 8e4475a664cc4358bc64046b234bd350 P abb8af651ccb46bea38faf9c89a5860a: stopping tablet replica
I20260710 11:03:42.421278 15664 raft_consensus.cc:2243] T 8e4475a664cc4358bc64046b234bd350 P abb8af651ccb46bea38faf9c89a5860a [term 5 FOLLOWER]: Raft consensus shutting down.
I20260710 11:03:42.421622 15664 raft_consensus.cc:2272] T 8e4475a664cc4358bc64046b234bd350 P abb8af651ccb46bea38faf9c89a5860a [term 5 FOLLOWER]: Raft consensus is shut down!
I20260710 11:03:42.423632 15664 tablet_replica.cc:333] T a178a4730c754df2ae3642b0dd86f763 P abb8af651ccb46bea38faf9c89a5860a: stopping tablet replica
I20260710 11:03:42.424060 15664 raft_consensus.cc:2243] T a178a4730c754df2ae3642b0dd86f763 P abb8af651ccb46bea38faf9c89a5860a [term 2 FOLLOWER]: Raft consensus shutting down.
I20260710 11:03:42.424413 15664 raft_consensus.cc:2272] T a178a4730c754df2ae3642b0dd86f763 P abb8af651ccb46bea38faf9c89a5860a [term 2 FOLLOWER]: Raft consensus is shut down!
I20260710 11:03:42.426483 15664 tablet_replica.cc:333] T 9c4a8b54ebf24694a421dc9a2a6acd2b P abb8af651ccb46bea38faf9c89a5860a: stopping tablet replica
I20260710 11:03:42.426985 15664 raft_consensus.cc:2243] T 9c4a8b54ebf24694a421dc9a2a6acd2b P abb8af651ccb46bea38faf9c89a5860a [term 4 FOLLOWER]: Raft consensus shutting down.
