I20260710 11:03:53.392515 22333 file_cache.cc:504] Constructed file cache file cache with capacity 419430
W20260710 11:03:53.397987 23403 instance_detector.cc:116] could not retrieve AWS instance metadata: Network error: curl error: HTTP response code said error: The requested URL returned error: 404
W20260710 11:03:53.399241 23404 instance_detector.cc:116] could not retrieve Azure instance metadata: Network error: curl error: HTTP response code said error: The requested URL returned error: 404
W20260710 11:03:53.400646 23406 instance_detector.cc:116] could not retrieve OpenStack instance metadata: Network error: curl error: HTTP response code said error: The requested URL returned error: 404
I20260710 11:03:53.401346 22333 server_base.cc:1061] running on GCE node
I20260710 11:03:53.402089 22333 hybrid_clock.cc:584] initializing the hybrid clock with 'system_unsync' time source
W20260710 11:03:53.402285 22333 system_unsync_time.cc:38] NTP support is disabled. Clock error bounds will not be accurate. This configuration is not suitable for distributed clusters.
I20260710 11:03:53.402456 22333 hybrid_clock.cc:648] HybridClock initialized: now 1783681433402423 us; error 0 us; skew 500 ppm
I20260710 11:03:53.402961 22333 server_base.cc:861] Flag tcmalloc_max_total_thread_cache_bytes is not working since tcmalloc is not enabled.
I20260710 11:03:53.405040 22333 webserver.cc:533] Webserver started at http://127.21.207.65:45347/ using document root <none> and password file <none>
I20260710 11:03:53.405586 22333 fs_manager.cc:362] Metadata directory not provided
I20260710 11:03:53.405778 22333 fs_manager.cc:368] Using write-ahead log directory (fs_wal_dir) as metadata directory
I20260710 11:03:53.406049 22333 server_base.cc:909] This appears to be a new deployment of Kudu; creating new FS layout
I20260710 11:03:53.407043 22333 fs_manager.cc:1068] Generated new instance metadata in path /tmp/dist-test-taskP49Ch4/test-tmp/auto_leader_rebalancer-test.0.LeaderRebalancerTest.AddTserver.1783681409816260-22333-0/minicluster-data/ts-0-root/instance:
uuid: "55734cee5674482daa8bfeca3550467c"
format_stamp: "Formatted at 2026-07-10 11:03:53 on dist-test-slave-28tl"
I20260710 11:03:53.410877 22333 fs_manager.cc:696] Time spent creating directory manager: real 0.003s	user 0.005s	sys 0.000s
I20260710 11:03:53.414009 23411 log_block_manager.cc:4127] Time spent loading block containers with low live blocks: real 0.000s	user 0.000s	sys 0.000s
I20260710 11:03:53.414716 22333 fs_manager.cc:730] Time spent opening block manager: real 0.002s	user 0.003s	sys 0.000s
I20260710 11:03:53.415004 22333 fs_manager.cc:647] Opened local filesystem: /tmp/dist-test-taskP49Ch4/test-tmp/auto_leader_rebalancer-test.0.LeaderRebalancerTest.AddTserver.1783681409816260-22333-0/minicluster-data/ts-0-root
uuid: "55734cee5674482daa8bfeca3550467c"
format_stamp: "Formatted at 2026-07-10 11:03:53 on dist-test-slave-28tl"
I20260710 11:03:53.415279 22333 fs_report.cc:389] FS layout report
--------------------
wal directory: /tmp/dist-test-taskP49Ch4/test-tmp/auto_leader_rebalancer-test.0.LeaderRebalancerTest.AddTserver.1783681409816260-22333-0/minicluster-data/ts-0-root
metadata directory: /tmp/dist-test-taskP49Ch4/test-tmp/auto_leader_rebalancer-test.0.LeaderRebalancerTest.AddTserver.1783681409816260-22333-0/minicluster-data/ts-0-root
1 data directories: /tmp/dist-test-taskP49Ch4/test-tmp/auto_leader_rebalancer-test.0.LeaderRebalancerTest.AddTserver.1783681409816260-22333-0/minicluster-data/ts-0-root/data
Total live blocks: 0
Total live bytes: 0
Total live bytes (after alignment): 0
Total number of LBM containers: 0 (0 full)
Did not check for missing blocks
Did not check for orphaned blocks
Total full LBM containers with extra space: 0 (0 repaired)
Total full LBM container extra space in bytes: 0 (0 repaired)
Total incomplete LBM containers: 0 (0 repaired)
Total LBM partial records: 0 (0 repaired)
Total corrupted LBM metadata records in RocksDB: 0 (0 repaired)
I20260710 11:03:53.437789 22333 rpc_server.cc:225] running with OpenSSL 1.1.1  11 Sep 2018
I20260710 11:03:53.439049 22333 kserver.cc:163] Server-wide thread pool size limit: 3276
I20260710 11:03:53.440510 22333 txn_system_client.cc:432] TxnSystemClient initialization is disabled...
I20260710 11:03:53.442667 22333 ts_tablet_manager.cc:585] Loaded tablet metadata (0 total tablets, 0 live tablets)
I20260710 11:03:53.442883 22333 ts_tablet_manager.cc:531] Time spent load tablet metadata: real 0.000s	user 0.000s	sys 0.000s
I20260710 11:03:53.443135 22333 ts_tablet_manager.cc:616] Registered 0 tablets
I20260710 11:03:53.443334 22333 ts_tablet_manager.cc:595] Time spent register tablets: real 0.000s	user 0.000s	sys 0.000s
I20260710 11:03:53.482928 22333 rpc_server.cc:307] RPC server started. Bound to: 127.21.207.65:40671
I20260710 11:03:53.483019 23473 acceptor_pool.cc:272] collecting diagnostics on the listening RPC socket 127.21.207.65:40671 every 8 connection(s)
I20260710 11:03:53.487888 22333 file_cache.cc:504] Constructed file cache file cache with capacity 419430
W20260710 11:03:53.494278 23478 instance_detector.cc:116] could not retrieve AWS instance metadata: Network error: curl error: HTTP response code said error: The requested URL returned error: 404
W20260710 11:03:53.495693 23479 instance_detector.cc:116] could not retrieve Azure instance metadata: Network error: curl error: HTTP response code said error: The requested URL returned error: 404
I20260710 11:03:53.499800 23474 heartbeater.cc:344] Connected to a master server at 127.21.207.126:38493
I20260710 11:03:53.500236 23474 heartbeater.cc:461] Registering TS with master...
W20260710 11:03:53.500870 23481 instance_detector.cc:116] could not retrieve OpenStack instance metadata: Network error: curl error: HTTP response code said error: The requested URL returned error: 404
I20260710 11:03:53.500908 23474 heartbeater.cc:507] Master 127.21.207.126:38493 requested a full tablet report, sending...
I20260710 11:03:53.501820 22333 server_base.cc:1061] running on GCE node
I20260710 11:03:53.502559 22333 hybrid_clock.cc:584] initializing the hybrid clock with 'system_unsync' time source
W20260710 11:03:53.502785 22333 system_unsync_time.cc:38] NTP support is disabled. Clock error bounds will not be accurate. This configuration is not suitable for distributed clusters.
I20260710 11:03:53.502988 22333 hybrid_clock.cc:648] HybridClock initialized: now 1783681433502947 us; error 0 us; skew 500 ppm
I20260710 11:03:53.503473 22333 server_base.cc:861] Flag tcmalloc_max_total_thread_cache_bytes is not working since tcmalloc is not enabled.
I20260710 11:03:53.503418 23347 ts_manager.cc:194] Registered new tserver with Master: 55734cee5674482daa8bfeca3550467c (127.21.207.65:40671)
I20260710 11:03:53.505511 23347 master_service.cc:502] Signed X509 certificate for tserver {username='slave'} at 127.0.0.1:33792
I20260710 11:03:53.505935 22333 webserver.cc:533] Webserver started at http://127.21.207.66:32885/ using document root <none> and password file <none>
I20260710 11:03:53.506418 22333 fs_manager.cc:362] Metadata directory not provided
I20260710 11:03:53.506644 22333 fs_manager.cc:368] Using write-ahead log directory (fs_wal_dir) as metadata directory
I20260710 11:03:53.506951 22333 server_base.cc:909] This appears to be a new deployment of Kudu; creating new FS layout
I20260710 11:03:53.508013 22333 fs_manager.cc:1068] Generated new instance metadata in path /tmp/dist-test-taskP49Ch4/test-tmp/auto_leader_rebalancer-test.0.LeaderRebalancerTest.AddTserver.1783681409816260-22333-0/minicluster-data/ts-1-root/instance:
uuid: "3cf4aa46e8fc47edaa9cb8660156bcb0"
format_stamp: "Formatted at 2026-07-10 11:03:53 on dist-test-slave-28tl"
I20260710 11:03:53.512161 22333 fs_manager.cc:696] Time spent creating directory manager: real 0.004s	user 0.003s	sys 0.002s
I20260710 11:03:53.515172 23486 log_block_manager.cc:4127] Time spent loading block containers with low live blocks: real 0.000s	user 0.000s	sys 0.000s
I20260710 11:03:53.515861 22333 fs_manager.cc:730] Time spent opening block manager: real 0.002s	user 0.001s	sys 0.000s
I20260710 11:03:53.516121 22333 fs_manager.cc:647] Opened local filesystem: /tmp/dist-test-taskP49Ch4/test-tmp/auto_leader_rebalancer-test.0.LeaderRebalancerTest.AddTserver.1783681409816260-22333-0/minicluster-data/ts-1-root
uuid: "3cf4aa46e8fc47edaa9cb8660156bcb0"
format_stamp: "Formatted at 2026-07-10 11:03:53 on dist-test-slave-28tl"
I20260710 11:03:53.516391 22333 fs_report.cc:389] FS layout report
--------------------
wal directory: /tmp/dist-test-taskP49Ch4/test-tmp/auto_leader_rebalancer-test.0.LeaderRebalancerTest.AddTserver.1783681409816260-22333-0/minicluster-data/ts-1-root
metadata directory: /tmp/dist-test-taskP49Ch4/test-tmp/auto_leader_rebalancer-test.0.LeaderRebalancerTest.AddTserver.1783681409816260-22333-0/minicluster-data/ts-1-root
1 data directories: /tmp/dist-test-taskP49Ch4/test-tmp/auto_leader_rebalancer-test.0.LeaderRebalancerTest.AddTserver.1783681409816260-22333-0/minicluster-data/ts-1-root/data
Total live blocks: 0
Total live bytes: 0
Total live bytes (after alignment): 0
Total number of LBM containers: 0 (0 full)
Did not check for missing blocks
Did not check for orphaned blocks
Total full LBM containers with extra space: 0 (0 repaired)
Total full LBM container extra space in bytes: 0 (0 repaired)
Total incomplete LBM containers: 0 (0 repaired)
Total LBM partial records: 0 (0 repaired)
Total corrupted LBM metadata records in RocksDB: 0 (0 repaired)
I20260710 11:03:53.532160 22333 rpc_server.cc:225] running with OpenSSL 1.1.1  11 Sep 2018
I20260710 11:03:53.533375 22333 kserver.cc:163] Server-wide thread pool size limit: 3276
I20260710 11:03:53.534725 22333 txn_system_client.cc:432] TxnSystemClient initialization is disabled...
I20260710 11:03:53.536790 22333 ts_tablet_manager.cc:585] Loaded tablet metadata (0 total tablets, 0 live tablets)
I20260710 11:03:53.537006 22333 ts_tablet_manager.cc:531] Time spent load tablet metadata: real 0.000s	user 0.000s	sys 0.000s
I20260710 11:03:53.537256 22333 ts_tablet_manager.cc:616] Registered 0 tablets
I20260710 11:03:53.537427 22333 ts_tablet_manager.cc:595] Time spent register tablets: real 0.000s	user 0.000s	sys 0.000s
I20260710 11:03:53.574870 22333 rpc_server.cc:307] RPC server started. Bound to: 127.21.207.66:33111
I20260710 11:03:53.574957 23548 acceptor_pool.cc:272] collecting diagnostics on the listening RPC socket 127.21.207.66:33111 every 8 connection(s)
I20260710 11:03:53.579106 22333 file_cache.cc:504] Constructed file cache file cache with capacity 419430
W20260710 11:03:53.585963 23552 instance_detector.cc:116] could not retrieve AWS instance metadata: Network error: curl error: HTTP response code said error: The requested URL returned error: 404
W20260710 11:03:53.586573 23553 instance_detector.cc:116] could not retrieve Azure instance metadata: Network error: curl error: HTTP response code said error: The requested URL returned error: 404
I20260710 11:03:53.589366 22333 server_base.cc:1061] running on GCE node
W20260710 11:03:53.589615 23556 instance_detector.cc:116] could not retrieve OpenStack instance metadata: Network error: curl error: HTTP response code said error: The requested URL returned error: 404
I20260710 11:03:53.590859 22333 hybrid_clock.cc:584] initializing the hybrid clock with 'system_unsync' time source
W20260710 11:03:53.591089 22333 system_unsync_time.cc:38] NTP support is disabled. Clock error bounds will not be accurate. This configuration is not suitable for distributed clusters.
I20260710 11:03:53.591267 22333 hybrid_clock.cc:648] HybridClock initialized: now 1783681433591245 us; error 0 us; skew 500 ppm
I20260710 11:03:53.591845 23549 heartbeater.cc:344] Connected to a master server at 127.21.207.126:38493
I20260710 11:03:53.592154 22333 server_base.cc:861] Flag tcmalloc_max_total_thread_cache_bytes is not working since tcmalloc is not enabled.
I20260710 11:03:53.592185 23549 heartbeater.cc:461] Registering TS with master...
I20260710 11:03:53.593014 23549 heartbeater.cc:507] Master 127.21.207.126:38493 requested a full tablet report, sending...
I20260710 11:03:53.595531 22333 webserver.cc:533] Webserver started at http://127.21.207.67:38929/ using document root <none> and password file <none>
I20260710 11:03:53.595759 23347 ts_manager.cc:194] Registered new tserver with Master: 3cf4aa46e8fc47edaa9cb8660156bcb0 (127.21.207.66:33111)
I20260710 11:03:53.596066 22333 fs_manager.cc:362] Metadata directory not provided
I20260710 11:03:53.596434 22333 fs_manager.cc:368] Using write-ahead log directory (fs_wal_dir) as metadata directory
I20260710 11:03:53.596735 22333 server_base.cc:909] This appears to be a new deployment of Kudu; creating new FS layout
I20260710 11:03:53.597576 23347 master_service.cc:502] Signed X509 certificate for tserver {username='slave'} at 127.0.0.1:33796
I20260710 11:03:53.598217 22333 fs_manager.cc:1068] Generated new instance metadata in path /tmp/dist-test-taskP49Ch4/test-tmp/auto_leader_rebalancer-test.0.LeaderRebalancerTest.AddTserver.1783681409816260-22333-0/minicluster-data/ts-2-root/instance:
uuid: "c6d5c34ec6fb4a4eb8e37289fce0909d"
format_stamp: "Formatted at 2026-07-10 11:03:53 on dist-test-slave-28tl"
I20260710 11:03:53.603088 22333 fs_manager.cc:696] Time spent creating directory manager: real 0.004s	user 0.002s	sys 0.003s
I20260710 11:03:53.606177 23560 log_block_manager.cc:4127] Time spent loading block containers with low live blocks: real 0.000s	user 0.000s	sys 0.000s
I20260710 11:03:53.606954 22333 fs_manager.cc:730] Time spent opening block manager: real 0.002s	user 0.003s	sys 0.000s
I20260710 11:03:53.607239 22333 fs_manager.cc:647] Opened local filesystem: /tmp/dist-test-taskP49Ch4/test-tmp/auto_leader_rebalancer-test.0.LeaderRebalancerTest.AddTserver.1783681409816260-22333-0/minicluster-data/ts-2-root
uuid: "c6d5c34ec6fb4a4eb8e37289fce0909d"
format_stamp: "Formatted at 2026-07-10 11:03:53 on dist-test-slave-28tl"
I20260710 11:03:53.607520 22333 fs_report.cc:389] FS layout report
--------------------
wal directory: /tmp/dist-test-taskP49Ch4/test-tmp/auto_leader_rebalancer-test.0.LeaderRebalancerTest.AddTserver.1783681409816260-22333-0/minicluster-data/ts-2-root
metadata directory: /tmp/dist-test-taskP49Ch4/test-tmp/auto_leader_rebalancer-test.0.LeaderRebalancerTest.AddTserver.1783681409816260-22333-0/minicluster-data/ts-2-root
1 data directories: /tmp/dist-test-taskP49Ch4/test-tmp/auto_leader_rebalancer-test.0.LeaderRebalancerTest.AddTserver.1783681409816260-22333-0/minicluster-data/ts-2-root/data
Total live blocks: 0
Total live bytes: 0
Total live bytes (after alignment): 0
Total number of LBM containers: 0 (0 full)
Did not check for missing blocks
Did not check for orphaned blocks
Total full LBM containers with extra space: 0 (0 repaired)
Total full LBM container extra space in bytes: 0 (0 repaired)
Total incomplete LBM containers: 0 (0 repaired)
Total LBM partial records: 0 (0 repaired)
Total corrupted LBM metadata records in RocksDB: 0 (0 repaired)
I20260710 11:03:53.625758 22333 rpc_server.cc:225] running with OpenSSL 1.1.1  11 Sep 2018
I20260710 11:03:53.626924 22333 kserver.cc:163] Server-wide thread pool size limit: 3276
I20260710 11:03:53.628283 22333 txn_system_client.cc:432] TxnSystemClient initialization is disabled...
I20260710 11:03:53.631094 22333 ts_tablet_manager.cc:585] Loaded tablet metadata (0 total tablets, 0 live tablets)
I20260710 11:03:53.631387 22333 ts_tablet_manager.cc:531] Time spent load tablet metadata: real 0.000s	user 0.000s	sys 0.000s
I20260710 11:03:53.631677 22333 ts_tablet_manager.cc:616] Registered 0 tablets
I20260710 11:03:53.631907 22333 ts_tablet_manager.cc:595] Time spent register tablets: real 0.000s	user 0.000s	sys 0.000s
I20260710 11:03:53.670982 22333 rpc_server.cc:307] RPC server started. Bound to: 127.21.207.67:39667
I20260710 11:03:53.671082 23622 acceptor_pool.cc:272] collecting diagnostics on the listening RPC socket 127.21.207.67:39667 every 8 connection(s)
I20260710 11:03:53.683805 23623 heartbeater.cc:344] Connected to a master server at 127.21.207.126:38493
I20260710 11:03:53.684109 23623 heartbeater.cc:461] Registering TS with master...
I20260710 11:03:53.684724 23623 heartbeater.cc:507] Master 127.21.207.126:38493 requested a full tablet report, sending...
I20260710 11:03:53.686484 23347 ts_manager.cc:194] Registered new tserver with Master: c6d5c34ec6fb4a4eb8e37289fce0909d (127.21.207.67:39667)
I20260710 11:03:53.687183 22333 internal_mini_cluster.cc:371] 3 TS(s) registered with all masters after 0.012929897s
I20260710 11:03:53.687916 23347 master_service.cc:502] Signed X509 certificate for tserver {username='slave'} at 127.0.0.1:33808
I20260710 11:03:53.710388 23347 catalog_manager.cc:2283] Servicing CreateTable request from {username='slave'} at 127.0.0.1:33814:
name: "test-workload"
schema {
  columns {
    name: "key"
    type: INT32
    is_key: true
    is_nullable: false
    encoding: AUTO_ENCODING
    compression: DEFAULT_COMPRESSION
    cfile_block_size: 0
    immutable: false
  }
  columns {
    name: "int_val"
    type: INT32
    is_key: false
    is_nullable: false
    encoding: AUTO_ENCODING
    compression: DEFAULT_COMPRESSION
    cfile_block_size: 0
    immutable: false
  }
  columns {
    name: "string_val"
    type: STRING
    is_key: false
    is_nullable: true
    encoding: AUTO_ENCODING
    compression: DEFAULT_COMPRESSION
    cfile_block_size: 0
    immutable: false
  }
}
num_replicas: 3
split_rows_range_bounds {
  rows: "\004\001\000UUU\005\004\001\000\252\252\252\n\004\001\000\377\377\377\017\004\001\000TUU\025\004\001\000\251\252\252\032\004\001\000\376\377\377\037\004\001\000SUU%\004\001\000\250\252\252*\004\001\000\375\377\377/\004\001\000RUU5\004\001\000\247\252\252:\004\001\000\374\377\377?\004\001\000QUUE\004\001\000\246\252\252J\004\001\000\373\377\377O\004\001\000PUUU\004\001\000\245\252\252Z\004\001\000\372\377\377_\004\001\000OUUe\004\001\000\244\252\252j\004\001\000\371\377\377o\004\001\000NUUu\004\001\000\243\252\252z""\004\001\000UUU\005\004\001\000\252\252\252\n\004\001\000\377\377\377\017\004\001\000TUU\025\004\001\000\251\252\252\032\004\001\000\376\377\377\037\004\001\000SUU%\004\001\000\250\252\252*\004\001\000\375\377\377/\004\001\000RUU5\004\001\000\247\252\252:\004\001\000\374\377\377?\004\001\000QUUE\004\001\000\246\252\252J\004\001\000\373\377\377O\004\001\000PUUU\004\001\000\245\252\252Z\004\001\000\372\377\377_\004\001\000OUUe\004\001\000\244\252\252j\004\001\000\371\377\377o\004\001\000NUUu\004\001\000\243\252\252z"
  indirect_data: """"
}
partition_schema {
  range_schema {
    columns {
      name: "key"
    }
  }
}
W20260710 11:03:53.714152 23347 catalog_manager.cc:7077] The number of live tablet servers is not enough to re-replicate a tablet replica of the newly created table test-workload in case of a server failure: 4 tablet servers would be needed, 3 are available. Consider bringing up more tablet servers.
I20260710 11:03:53.829214 23514 tablet_service.cc:1511] Processing CreateTablet for tablet 19e6eb3bb8fc4211bc57153eb6132c4a (DEFAULT_TABLE table=test-workload [id=a593733911e1469badfa3935c84b9f43]), partition=RANGE (key) PARTITION VALUES < 89478485
I20260710 11:03:53.829917 23438 tablet_service.cc:1511] Processing CreateTablet for tablet 3a765c23879649f4a5f86107c1d1e5f9 (DEFAULT_TABLE table=test-workload [id=a593733911e1469badfa3935c84b9f43]), partition=RANGE (key) PARTITION 89478485 <= VALUES < 178956970
I20260710 11:03:53.830734 23514 data_dirs.cc:400] Could only allocate 1 dirs of requested 3 for tablet 19e6eb3bb8fc4211bc57153eb6132c4a. 1 dirs total, 0 dirs full, 0 dirs failed
I20260710 11:03:53.831290 23438 data_dirs.cc:400] Could only allocate 1 dirs of requested 3 for tablet 3a765c23879649f4a5f86107c1d1e5f9. 1 dirs total, 0 dirs full, 0 dirs failed
I20260710 11:03:53.831437 23511 tablet_service.cc:1511] Processing CreateTablet for tablet bafe74df9c544ad3a70ca6a98bd746ff (DEFAULT_TABLE table=test-workload [id=a593733911e1469badfa3935c84b9f43]), partition=RANGE (key) PARTITION 268435455 <= VALUES < 357913940
I20260710 11:03:53.832687 23511 data_dirs.cc:400] Could only allocate 1 dirs of requested 3 for tablet bafe74df9c544ad3a70ca6a98bd746ff. 1 dirs total, 0 dirs full, 0 dirs failed
I20260710 11:03:53.834283 23437 tablet_service.cc:1511] Processing CreateTablet for tablet e9bec21ef8db4f26b5f1bf0369d20478 (DEFAULT_TABLE table=test-workload [id=a593733911e1469badfa3935c84b9f43]), partition=RANGE (key) PARTITION 178956970 <= VALUES < 268435455
I20260710 11:03:53.834414 23513 tablet_service.cc:1511] Processing CreateTablet for tablet 3a765c23879649f4a5f86107c1d1e5f9 (DEFAULT_TABLE table=test-workload [id=a593733911e1469badfa3935c84b9f43]), partition=RANGE (key) PARTITION 89478485 <= VALUES < 178956970
I20260710 11:03:53.835513 23437 data_dirs.cc:400] Could only allocate 1 dirs of requested 3 for tablet e9bec21ef8db4f26b5f1bf0369d20478. 1 dirs total, 0 dirs full, 0 dirs failed
I20260710 11:03:53.835743 23513 data_dirs.cc:400] Could only allocate 1 dirs of requested 3 for tablet 3a765c23879649f4a5f86107c1d1e5f9. 1 dirs total, 0 dirs full, 0 dirs failed
I20260710 11:03:53.838407 23436 tablet_service.cc:1511] Processing CreateTablet for tablet bafe74df9c544ad3a70ca6a98bd746ff (DEFAULT_TABLE table=test-workload [id=a593733911e1469badfa3935c84b9f43]), partition=RANGE (key) PARTITION 268435455 <= VALUES < 357913940
I20260710 11:03:53.839675 23436 data_dirs.cc:400] Could only allocate 1 dirs of requested 3 for tablet bafe74df9c544ad3a70ca6a98bd746ff. 1 dirs total, 0 dirs full, 0 dirs failed
I20260710 11:03:53.842455 23435 tablet_service.cc:1511] Processing CreateTablet for tablet 1719a25aa4a44f52b0d6b2218a9d58db (DEFAULT_TABLE table=test-workload [id=a593733911e1469badfa3935c84b9f43]), partition=RANGE (key) PARTITION 357913940 <= VALUES < 447392425
I20260710 11:03:53.843715 23435 data_dirs.cc:400] Could only allocate 1 dirs of requested 3 for tablet 1719a25aa4a44f52b0d6b2218a9d58db. 1 dirs total, 0 dirs full, 0 dirs failed
I20260710 11:03:53.846391 23434 tablet_service.cc:1511] Processing CreateTablet for tablet 350441091b4d4bee801809ca97e0066e (DEFAULT_TABLE table=test-workload [id=a593733911e1469badfa3935c84b9f43]), partition=RANGE (key) PARTITION 447392425 <= VALUES < 536870910
I20260710 11:03:53.846859 23588 tablet_service.cc:1511] Processing CreateTablet for tablet 19e6eb3bb8fc4211bc57153eb6132c4a (DEFAULT_TABLE table=test-workload [id=a593733911e1469badfa3935c84b9f43]), partition=RANGE (key) PARTITION VALUES < 89478485
I20260710 11:03:53.847695 23434 data_dirs.cc:400] Could only allocate 1 dirs of requested 3 for tablet 350441091b4d4bee801809ca97e0066e. 1 dirs total, 0 dirs full, 0 dirs failed
I20260710 11:03:53.848053 23588 data_dirs.cc:400] Could only allocate 1 dirs of requested 3 for tablet 19e6eb3bb8fc4211bc57153eb6132c4a. 1 dirs total, 0 dirs full, 0 dirs failed
I20260710 11:03:53.850314 23587 tablet_service.cc:1511] Processing CreateTablet for tablet 3a765c23879649f4a5f86107c1d1e5f9 (DEFAULT_TABLE table=test-workload [id=a593733911e1469badfa3935c84b9f43]), partition=RANGE (key) PARTITION 89478485 <= VALUES < 178956970
I20260710 11:03:53.851552 23587 data_dirs.cc:400] Could only allocate 1 dirs of requested 3 for tablet 3a765c23879649f4a5f86107c1d1e5f9. 1 dirs total, 0 dirs full, 0 dirs failed
I20260710 11:03:53.851414 23509 tablet_service.cc:1511] Processing CreateTablet for tablet 350441091b4d4bee801809ca97e0066e (DEFAULT_TABLE table=test-workload [id=a593733911e1469badfa3935c84b9f43]), partition=RANGE (key) PARTITION 447392425 <= VALUES < 536870910
I20260710 11:03:53.852593 23509 data_dirs.cc:400] Could only allocate 1 dirs of requested 3 for tablet 350441091b4d4bee801809ca97e0066e. 1 dirs total, 0 dirs full, 0 dirs failed
I20260710 11:03:53.854382 23586 tablet_service.cc:1511] Processing CreateTablet for tablet e9bec21ef8db4f26b5f1bf0369d20478 (DEFAULT_TABLE table=test-workload [id=a593733911e1469badfa3935c84b9f43]), partition=RANGE (key) PARTITION 178956970 <= VALUES < 268435455
I20260710 11:03:53.855677 23586 data_dirs.cc:400] Could only allocate 1 dirs of requested 3 for tablet e9bec21ef8db4f26b5f1bf0369d20478. 1 dirs total, 0 dirs full, 0 dirs failed
I20260710 11:03:53.855495 23583 tablet_service.cc:1511] Processing CreateTablet for tablet 350441091b4d4bee801809ca97e0066e (DEFAULT_TABLE table=test-workload [id=a593733911e1469badfa3935c84b9f43]), partition=RANGE (key) PARTITION 447392425 <= VALUES < 536870910
I20260710 11:03:53.850324 23510 tablet_service.cc:1511] Processing CreateTablet for tablet 1719a25aa4a44f52b0d6b2218a9d58db (DEFAULT_TABLE table=test-workload [id=a593733911e1469badfa3935c84b9f43]), partition=RANGE (key) PARTITION 357913940 <= VALUES < 447392425
I20260710 11:03:53.857510 23582 tablet_service.cc:1511] Processing CreateTablet for tablet 83cc28033683411281b6c2944d474ef6 (DEFAULT_TABLE table=test-workload [id=a593733911e1469badfa3935c84b9f43]), partition=RANGE (key) PARTITION 536870910 <= VALUES < 626349395
I20260710 11:03:53.858078 23510 data_dirs.cc:400] Could only allocate 1 dirs of requested 3 for tablet 1719a25aa4a44f52b0d6b2218a9d58db. 1 dirs total, 0 dirs full, 0 dirs failed
I20260710 11:03:53.858747 23582 data_dirs.cc:400] Could only allocate 1 dirs of requested 3 for tablet 83cc28033683411281b6c2944d474ef6. 1 dirs total, 0 dirs full, 0 dirs failed
I20260710 11:03:53.861160 23585 tablet_service.cc:1511] Processing CreateTablet for tablet bafe74df9c544ad3a70ca6a98bd746ff (DEFAULT_TABLE table=test-workload [id=a593733911e1469badfa3935c84b9f43]), partition=RANGE (key) PARTITION 268435455 <= VALUES < 357913940
I20260710 11:03:53.862282 23439 tablet_service.cc:1511] Processing CreateTablet for tablet 19e6eb3bb8fc4211bc57153eb6132c4a (DEFAULT_TABLE table=test-workload [id=a593733911e1469badfa3935c84b9f43]), partition=RANGE (key) PARTITION VALUES < 89478485
I20260710 11:03:53.863499 23439 data_dirs.cc:400] Could only allocate 1 dirs of requested 3 for tablet 19e6eb3bb8fc4211bc57153eb6132c4a. 1 dirs total, 0 dirs full, 0 dirs failed
I20260710 11:03:53.864697 23580 tablet_service.cc:1511] Processing CreateTablet for tablet 4da23676c2644115a8c24869572a2d8c (DEFAULT_TABLE table=test-workload [id=a593733911e1469badfa3935c84b9f43]), partition=RANGE (key) PARTITION 715827880 <= VALUES < 805306365
I20260710 11:03:53.854391 23584 tablet_service.cc:1511] Processing CreateTablet for tablet 1719a25aa4a44f52b0d6b2218a9d58db (DEFAULT_TABLE table=test-workload [id=a593733911e1469badfa3935c84b9f43]), partition=RANGE (key) PARTITION 357913940 <= VALUES < 447392425
I20260710 11:03:53.838399 23512 tablet_service.cc:1511] Processing CreateTablet for tablet e9bec21ef8db4f26b5f1bf0369d20478 (DEFAULT_TABLE table=test-workload [id=a593733911e1469badfa3935c84b9f43]), partition=RANGE (key) PARTITION 178956970 <= VALUES < 268435455
I20260710 11:03:53.868206 23512 data_dirs.cc:400] Could only allocate 1 dirs of requested 3 for tablet e9bec21ef8db4f26b5f1bf0369d20478. 1 dirs total, 0 dirs full, 0 dirs failed
I20260710 11:03:53.860898 23581 tablet_service.cc:1511] Processing CreateTablet for tablet 15fac9abc3ce4858a4273b490357c7d6 (DEFAULT_TABLE table=test-workload [id=a593733911e1469badfa3935c84b9f43]), partition=RANGE (key) PARTITION 626349395 <= VALUES < 715827880
I20260710 11:03:53.870440 23579 tablet_service.cc:1511] Processing CreateTablet for tablet a76f0d51cb984d518b8637328d6c594d (DEFAULT_TABLE table=test-workload [id=a593733911e1469badfa3935c84b9f43]), partition=RANGE (key) PARTITION 805306365 <= VALUES < 894784850
I20260710 11:03:53.872313 23583 data_dirs.cc:400] Could only allocate 1 dirs of requested 3 for tablet 350441091b4d4bee801809ca97e0066e. 1 dirs total, 0 dirs full, 0 dirs failed
I20260710 11:03:53.872418 23511 tablet_service.cc:1511] Processing CreateTablet for tablet 15fac9abc3ce4858a4273b490357c7d6 (DEFAULT_TABLE table=test-workload [id=a593733911e1469badfa3935c84b9f43]), partition=RANGE (key) PARTITION 626349395 <= VALUES < 715827880
I20260710 11:03:53.872713 23507 tablet_service.cc:1511] Processing CreateTablet for tablet a76f0d51cb984d518b8637328d6c594d (DEFAULT_TABLE table=test-workload [id=a593733911e1469badfa3935c84b9f43]), partition=RANGE (key) PARTITION 805306365 <= VALUES < 894784850
I20260710 11:03:53.873796 23511 data_dirs.cc:400] Could only allocate 1 dirs of requested 3 for tablet 15fac9abc3ce4858a4273b490357c7d6. 1 dirs total, 0 dirs full, 0 dirs failed
I20260710 11:03:53.874799 23506 tablet_service.cc:1511] Processing CreateTablet for tablet 5a1ee23a7f7f4b98b3a93338815d4af5 (DEFAULT_TABLE table=test-workload [id=a593733911e1469badfa3935c84b9f43]), partition=RANGE (key) PARTITION 894784850 <= VALUES < 984263335
I20260710 11:03:53.877414 23508 tablet_service.cc:1511] Processing CreateTablet for tablet 4da23676c2644115a8c24869572a2d8c (DEFAULT_TABLE table=test-workload [id=a593733911e1469badfa3935c84b9f43]), partition=RANGE (key) PARTITION 715827880 <= VALUES < 805306365
I20260710 11:03:53.894372 23505 tablet_service.cc:1511] Processing CreateTablet for tablet 1f409b1da51444089c735df3a9612f66 (DEFAULT_TABLE table=test-workload [id=a593733911e1469badfa3935c84b9f43]), partition=RANGE (key) PARTITION 984263335 <= VALUES < 1073741820
I20260710 11:03:53.896661 23432 tablet_service.cc:1511] Processing CreateTablet for tablet 15fac9abc3ce4858a4273b490357c7d6 (DEFAULT_TABLE table=test-workload [id=a593733911e1469badfa3935c84b9f43]), partition=RANGE (key) PARTITION 626349395 <= VALUES < 715827880
I20260710 11:03:53.897056 23433 tablet_service.cc:1511] Processing CreateTablet for tablet 83cc28033683411281b6c2944d474ef6 (DEFAULT_TABLE table=test-workload [id=a593733911e1469badfa3935c84b9f43]), partition=RANGE (key) PARTITION 536870910 <= VALUES < 626349395
I20260710 11:03:53.897981 23432 data_dirs.cc:400] Could only allocate 1 dirs of requested 3 for tablet 15fac9abc3ce4858a4273b490357c7d6. 1 dirs total, 0 dirs full, 0 dirs failed
I20260710 11:03:53.903657 23431 tablet_service.cc:1511] Processing CreateTablet for tablet 4da23676c2644115a8c24869572a2d8c (DEFAULT_TABLE table=test-workload [id=a593733911e1469badfa3935c84b9f43]), partition=RANGE (key) PARTITION 715827880 <= VALUES < 805306365
I20260710 11:03:53.905196 23433 data_dirs.cc:400] Could only allocate 1 dirs of requested 3 for tablet 83cc28033683411281b6c2944d474ef6. 1 dirs total, 0 dirs full, 0 dirs failed
I20260710 11:03:53.915426 23431 data_dirs.cc:400] Could only allocate 1 dirs of requested 3 for tablet 4da23676c2644115a8c24869572a2d8c. 1 dirs total, 0 dirs full, 0 dirs failed
I20260710 11:03:53.915459 23430 tablet_service.cc:1511] Processing CreateTablet for tablet a76f0d51cb984d518b8637328d6c594d (DEFAULT_TABLE table=test-workload [id=a593733911e1469badfa3935c84b9f43]), partition=RANGE (key) PARTITION 805306365 <= VALUES < 894784850
I20260710 11:03:53.917200 23430 data_dirs.cc:400] Could only allocate 1 dirs of requested 3 for tablet a76f0d51cb984d518b8637328d6c594d. 1 dirs total, 0 dirs full, 0 dirs failed
I20260710 11:03:53.921772 23585 data_dirs.cc:400] Could only allocate 1 dirs of requested 3 for tablet bafe74df9c544ad3a70ca6a98bd746ff. 1 dirs total, 0 dirs full, 0 dirs failed
I20260710 11:03:53.922494 23581 data_dirs.cc:400] Could only allocate 1 dirs of requested 3 for tablet 15fac9abc3ce4858a4273b490357c7d6. 1 dirs total, 0 dirs full, 0 dirs failed
I20260710 11:03:53.925443 23507 data_dirs.cc:400] Could only allocate 1 dirs of requested 3 for tablet a76f0d51cb984d518b8637328d6c594d. 1 dirs total, 0 dirs full, 0 dirs failed
I20260710 11:03:53.926208 23505 data_dirs.cc:400] Could only allocate 1 dirs of requested 3 for tablet 1f409b1da51444089c735df3a9612f66. 1 dirs total, 0 dirs full, 0 dirs failed
I20260710 11:03:53.929548 23506 data_dirs.cc:400] Could only allocate 1 dirs of requested 3 for tablet 5a1ee23a7f7f4b98b3a93338815d4af5. 1 dirs total, 0 dirs full, 0 dirs failed
I20260710 11:03:53.937518 23584 data_dirs.cc:400] Could only allocate 1 dirs of requested 3 for tablet 1719a25aa4a44f52b0d6b2218a9d58db. 1 dirs total, 0 dirs full, 0 dirs failed
I20260710 11:03:53.938078 23513 tablet_service.cc:1511] Processing CreateTablet for tablet 83cc28033683411281b6c2944d474ef6 (DEFAULT_TABLE table=test-workload [id=a593733911e1469badfa3935c84b9f43]), partition=RANGE (key) PARTITION 536870910 <= VALUES < 626349395
I20260710 11:03:53.939347 23513 data_dirs.cc:400] Could only allocate 1 dirs of requested 3 for tablet 83cc28033683411281b6c2944d474ef6. 1 dirs total, 0 dirs full, 0 dirs failed
I20260710 11:03:53.941625 23508 data_dirs.cc:400] Could only allocate 1 dirs of requested 3 for tablet 4da23676c2644115a8c24869572a2d8c. 1 dirs total, 0 dirs full, 0 dirs failed
I20260710 11:03:53.942685 23583 tablet_service.cc:1511] Processing CreateTablet for tablet 5a1ee23a7f7f4b98b3a93338815d4af5 (DEFAULT_TABLE table=test-workload [id=a593733911e1469badfa3935c84b9f43]), partition=RANGE (key) PARTITION 894784850 <= VALUES < 984263335
I20260710 11:03:53.943974 23583 data_dirs.cc:400] Could only allocate 1 dirs of requested 3 for tablet 5a1ee23a7f7f4b98b3a93338815d4af5. 1 dirs total, 0 dirs full, 0 dirs failed
I20260710 11:03:53.945633 23579 data_dirs.cc:400] Could only allocate 1 dirs of requested 3 for tablet a76f0d51cb984d518b8637328d6c594d. 1 dirs total, 0 dirs full, 0 dirs failed
I20260710 11:03:53.947767 23580 data_dirs.cc:400] Could only allocate 1 dirs of requested 3 for tablet 4da23676c2644115a8c24869572a2d8c. 1 dirs total, 0 dirs full, 0 dirs failed
I20260710 11:03:53.955837 23435 tablet_service.cc:1511] Processing CreateTablet for tablet 5a1ee23a7f7f4b98b3a93338815d4af5 (DEFAULT_TABLE table=test-workload [id=a593733911e1469badfa3935c84b9f43]), partition=RANGE (key) PARTITION 894784850 <= VALUES < 984263335
I20260710 11:03:53.972922 23514 tablet_service.cc:1511] Processing CreateTablet for tablet 037928dc4c014a279c7b836398bb8bb2 (DEFAULT_TABLE table=test-workload [id=a593733911e1469badfa3935c84b9f43]), partition=RANGE (key) PARTITION 1073741820 <= VALUES < 1163220305
I20260710 11:03:53.974156 23514 data_dirs.cc:400] Could only allocate 1 dirs of requested 3 for tablet 037928dc4c014a279c7b836398bb8bb2. 1 dirs total, 0 dirs full, 0 dirs failed
I20260710 11:03:53.974208 23438 tablet_service.cc:1511] Processing CreateTablet for tablet 1f409b1da51444089c735df3a9612f66 (DEFAULT_TABLE table=test-workload [id=a593733911e1469badfa3935c84b9f43]), partition=RANGE (key) PARTITION 984263335 <= VALUES < 1073741820
I20260710 11:03:53.975411 23438 data_dirs.cc:400] Could only allocate 1 dirs of requested 3 for tablet 1f409b1da51444089c735df3a9612f66. 1 dirs total, 0 dirs full, 0 dirs failed
I20260710 11:03:53.982950 23512 tablet_service.cc:1511] Processing CreateTablet for tablet 93d83679414f45aca8b8427838fe32cb (DEFAULT_TABLE table=test-workload [id=a593733911e1469badfa3935c84b9f43]), partition=RANGE (key) PARTITION 1163220305 <= VALUES < 1252698790
I20260710 11:03:53.984237 23512 data_dirs.cc:400] Could only allocate 1 dirs of requested 3 for tablet 93d83679414f45aca8b8427838fe32cb. 1 dirs total, 0 dirs full, 0 dirs failed
I20260710 11:03:53.989427 23439 tablet_service.cc:1511] Processing CreateTablet for tablet 037928dc4c014a279c7b836398bb8bb2 (DEFAULT_TABLE table=test-workload [id=a593733911e1469badfa3935c84b9f43]), partition=RANGE (key) PARTITION 1073741820 <= VALUES < 1163220305
I20260710 11:03:53.990566 23439 data_dirs.cc:400] Could only allocate 1 dirs of requested 3 for tablet 037928dc4c014a279c7b836398bb8bb2. 1 dirs total, 0 dirs full, 0 dirs failed
I20260710 11:03:54.008648 23640 tablet_bootstrap.cc:492] T bafe74df9c544ad3a70ca6a98bd746ff P 55734cee5674482daa8bfeca3550467c: Bootstrap starting.
I20260710 11:03:54.011955 23509 tablet_service.cc:1511] Processing CreateTablet for tablet 4e2a920d6b384d9a8b80059dc40c2706 (DEFAULT_TABLE table=test-workload [id=a593733911e1469badfa3935c84b9f43]), partition=RANGE (key) PARTITION 1252698790 <= VALUES < 1342177275
I20260710 11:03:54.012148 23436 tablet_service.cc:1511] Processing CreateTablet for tablet 93d83679414f45aca8b8427838fe32cb (DEFAULT_TABLE table=test-workload [id=a593733911e1469badfa3935c84b9f43]), partition=RANGE (key) PARTITION 1163220305 <= VALUES < 1252698790
I20260710 11:03:54.013703 23638 tablet_bootstrap.cc:492] T 19e6eb3bb8fc4211bc57153eb6132c4a P 3cf4aa46e8fc47edaa9cb8660156bcb0: Bootstrap starting.
I20260710 11:03:54.013633 23585 tablet_service.cc:1511] Processing CreateTablet for tablet 037928dc4c014a279c7b836398bb8bb2 (DEFAULT_TABLE table=test-workload [id=a593733911e1469badfa3935c84b9f43]), partition=RANGE (key) PARTITION 1073741820 <= VALUES < 1163220305
I20260710 11:03:54.016139 23585 data_dirs.cc:400] Could only allocate 1 dirs of requested 3 for tablet 037928dc4c014a279c7b836398bb8bb2. 1 dirs total, 0 dirs full, 0 dirs failed
I20260710 11:03:54.021330 23582 tablet_service.cc:1511] Processing CreateTablet for tablet 1f409b1da51444089c735df3a9612f66 (DEFAULT_TABLE table=test-workload [id=a593733911e1469badfa3935c84b9f43]), partition=RANGE (key) PARTITION 984263335 <= VALUES < 1073741820
I20260710 11:03:54.013216 23509 data_dirs.cc:400] Could only allocate 1 dirs of requested 3 for tablet 4e2a920d6b384d9a8b80059dc40c2706. 1 dirs total, 0 dirs full, 0 dirs failed
I20260710 11:03:54.014101 23586 tablet_service.cc:1511] Processing CreateTablet for tablet 93d83679414f45aca8b8427838fe32cb (DEFAULT_TABLE table=test-workload [id=a593733911e1469badfa3935c84b9f43]), partition=RANGE (key) PARTITION 1163220305 <= VALUES < 1252698790
I20260710 11:03:54.034096 23586 data_dirs.cc:400] Could only allocate 1 dirs of requested 3 for tablet 93d83679414f45aca8b8427838fe32cb. 1 dirs total, 0 dirs full, 0 dirs failed
I20260710 11:03:54.034513 23505 tablet_service.cc:1511] Processing CreateTablet for tablet 397fe90346474180b7eb12c3e9973828 (DEFAULT_TABLE table=test-workload [id=a593733911e1469badfa3935c84b9f43]), partition=RANGE (key) PARTITION 1342177275 <= VALUES < 1431655760
I20260710 11:03:54.019951 23639 tablet_bootstrap.cc:492] T e9bec21ef8db4f26b5f1bf0369d20478 P c6d5c34ec6fb4a4eb8e37289fce0909d: Bootstrap starting.
I20260710 11:03:54.038497 23638 tablet_bootstrap.cc:654] T 19e6eb3bb8fc4211bc57153eb6132c4a P 3cf4aa46e8fc47edaa9cb8660156bcb0: Neither blocks nor log segments found. Creating new log.
I20260710 11:03:54.042279 23510 tablet_service.cc:1511] Processing CreateTablet for tablet 55f052e61aa843d9b3998b832dd373f5 (DEFAULT_TABLE table=test-workload [id=a593733911e1469badfa3935c84b9f43]), partition=RANGE (key) PARTITION 1431655760 <= VALUES < 1521134245
I20260710 11:03:54.043524 23510 data_dirs.cc:400] Could only allocate 1 dirs of requested 3 for tablet 55f052e61aa843d9b3998b832dd373f5. 1 dirs total, 0 dirs full, 0 dirs failed
I20260710 11:03:54.045733 23505 data_dirs.cc:400] Could only allocate 1 dirs of requested 3 for tablet 397fe90346474180b7eb12c3e9973828. 1 dirs total, 0 dirs full, 0 dirs failed
I20260710 11:03:54.021873 23587 tablet_service.cc:1511] Processing CreateTablet for tablet 4e2a920d6b384d9a8b80059dc40c2706 (DEFAULT_TABLE table=test-workload [id=a593733911e1469badfa3935c84b9f43]), partition=RANGE (key) PARTITION 1252698790 <= VALUES < 1342177275
I20260710 11:03:54.028446 23437 tablet_service.cc:1511] Processing CreateTablet for tablet 4e2a920d6b384d9a8b80059dc40c2706 (DEFAULT_TABLE table=test-workload [id=a593733911e1469badfa3935c84b9f43]), partition=RANGE (key) PARTITION 1252698790 <= VALUES < 1342177275
I20260710 11:03:54.030916 23433 tablet_service.cc:1511] Processing CreateTablet for tablet 397fe90346474180b7eb12c3e9973828 (DEFAULT_TABLE table=test-workload [id=a593733911e1469badfa3935c84b9f43]), partition=RANGE (key) PARTITION 1342177275 <= VALUES < 1431655760
I20260710 11:03:54.009007 23435 data_dirs.cc:400] Could only allocate 1 dirs of requested 3 for tablet 5a1ee23a7f7f4b98b3a93338815d4af5. 1 dirs total, 0 dirs full, 0 dirs failed
I20260710 11:03:54.055951 23639 tablet_bootstrap.cc:654] T e9bec21ef8db4f26b5f1bf0369d20478 P c6d5c34ec6fb4a4eb8e37289fce0909d: Neither blocks nor log segments found. Creating new log.
I20260710 11:03:54.061065 23582 data_dirs.cc:400] Could only allocate 1 dirs of requested 3 for tablet 1f409b1da51444089c735df3a9612f66. 1 dirs total, 0 dirs full, 0 dirs failed
I20260710 11:03:54.069880 23579 tablet_service.cc:1511] Processing CreateTablet for tablet 397fe90346474180b7eb12c3e9973828 (DEFAULT_TABLE table=test-workload [id=a593733911e1469badfa3935c84b9f43]), partition=RANGE (key) PARTITION 1342177275 <= VALUES < 1431655760
I20260710 11:03:54.073177 23436 data_dirs.cc:400] Could only allocate 1 dirs of requested 3 for tablet 93d83679414f45aca8b8427838fe32cb. 1 dirs total, 0 dirs full, 0 dirs failed
I20260710 11:03:54.081382 23587 data_dirs.cc:400] Could only allocate 1 dirs of requested 3 for tablet 4e2a920d6b384d9a8b80059dc40c2706. 1 dirs total, 0 dirs full, 0 dirs failed
I20260710 11:03:54.081328 23581 tablet_service.cc:1511] Processing CreateTablet for tablet 55f052e61aa843d9b3998b832dd373f5 (DEFAULT_TABLE table=test-workload [id=a593733911e1469badfa3935c84b9f43]), partition=RANGE (key) PARTITION 1431655760 <= VALUES < 1521134245
I20260710 11:03:54.082625 23581 data_dirs.cc:400] Could only allocate 1 dirs of requested 3 for tablet 55f052e61aa843d9b3998b832dd373f5. 1 dirs total, 0 dirs full, 0 dirs failed
I20260710 11:03:54.086634 23432 tablet_service.cc:1511] Processing CreateTablet for tablet 55f052e61aa843d9b3998b832dd373f5 (DEFAULT_TABLE table=test-workload [id=a593733911e1469badfa3935c84b9f43]), partition=RANGE (key) PARTITION 1431655760 <= VALUES < 1521134245
I20260710 11:03:54.092787 23638 tablet_bootstrap.cc:492] T 19e6eb3bb8fc4211bc57153eb6132c4a P 3cf4aa46e8fc47edaa9cb8660156bcb0: No bootstrap required, opened a new log
I20260710 11:03:54.093254 23638 ts_tablet_manager.cc:1403] T 19e6eb3bb8fc4211bc57153eb6132c4a P 3cf4aa46e8fc47edaa9cb8660156bcb0: Time spent bootstrapping tablet: real 0.080s	user 0.021s	sys 0.002s
I20260710 11:03:54.093551 23588 tablet_service.cc:1511] Processing CreateTablet for tablet df514da341234597ac401d67fe046865 (DEFAULT_TABLE table=test-workload [id=a593733911e1469badfa3935c84b9f43]), partition=RANGE (key) PARTITION 1521134245 <= VALUES < 1610612730
I20260710 11:03:54.095896 23638 raft_consensus.cc:359] T 19e6eb3bb8fc4211bc57153eb6132c4a P 3cf4aa46e8fc47edaa9cb8660156bcb0 [term 0 FOLLOWER]: Replica starting. Triggering 0 pending ops. Active config: opid_index: -1 OBSOLETE_local: false peers { permanent_uuid: "3cf4aa46e8fc47edaa9cb8660156bcb0" member_type: VOTER last_known_addr { host: "127.21.207.66" port: 33111 } } peers { permanent_uuid: "55734cee5674482daa8bfeca3550467c" member_type: VOTER last_known_addr { host: "127.21.207.65" port: 40671 } } peers { permanent_uuid: "c6d5c34ec6fb4a4eb8e37289fce0909d" member_type: VOTER last_known_addr { host: "127.21.207.67" port: 39667 } }
I20260710 11:03:54.096606 23638 raft_consensus.cc:385] T 19e6eb3bb8fc4211bc57153eb6132c4a P 3cf4aa46e8fc47edaa9cb8660156bcb0 [term 0 FOLLOWER]: Consensus starting up: Expiring failure detector timer to make a prompt election more likely
I20260710 11:03:54.096892 23638 raft_consensus.cc:740] T 19e6eb3bb8fc4211bc57153eb6132c4a P 3cf4aa46e8fc47edaa9cb8660156bcb0 [term 0 FOLLOWER]: Becoming Follower/Learner. State: Replica: 3cf4aa46e8fc47edaa9cb8660156bcb0, State: Initialized, Role: FOLLOWER
I20260710 11:03:54.099586 23640 tablet_bootstrap.cc:654] T bafe74df9c544ad3a70ca6a98bd746ff P 55734cee5674482daa8bfeca3550467c: Neither blocks nor log segments found. Creating new log.
I20260710 11:03:54.101378 23579 data_dirs.cc:400] Could only allocate 1 dirs of requested 3 for tablet 397fe90346474180b7eb12c3e9973828. 1 dirs total, 0 dirs full, 0 dirs failed
I20260710 11:03:54.102540 23432 data_dirs.cc:400] Could only allocate 1 dirs of requested 3 for tablet 55f052e61aa843d9b3998b832dd373f5. 1 dirs total, 0 dirs full, 0 dirs failed
I20260710 11:03:54.101926 23588 data_dirs.cc:400] Could only allocate 1 dirs of requested 3 for tablet df514da341234597ac401d67fe046865. 1 dirs total, 0 dirs full, 0 dirs failed
I20260710 11:03:54.103828 23638 consensus_queue.cc:260] T 19e6eb3bb8fc4211bc57153eb6132c4a P 3cf4aa46e8fc47edaa9cb8660156bcb0 [NON_LEADER]: Queue going to NON_LEADER mode. State: All replicated index: 0, Majority replicated index: 0, Committed index: 0, Last appended: 0.0, Last appended by leader: 0, Current term: 0, Majority size: -1, State: 0, Mode: NON_LEADER, active raft config: opid_index: -1 OBSOLETE_local: false peers { permanent_uuid: "3cf4aa46e8fc47edaa9cb8660156bcb0" member_type: VOTER last_known_addr { host: "127.21.207.66" port: 33111 } } peers { permanent_uuid: "55734cee5674482daa8bfeca3550467c" member_type: VOTER last_known_addr { host: "127.21.207.65" port: 40671 } } peers { permanent_uuid: "c6d5c34ec6fb4a4eb8e37289fce0909d" member_type: VOTER last_known_addr { host: "127.21.207.67" port: 39667 } }
I20260710 11:03:54.116907 23508 tablet_service.cc:1511] Processing CreateTablet for tablet df514da341234597ac401d67fe046865 (DEFAULT_TABLE table=test-workload [id=a593733911e1469badfa3935c84b9f43]), partition=RANGE (key) PARTITION 1521134245 <= VALUES < 1610612730
I20260710 11:03:54.119796 23437 data_dirs.cc:400] Could only allocate 1 dirs of requested 3 for tablet 4e2a920d6b384d9a8b80059dc40c2706. 1 dirs total, 0 dirs full, 0 dirs failed
I20260710 11:03:54.089003 23430 tablet_service.cc:1511] Processing CreateTablet for tablet df514da341234597ac401d67fe046865 (DEFAULT_TABLE table=test-workload [id=a593733911e1469badfa3935c84b9f43]), partition=RANGE (key) PARTITION 1521134245 <= VALUES < 1610612730
I20260710 11:03:54.123559 23431 tablet_service.cc:1511] Processing CreateTablet for tablet fd48d46876554c46ac0868576f543436 (DEFAULT_TABLE table=test-workload [id=a593733911e1469badfa3935c84b9f43]), partition=RANGE (key) PARTITION 1700091215 <= VALUES < 1789569700
I20260710 11:03:54.124212 23514 tablet_service.cc:1511] Processing CreateTablet for tablet 693066f32ddb4525a02115a1cfad89f8 (DEFAULT_TABLE table=test-workload [id=a593733911e1469badfa3935c84b9f43]), partition=RANGE (key) PARTITION 1610612730 <= VALUES < 1700091215
I20260710 11:03:54.124234 23430 data_dirs.cc:400] Could only allocate 1 dirs of requested 3 for tablet df514da341234597ac401d67fe046865. 1 dirs total, 0 dirs full, 0 dirs failed
I20260710 11:03:54.125557 23507 tablet_service.cc:1511] Processing CreateTablet for tablet fd48d46876554c46ac0868576f543436 (DEFAULT_TABLE table=test-workload [id=a593733911e1469badfa3935c84b9f43]), partition=RANGE (key) PARTITION 1700091215 <= VALUES < 1789569700
I20260710 11:03:54.126621 23431 data_dirs.cc:400] Could only allocate 1 dirs of requested 3 for tablet fd48d46876554c46ac0868576f543436. 1 dirs total, 0 dirs full, 0 dirs failed
I20260710 11:03:54.127875 23433 data_dirs.cc:400] Could only allocate 1 dirs of requested 3 for tablet 397fe90346474180b7eb12c3e9973828. 1 dirs total, 0 dirs full, 0 dirs failed
I20260710 11:03:54.133876 23439 tablet_service.cc:1511] Processing CreateTablet for tablet 693066f32ddb4525a02115a1cfad89f8 (DEFAULT_TABLE table=test-workload [id=a593733911e1469badfa3935c84b9f43]), partition=RANGE (key) PARTITION 1610612730 <= VALUES < 1700091215
I20260710 11:03:54.135129 23439 data_dirs.cc:400] Could only allocate 1 dirs of requested 3 for tablet 693066f32ddb4525a02115a1cfad89f8. 1 dirs total, 0 dirs full, 0 dirs failed
I20260710 11:03:54.138069 23507 data_dirs.cc:400] Could only allocate 1 dirs of requested 3 for tablet fd48d46876554c46ac0868576f543436. 1 dirs total, 0 dirs full, 0 dirs failed
I20260710 11:03:54.141726 23508 data_dirs.cc:400] Could only allocate 1 dirs of requested 3 for tablet df514da341234597ac401d67fe046865. 1 dirs total, 0 dirs full, 0 dirs failed
I20260710 11:03:54.145761 23514 data_dirs.cc:400] Could only allocate 1 dirs of requested 3 for tablet 693066f32ddb4525a02115a1cfad89f8. 1 dirs total, 0 dirs full, 0 dirs failed
I20260710 11:03:54.156375 23438 tablet_service.cc:1511] Processing CreateTablet for tablet d5e0dda4573c46d696f44a4a8867cd34 (DEFAULT_TABLE table=test-workload [id=a593733911e1469badfa3935c84b9f43]), partition=RANGE (key) PARTITION 1789569700 <= VALUES < 1879048185
I20260710 11:03:54.165027 23438 data_dirs.cc:400] Could only allocate 1 dirs of requested 3 for tablet d5e0dda4573c46d696f44a4a8867cd34. 1 dirs total, 0 dirs full, 0 dirs failed
I20260710 11:03:54.167155 23510 tablet_service.cc:1511] Processing CreateTablet for tablet d5e0dda4573c46d696f44a4a8867cd34 (DEFAULT_TABLE table=test-workload [id=a593733911e1469badfa3935c84b9f43]), partition=RANGE (key) PARTITION 1789569700 <= VALUES < 1879048185
I20260710 11:03:54.168409 23510 data_dirs.cc:400] Could only allocate 1 dirs of requested 3 for tablet d5e0dda4573c46d696f44a4a8867cd34. 1 dirs total, 0 dirs full, 0 dirs failed
I20260710 11:03:54.176442 23434 tablet_service.cc:1511] Processing CreateTablet for tablet 9d85344e845742d697caf9beab2c5e6f (DEFAULT_TABLE table=test-workload [id=a593733911e1469badfa3935c84b9f43]), partition=RANGE (key) PARTITION 1879048185 <= VALUES < 1968526670
I20260710 11:03:54.178146 23513 tablet_service.cc:1511] Processing CreateTablet for tablet 9d85344e845742d697caf9beab2c5e6f (DEFAULT_TABLE table=test-workload [id=a593733911e1469badfa3935c84b9f43]), partition=RANGE (key) PARTITION 1879048185 <= VALUES < 1968526670
I20260710 11:03:54.179003 23434 data_dirs.cc:400] Could only allocate 1 dirs of requested 3 for tablet 9d85344e845742d697caf9beab2c5e6f. 1 dirs total, 0 dirs full, 0 dirs failed
I20260710 11:03:54.179387 23513 data_dirs.cc:400] Could only allocate 1 dirs of requested 3 for tablet 9d85344e845742d697caf9beab2c5e6f. 1 dirs total, 0 dirs full, 0 dirs failed
I20260710 11:03:54.186337 23639 tablet_bootstrap.cc:492] T e9bec21ef8db4f26b5f1bf0369d20478 P c6d5c34ec6fb4a4eb8e37289fce0909d: No bootstrap required, opened a new log
