I20260710 11:04:08.378660 23953 raft_consensus.cc:2955] T 14e79bb766a54341824ea6fc11903fda P 0a18416d5fdc484e8703c5f673c12f60 [term 3 FOLLOWER]: Committing config change with OpId 3.4: config changed from index 2 to 4, ca578c402807494b8c9e3991e5c7a6b5 (127.22.80.4) changed from NON_VOTER to VOTER. New config: { opid_index: 4 OBSOLETE_local: false peers { permanent_uuid: "0a18416d5fdc484e8703c5f673c12f60" member_type: VOTER last_known_addr { host: "127.22.80.1" port: 44135 } } peers { permanent_uuid: "2cac1316294143df95d8c4c229df6495" member_type: VOTER last_known_addr { host: "127.22.80.2" port: 37199 } } peers { permanent_uuid: "28a46b5fd1114c5da03c66a4b945d7e7" member_type: VOTER last_known_addr { host: "127.22.80.3" port: 40289 } attrs { replace: true } } peers { permanent_uuid: "ca578c402807494b8c9e3991e5c7a6b5" member_type: VOTER last_known_addr { host: "127.22.80.4" port: 38435 } attrs { promote: false } } }
I20260710 11:04:08.379660 24099 raft_consensus.cc:2955] T 14e79bb766a54341824ea6fc11903fda P 28a46b5fd1114c5da03c66a4b945d7e7 [term 3 FOLLOWER]: Committing config change with OpId 3.4: config changed from index 2 to 4, ca578c402807494b8c9e3991e5c7a6b5 (127.22.80.4) changed from NON_VOTER to VOTER. New config: { opid_index: 4 OBSOLETE_local: false peers { permanent_uuid: "0a18416d5fdc484e8703c5f673c12f60" member_type: VOTER last_known_addr { host: "127.22.80.1" port: 44135 } } peers { permanent_uuid: "2cac1316294143df95d8c4c229df6495" member_type: VOTER last_known_addr { host: "127.22.80.2" port: 37199 } } peers { permanent_uuid: "28a46b5fd1114c5da03c66a4b945d7e7" member_type: VOTER last_known_addr { host: "127.22.80.3" port: 40289 } attrs { replace: true } } peers { permanent_uuid: "ca578c402807494b8c9e3991e5c7a6b5" member_type: VOTER last_known_addr { host: "127.22.80.4" port: 38435 } attrs { promote: false } } }
I20260710 11:04:08.394194 23854 catalog_manager.cc:5697] T 14e79bb766a54341824ea6fc11903fda P 0a18416d5fdc484e8703c5f673c12f60 reported cstate change: config changed from index 2 to 4, ca578c402807494b8c9e3991e5c7a6b5 (127.22.80.4) changed from NON_VOTER to VOTER. New cstate: current_term: 3 leader_uuid: "2cac1316294143df95d8c4c229df6495" committed_config { opid_index: 4 OBSOLETE_local: false peers { permanent_uuid: "0a18416d5fdc484e8703c5f673c12f60" member_type: VOTER last_known_addr { host: "127.22.80.1" port: 44135 } } peers { permanent_uuid: "2cac1316294143df95d8c4c229df6495" member_type: VOTER last_known_addr { host: "127.22.80.2" port: 37199 } } peers { permanent_uuid: "28a46b5fd1114c5da03c66a4b945d7e7" member_type: VOTER last_known_addr { host: "127.22.80.3" port: 40289 } attrs { replace: true } } peers { permanent_uuid: "ca578c402807494b8c9e3991e5c7a6b5" member_type: VOTER last_known_addr { host: "127.22.80.4" port: 38435 } attrs { promote: false } } }
I20260710 11:04:08.396778 24370 raft_consensus.cc:2955] T 14e79bb766a54341824ea6fc11903fda P ca578c402807494b8c9e3991e5c7a6b5 [term 3 FOLLOWER]: Committing config change with OpId 3.4: config changed from index 2 to 4, ca578c402807494b8c9e3991e5c7a6b5 (127.22.80.4) changed from NON_VOTER to VOTER. New config: { opid_index: 4 OBSOLETE_local: false peers { permanent_uuid: "0a18416d5fdc484e8703c5f673c12f60" member_type: VOTER last_known_addr { host: "127.22.80.1" port: 44135 } } peers { permanent_uuid: "2cac1316294143df95d8c4c229df6495" member_type: VOTER last_known_addr { host: "127.22.80.2" port: 37199 } } peers { permanent_uuid: "28a46b5fd1114c5da03c66a4b945d7e7" member_type: VOTER last_known_addr { host: "127.22.80.3" port: 40289 } attrs { replace: true } } peers { permanent_uuid: "ca578c402807494b8c9e3991e5c7a6b5" member_type: VOTER last_known_addr { host: "127.22.80.4" port: 38435 } attrs { promote: false } } }
I20260710 11:04:08.423631 24516 raft_consensus.cc:1064] T cff715ef46e24983acaeecc383584101 P 28a46b5fd1114c5da03c66a4b945d7e7: attempting to promote NON_VOTER ca578c402807494b8c9e3991e5c7a6b5 to VOTER
I20260710 11:04:08.427435 24516 consensus_queue.cc:237] T cff715ef46e24983acaeecc383584101 P 28a46b5fd1114c5da03c66a4b945d7e7 [LEADER]: Queue going to LEADER mode. State: All replicated index: 0, Majority replicated index: 2, Committed index: 2, Last appended: 1.2, Last appended by leader: 0, Current term: 1, Majority size: 3, State: 0, Mode: LEADER, active raft config: opid_index: 3 OBSOLETE_local: false peers { permanent_uuid: "0a18416d5fdc484e8703c5f673c12f60" member_type: VOTER last_known_addr { host: "127.22.80.1" port: 44135 } } peers { permanent_uuid: "2cac1316294143df95d8c4c229df6495" member_type: VOTER last_known_addr { host: "127.22.80.2" port: 37199 } attrs { replace: true } } peers { permanent_uuid: "28a46b5fd1114c5da03c66a4b945d7e7" member_type: VOTER last_known_addr { host: "127.22.80.3" port: 40289 } } peers { permanent_uuid: "ca578c402807494b8c9e3991e5c7a6b5" member_type: VOTER last_known_addr { host: "127.22.80.4" port: 38435 } attrs { promote: false } }
I20260710 11:04:08.435837 24370 raft_consensus.cc:1275] T cff715ef46e24983acaeecc383584101 P ca578c402807494b8c9e3991e5c7a6b5 [term 1 LEARNER]: Refusing update from remote peer 28a46b5fd1114c5da03c66a4b945d7e7: Log matching property violated. Preceding OpId in replica: term: 1 index: 2. Preceding OpId from leader: term: 1 index: 3. (index mismatch)
I20260710 11:04:08.437729 24584 consensus_queue.cc:1048] T cff715ef46e24983acaeecc383584101 P 28a46b5fd1114c5da03c66a4b945d7e7 [LEADER]: Connected to new peer: Peer: permanent_uuid: "ca578c402807494b8c9e3991e5c7a6b5" member_type: VOTER last_known_addr { host: "127.22.80.4" port: 38435 } attrs { promote: false }, Status: LMP_MISMATCH, Last received: 0.0, Next index: 3, Last known committed idx: 2, Time since last communication: 0.001s
I20260710 11:04:08.445863 24026 consensus_queue.cc:237] T 14e79bb766a54341824ea6fc11903fda P 2cac1316294143df95d8c4c229df6495 [LEADER]: Queue going to LEADER mode. State: All replicated index: 0, Majority replicated index: 4, Committed index: 4, Last appended: 3.4, Last appended by leader: 2, Current term: 3, Majority size: 2, State: 0, Mode: LEADER, active raft config: opid_index: 5 OBSOLETE_local: false peers { permanent_uuid: "0a18416d5fdc484e8703c5f673c12f60" member_type: VOTER last_known_addr { host: "127.22.80.1" port: 44135 } } peers { permanent_uuid: "2cac1316294143df95d8c4c229df6495" member_type: VOTER last_known_addr { host: "127.22.80.2" port: 37199 } } peers { permanent_uuid: "ca578c402807494b8c9e3991e5c7a6b5" member_type: VOTER last_known_addr { host: "127.22.80.4" port: 38435 } attrs { promote: false } }
I20260710 11:04:08.451210 23953 raft_consensus.cc:1275] T cff715ef46e24983acaeecc383584101 P 0a18416d5fdc484e8703c5f673c12f60 [term 1 FOLLOWER]: Refusing update from remote peer 28a46b5fd1114c5da03c66a4b945d7e7: Log matching property violated. Preceding OpId in replica: term: 1 index: 2. Preceding OpId from leader: term: 1 index: 3. (index mismatch)
I20260710 11:04:08.452433 24030 raft_consensus.cc:1275] T cff715ef46e24983acaeecc383584101 P 2cac1316294143df95d8c4c229df6495 [term 1 FOLLOWER]: Refusing update from remote peer 28a46b5fd1114c5da03c66a4b945d7e7: Log matching property violated. Preceding OpId in replica: term: 1 index: 2. Preceding OpId from leader: term: 1 index: 3. (index mismatch)
I20260710 11:04:08.454253 24517 consensus_queue.cc:1048] T cff715ef46e24983acaeecc383584101 P 28a46b5fd1114c5da03c66a4b945d7e7 [LEADER]: Connected to new peer: Peer: permanent_uuid: "2cac1316294143df95d8c4c229df6495" member_type: VOTER last_known_addr { host: "127.22.80.2" port: 37199 } attrs { replace: true }, Status: LMP_MISMATCH, Last received: 0.0, Next index: 3, Last known committed idx: 2, Time since last communication: 0.000s
I20260710 11:04:08.456238 24517 consensus_queue.cc:1048] T cff715ef46e24983acaeecc383584101 P 28a46b5fd1114c5da03c66a4b945d7e7 [LEADER]: Connected to new peer: Peer: permanent_uuid: "0a18416d5fdc484e8703c5f673c12f60" member_type: VOTER last_known_addr { host: "127.22.80.1" port: 44135 }, Status: LMP_MISMATCH, Last received: 0.0, Next index: 3, Last known committed idx: 2, Time since last communication: 0.000s
I20260710 11:04:08.459411 24368 raft_consensus.cc:1275] T 14e79bb766a54341824ea6fc11903fda P ca578c402807494b8c9e3991e5c7a6b5 [term 3 FOLLOWER]: Refusing update from remote peer 2cac1316294143df95d8c4c229df6495: Log matching property violated. Preceding OpId in replica: term: 3 index: 4. Preceding OpId from leader: term: 3 index: 5. (index mismatch)
I20260710 11:04:08.461076 24614 consensus_queue.cc:1048] T 14e79bb766a54341824ea6fc11903fda P 2cac1316294143df95d8c4c229df6495 [LEADER]: Connected to new peer: Peer: permanent_uuid: "ca578c402807494b8c9e3991e5c7a6b5" member_type: VOTER last_known_addr { host: "127.22.80.4" port: 38435 } attrs { promote: false }, Status: LMP_MISMATCH, Last received: 0.0, Next index: 5, Last known committed idx: 4, Time since last communication: 0.000s
I20260710 11:04:08.470779 24601 raft_consensus.cc:2955] T 14e79bb766a54341824ea6fc11903fda P 2cac1316294143df95d8c4c229df6495 [term 3 LEADER]: Committing config change with OpId 3.5: config changed from index 4 to 5, VOTER 28a46b5fd1114c5da03c66a4b945d7e7 (127.22.80.3) evicted. New config: { opid_index: 5 OBSOLETE_local: false peers { permanent_uuid: "0a18416d5fdc484e8703c5f673c12f60" member_type: VOTER last_known_addr { host: "127.22.80.1" port: 44135 } } peers { permanent_uuid: "2cac1316294143df95d8c4c229df6495" member_type: VOTER last_known_addr { host: "127.22.80.2" port: 37199 } } peers { permanent_uuid: "ca578c402807494b8c9e3991e5c7a6b5" member_type: VOTER last_known_addr { host: "127.22.80.4" port: 38435 } attrs { promote: false } } }
I20260710 11:04:08.477541 24368 raft_consensus.cc:2955] T 14e79bb766a54341824ea6fc11903fda P ca578c402807494b8c9e3991e5c7a6b5 [term 3 FOLLOWER]: Committing config change with OpId 3.5: config changed from index 4 to 5, VOTER 28a46b5fd1114c5da03c66a4b945d7e7 (127.22.80.3) evicted. New config: { opid_index: 5 OBSOLETE_local: false peers { permanent_uuid: "0a18416d5fdc484e8703c5f673c12f60" member_type: VOTER last_known_addr { host: "127.22.80.1" port: 44135 } } peers { permanent_uuid: "2cac1316294143df95d8c4c229df6495" member_type: VOTER last_known_addr { host: "127.22.80.2" port: 37199 } } peers { permanent_uuid: "ca578c402807494b8c9e3991e5c7a6b5" member_type: VOTER last_known_addr { host: "127.22.80.4" port: 38435 } attrs { promote: false } } }
I20260710 11:04:08.489234 23949 raft_consensus.cc:1275] T 14e79bb766a54341824ea6fc11903fda P 0a18416d5fdc484e8703c5f673c12f60 [term 3 FOLLOWER]: Refusing update from remote peer 2cac1316294143df95d8c4c229df6495: Log matching property violated. Preceding OpId in replica: term: 3 index: 4. Preceding OpId from leader: term: 3 index: 5. (index mismatch)
I20260710 11:04:08.496243 24614 consensus_queue.cc:1048] T 14e79bb766a54341824ea6fc11903fda P 2cac1316294143df95d8c4c229df6495 [LEADER]: Connected to new peer: Peer: permanent_uuid: "0a18416d5fdc484e8703c5f673c12f60" member_type: VOTER last_known_addr { host: "127.22.80.1" port: 44135 }, Status: LMP_MISMATCH, Last received: 0.0, Next index: 5, Last known committed idx: 4, Time since last communication: 0.000s
I20260710 11:04:08.500823 23949 raft_consensus.cc:2955] T 14e79bb766a54341824ea6fc11903fda P 0a18416d5fdc484e8703c5f673c12f60 [term 3 FOLLOWER]: Committing config change with OpId 3.5: config changed from index 4 to 5, VOTER 28a46b5fd1114c5da03c66a4b945d7e7 (127.22.80.3) evicted. New config: { opid_index: 5 OBSOLETE_local: false peers { permanent_uuid: "0a18416d5fdc484e8703c5f673c12f60" member_type: VOTER last_known_addr { host: "127.22.80.1" port: 44135 } } peers { permanent_uuid: "2cac1316294143df95d8c4c229df6495" member_type: VOTER last_known_addr { host: "127.22.80.2" port: 37199 } } peers { permanent_uuid: "ca578c402807494b8c9e3991e5c7a6b5" member_type: VOTER last_known_addr { host: "127.22.80.4" port: 38435 } attrs { promote: false } } }
I20260710 11:04:08.521392 23839 catalog_manager.cc:5210] ChangeConfig:REMOVE_PEER RPC for tablet 14e79bb766a54341824ea6fc11903fda with cas_config_opid_index 4: ChangeConfig:REMOVE_PEER succeeded (attempt 1)
I20260710 11:04:08.525444 23852 catalog_manager.cc:5697] T 14e79bb766a54341824ea6fc11903fda P 2cac1316294143df95d8c4c229df6495 reported cstate change: config changed from index 4 to 5, VOTER 28a46b5fd1114c5da03c66a4b945d7e7 (127.22.80.3) evicted. New cstate: current_term: 3 leader_uuid: "2cac1316294143df95d8c4c229df6495" committed_config { opid_index: 5 OBSOLETE_local: false peers { permanent_uuid: "0a18416d5fdc484e8703c5f673c12f60" member_type: VOTER last_known_addr { host: "127.22.80.1" port: 44135 } health_report { overall_health: UNKNOWN } } peers { permanent_uuid: "2cac1316294143df95d8c4c229df6495" member_type: VOTER last_known_addr { host: "127.22.80.2" port: 37199 } health_report { overall_health: HEALTHY } } peers { permanent_uuid: "ca578c402807494b8c9e3991e5c7a6b5" member_type: VOTER last_known_addr { host: "127.22.80.4" port: 38435 } attrs { promote: false } health_report { overall_health: HEALTHY } } }
I20260710 11:04:08.548162 23953 raft_consensus.cc:2955] T cff715ef46e24983acaeecc383584101 P 0a18416d5fdc484e8703c5f673c12f60 [term 1 FOLLOWER]: Committing config change with OpId 1.3: config changed from index 2 to 3, ca578c402807494b8c9e3991e5c7a6b5 (127.22.80.4) changed from NON_VOTER to VOTER. New config: { opid_index: 3 OBSOLETE_local: false peers { permanent_uuid: "0a18416d5fdc484e8703c5f673c12f60" member_type: VOTER last_known_addr { host: "127.22.80.1" port: 44135 } } peers { permanent_uuid: "2cac1316294143df95d8c4c229df6495" member_type: VOTER last_known_addr { host: "127.22.80.2" port: 37199 } attrs { replace: true } } peers { permanent_uuid: "28a46b5fd1114c5da03c66a4b945d7e7" member_type: VOTER last_known_addr { host: "127.22.80.3" port: 40289 } } peers { permanent_uuid: "ca578c402807494b8c9e3991e5c7a6b5" member_type: VOTER last_known_addr { host: "127.22.80.4" port: 38435 } attrs { promote: false } } }
I20260710 11:04:08.559867 24516 raft_consensus.cc:2955] T cff715ef46e24983acaeecc383584101 P 28a46b5fd1114c5da03c66a4b945d7e7 [term 1 LEADER]: Committing config change with OpId 1.3: config changed from index 2 to 3, ca578c402807494b8c9e3991e5c7a6b5 (127.22.80.4) changed from NON_VOTER to VOTER. New config: { opid_index: 3 OBSOLETE_local: false peers { permanent_uuid: "0a18416d5fdc484e8703c5f673c12f60" member_type: VOTER last_known_addr { host: "127.22.80.1" port: 44135 } } peers { permanent_uuid: "2cac1316294143df95d8c4c229df6495" member_type: VOTER last_known_addr { host: "127.22.80.2" port: 37199 } attrs { replace: true } } peers { permanent_uuid: "28a46b5fd1114c5da03c66a4b945d7e7" member_type: VOTER last_known_addr { host: "127.22.80.3" port: 40289 } } peers { permanent_uuid: "ca578c402807494b8c9e3991e5c7a6b5" member_type: VOTER last_known_addr { host: "127.22.80.4" port: 38435 } attrs { promote: false } } }
I20260710 11:04:08.567203 24087 tablet_service.cc:1558] Processing DeleteTablet for tablet 14e79bb766a54341824ea6fc11903fda with delete_type TABLET_DATA_TOMBSTONED (TS 28a46b5fd1114c5da03c66a4b945d7e7 not found in new config with opid_index 5) from {username='slave'} at 127.0.0.1:57866
I20260710 11:04:08.576606 24631 tablet_replica.cc:333] T 14e79bb766a54341824ea6fc11903fda P 28a46b5fd1114c5da03c66a4b945d7e7: stopping tablet replica
I20260710 11:04:08.575623 23852 catalog_manager.cc:5697] T cff715ef46e24983acaeecc383584101 P 0a18416d5fdc484e8703c5f673c12f60 reported cstate change: config changed from index 2 to 3, ca578c402807494b8c9e3991e5c7a6b5 (127.22.80.4) changed from NON_VOTER to VOTER. New cstate: current_term: 1 leader_uuid: "28a46b5fd1114c5da03c66a4b945d7e7" committed_config { opid_index: 3 OBSOLETE_local: false peers { permanent_uuid: "0a18416d5fdc484e8703c5f673c12f60" member_type: VOTER last_known_addr { host: "127.22.80.1" port: 44135 } } peers { permanent_uuid: "2cac1316294143df95d8c4c229df6495" member_type: VOTER last_known_addr { host: "127.22.80.2" port: 37199 } attrs { replace: true } } peers { permanent_uuid: "28a46b5fd1114c5da03c66a4b945d7e7" member_type: VOTER last_known_addr { host: "127.22.80.3" port: 40289 } } peers { permanent_uuid: "ca578c402807494b8c9e3991e5c7a6b5" member_type: VOTER last_known_addr { host: "127.22.80.4" port: 38435 } attrs { promote: false } } }
I20260710 11:04:08.577750 24631 raft_consensus.cc:2243] T 14e79bb766a54341824ea6fc11903fda P 28a46b5fd1114c5da03c66a4b945d7e7 [term 3 FOLLOWER]: Raft consensus shutting down.
I20260710 11:04:08.578756 24631 raft_consensus.cc:2272] T 14e79bb766a54341824ea6fc11903fda P 28a46b5fd1114c5da03c66a4b945d7e7 [term 3 FOLLOWER]: Raft consensus is shut down!
I20260710 11:04:08.577618 24370 raft_consensus.cc:2955] T cff715ef46e24983acaeecc383584101 P ca578c402807494b8c9e3991e5c7a6b5 [term 1 FOLLOWER]: Committing config change with OpId 1.3: config changed from index 2 to 3, ca578c402807494b8c9e3991e5c7a6b5 (127.22.80.4) changed from NON_VOTER to VOTER. New config: { opid_index: 3 OBSOLETE_local: false peers { permanent_uuid: "0a18416d5fdc484e8703c5f673c12f60" member_type: VOTER last_known_addr { host: "127.22.80.1" port: 44135 } } peers { permanent_uuid: "2cac1316294143df95d8c4c229df6495" member_type: VOTER last_known_addr { host: "127.22.80.2" port: 37199 } attrs { replace: true } } peers { permanent_uuid: "28a46b5fd1114c5da03c66a4b945d7e7" member_type: VOTER last_known_addr { host: "127.22.80.3" port: 40289 } } peers { permanent_uuid: "ca578c402807494b8c9e3991e5c7a6b5" member_type: VOTER last_known_addr { host: "127.22.80.4" port: 38435 } attrs { promote: false } } }
I20260710 11:04:08.583938 24631 ts_tablet_manager.cc:1916] T 14e79bb766a54341824ea6fc11903fda P 28a46b5fd1114c5da03c66a4b945d7e7: Deleting tablet data with delete state TABLET_DATA_TOMBSTONED
I20260710 11:04:08.605646 24631 ts_tablet_manager.cc:1929] T 14e79bb766a54341824ea6fc11903fda P 28a46b5fd1114c5da03c66a4b945d7e7: tablet deleted with delete type TABLET_DATA_TOMBSTONED: last-logged OpId 3.4
I20260710 11:04:08.606220 24631 log.cc:1199] T 14e79bb766a54341824ea6fc11903fda P 28a46b5fd1114c5da03c66a4b945d7e7: Deleting WAL directory at /tmp/dist-test-taskHQnG69/test-tmp/auto_leader_rebalancer-test.0.LeaderRebalancerTest.AddTserver.1783681409648539-22848-0/minicluster-data/ts-2-root/wals/14e79bb766a54341824ea6fc11903fda
I20260710 11:04:08.608031 23839 catalog_manager.cc:5028] TS 28a46b5fd1114c5da03c66a4b945d7e7 (127.22.80.3:40289): tablet 14e79bb766a54341824ea6fc11903fda (table test-workload [id=80c74f1c23014dcc9c2538fca39f0e59]) successfully deleted
I20260710 11:04:08.612219 24030 raft_consensus.cc:2955] T cff715ef46e24983acaeecc383584101 P 2cac1316294143df95d8c4c229df6495 [term 1 FOLLOWER]: Committing config change with OpId 1.3: config changed from index 2 to 3, ca578c402807494b8c9e3991e5c7a6b5 (127.22.80.4) changed from NON_VOTER to VOTER. New config: { opid_index: 3 OBSOLETE_local: false peers { permanent_uuid: "0a18416d5fdc484e8703c5f673c12f60" member_type: VOTER last_known_addr { host: "127.22.80.1" port: 44135 } } peers { permanent_uuid: "2cac1316294143df95d8c4c229df6495" member_type: VOTER last_known_addr { host: "127.22.80.2" port: 37199 } attrs { replace: true } } peers { permanent_uuid: "28a46b5fd1114c5da03c66a4b945d7e7" member_type: VOTER last_known_addr { host: "127.22.80.3" port: 40289 } } peers { permanent_uuid: "ca578c402807494b8c9e3991e5c7a6b5" member_type: VOTER last_known_addr { host: "127.22.80.4" port: 38435 } attrs { promote: false } } }
I20260710 11:04:08.629439 24099 consensus_queue.cc:237] T cff715ef46e24983acaeecc383584101 P 28a46b5fd1114c5da03c66a4b945d7e7 [LEADER]: Queue going to LEADER mode. State: All replicated index: 0, Majority replicated index: 3, Committed index: 3, Last appended: 1.3, Last appended by leader: 0, Current term: 1, Majority size: 2, State: 0, Mode: LEADER, active raft config: opid_index: 4 OBSOLETE_local: false peers { permanent_uuid: "0a18416d5fdc484e8703c5f673c12f60" member_type: VOTER last_known_addr { host: "127.22.80.1" port: 44135 } } peers { permanent_uuid: "28a46b5fd1114c5da03c66a4b945d7e7" member_type: VOTER last_known_addr { host: "127.22.80.3" port: 40289 } } peers { permanent_uuid: "ca578c402807494b8c9e3991e5c7a6b5" member_type: VOTER last_known_addr { host: "127.22.80.4" port: 38435 } attrs { promote: false } }
I20260710 11:04:08.636657 24370 raft_consensus.cc:1275] T cff715ef46e24983acaeecc383584101 P ca578c402807494b8c9e3991e5c7a6b5 [term 1 FOLLOWER]: Refusing update from remote peer 28a46b5fd1114c5da03c66a4b945d7e7: Log matching property violated. Preceding OpId in replica: term: 1 index: 3. Preceding OpId from leader: term: 1 index: 4. (index mismatch)
I20260710 11:04:08.638087 23953 raft_consensus.cc:1275] T cff715ef46e24983acaeecc383584101 P 0a18416d5fdc484e8703c5f673c12f60 [term 1 FOLLOWER]: Refusing update from remote peer 28a46b5fd1114c5da03c66a4b945d7e7: Log matching property violated. Preceding OpId in replica: term: 1 index: 3. Preceding OpId from leader: term: 1 index: 4. (index mismatch)
I20260710 11:04:08.638460 24516 consensus_queue.cc:1048] T cff715ef46e24983acaeecc383584101 P 28a46b5fd1114c5da03c66a4b945d7e7 [LEADER]: Connected to new peer: Peer: permanent_uuid: "ca578c402807494b8c9e3991e5c7a6b5" member_type: VOTER last_known_addr { host: "127.22.80.4" port: 38435 } attrs { promote: false }, Status: LMP_MISMATCH, Last received: 0.0, Next index: 4, Last known committed idx: 3, Time since last communication: 0.000s
I20260710 11:04:08.639721 24517 consensus_queue.cc:1048] T cff715ef46e24983acaeecc383584101 P 28a46b5fd1114c5da03c66a4b945d7e7 [LEADER]: Connected to new peer: Peer: permanent_uuid: "0a18416d5fdc484e8703c5f673c12f60" member_type: VOTER last_known_addr { host: "127.22.80.1" port: 44135 }, Status: LMP_MISMATCH, Last received: 0.0, Next index: 4, Last known committed idx: 3, Time since last communication: 0.000s
I20260710 11:04:08.650764 24370 raft_consensus.cc:2955] T cff715ef46e24983acaeecc383584101 P ca578c402807494b8c9e3991e5c7a6b5 [term 1 FOLLOWER]: Committing config change with OpId 1.4: config changed from index 3 to 4, VOTER 2cac1316294143df95d8c4c229df6495 (127.22.80.2) evicted. New config: { opid_index: 4 OBSOLETE_local: false peers { permanent_uuid: "0a18416d5fdc484e8703c5f673c12f60" member_type: VOTER last_known_addr { host: "127.22.80.1" port: 44135 } } peers { permanent_uuid: "28a46b5fd1114c5da03c66a4b945d7e7" member_type: VOTER last_known_addr { host: "127.22.80.3" port: 40289 } } peers { permanent_uuid: "ca578c402807494b8c9e3991e5c7a6b5" member_type: VOTER last_known_addr { host: "127.22.80.4" port: 38435 } attrs { promote: false } } }
I20260710 11:04:08.651495 24630 raft_consensus.cc:2955] T cff715ef46e24983acaeecc383584101 P 28a46b5fd1114c5da03c66a4b945d7e7 [term 1 LEADER]: Committing config change with OpId 1.4: config changed from index 3 to 4, VOTER 2cac1316294143df95d8c4c229df6495 (127.22.80.2) evicted. New config: { opid_index: 4 OBSOLETE_local: false peers { permanent_uuid: "0a18416d5fdc484e8703c5f673c12f60" member_type: VOTER last_known_addr { host: "127.22.80.1" port: 44135 } } peers { permanent_uuid: "28a46b5fd1114c5da03c66a4b945d7e7" member_type: VOTER last_known_addr { host: "127.22.80.3" port: 40289 } } peers { permanent_uuid: "ca578c402807494b8c9e3991e5c7a6b5" member_type: VOTER last_known_addr { host: "127.22.80.4" port: 38435 } attrs { promote: false } } }
I20260710 11:04:08.672516 23953 raft_consensus.cc:2955] T cff715ef46e24983acaeecc383584101 P 0a18416d5fdc484e8703c5f673c12f60 [term 1 FOLLOWER]: Committing config change with OpId 1.4: config changed from index 3 to 4, VOTER 2cac1316294143df95d8c4c229df6495 (127.22.80.2) evicted. New config: { opid_index: 4 OBSOLETE_local: false peers { permanent_uuid: "0a18416d5fdc484e8703c5f673c12f60" member_type: VOTER last_known_addr { host: "127.22.80.1" port: 44135 } } peers { permanent_uuid: "28a46b5fd1114c5da03c66a4b945d7e7" member_type: VOTER last_known_addr { host: "127.22.80.3" port: 40289 } } peers { permanent_uuid: "ca578c402807494b8c9e3991e5c7a6b5" member_type: VOTER last_known_addr { host: "127.22.80.4" port: 38435 } attrs { promote: false } } }
I20260710 11:04:08.674037 23855 catalog_manager.cc:5697] T cff715ef46e24983acaeecc383584101 P ca578c402807494b8c9e3991e5c7a6b5 reported cstate change: config changed from index 3 to 4, VOTER 2cac1316294143df95d8c4c229df6495 (127.22.80.2) evicted. New cstate: current_term: 1 leader_uuid: "28a46b5fd1114c5da03c66a4b945d7e7" committed_config { opid_index: 4 OBSOLETE_local: false peers { permanent_uuid: "0a18416d5fdc484e8703c5f673c12f60" member_type: VOTER last_known_addr { host: "127.22.80.1" port: 44135 } } peers { permanent_uuid: "28a46b5fd1114c5da03c66a4b945d7e7" member_type: VOTER last_known_addr { host: "127.22.80.3" port: 40289 } } peers { permanent_uuid: "ca578c402807494b8c9e3991e5c7a6b5" member_type: VOTER last_known_addr { host: "127.22.80.4" port: 38435 } attrs { promote: false } } }
I20260710 11:04:08.682281 23839 catalog_manager.cc:5210] ChangeConfig:REMOVE_PEER RPC for tablet cff715ef46e24983acaeecc383584101 with cas_config_opid_index 3: ChangeConfig:REMOVE_PEER succeeded (attempt 1)
I20260710 11:04:08.693655 24022 tablet_service.cc:1558] Processing DeleteTablet for tablet cff715ef46e24983acaeecc383584101 with delete_type TABLET_DATA_TOMBSTONED (TS 2cac1316294143df95d8c4c229df6495 not found in new config with opid_index 4) from {username='slave'} at 127.0.0.1:60178
I20260710 11:04:08.699311 24632 tablet_replica.cc:333] T cff715ef46e24983acaeecc383584101 P 2cac1316294143df95d8c4c229df6495: stopping tablet replica
I20260710 11:04:08.700287 24632 raft_consensus.cc:2243] T cff715ef46e24983acaeecc383584101 P 2cac1316294143df95d8c4c229df6495 [term 1 FOLLOWER]: Raft consensus shutting down.
I20260710 11:04:08.701013 24632 raft_consensus.cc:2272] T cff715ef46e24983acaeecc383584101 P 2cac1316294143df95d8c4c229df6495 [term 1 FOLLOWER]: Raft consensus is shut down!
I20260710 11:04:08.704321 24632 ts_tablet_manager.cc:1916] T cff715ef46e24983acaeecc383584101 P 2cac1316294143df95d8c4c229df6495: Deleting tablet data with delete state TABLET_DATA_TOMBSTONED
I20260710 11:04:08.715839 24632 ts_tablet_manager.cc:1929] T cff715ef46e24983acaeecc383584101 P 2cac1316294143df95d8c4c229df6495: tablet deleted with delete type TABLET_DATA_TOMBSTONED: last-logged OpId 1.3
I20260710 11:04:08.716236 24632 log.cc:1199] T cff715ef46e24983acaeecc383584101 P 2cac1316294143df95d8c4c229df6495: Deleting WAL directory at /tmp/dist-test-taskHQnG69/test-tmp/auto_leader_rebalancer-test.0.LeaderRebalancerTest.AddTserver.1783681409648539-22848-0/minicluster-data/ts-1-root/wals/cff715ef46e24983acaeecc383584101
I20260710 11:04:08.717823 23839 catalog_manager.cc:5028] TS 2cac1316294143df95d8c4c229df6495 (127.22.80.2:37199): tablet cff715ef46e24983acaeecc383584101 (table test-workload [id=80c74f1c23014dcc9c2538fca39f0e59]) successfully deleted
I20260710 11:04:09.731376 24099 consensus_queue.cc:237] T ba92f4d984804c2d85f7c87abd0c3537 P 28a46b5fd1114c5da03c66a4b945d7e7 [LEADER]: Queue going to LEADER mode. State: All replicated index: 0, Majority replicated index: 1, Committed index: 1, Last appended: 1.1, Last appended by leader: 0, Current term: 1, Majority size: 2, State: 0, Mode: LEADER, active raft config: opid_index: 2 OBSOLETE_local: false peers { permanent_uuid: "0a18416d5fdc484e8703c5f673c12f60" member_type: VOTER last_known_addr { host: "127.22.80.1" port: 44135 } } peers { permanent_uuid: "2cac1316294143df95d8c4c229df6495" member_type: VOTER last_known_addr { host: "127.22.80.2" port: 37199 } attrs { replace: true } } peers { permanent_uuid: "28a46b5fd1114c5da03c66a4b945d7e7" member_type: VOTER last_known_addr { host: "127.22.80.3" port: 40289 } } peers { permanent_uuid: "ca578c402807494b8c9e3991e5c7a6b5" member_type: NON_VOTER last_known_addr { host: "127.22.80.4" port: 38435 } attrs { promote: true } }
I20260710 11:04:09.737371 24030 raft_consensus.cc:1275] T ba92f4d984804c2d85f7c87abd0c3537 P 2cac1316294143df95d8c4c229df6495 [term 1 FOLLOWER]: Refusing update from remote peer 28a46b5fd1114c5da03c66a4b945d7e7: Log matching property violated. Preceding OpId in replica: term: 1 index: 1. Preceding OpId from leader: term: 1 index: 2. (index mismatch)
I20260710 11:04:09.737398 23953 raft_consensus.cc:1275] T ba92f4d984804c2d85f7c87abd0c3537 P 0a18416d5fdc484e8703c5f673c12f60 [term 1 FOLLOWER]: Refusing update from remote peer 28a46b5fd1114c5da03c66a4b945d7e7: Log matching property violated. Preceding OpId in replica: term: 1 index: 1. Preceding OpId from leader: term: 1 index: 2. (index mismatch)
W20260710 11:04:09.737864 24070 consensus_peers.cc:597] T ba92f4d984804c2d85f7c87abd0c3537 P 28a46b5fd1114c5da03c66a4b945d7e7 -> Peer ca578c402807494b8c9e3991e5c7a6b5 (127.22.80.4:38435): Couldn't send request to peer ca578c402807494b8c9e3991e5c7a6b5. Error code: TABLET_NOT_FOUND (6). Status: Not found: Tablet not found: ba92f4d984804c2d85f7c87abd0c3537. This is attempt 1: this message will repeat every 5th retry.
I20260710 11:04:09.738648 24516 consensus_queue.cc:1048] T ba92f4d984804c2d85f7c87abd0c3537 P 28a46b5fd1114c5da03c66a4b945d7e7 [LEADER]: Connected to new peer: Peer: permanent_uuid: "2cac1316294143df95d8c4c229df6495" member_type: VOTER last_known_addr { host: "127.22.80.2" port: 37199 } attrs { replace: true }, Status: LMP_MISMATCH, Last received: 0.0, Next index: 2, Last known committed idx: 1, Time since last communication: 0.000s
I20260710 11:04:09.739421 24517 consensus_queue.cc:1048] T ba92f4d984804c2d85f7c87abd0c3537 P 28a46b5fd1114c5da03c66a4b945d7e7 [LEADER]: Connected to new peer: Peer: permanent_uuid: "0a18416d5fdc484e8703c5f673c12f60" member_type: VOTER last_known_addr { host: "127.22.80.1" port: 44135 }, Status: LMP_MISMATCH, Last received: 0.0, Next index: 2, Last known committed idx: 1, Time since last communication: 0.000s
I20260710 11:04:09.746716 24517 raft_consensus.cc:2955] T ba92f4d984804c2d85f7c87abd0c3537 P 28a46b5fd1114c5da03c66a4b945d7e7 [term 1 LEADER]: Committing config change with OpId 1.2: config changed from index -1 to 2, NON_VOTER ca578c402807494b8c9e3991e5c7a6b5 (127.22.80.4) added. New config: { opid_index: 2 OBSOLETE_local: false peers { permanent_uuid: "0a18416d5fdc484e8703c5f673c12f60" member_type: VOTER last_known_addr { host: "127.22.80.1" port: 44135 } } peers { permanent_uuid: "2cac1316294143df95d8c4c229df6495" member_type: VOTER last_known_addr { host: "127.22.80.2" port: 37199 } attrs { replace: true } } peers { permanent_uuid: "28a46b5fd1114c5da03c66a4b945d7e7" member_type: VOTER last_known_addr { host: "127.22.80.3" port: 40289 } } peers { permanent_uuid: "ca578c402807494b8c9e3991e5c7a6b5" member_type: NON_VOTER last_known_addr { host: "127.22.80.4" port: 38435 } attrs { promote: true } } }
I20260710 11:04:09.749034 24030 raft_consensus.cc:2955] T ba92f4d984804c2d85f7c87abd0c3537 P 2cac1316294143df95d8c4c229df6495 [term 1 FOLLOWER]: Committing config change with OpId 1.2: config changed from index -1 to 2, NON_VOTER ca578c402807494b8c9e3991e5c7a6b5 (127.22.80.4) added. New config: { opid_index: 2 OBSOLETE_local: false peers { permanent_uuid: "0a18416d5fdc484e8703c5f673c12f60" member_type: VOTER last_known_addr { host: "127.22.80.1" port: 44135 } } peers { permanent_uuid: "2cac1316294143df95d8c4c229df6495" member_type: VOTER last_known_addr { host: "127.22.80.2" port: 37199 } attrs { replace: true } } peers { permanent_uuid: "28a46b5fd1114c5da03c66a4b945d7e7" member_type: VOTER last_known_addr { host: "127.22.80.3" port: 40289 } } peers { permanent_uuid: "ca578c402807494b8c9e3991e5c7a6b5" member_type: NON_VOTER last_known_addr { host: "127.22.80.4" port: 38435 } attrs { promote: true } } }
I20260710 11:04:09.750192 23953 raft_consensus.cc:2955] T ba92f4d984804c2d85f7c87abd0c3537 P 0a18416d5fdc484e8703c5f673c12f60 [term 1 FOLLOWER]: Committing config change with OpId 1.2: config changed from index -1 to 2, NON_VOTER ca578c402807494b8c9e3991e5c7a6b5 (127.22.80.4) added. New config: { opid_index: 2 OBSOLETE_local: false peers { permanent_uuid: "0a18416d5fdc484e8703c5f673c12f60" member_type: VOTER last_known_addr { host: "127.22.80.1" port: 44135 } } peers { permanent_uuid: "2cac1316294143df95d8c4c229df6495" member_type: VOTER last_known_addr { host: "127.22.80.2" port: 37199 } attrs { replace: true } } peers { permanent_uuid: "28a46b5fd1114c5da03c66a4b945d7e7" member_type: VOTER last_known_addr { host: "127.22.80.3" port: 40289 } } peers { permanent_uuid: "ca578c402807494b8c9e3991e5c7a6b5" member_type: NON_VOTER last_known_addr { host: "127.22.80.4" port: 38435 } attrs { promote: true } } }
I20260710 11:04:09.759927 23852 catalog_manager.cc:5697] T ba92f4d984804c2d85f7c87abd0c3537 P 28a46b5fd1114c5da03c66a4b945d7e7 reported cstate change: config changed from index -1 to 2, NON_VOTER ca578c402807494b8c9e3991e5c7a6b5 (127.22.80.4) added. New cstate: current_term: 1 leader_uuid: "28a46b5fd1114c5da03c66a4b945d7e7" committed_config { opid_index: 2 OBSOLETE_local: false peers { permanent_uuid: "0a18416d5fdc484e8703c5f673c12f60" member_type: VOTER last_known_addr { host: "127.22.80.1" port: 44135 } health_report { overall_health: HEALTHY } } peers { permanent_uuid: "2cac1316294143df95d8c4c229df6495" member_type: VOTER last_known_addr { host: "127.22.80.2" port: 37199 } attrs { replace: true } health_report { overall_health: HEALTHY } } peers { permanent_uuid: "28a46b5fd1114c5da03c66a4b945d7e7" member_type: VOTER last_known_addr { host: "127.22.80.3" port: 40289 } health_report { overall_health: HEALTHY } } peers { permanent_uuid: "ca578c402807494b8c9e3991e5c7a6b5" member_type: NON_VOTER last_known_addr { host: "127.22.80.4" port: 38435 } attrs { promote: true } health_report { overall_health: UNKNOWN } } }
I20260710 11:04:09.764824 24099 consensus_queue.cc:237] T d910fa7323434620ab101c13c1329159 P 28a46b5fd1114c5da03c66a4b945d7e7 [LEADER]: Queue going to LEADER mode. State: All replicated index: 0, Majority replicated index: 2, Committed index: 2, Last appended: 2.2, Last appended by leader: 1, Current term: 2, Majority size: 2, State: 0, Mode: LEADER, active raft config: opid_index: 3 OBSOLETE_local: false peers { permanent_uuid: "0a18416d5fdc484e8703c5f673c12f60" member_type: VOTER last_known_addr { host: "127.22.80.1" port: 44135 } attrs { replace: true } } peers { permanent_uuid: "2cac1316294143df95d8c4c229df6495" member_type: VOTER last_known_addr { host: "127.22.80.2" port: 37199 } } peers { permanent_uuid: "28a46b5fd1114c5da03c66a4b945d7e7" member_type: VOTER last_known_addr { host: "127.22.80.3" port: 40289 } } peers { permanent_uuid: "ca578c402807494b8c9e3991e5c7a6b5" member_type: NON_VOTER last_known_addr { host: "127.22.80.4" port: 38435 } attrs { promote: true } }
W20260710 11:04:09.774034 24070 consensus_peers.cc:597] T d910fa7323434620ab101c13c1329159 P 28a46b5fd1114c5da03c66a4b945d7e7 -> Peer ca578c402807494b8c9e3991e5c7a6b5 (127.22.80.4:38435): Couldn't send request to peer ca578c402807494b8c9e3991e5c7a6b5. Error code: TABLET_NOT_FOUND (6). Status: Not found: Tablet not found: d910fa7323434620ab101c13c1329159. This is attempt 1: this message will repeat every 5th retry.
I20260710 11:04:09.775395 24030 raft_consensus.cc:1275] T d910fa7323434620ab101c13c1329159 P 2cac1316294143df95d8c4c229df6495 [term 2 FOLLOWER]: Refusing update from remote peer 28a46b5fd1114c5da03c66a4b945d7e7: Log matching property violated. Preceding OpId in replica: term: 2 index: 2. Preceding OpId from leader: term: 2 index: 3. (index mismatch)
I20260710 11:04:09.776413 23953 raft_consensus.cc:1275] T d910fa7323434620ab101c13c1329159 P 0a18416d5fdc484e8703c5f673c12f60 [term 2 FOLLOWER]: Refusing update from remote peer 28a46b5fd1114c5da03c66a4b945d7e7: Log matching property violated. Preceding OpId in replica: term: 2 index: 2. Preceding OpId from leader: term: 2 index: 3. (index mismatch)
I20260710 11:04:09.777588 24517 consensus_queue.cc:1048] T d910fa7323434620ab101c13c1329159 P 28a46b5fd1114c5da03c66a4b945d7e7 [LEADER]: Connected to new peer: Peer: permanent_uuid: "2cac1316294143df95d8c4c229df6495" member_type: VOTER last_known_addr { host: "127.22.80.2" port: 37199 }, Status: LMP_MISMATCH, Last received: 0.0, Next index: 3, Last known committed idx: 2, Time since last communication: 0.000s
I20260710 11:04:09.778669 24630 consensus_queue.cc:1048] T d910fa7323434620ab101c13c1329159 P 28a46b5fd1114c5da03c66a4b945d7e7 [LEADER]: Connected to new peer: Peer: permanent_uuid: "0a18416d5fdc484e8703c5f673c12f60" member_type: VOTER last_known_addr { host: "127.22.80.1" port: 44135 } attrs { replace: true }, Status: LMP_MISMATCH, Last received: 0.0, Next index: 3, Last known committed idx: 2, Time since last communication: 0.000s
I20260710 11:04:09.788913 24516 raft_consensus.cc:2955] T d910fa7323434620ab101c13c1329159 P 28a46b5fd1114c5da03c66a4b945d7e7 [term 2 LEADER]: Committing config change with OpId 2.3: config changed from index -1 to 3, NON_VOTER ca578c402807494b8c9e3991e5c7a6b5 (127.22.80.4) added. New config: { opid_index: 3 OBSOLETE_local: false peers { permanent_uuid: "0a18416d5fdc484e8703c5f673c12f60" member_type: VOTER last_known_addr { host: "127.22.80.1" port: 44135 } attrs { replace: true } } peers { permanent_uuid: "2cac1316294143df95d8c4c229df6495" member_type: VOTER last_known_addr { host: "127.22.80.2" port: 37199 } } peers { permanent_uuid: "28a46b5fd1114c5da03c66a4b945d7e7" member_type: VOTER last_known_addr { host: "127.22.80.3" port: 40289 } } peers { permanent_uuid: "ca578c402807494b8c9e3991e5c7a6b5" member_type: NON_VOTER last_known_addr { host: "127.22.80.4" port: 38435 } attrs { promote: true } } }
I20260710 11:04:09.790342 24030 raft_consensus.cc:2955] T d910fa7323434620ab101c13c1329159 P 2cac1316294143df95d8c4c229df6495 [term 2 FOLLOWER]: Committing config change with OpId 2.3: config changed from index -1 to 3, NON_VOTER ca578c402807494b8c9e3991e5c7a6b5 (127.22.80.4) added. New config: { opid_index: 3 OBSOLETE_local: false peers { permanent_uuid: "0a18416d5fdc484e8703c5f673c12f60" member_type: VOTER last_known_addr { host: "127.22.80.1" port: 44135 } attrs { replace: true } } peers { permanent_uuid: "2cac1316294143df95d8c4c229df6495" member_type: VOTER last_known_addr { host: "127.22.80.2" port: 37199 } } peers { permanent_uuid: "28a46b5fd1114c5da03c66a4b945d7e7" member_type: VOTER last_known_addr { host: "127.22.80.3" port: 40289 } } peers { permanent_uuid: "ca578c402807494b8c9e3991e5c7a6b5" member_type: NON_VOTER last_known_addr { host: "127.22.80.4" port: 38435 } attrs { promote: true } } }
I20260710 11:04:09.801482 23953 raft_consensus.cc:2955] T d910fa7323434620ab101c13c1329159 P 0a18416d5fdc484e8703c5f673c12f60 [term 2 FOLLOWER]: Committing config change with OpId 2.3: config changed from index -1 to 3, NON_VOTER ca578c402807494b8c9e3991e5c7a6b5 (127.22.80.4) added. New config: { opid_index: 3 OBSOLETE_local: false peers { permanent_uuid: "0a18416d5fdc484e8703c5f673c12f60" member_type: VOTER last_known_addr { host: "127.22.80.1" port: 44135 } attrs { replace: true } } peers { permanent_uuid: "2cac1316294143df95d8c4c229df6495" member_type: VOTER last_known_addr { host: "127.22.80.2" port: 37199 } } peers { permanent_uuid: "28a46b5fd1114c5da03c66a4b945d7e7" member_type: VOTER last_known_addr { host: "127.22.80.3" port: 40289 } } peers { permanent_uuid: "ca578c402807494b8c9e3991e5c7a6b5" member_type: NON_VOTER last_known_addr { host: "127.22.80.4" port: 38435 } attrs { promote: true } } }
I20260710 11:04:09.804380 23853 catalog_manager.cc:5697] T d910fa7323434620ab101c13c1329159 P 2cac1316294143df95d8c4c229df6495 reported cstate change: config changed from index -1 to 3, NON_VOTER ca578c402807494b8c9e3991e5c7a6b5 (127.22.80.4) added. New cstate: current_term: 2 leader_uuid: "28a46b5fd1114c5da03c66a4b945d7e7" committed_config { opid_index: 3 OBSOLETE_local: false peers { permanent_uuid: "0a18416d5fdc484e8703c5f673c12f60" member_type: VOTER last_known_addr { host: "127.22.80.1" port: 44135 } attrs { replace: true } } peers { permanent_uuid: "2cac1316294143df95d8c4c229df6495" member_type: VOTER last_known_addr { host: "127.22.80.2" port: 37199 } } peers { permanent_uuid: "28a46b5fd1114c5da03c66a4b945d7e7" member_type: VOTER last_known_addr { host: "127.22.80.3" port: 40289 } } peers { permanent_uuid: "ca578c402807494b8c9e3991e5c7a6b5" member_type: NON_VOTER last_known_addr { host: "127.22.80.4" port: 38435 } attrs { promote: true } } }
I20260710 11:04:09.807107 24099 consensus_queue.cc:237] T 3fbf342a4fee4a449ecc201a6f8bf257 P 28a46b5fd1114c5da03c66a4b945d7e7 [LEADER]: Queue going to LEADER mode. State: All replicated index: 0, Majority replicated index: 1, Committed index: 1, Last appended: 1.1, Last appended by leader: 0, Current term: 1, Majority size: 2, State: 0, Mode: LEADER, active raft config: opid_index: 2 OBSOLETE_local: false peers { permanent_uuid: "0a18416d5fdc484e8703c5f673c12f60" member_type: VOTER last_known_addr { host: "127.22.80.1" port: 44135 } } peers { permanent_uuid: "2cac1316294143df95d8c4c229df6495" member_type: VOTER last_known_addr { host: "127.22.80.2" port: 37199 } attrs { replace: true } } peers { permanent_uuid: "28a46b5fd1114c5da03c66a4b945d7e7" member_type: VOTER last_known_addr { host: "127.22.80.3" port: 40289 } } peers { permanent_uuid: "ca578c402807494b8c9e3991e5c7a6b5" member_type: NON_VOTER last_known_addr { host: "127.22.80.4" port: 38435 } attrs { promote: true } }
I20260710 11:04:09.817960 24023 raft_consensus.cc:1275] T 3fbf342a4fee4a449ecc201a6f8bf257 P 2cac1316294143df95d8c4c229df6495 [term 1 FOLLOWER]: Refusing update from remote peer 28a46b5fd1114c5da03c66a4b945d7e7: Log matching property violated. Preceding OpId in replica: term: 1 index: 1. Preceding OpId from leader: term: 1 index: 2. (index mismatch)
W20260710 11:04:09.818131 24070 consensus_peers.cc:597] T 3fbf342a4fee4a449ecc201a6f8bf257 P 28a46b5fd1114c5da03c66a4b945d7e7 -> Peer ca578c402807494b8c9e3991e5c7a6b5 (127.22.80.4:38435): Couldn't send request to peer ca578c402807494b8c9e3991e5c7a6b5. Error code: TABLET_NOT_FOUND (6). Status: Not found: Tablet not found: 3fbf342a4fee4a449ecc201a6f8bf257. This is attempt 1: this message will repeat every 5th retry.
I20260710 11:04:09.818331 23953 raft_consensus.cc:1275] T 3fbf342a4fee4a449ecc201a6f8bf257 P 0a18416d5fdc484e8703c5f673c12f60 [term 1 FOLLOWER]: Refusing update from remote peer 28a46b5fd1114c5da03c66a4b945d7e7: Log matching property violated. Preceding OpId in replica: term: 1 index: 1. Preceding OpId from leader: term: 1 index: 2. (index mismatch)
I20260710 11:04:09.820061 24517 consensus_queue.cc:1048] T 3fbf342a4fee4a449ecc201a6f8bf257 P 28a46b5fd1114c5da03c66a4b945d7e7 [LEADER]: Connected to new peer: Peer: permanent_uuid: "2cac1316294143df95d8c4c229df6495" member_type: VOTER last_known_addr { host: "127.22.80.2" port: 37199 } attrs { replace: true }, Status: LMP_MISMATCH, Last received: 0.0, Next index: 2, Last known committed idx: 1, Time since last communication: 0.000s
I20260710 11:04:09.822266 24517 consensus_queue.cc:1048] T 3fbf342a4fee4a449ecc201a6f8bf257 P 28a46b5fd1114c5da03c66a4b945d7e7 [LEADER]: Connected to new peer: Peer: permanent_uuid: "0a18416d5fdc484e8703c5f673c12f60" member_type: VOTER last_known_addr { host: "127.22.80.1" port: 44135 }, Status: LMP_MISMATCH, Last received: 0.0, Next index: 2, Last known committed idx: 1, Time since last communication: 0.000s
I20260710 11:04:09.828660 24630 raft_consensus.cc:2955] T 3fbf342a4fee4a449ecc201a6f8bf257 P 28a46b5fd1114c5da03c66a4b945d7e7 [term 1 LEADER]: Committing config change with OpId 1.2: config changed from index -1 to 2, NON_VOTER ca578c402807494b8c9e3991e5c7a6b5 (127.22.80.4) added. New config: { opid_index: 2 OBSOLETE_local: false peers { permanent_uuid: "0a18416d5fdc484e8703c5f673c12f60" member_type: VOTER last_known_addr { host: "127.22.80.1" port: 44135 } } peers { permanent_uuid: "2cac1316294143df95d8c4c229df6495" member_type: VOTER last_known_addr { host: "127.22.80.2" port: 37199 } attrs { replace: true } } peers { permanent_uuid: "28a46b5fd1114c5da03c66a4b945d7e7" member_type: VOTER last_known_addr { host: "127.22.80.3" port: 40289 } } peers { permanent_uuid: "ca578c402807494b8c9e3991e5c7a6b5" member_type: NON_VOTER last_known_addr { host: "127.22.80.4" port: 38435 } attrs { promote: true } } }
I20260710 11:04:09.833806 24030 raft_consensus.cc:2955] T 3fbf342a4fee4a449ecc201a6f8bf257 P 2cac1316294143df95d8c4c229df6495 [term 1 FOLLOWER]: Committing config change with OpId 1.2: config changed from index -1 to 2, NON_VOTER ca578c402807494b8c9e3991e5c7a6b5 (127.22.80.4) added. New config: { opid_index: 2 OBSOLETE_local: false peers { permanent_uuid: "0a18416d5fdc484e8703c5f673c12f60" member_type: VOTER last_known_addr { host: "127.22.80.1" port: 44135 } } peers { permanent_uuid: "2cac1316294143df95d8c4c229df6495" member_type: VOTER last_known_addr { host: "127.22.80.2" port: 37199 } attrs { replace: true } } peers { permanent_uuid: "28a46b5fd1114c5da03c66a4b945d7e7" member_type: VOTER last_known_addr { host: "127.22.80.3" port: 40289 } } peers { permanent_uuid: "ca578c402807494b8c9e3991e5c7a6b5" member_type: NON_VOTER last_known_addr { host: "127.22.80.4" port: 38435 } attrs { promote: true } } }
I20260710 11:04:09.841758 24099 consensus_queue.cc:237] T f2ea7c1738e1406aaed8241c9fbef632 P 28a46b5fd1114c5da03c66a4b945d7e7 [LEADER]: Queue going to LEADER mode. State: All replicated index: 0, Majority replicated index: 1, Committed index: 1, Last appended: 1.1, Last appended by leader: 0, Current term: 1, Majority size: 2, State: 0, Mode: LEADER, active raft config: opid_index: 2 OBSOLETE_local: false peers { permanent_uuid: "0a18416d5fdc484e8703c5f673c12f60" member_type: VOTER last_known_addr { host: "127.22.80.1" port: 44135 } attrs { replace: true } } peers { permanent_uuid: "2cac1316294143df95d8c4c229df6495" member_type: VOTER last_known_addr { host: "127.22.80.2" port: 37199 } } peers { permanent_uuid: "28a46b5fd1114c5da03c66a4b945d7e7" member_type: VOTER last_known_addr { host: "127.22.80.3" port: 40289 } } peers { permanent_uuid: "ca578c402807494b8c9e3991e5c7a6b5" member_type: NON_VOTER last_known_addr { host: "127.22.80.4" port: 38435 } attrs { promote: true } }
I20260710 11:04:09.844965 23855 catalog_manager.cc:5697] T 3fbf342a4fee4a449ecc201a6f8bf257 P 28a46b5fd1114c5da03c66a4b945d7e7 reported cstate change: config changed from index -1 to 2, NON_VOTER ca578c402807494b8c9e3991e5c7a6b5 (127.22.80.4) added. New cstate: current_term: 1 leader_uuid: "28a46b5fd1114c5da03c66a4b945d7e7" committed_config { opid_index: 2 OBSOLETE_local: false peers { permanent_uuid: "0a18416d5fdc484e8703c5f673c12f60" member_type: VOTER last_known_addr { host: "127.22.80.1" port: 44135 } health_report { overall_health: UNKNOWN } } peers { permanent_uuid: "2cac1316294143df95d8c4c229df6495" member_type: VOTER last_known_addr { host: "127.22.80.2" port: 37199 } attrs { replace: true } health_report { overall_health: HEALTHY } } peers { permanent_uuid: "28a46b5fd1114c5da03c66a4b945d7e7" member_type: VOTER last_known_addr { host: "127.22.80.3" port: 40289 } health_report { overall_health: HEALTHY } } peers { permanent_uuid: "ca578c402807494b8c9e3991e5c7a6b5" member_type: NON_VOTER last_known_addr { host: "127.22.80.4" port: 38435 } attrs { promote: true } health_report { overall_health: UNKNOWN } } }
I20260710 11:04:09.849285 23953 raft_consensus.cc:2955] T 3fbf342a4fee4a449ecc201a6f8bf257 P 0a18416d5fdc484e8703c5f673c12f60 [term 1 FOLLOWER]: Committing config change with OpId 1.2: config changed from index -1 to 2, NON_VOTER ca578c402807494b8c9e3991e5c7a6b5 (127.22.80.4) added. New config: { opid_index: 2 OBSOLETE_local: false peers { permanent_uuid: "0a18416d5fdc484e8703c5f673c12f60" member_type: VOTER last_known_addr { host: "127.22.80.1" port: 44135 } } peers { permanent_uuid: "2cac1316294143df95d8c4c229df6495" member_type: VOTER last_known_addr { host: "127.22.80.2" port: 37199 } attrs { replace: true } } peers { permanent_uuid: "28a46b5fd1114c5da03c66a4b945d7e7" member_type: VOTER last_known_addr { host: "127.22.80.3" port: 40289 } } peers { permanent_uuid: "ca578c402807494b8c9e3991e5c7a6b5" member_type: NON_VOTER last_known_addr { host: "127.22.80.4" port: 38435 } attrs { promote: true } } }
I20260710 11:04:09.853281 24030 raft_consensus.cc:1275] T f2ea7c1738e1406aaed8241c9fbef632 P 2cac1316294143df95d8c4c229df6495 [term 1 FOLLOWER]: Refusing update from remote peer 28a46b5fd1114c5da03c66a4b945d7e7: Log matching property violated. Preceding OpId in replica: term: 1 index: 1. Preceding OpId from leader: term: 1 index: 2. (index mismatch)
I20260710 11:04:09.854017 23949 raft_consensus.cc:1275] T f2ea7c1738e1406aaed8241c9fbef632 P 0a18416d5fdc484e8703c5f673c12f60 [term 1 FOLLOWER]: Refusing update from remote peer 28a46b5fd1114c5da03c66a4b945d7e7: Log matching property violated. Preceding OpId in replica: term: 1 index: 1. Preceding OpId from leader: term: 1 index: 2. (index mismatch)
W20260710 11:04:09.854027 24070 consensus_peers.cc:597] T f2ea7c1738e1406aaed8241c9fbef632 P 28a46b5fd1114c5da03c66a4b945d7e7 -> Peer ca578c402807494b8c9e3991e5c7a6b5 (127.22.80.4:38435): Couldn't send request to peer ca578c402807494b8c9e3991e5c7a6b5. Error code: TABLET_NOT_FOUND (6). Status: Not found: Tablet not found: f2ea7c1738e1406aaed8241c9fbef632. This is attempt 1: this message will repeat every 5th retry.
I20260710 11:04:09.855305 24646 consensus_queue.cc:1048] T f2ea7c1738e1406aaed8241c9fbef632 P 28a46b5fd1114c5da03c66a4b945d7e7 [LEADER]: Connected to new peer: Peer: permanent_uuid: "0a18416d5fdc484e8703c5f673c12f60" member_type: VOTER last_known_addr { host: "127.22.80.1" port: 44135 } attrs { replace: true }, Status: LMP_MISMATCH, Last received: 0.0, Next index: 2, Last known committed idx: 1, Time since last communication: 0.001s
