I20260710 11:04:06.230540 24531 consensus_queue.cc:237] T 14e79bb766a54341824ea6fc11903fda P 2cac1316294143df95d8c4c229df6495 [LEADER]: Queue going to LEADER mode. State: All replicated index: 0, Majority replicated index: 1, Committed index: 1, Last appended: 1.2, Last appended by leader: 2, Current term: 3, Majority size: 2, State: 0, Mode: LEADER, active raft config: opid_index: 2 OBSOLETE_local: false peers { permanent_uuid: "0a18416d5fdc484e8703c5f673c12f60" member_type: VOTER last_known_addr { host: "127.22.80.1" port: 44135 } } peers { permanent_uuid: "2cac1316294143df95d8c4c229df6495" member_type: VOTER last_known_addr { host: "127.22.80.2" port: 37199 } } peers { permanent_uuid: "28a46b5fd1114c5da03c66a4b945d7e7" member_type: VOTER last_known_addr { host: "127.22.80.3" port: 40289 } attrs { replace: true } } peers { permanent_uuid: "ca578c402807494b8c9e3991e5c7a6b5" member_type: NON_VOTER last_known_addr { host: "127.22.80.4" port: 38435 } attrs { promote: true } }
I20260710 11:04:06.234444 23953 raft_consensus.cc:2468] T 14e79bb766a54341824ea6fc11903fda P 0a18416d5fdc484e8703c5f673c12f60 [term 3 FOLLOWER]: Leader election vote request: Granting yes vote for candidate 2cac1316294143df95d8c4c229df6495 in term 3.
I20260710 11:04:06.254024 23855 catalog_manager.cc:5697] T 14e79bb766a54341824ea6fc11903fda P 2cac1316294143df95d8c4c229df6495 reported cstate change: term changed from 1 to 3, now has a pending config: VOTER 0a18416d5fdc484e8703c5f673c12f60 (127.22.80.1), VOTER 2cac1316294143df95d8c4c229df6495 (127.22.80.2), VOTER 28a46b5fd1114c5da03c66a4b945d7e7 (127.22.80.3), NON_VOTER ca578c402807494b8c9e3991e5c7a6b5 (127.22.80.4). New cstate: current_term: 3 leader_uuid: "2cac1316294143df95d8c4c229df6495" committed_config { opid_index: -1 OBSOLETE_local: false peers { permanent_uuid: "0a18416d5fdc484e8703c5f673c12f60" member_type: VOTER last_known_addr { host: "127.22.80.1" port: 44135 } health_report { overall_health: UNKNOWN } } peers { permanent_uuid: "2cac1316294143df95d8c4c229df6495" member_type: VOTER last_known_addr { host: "127.22.80.2" port: 37199 } health_report { overall_health: HEALTHY } } peers { permanent_uuid: "28a46b5fd1114c5da03c66a4b945d7e7" member_type: VOTER last_known_addr { host: "127.22.80.3" port: 40289 } health_report { overall_health: UNKNOWN } } } pending_config { opid_index: 2 OBSOLETE_local: false peers { permanent_uuid: "0a18416d5fdc484e8703c5f673c12f60" member_type: VOTER last_known_addr { host: "127.22.80.1" port: 44135 } } peers { permanent_uuid: "2cac1316294143df95d8c4c229df6495" member_type: VOTER last_known_addr { host: "127.22.80.2" port: 37199 } } peers { permanent_uuid: "28a46b5fd1114c5da03c66a4b945d7e7" member_type: VOTER last_known_addr { host: "127.22.80.3" port: 40289 } attrs { replace: true } } peers { permanent_uuid: "ca578c402807494b8c9e3991e5c7a6b5" member_type: NON_VOTER last_known_addr { host: "127.22.80.4" port: 38435 } attrs { promote: true } } }
I20260710 11:04:06.437453 24517 raft_consensus.cc:1064] T b1f44825eb7f4dffaba311e60019d0b5 P 28a46b5fd1114c5da03c66a4b945d7e7: attempting to promote NON_VOTER ca578c402807494b8c9e3991e5c7a6b5 to VOTER
I20260710 11:04:06.440162 24517 consensus_queue.cc:237] T b1f44825eb7f4dffaba311e60019d0b5 P 28a46b5fd1114c5da03c66a4b945d7e7 [LEADER]: Queue going to LEADER mode. State: All replicated index: 0, Majority replicated index: 2, Committed index: 2, Last appended: 1.2, Last appended by leader: 0, Current term: 1, Majority size: 3, State: 0, Mode: LEADER, active raft config: opid_index: 3 OBSOLETE_local: false peers { permanent_uuid: "0a18416d5fdc484e8703c5f673c12f60" member_type: VOTER last_known_addr { host: "127.22.80.1" port: 44135 } attrs { replace: true } } peers { permanent_uuid: "2cac1316294143df95d8c4c229df6495" member_type: VOTER last_known_addr { host: "127.22.80.2" port: 37199 } } peers { permanent_uuid: "28a46b5fd1114c5da03c66a4b945d7e7" member_type: VOTER last_known_addr { host: "127.22.80.3" port: 40289 } } peers { permanent_uuid: "ca578c402807494b8c9e3991e5c7a6b5" member_type: VOTER last_known_addr { host: "127.22.80.4" port: 38435 } attrs { promote: false } }
I20260710 11:04:06.447355 24368 raft_consensus.cc:1275] T b1f44825eb7f4dffaba311e60019d0b5 P ca578c402807494b8c9e3991e5c7a6b5 [term 1 LEARNER]: Refusing update from remote peer 28a46b5fd1114c5da03c66a4b945d7e7: Log matching property violated. Preceding OpId in replica: term: 1 index: 2. Preceding OpId from leader: term: 1 index: 3. (index mismatch)
I20260710 11:04:06.450099 24028 raft_consensus.cc:1275] T b1f44825eb7f4dffaba311e60019d0b5 P 2cac1316294143df95d8c4c229df6495 [term 1 FOLLOWER]: Refusing update from remote peer 28a46b5fd1114c5da03c66a4b945d7e7: Log matching property violated. Preceding OpId in replica: term: 1 index: 2. Preceding OpId from leader: term: 1 index: 3. (index mismatch)
I20260710 11:04:06.450274 23953 raft_consensus.cc:1275] T b1f44825eb7f4dffaba311e60019d0b5 P 0a18416d5fdc484e8703c5f673c12f60 [term 1 FOLLOWER]: Refusing update from remote peer 28a46b5fd1114c5da03c66a4b945d7e7: Log matching property violated. Preceding OpId in replica: term: 1 index: 2. Preceding OpId from leader: term: 1 index: 3. (index mismatch)
I20260710 11:04:06.451920 24517 consensus_queue.cc:1048] T b1f44825eb7f4dffaba311e60019d0b5 P 28a46b5fd1114c5da03c66a4b945d7e7 [LEADER]: Connected to new peer: Peer: permanent_uuid: "0a18416d5fdc484e8703c5f673c12f60" member_type: VOTER last_known_addr { host: "127.22.80.1" port: 44135 } attrs { replace: true }, Status: LMP_MISMATCH, Last received: 0.0, Next index: 3, Last known committed idx: 2, Time since last communication: 0.000s
I20260710 11:04:06.452996 24520 consensus_queue.cc:1048] T b1f44825eb7f4dffaba311e60019d0b5 P 28a46b5fd1114c5da03c66a4b945d7e7 [LEADER]: Connected to new peer: Peer: permanent_uuid: "2cac1316294143df95d8c4c229df6495" member_type: VOTER last_known_addr { host: "127.22.80.2" port: 37199 }, Status: LMP_MISMATCH, Last received: 0.0, Next index: 3, Last known committed idx: 2, Time since last communication: 0.000s
I20260710 11:04:06.454073 24516 consensus_queue.cc:1048] T b1f44825eb7f4dffaba311e60019d0b5 P 28a46b5fd1114c5da03c66a4b945d7e7 [LEADER]: Connected to new peer: Peer: permanent_uuid: "ca578c402807494b8c9e3991e5c7a6b5" member_type: VOTER last_known_addr { host: "127.22.80.4" port: 38435 } attrs { promote: false }, Status: LMP_MISMATCH, Last received: 0.0, Next index: 3, Last known committed idx: 2, Time since last communication: 0.000s
I20260710 11:04:06.500056 24026 raft_consensus.cc:2955] T b1f44825eb7f4dffaba311e60019d0b5 P 2cac1316294143df95d8c4c229df6495 [term 1 FOLLOWER]: Committing config change with OpId 1.3: config changed from index 2 to 3, ca578c402807494b8c9e3991e5c7a6b5 (127.22.80.4) changed from NON_VOTER to VOTER. New config: { opid_index: 3 OBSOLETE_local: false peers { permanent_uuid: "0a18416d5fdc484e8703c5f673c12f60" member_type: VOTER last_known_addr { host: "127.22.80.1" port: 44135 } attrs { replace: true } } peers { permanent_uuid: "2cac1316294143df95d8c4c229df6495" member_type: VOTER last_known_addr { host: "127.22.80.2" port: 37199 } } peers { permanent_uuid: "28a46b5fd1114c5da03c66a4b945d7e7" member_type: VOTER last_known_addr { host: "127.22.80.3" port: 40289 } } peers { permanent_uuid: "ca578c402807494b8c9e3991e5c7a6b5" member_type: VOTER last_known_addr { host: "127.22.80.4" port: 38435 } attrs { promote: false } } }
I20260710 11:04:06.507153 24516 raft_consensus.cc:2955] T b1f44825eb7f4dffaba311e60019d0b5 P 28a46b5fd1114c5da03c66a4b945d7e7 [term 1 LEADER]: Committing config change with OpId 1.3: config changed from index 2 to 3, ca578c402807494b8c9e3991e5c7a6b5 (127.22.80.4) changed from NON_VOTER to VOTER. New config: { opid_index: 3 OBSOLETE_local: false peers { permanent_uuid: "0a18416d5fdc484e8703c5f673c12f60" member_type: VOTER last_known_addr { host: "127.22.80.1" port: 44135 } attrs { replace: true } } peers { permanent_uuid: "2cac1316294143df95d8c4c229df6495" member_type: VOTER last_known_addr { host: "127.22.80.2" port: 37199 } } peers { permanent_uuid: "28a46b5fd1114c5da03c66a4b945d7e7" member_type: VOTER last_known_addr { host: "127.22.80.3" port: 40289 } } peers { permanent_uuid: "ca578c402807494b8c9e3991e5c7a6b5" member_type: VOTER last_known_addr { host: "127.22.80.4" port: 38435 } attrs { promote: false } } }
I20260710 11:04:06.540179 23855 catalog_manager.cc:5697] T b1f44825eb7f4dffaba311e60019d0b5 P 2cac1316294143df95d8c4c229df6495 reported cstate change: config changed from index 2 to 3, ca578c402807494b8c9e3991e5c7a6b5 (127.22.80.4) changed from NON_VOTER to VOTER. New cstate: current_term: 1 leader_uuid: "28a46b5fd1114c5da03c66a4b945d7e7" committed_config { opid_index: 3 OBSOLETE_local: false peers { permanent_uuid: "0a18416d5fdc484e8703c5f673c12f60" member_type: VOTER last_known_addr { host: "127.22.80.1" port: 44135 } attrs { replace: true } } peers { permanent_uuid: "2cac1316294143df95d8c4c229df6495" member_type: VOTER last_known_addr { host: "127.22.80.2" port: 37199 } } peers { permanent_uuid: "28a46b5fd1114c5da03c66a4b945d7e7" member_type: VOTER last_known_addr { host: "127.22.80.3" port: 40289 } } peers { permanent_uuid: "ca578c402807494b8c9e3991e5c7a6b5" member_type: VOTER last_known_addr { host: "127.22.80.4" port: 38435 } attrs { promote: false } } }
I20260710 11:04:06.548247 23953 raft_consensus.cc:2955] T b1f44825eb7f4dffaba311e60019d0b5 P 0a18416d5fdc484e8703c5f673c12f60 [term 1 FOLLOWER]: Committing config change with OpId 1.3: config changed from index 2 to 3, ca578c402807494b8c9e3991e5c7a6b5 (127.22.80.4) changed from NON_VOTER to VOTER. New config: { opid_index: 3 OBSOLETE_local: false peers { permanent_uuid: "0a18416d5fdc484e8703c5f673c12f60" member_type: VOTER last_known_addr { host: "127.22.80.1" port: 44135 } attrs { replace: true } } peers { permanent_uuid: "2cac1316294143df95d8c4c229df6495" member_type: VOTER last_known_addr { host: "127.22.80.2" port: 37199 } } peers { permanent_uuid: "28a46b5fd1114c5da03c66a4b945d7e7" member_type: VOTER last_known_addr { host: "127.22.80.3" port: 40289 } } peers { permanent_uuid: "ca578c402807494b8c9e3991e5c7a6b5" member_type: VOTER last_known_addr { host: "127.22.80.4" port: 38435 } attrs { promote: false } } }
I20260710 11:04:06.542618 24368 raft_consensus.cc:2955] T b1f44825eb7f4dffaba311e60019d0b5 P ca578c402807494b8c9e3991e5c7a6b5 [term 1 FOLLOWER]: Committing config change with OpId 1.3: config changed from index 2 to 3, ca578c402807494b8c9e3991e5c7a6b5 (127.22.80.4) changed from NON_VOTER to VOTER. New config: { opid_index: 3 OBSOLETE_local: false peers { permanent_uuid: "0a18416d5fdc484e8703c5f673c12f60" member_type: VOTER last_known_addr { host: "127.22.80.1" port: 44135 } attrs { replace: true } } peers { permanent_uuid: "2cac1316294143df95d8c4c229df6495" member_type: VOTER last_known_addr { host: "127.22.80.2" port: 37199 } } peers { permanent_uuid: "28a46b5fd1114c5da03c66a4b945d7e7" member_type: VOTER last_known_addr { host: "127.22.80.3" port: 40289 } } peers { permanent_uuid: "ca578c402807494b8c9e3991e5c7a6b5" member_type: VOTER last_known_addr { host: "127.22.80.4" port: 38435 } attrs { promote: false } } }
I20260710 11:04:06.576699 24101 consensus_queue.cc:237] T b1f44825eb7f4dffaba311e60019d0b5 P 28a46b5fd1114c5da03c66a4b945d7e7 [LEADER]: Queue going to LEADER mode. State: All replicated index: 0, Majority replicated index: 3, Committed index: 3, Last appended: 1.3, Last appended by leader: 0, Current term: 1, Majority size: 2, State: 0, Mode: LEADER, active raft config: opid_index: 4 OBSOLETE_local: false peers { permanent_uuid: "2cac1316294143df95d8c4c229df6495" member_type: VOTER last_known_addr { host: "127.22.80.2" port: 37199 } } peers { permanent_uuid: "28a46b5fd1114c5da03c66a4b945d7e7" member_type: VOTER last_known_addr { host: "127.22.80.3" port: 40289 } } peers { permanent_uuid: "ca578c402807494b8c9e3991e5c7a6b5" member_type: VOTER last_known_addr { host: "127.22.80.4" port: 38435 } attrs { promote: false } }
I20260710 11:04:06.585909 24099 raft_consensus.cc:1275] T 8235993d2229477e827da9b74a4ce3f2 P 28a46b5fd1114c5da03c66a4b945d7e7 [term 3 FOLLOWER]: Refusing update from remote peer 0a18416d5fdc484e8703c5f673c12f60: Log matching property violated. Preceding OpId in replica: term: 1 index: 1. Preceding OpId from leader: term: 3 index: 2. (index mismatch)
I20260710 11:04:06.588233 24508 consensus_queue.cc:1048] T 8235993d2229477e827da9b74a4ce3f2 P 0a18416d5fdc484e8703c5f673c12f60 [LEADER]: Connected to new peer: Peer: permanent_uuid: "28a46b5fd1114c5da03c66a4b945d7e7" member_type: VOTER last_known_addr { host: "127.22.80.3" port: 40289 }, Status: LMP_MISMATCH, Last received: 0.0, Next index: 2, Last known committed idx: 1, Time since last communication: 0.001s
I20260710 11:04:06.597031 24368 raft_consensus.cc:1275] T b1f44825eb7f4dffaba311e60019d0b5 P ca578c402807494b8c9e3991e5c7a6b5 [term 1 FOLLOWER]: Refusing update from remote peer 28a46b5fd1114c5da03c66a4b945d7e7: Log matching property violated. Preceding OpId in replica: term: 1 index: 3. Preceding OpId from leader: term: 1 index: 4. (index mismatch)
I20260710 11:04:06.598495 24026 raft_consensus.cc:1275] T b1f44825eb7f4dffaba311e60019d0b5 P 2cac1316294143df95d8c4c229df6495 [term 1 FOLLOWER]: Refusing update from remote peer 28a46b5fd1114c5da03c66a4b945d7e7: Log matching property violated. Preceding OpId in replica: term: 1 index: 3. Preceding OpId from leader: term: 1 index: 4. (index mismatch)
I20260710 11:04:06.600469 24516 consensus_queue.cc:1048] T b1f44825eb7f4dffaba311e60019d0b5 P 28a46b5fd1114c5da03c66a4b945d7e7 [LEADER]: Connected to new peer: Peer: permanent_uuid: "2cac1316294143df95d8c4c229df6495" member_type: VOTER last_known_addr { host: "127.22.80.2" port: 37199 }, Status: LMP_MISMATCH, Last received: 0.0, Next index: 4, Last known committed idx: 3, Time since last communication: 0.000s
I20260710 11:04:06.602778 24516 consensus_queue.cc:1048] T b1f44825eb7f4dffaba311e60019d0b5 P 28a46b5fd1114c5da03c66a4b945d7e7 [LEADER]: Connected to new peer: Peer: permanent_uuid: "ca578c402807494b8c9e3991e5c7a6b5" member_type: VOTER last_known_addr { host: "127.22.80.4" port: 38435 } attrs { promote: false }, Status: LMP_MISMATCH, Last received: 0.0, Next index: 4, Last known committed idx: 3, Time since last communication: 0.000s
I20260710 11:04:06.612114 24520 raft_consensus.cc:2955] T b1f44825eb7f4dffaba311e60019d0b5 P 28a46b5fd1114c5da03c66a4b945d7e7 [term 1 LEADER]: Committing config change with OpId 1.4: config changed from index 3 to 4, VOTER 0a18416d5fdc484e8703c5f673c12f60 (127.22.80.1) evicted. New config: { opid_index: 4 OBSOLETE_local: false peers { permanent_uuid: "2cac1316294143df95d8c4c229df6495" member_type: VOTER last_known_addr { host: "127.22.80.2" port: 37199 } } peers { permanent_uuid: "28a46b5fd1114c5da03c66a4b945d7e7" member_type: VOTER last_known_addr { host: "127.22.80.3" port: 40289 } } peers { permanent_uuid: "ca578c402807494b8c9e3991e5c7a6b5" member_type: VOTER last_known_addr { host: "127.22.80.4" port: 38435 } attrs { promote: false } } }
I20260710 11:04:06.617460 24026 raft_consensus.cc:2955] T b1f44825eb7f4dffaba311e60019d0b5 P 2cac1316294143df95d8c4c229df6495 [term 1 FOLLOWER]: Committing config change with OpId 1.4: config changed from index 3 to 4, VOTER 0a18416d5fdc484e8703c5f673c12f60 (127.22.80.1) evicted. New config: { opid_index: 4 OBSOLETE_local: false peers { permanent_uuid: "2cac1316294143df95d8c4c229df6495" member_type: VOTER last_known_addr { host: "127.22.80.2" port: 37199 } } peers { permanent_uuid: "28a46b5fd1114c5da03c66a4b945d7e7" member_type: VOTER last_known_addr { host: "127.22.80.3" port: 40289 } } peers { permanent_uuid: "ca578c402807494b8c9e3991e5c7a6b5" member_type: VOTER last_known_addr { host: "127.22.80.4" port: 38435 } attrs { promote: false } } }
I20260710 11:04:06.618377 24368 raft_consensus.cc:2955] T b1f44825eb7f4dffaba311e60019d0b5 P ca578c402807494b8c9e3991e5c7a6b5 [term 1 FOLLOWER]: Committing config change with OpId 1.4: config changed from index 3 to 4, VOTER 0a18416d5fdc484e8703c5f673c12f60 (127.22.80.1) evicted. New config: { opid_index: 4 OBSOLETE_local: false peers { permanent_uuid: "2cac1316294143df95d8c4c229df6495" member_type: VOTER last_known_addr { host: "127.22.80.2" port: 37199 } } peers { permanent_uuid: "28a46b5fd1114c5da03c66a4b945d7e7" member_type: VOTER last_known_addr { host: "127.22.80.3" port: 40289 } } peers { permanent_uuid: "ca578c402807494b8c9e3991e5c7a6b5" member_type: VOTER last_known_addr { host: "127.22.80.4" port: 38435 } attrs { promote: false } } }
I20260710 11:04:06.643918 24026 raft_consensus.cc:3060] T 8235993d2229477e827da9b74a4ce3f2 P 2cac1316294143df95d8c4c229df6495 [term 1 FOLLOWER]: Advancing to term 3
I20260710 11:04:06.644151 23854 catalog_manager.cc:5697] T b1f44825eb7f4dffaba311e60019d0b5 P ca578c402807494b8c9e3991e5c7a6b5 reported cstate change: config changed from index 3 to 4, VOTER 0a18416d5fdc484e8703c5f673c12f60 (127.22.80.1) evicted. New cstate: current_term: 1 leader_uuid: "28a46b5fd1114c5da03c66a4b945d7e7" committed_config { opid_index: 4 OBSOLETE_local: false peers { permanent_uuid: "2cac1316294143df95d8c4c229df6495" member_type: VOTER last_known_addr { host: "127.22.80.2" port: 37199 } } peers { permanent_uuid: "28a46b5fd1114c5da03c66a4b945d7e7" member_type: VOTER last_known_addr { host: "127.22.80.3" port: 40289 } } peers { permanent_uuid: "ca578c402807494b8c9e3991e5c7a6b5" member_type: VOTER last_known_addr { host: "127.22.80.4" port: 38435 } attrs { promote: false } } }
I20260710 11:04:06.652767 23839 catalog_manager.cc:5210] ChangeConfig:REMOVE_PEER RPC for tablet b1f44825eb7f4dffaba311e60019d0b5 with cas_config_opid_index 3: ChangeConfig:REMOVE_PEER succeeded (attempt 1)
I20260710 11:04:06.656946 24026 raft_consensus.cc:1275] T 8235993d2229477e827da9b74a4ce3f2 P 2cac1316294143df95d8c4c229df6495 [term 3 FOLLOWER]: Refusing update from remote peer 0a18416d5fdc484e8703c5f673c12f60: Log matching property violated. Preceding OpId in replica: term: 1 index: 1. Preceding OpId from leader: term: 3 index: 2. (index mismatch)
I20260710 11:04:06.658485 24587 consensus_queue.cc:1048] T 8235993d2229477e827da9b74a4ce3f2 P 0a18416d5fdc484e8703c5f673c12f60 [LEADER]: Connected to new peer: Peer: permanent_uuid: "2cac1316294143df95d8c4c229df6495" member_type: VOTER last_known_addr { host: "127.22.80.2" port: 37199 }, Status: LMP_MISMATCH, Last received: 0.0, Next index: 2, Last known committed idx: 1, Time since last communication: 0.000s
I20260710 11:04:06.651602 24099 raft_consensus.cc:1275] T 14e79bb766a54341824ea6fc11903fda P 28a46b5fd1114c5da03c66a4b945d7e7 [term 3 FOLLOWER]: Refusing update from remote peer 2cac1316294143df95d8c4c229df6495: Log matching property violated. Preceding OpId in replica: term: 1 index: 1. Preceding OpId from leader: term: 3 index: 3. (index mismatch)
I20260710 11:04:06.671888 24531 consensus_queue.cc:1048] T 14e79bb766a54341824ea6fc11903fda P 2cac1316294143df95d8c4c229df6495 [LEADER]: Connected to new peer: Peer: permanent_uuid: "28a46b5fd1114c5da03c66a4b945d7e7" member_type: VOTER last_known_addr { host: "127.22.80.3" port: 40289 } attrs { replace: true }, Status: LMP_MISMATCH, Last received: 0.0, Next index: 3, Last known committed idx: 1, Time since last communication: 0.000s
I20260710 11:04:06.678071 23946 tablet_service.cc:1558] Processing DeleteTablet for tablet b1f44825eb7f4dffaba311e60019d0b5 with delete_type TABLET_DATA_TOMBSTONED (TS 0a18416d5fdc484e8703c5f673c12f60 not found in new config with opid_index 4) from {username='slave'} at 127.0.0.1:53172
I20260710 11:04:06.686389 24592 tablet_replica.cc:333] T b1f44825eb7f4dffaba311e60019d0b5 P 0a18416d5fdc484e8703c5f673c12f60: stopping tablet replica
I20260710 11:04:06.698442 24592 raft_consensus.cc:2243] T b1f44825eb7f4dffaba311e60019d0b5 P 0a18416d5fdc484e8703c5f673c12f60 [term 1 FOLLOWER]: Raft consensus shutting down.
I20260710 11:04:06.699656 24592 raft_consensus.cc:2272] T b1f44825eb7f4dffaba311e60019d0b5 P 0a18416d5fdc484e8703c5f673c12f60 [term 1 FOLLOWER]: Raft consensus is shut down!
I20260710 11:04:06.700656 24578 raft_consensus.cc:2955] T 14e79bb766a54341824ea6fc11903fda P 2cac1316294143df95d8c4c229df6495 [term 3 LEADER]: Committing config change with OpId 1.2: config changed from index -1 to 2, NON_VOTER ca578c402807494b8c9e3991e5c7a6b5 (127.22.80.4) added. New config: { opid_index: 2 OBSOLETE_local: false peers { permanent_uuid: "0a18416d5fdc484e8703c5f673c12f60" member_type: VOTER last_known_addr { host: "127.22.80.1" port: 44135 } } peers { permanent_uuid: "2cac1316294143df95d8c4c229df6495" member_type: VOTER last_known_addr { host: "127.22.80.2" port: 37199 } } peers { permanent_uuid: "28a46b5fd1114c5da03c66a4b945d7e7" member_type: VOTER last_known_addr { host: "127.22.80.3" port: 40289 } attrs { replace: true } } peers { permanent_uuid: "ca578c402807494b8c9e3991e5c7a6b5" member_type: NON_VOTER last_known_addr { host: "127.22.80.4" port: 38435 } attrs { promote: true } } }
I20260710 11:04:06.703524 24101 raft_consensus.cc:2955] T 14e79bb766a54341824ea6fc11903fda P 28a46b5fd1114c5da03c66a4b945d7e7 [term 3 FOLLOWER]: Committing config change with OpId 1.2: config changed from index -1 to 2, NON_VOTER ca578c402807494b8c9e3991e5c7a6b5 (127.22.80.4) added. New config: { opid_index: 2 OBSOLETE_local: false peers { permanent_uuid: "0a18416d5fdc484e8703c5f673c12f60" member_type: VOTER last_known_addr { host: "127.22.80.1" port: 44135 } } peers { permanent_uuid: "2cac1316294143df95d8c4c229df6495" member_type: VOTER last_known_addr { host: "127.22.80.2" port: 37199 } } peers { permanent_uuid: "28a46b5fd1114c5da03c66a4b945d7e7" member_type: VOTER last_known_addr { host: "127.22.80.3" port: 40289 } attrs { replace: true } } peers { permanent_uuid: "ca578c402807494b8c9e3991e5c7a6b5" member_type: NON_VOTER last_known_addr { host: "127.22.80.4" port: 38435 } attrs { promote: true } } }
I20260710 11:04:06.706655 24592 ts_tablet_manager.cc:1916] T b1f44825eb7f4dffaba311e60019d0b5 P 0a18416d5fdc484e8703c5f673c12f60: Deleting tablet data with delete state TABLET_DATA_TOMBSTONED
I20260710 11:04:06.715787 23953 raft_consensus.cc:1275] T 14e79bb766a54341824ea6fc11903fda P 0a18416d5fdc484e8703c5f673c12f60 [term 3 FOLLOWER]: Refusing update from remote peer 2cac1316294143df95d8c4c229df6495: Log matching property violated. Preceding OpId in replica: term: 1 index: 1. Preceding OpId from leader: term: 3 index: 3. (index mismatch)
I20260710 11:04:06.719617 24577 consensus_queue.cc:1048] T 14e79bb766a54341824ea6fc11903fda P 2cac1316294143df95d8c4c229df6495 [LEADER]: Connected to new peer: Peer: permanent_uuid: "0a18416d5fdc484e8703c5f673c12f60" member_type: VOTER last_known_addr { host: "127.22.80.1" port: 44135 }, Status: LMP_MISMATCH, Last received: 0.0, Next index: 3, Last known committed idx: 1, Time since last communication: 0.000s
I20260710 11:04:06.733420 24578 rpcz_store.cc:275] Call kudu.consensus.ConsensusService.BulkChangeConfig from 127.0.0.1:60224 (request call id 2) took 1873 ms. Trace:
I20260710 11:04:06.733861 24578 rpcz_store.cc:276] 0710 11:04:04.860427 (+     0us) service_pool.cc:167] Inserting onto call queue
0710 11:04:04.860597 (+   170us) service_pool.cc:224] Handling call
0710 11:04:04.866700 (+  6103us) log.cc:844] Serialized 492 byte log entry
0710 11:04:06.733289 (+1866589us) inbound_call.cc:177] Queueing success response
Metrics: {"raft.queue_time_us":264,"raft.run_cpu_time_us":1372,"raft.run_wall_time_us":1370,"thread_start_us":16203,"threads_started":1,"wal-append.queue_time_us":16614,"wal-append.run_cpu_time_us":1702,"wal-append.run_wall_time_us":1001786}
I20260710 11:04:06.735790 24592 ts_tablet_manager.cc:1929] T b1f44825eb7f4dffaba311e60019d0b5 P 0a18416d5fdc484e8703c5f673c12f60: tablet deleted with delete type TABLET_DATA_TOMBSTONED: last-logged OpId 1.3
I20260710 11:04:06.736693 24592 log.cc:1199] T b1f44825eb7f4dffaba311e60019d0b5 P 0a18416d5fdc484e8703c5f673c12f60: Deleting WAL directory at /tmp/dist-test-taskHQnG69/test-tmp/auto_leader_rebalancer-test.0.LeaderRebalancerTest.AddTserver.1783681409648539-22848-0/minicluster-data/ts-0-root/wals/b1f44825eb7f4dffaba311e60019d0b5
I20260710 11:04:06.738668 23841 catalog_manager.cc:5028] TS 0a18416d5fdc484e8703c5f673c12f60 (127.22.80.1:44135): tablet b1f44825eb7f4dffaba311e60019d0b5 (table test-workload [id=80c74f1c23014dcc9c2538fca39f0e59]) successfully deleted
I20260710 11:04:06.741123 24099 consensus_queue.cc:237] T cff715ef46e24983acaeecc383584101 P 28a46b5fd1114c5da03c66a4b945d7e7 [LEADER]: Queue going to LEADER mode. State: All replicated index: 0, Majority replicated index: 1, Committed index: 1, Last appended: 1.1, Last appended by leader: 0, Current term: 1, Majority size: 2, State: 0, Mode: LEADER, active raft config: opid_index: 2 OBSOLETE_local: false peers { permanent_uuid: "0a18416d5fdc484e8703c5f673c12f60" member_type: VOTER last_known_addr { host: "127.22.80.1" port: 44135 } } peers { permanent_uuid: "2cac1316294143df95d8c4c229df6495" member_type: VOTER last_known_addr { host: "127.22.80.2" port: 37199 } attrs { replace: true } } peers { permanent_uuid: "28a46b5fd1114c5da03c66a4b945d7e7" member_type: VOTER last_known_addr { host: "127.22.80.3" port: 40289 } } peers { permanent_uuid: "ca578c402807494b8c9e3991e5c7a6b5" member_type: NON_VOTER last_known_addr { host: "127.22.80.4" port: 38435 } attrs { promote: true } }
W20260710 11:04:06.749074 23996 consensus_peers.cc:597] T 14e79bb766a54341824ea6fc11903fda P 2cac1316294143df95d8c4c229df6495 -> Peer ca578c402807494b8c9e3991e5c7a6b5 (127.22.80.4:38435): Couldn't send request to peer ca578c402807494b8c9e3991e5c7a6b5. Error code: TABLET_NOT_FOUND (6). Status: Not found: Tablet not found: 14e79bb766a54341824ea6fc11903fda. This is attempt 1: this message will repeat every 5th retry.
I20260710 11:04:06.750380 23953 raft_consensus.cc:2955] T 14e79bb766a54341824ea6fc11903fda P 0a18416d5fdc484e8703c5f673c12f60 [term 3 FOLLOWER]: Committing config change with OpId 1.2: config changed from index -1 to 2, NON_VOTER ca578c402807494b8c9e3991e5c7a6b5 (127.22.80.4) added. New config: { opid_index: 2 OBSOLETE_local: false peers { permanent_uuid: "0a18416d5fdc484e8703c5f673c12f60" member_type: VOTER last_known_addr { host: "127.22.80.1" port: 44135 } } peers { permanent_uuid: "2cac1316294143df95d8c4c229df6495" member_type: VOTER last_known_addr { host: "127.22.80.2" port: 37199 } } peers { permanent_uuid: "28a46b5fd1114c5da03c66a4b945d7e7" member_type: VOTER last_known_addr { host: "127.22.80.3" port: 40289 } attrs { replace: true } } peers { permanent_uuid: "ca578c402807494b8c9e3991e5c7a6b5" member_type: NON_VOTER last_known_addr { host: "127.22.80.4" port: 38435 } attrs { promote: true } } }
W20260710 11:04:06.756156 24070 consensus_peers.cc:597] T cff715ef46e24983acaeecc383584101 P 28a46b5fd1114c5da03c66a4b945d7e7 -> Peer ca578c402807494b8c9e3991e5c7a6b5 (127.22.80.4:38435): Couldn't send request to peer ca578c402807494b8c9e3991e5c7a6b5. Error code: TABLET_NOT_FOUND (6). Status: Not found: Tablet not found: cff715ef46e24983acaeecc383584101. This is attempt 1: this message will repeat every 5th retry.
I20260710 11:04:06.756230 23949 raft_consensus.cc:1275] T cff715ef46e24983acaeecc383584101 P 0a18416d5fdc484e8703c5f673c12f60 [term 1 FOLLOWER]: Refusing update from remote peer 28a46b5fd1114c5da03c66a4b945d7e7: Log matching property violated. Preceding OpId in replica: term: 1 index: 1. Preceding OpId from leader: term: 1 index: 2. (index mismatch)
I20260710 11:04:06.751700 23854 catalog_manager.cc:5697] T 14e79bb766a54341824ea6fc11903fda P 28a46b5fd1114c5da03c66a4b945d7e7 reported cstate change: config changed from index -1 to 2, NON_VOTER ca578c402807494b8c9e3991e5c7a6b5 (127.22.80.4) added, no longer has a pending config: VOTER 0a18416d5fdc484e8703c5f673c12f60 (127.22.80.1), VOTER 2cac1316294143df95d8c4c229df6495 (127.22.80.2), VOTER 28a46b5fd1114c5da03c66a4b945d7e7 (127.22.80.3), NON_VOTER ca578c402807494b8c9e3991e5c7a6b5 (127.22.80.4). New cstate: current_term: 3 leader_uuid: "2cac1316294143df95d8c4c229df6495" committed_config { opid_index: 2 OBSOLETE_local: false peers { permanent_uuid: "0a18416d5fdc484e8703c5f673c12f60" member_type: VOTER last_known_addr { host: "127.22.80.1" port: 44135 } } peers { permanent_uuid: "2cac1316294143df95d8c4c229df6495" member_type: VOTER last_known_addr { host: "127.22.80.2" port: 37199 } } peers { permanent_uuid: "28a46b5fd1114c5da03c66a4b945d7e7" member_type: VOTER last_known_addr { host: "127.22.80.3" port: 40289 } attrs { replace: true } } peers { permanent_uuid: "ca578c402807494b8c9e3991e5c7a6b5" member_type: NON_VOTER last_known_addr { host: "127.22.80.4" port: 38435 } attrs { promote: true } } }
I20260710 11:04:06.758005 24030 raft_consensus.cc:1275] T cff715ef46e24983acaeecc383584101 P 2cac1316294143df95d8c4c229df6495 [term 1 FOLLOWER]: Refusing update from remote peer 28a46b5fd1114c5da03c66a4b945d7e7: Log matching property violated. Preceding OpId in replica: term: 1 index: 1. Preceding OpId from leader: term: 1 index: 2. (index mismatch)
I20260710 11:04:06.759315 24517 consensus_queue.cc:1048] T cff715ef46e24983acaeecc383584101 P 28a46b5fd1114c5da03c66a4b945d7e7 [LEADER]: Connected to new peer: Peer: permanent_uuid: "0a18416d5fdc484e8703c5f673c12f60" member_type: VOTER last_known_addr { host: "127.22.80.1" port: 44135 }, Status: LMP_MISMATCH, Last received: 0.0, Next index: 2, Last known committed idx: 1, Time since last communication: 0.000s
I20260710 11:04:06.761157 24520 consensus_queue.cc:1048] T cff715ef46e24983acaeecc383584101 P 28a46b5fd1114c5da03c66a4b945d7e7 [LEADER]: Connected to new peer: Peer: permanent_uuid: "2cac1316294143df95d8c4c229df6495" member_type: VOTER last_known_addr { host: "127.22.80.2" port: 37199 } attrs { replace: true }, Status: LMP_MISMATCH, Last received: 0.0, Next index: 2, Last known committed idx: 1, Time since last communication: 0.000s
I20260710 11:04:06.783697 24516 raft_consensus.cc:2955] T cff715ef46e24983acaeecc383584101 P 28a46b5fd1114c5da03c66a4b945d7e7 [term 1 LEADER]: Committing config change with OpId 1.2: config changed from index -1 to 2, NON_VOTER ca578c402807494b8c9e3991e5c7a6b5 (127.22.80.4) added. New config: { opid_index: 2 OBSOLETE_local: false peers { permanent_uuid: "0a18416d5fdc484e8703c5f673c12f60" member_type: VOTER last_known_addr { host: "127.22.80.1" port: 44135 } } peers { permanent_uuid: "2cac1316294143df95d8c4c229df6495" member_type: VOTER last_known_addr { host: "127.22.80.2" port: 37199 } attrs { replace: true } } peers { permanent_uuid: "28a46b5fd1114c5da03c66a4b945d7e7" member_type: VOTER last_known_addr { host: "127.22.80.3" port: 40289 } } peers { permanent_uuid: "ca578c402807494b8c9e3991e5c7a6b5" member_type: NON_VOTER last_known_addr { host: "127.22.80.4" port: 38435 } attrs { promote: true } } }
I20260710 11:04:06.793741 24026 raft_consensus.cc:2955] T cff715ef46e24983acaeecc383584101 P 2cac1316294143df95d8c4c229df6495 [term 1 FOLLOWER]: Committing config change with OpId 1.2: config changed from index -1 to 2, NON_VOTER ca578c402807494b8c9e3991e5c7a6b5 (127.22.80.4) added. New config: { opid_index: 2 OBSOLETE_local: false peers { permanent_uuid: "0a18416d5fdc484e8703c5f673c12f60" member_type: VOTER last_known_addr { host: "127.22.80.1" port: 44135 } } peers { permanent_uuid: "2cac1316294143df95d8c4c229df6495" member_type: VOTER last_known_addr { host: "127.22.80.2" port: 37199 } attrs { replace: true } } peers { permanent_uuid: "28a46b5fd1114c5da03c66a4b945d7e7" member_type: VOTER last_known_addr { host: "127.22.80.3" port: 40289 } } peers { permanent_uuid: "ca578c402807494b8c9e3991e5c7a6b5" member_type: NON_VOTER last_known_addr { host: "127.22.80.4" port: 38435 } attrs { promote: true } } }
I20260710 11:04:06.831285 23949 raft_consensus.cc:2955] T cff715ef46e24983acaeecc383584101 P 0a18416d5fdc484e8703c5f673c12f60 [term 1 FOLLOWER]: Committing config change with OpId 1.2: config changed from index -1 to 2, NON_VOTER ca578c402807494b8c9e3991e5c7a6b5 (127.22.80.4) added. New config: { opid_index: 2 OBSOLETE_local: false peers { permanent_uuid: "0a18416d5fdc484e8703c5f673c12f60" member_type: VOTER last_known_addr { host: "127.22.80.1" port: 44135 } } peers { permanent_uuid: "2cac1316294143df95d8c4c229df6495" member_type: VOTER last_known_addr { host: "127.22.80.2" port: 37199 } attrs { replace: true } } peers { permanent_uuid: "28a46b5fd1114c5da03c66a4b945d7e7" member_type: VOTER last_known_addr { host: "127.22.80.3" port: 40289 } } peers { permanent_uuid: "ca578c402807494b8c9e3991e5c7a6b5" member_type: NON_VOTER last_known_addr { host: "127.22.80.4" port: 38435 } attrs { promote: true } } }
I20260710 11:04:06.834106 23854 catalog_manager.cc:5697] T cff715ef46e24983acaeecc383584101 P 2cac1316294143df95d8c4c229df6495 reported cstate change: config changed from index -1 to 2, NON_VOTER ca578c402807494b8c9e3991e5c7a6b5 (127.22.80.4) added. New cstate: current_term: 1 leader_uuid: "28a46b5fd1114c5da03c66a4b945d7e7" committed_config { opid_index: 2 OBSOLETE_local: false peers { permanent_uuid: "0a18416d5fdc484e8703c5f673c12f60" member_type: VOTER last_known_addr { host: "127.22.80.1" port: 44135 } } peers { permanent_uuid: "2cac1316294143df95d8c4c229df6495" member_type: VOTER last_known_addr { host: "127.22.80.2" port: 37199 } attrs { replace: true } } peers { permanent_uuid: "28a46b5fd1114c5da03c66a4b945d7e7" member_type: VOTER last_known_addr { host: "127.22.80.3" port: 40289 } } peers { permanent_uuid: "ca578c402807494b8c9e3991e5c7a6b5" member_type: NON_VOTER last_known_addr { host: "127.22.80.4" port: 38435 } attrs { promote: true } } }
W20260710 11:04:07.299562 23920 outbound_call.cc:321] RPC callback for RPC call kudu.consensus.ConsensusService.UpdateConsensus -> {remote=127.22.80.2:37199, user_credentials={real_user=slave}} blocked reactor thread for 70236.4us
I20260710 11:04:07.362058 24606 ts_tablet_manager.cc:933] T 14e79bb766a54341824ea6fc11903fda P ca578c402807494b8c9e3991e5c7a6b5: Initiating tablet copy from peer 2cac1316294143df95d8c4c229df6495 (127.22.80.2:37199)
I20260710 11:04:07.376961 24606 tablet_copy_client.cc:323] T 14e79bb766a54341824ea6fc11903fda P ca578c402807494b8c9e3991e5c7a6b5: tablet copy: Beginning tablet copy session from remote peer at address 127.22.80.2:37199
I20260710 11:04:07.379074 24042 tablet_copy_service.cc:140] P 2cac1316294143df95d8c4c229df6495: Received BeginTabletCopySession request for tablet 14e79bb766a54341824ea6fc11903fda from peer ca578c402807494b8c9e3991e5c7a6b5 ({username='slave'} at 127.0.0.1:32980)
I20260710 11:04:07.379632 24042 tablet_copy_service.cc:161] P 2cac1316294143df95d8c4c229df6495: Beginning new tablet copy session on tablet 14e79bb766a54341824ea6fc11903fda from peer ca578c402807494b8c9e3991e5c7a6b5 at {username='slave'} at 127.0.0.1:32980: session id = ca578c402807494b8c9e3991e5c7a6b5-14e79bb766a54341824ea6fc11903fda
I20260710 11:04:07.383898 24608 ts_tablet_manager.cc:933] T cff715ef46e24983acaeecc383584101 P ca578c402807494b8c9e3991e5c7a6b5: Initiating tablet copy from peer 28a46b5fd1114c5da03c66a4b945d7e7 (127.22.80.3:40289)
I20260710 11:04:07.387987 24042 tablet_copy_source_session.cc:215] T 14e79bb766a54341824ea6fc11903fda P 2cac1316294143df95d8c4c229df6495: Tablet Copy: opened 0 blocks and 1 log segments
I20260710 11:04:07.391995 24606 data_dirs.cc:400] Could only allocate 1 dirs of requested 3 for tablet 14e79bb766a54341824ea6fc11903fda. 1 dirs total, 0 dirs full, 0 dirs failed
I20260710 11:04:07.403510 24608 tablet_copy_client.cc:323] T cff715ef46e24983acaeecc383584101 P ca578c402807494b8c9e3991e5c7a6b5: tablet copy: Beginning tablet copy session from remote peer at address 127.22.80.3:40289
I20260710 11:04:07.405651 24116 tablet_copy_service.cc:140] P 28a46b5fd1114c5da03c66a4b945d7e7: Received BeginTabletCopySession request for tablet cff715ef46e24983acaeecc383584101 from peer ca578c402807494b8c9e3991e5c7a6b5 ({username='slave'} at 127.0.0.1:39522)
I20260710 11:04:07.406241 24116 tablet_copy_service.cc:161] P 28a46b5fd1114c5da03c66a4b945d7e7: Beginning new tablet copy session on tablet cff715ef46e24983acaeecc383584101 from peer ca578c402807494b8c9e3991e5c7a6b5 at {username='slave'} at 127.0.0.1:39522: session id = ca578c402807494b8c9e3991e5c7a6b5-cff715ef46e24983acaeecc383584101
I20260710 11:04:07.414512 24116 tablet_copy_source_session.cc:215] T cff715ef46e24983acaeecc383584101 P 28a46b5fd1114c5da03c66a4b945d7e7: Tablet Copy: opened 0 blocks and 1 log segments
I20260710 11:04:07.418109 24608 data_dirs.cc:400] Could only allocate 1 dirs of requested 3 for tablet cff715ef46e24983acaeecc383584101. 1 dirs total, 0 dirs full, 0 dirs failed
I20260710 11:04:07.429286 24606 tablet_copy_client.cc:806] T 14e79bb766a54341824ea6fc11903fda P ca578c402807494b8c9e3991e5c7a6b5: tablet copy: Starting download of 0 data blocks...
I20260710 11:04:07.436539 24606 tablet_copy_client.cc:670] T 14e79bb766a54341824ea6fc11903fda P ca578c402807494b8c9e3991e5c7a6b5: tablet copy: Starting download of 1 WAL segments...
I20260710 11:04:07.437109 24608 tablet_copy_client.cc:806] T cff715ef46e24983acaeecc383584101 P ca578c402807494b8c9e3991e5c7a6b5: tablet copy: Starting download of 0 data blocks...
I20260710 11:04:07.437697 24608 tablet_copy_client.cc:670] T cff715ef46e24983acaeecc383584101 P ca578c402807494b8c9e3991e5c7a6b5: tablet copy: Starting download of 1 WAL segments...
I20260710 11:04:07.448369 24608 tablet_copy_client.cc:538] T cff715ef46e24983acaeecc383584101 P ca578c402807494b8c9e3991e5c7a6b5: tablet copy: Tablet Copy complete. Replacing tablet superblock.
I20260710 11:04:07.450080 24606 tablet_copy_client.cc:538] T 14e79bb766a54341824ea6fc11903fda P ca578c402807494b8c9e3991e5c7a6b5: tablet copy: Tablet Copy complete. Replacing tablet superblock.
I20260710 11:04:07.458451 24608 tablet_bootstrap.cc:492] T cff715ef46e24983acaeecc383584101 P ca578c402807494b8c9e3991e5c7a6b5: Bootstrap starting.
I20260710 11:04:07.458858 24606 tablet_bootstrap.cc:492] T 14e79bb766a54341824ea6fc11903fda P ca578c402807494b8c9e3991e5c7a6b5: Bootstrap starting.
I20260710 11:04:07.499670 24606 tablet_bootstrap.cc:492] T 14e79bb766a54341824ea6fc11903fda P ca578c402807494b8c9e3991e5c7a6b5: Bootstrap replayed 1/1 log segments. Stats: ops{read=3 overwritten=0 applied=3 ignored=0} inserts{seen=0 ignored=0} mutations{seen=0 ignored=0} orphaned_commits=0. Pending: 0 replicates
I20260710 11:04:07.502643 24608 tablet_bootstrap.cc:492] T cff715ef46e24983acaeecc383584101 P ca578c402807494b8c9e3991e5c7a6b5: Bootstrap replayed 1/1 log segments. Stats: ops{read=2 overwritten=0 applied=2 ignored=0} inserts{seen=0 ignored=0} mutations{seen=0 ignored=0} orphaned_commits=0. Pending: 0 replicates
I20260710 11:04:07.503758 24608 tablet_bootstrap.cc:492] T cff715ef46e24983acaeecc383584101 P ca578c402807494b8c9e3991e5c7a6b5: Bootstrap complete.
I20260710 11:04:07.504524 24608 ts_tablet_manager.cc:1403] T cff715ef46e24983acaeecc383584101 P ca578c402807494b8c9e3991e5c7a6b5: Time spent bootstrapping tablet: real 0.046s	user 0.027s	sys 0.012s
I20260710 11:04:07.507962 24608 raft_consensus.cc:359] T cff715ef46e24983acaeecc383584101 P ca578c402807494b8c9e3991e5c7a6b5 [term 1 LEARNER]: Replica starting. Triggering 0 pending ops. Active config: opid_index: 2 OBSOLETE_local: false peers { permanent_uuid: "0a18416d5fdc484e8703c5f673c12f60" member_type: VOTER last_known_addr { host: "127.22.80.1" port: 44135 } } peers { permanent_uuid: "2cac1316294143df95d8c4c229df6495" member_type: VOTER last_known_addr { host: "127.22.80.2" port: 37199 } attrs { replace: true } } peers { permanent_uuid: "28a46b5fd1114c5da03c66a4b945d7e7" member_type: VOTER last_known_addr { host: "127.22.80.3" port: 40289 } } peers { permanent_uuid: "ca578c402807494b8c9e3991e5c7a6b5" member_type: NON_VOTER last_known_addr { host: "127.22.80.4" port: 38435 } attrs { promote: true } }
I20260710 11:04:07.509143 24608 raft_consensus.cc:740] T cff715ef46e24983acaeecc383584101 P ca578c402807494b8c9e3991e5c7a6b5 [term 1 LEARNER]: Becoming Follower/Learner. State: Replica: ca578c402807494b8c9e3991e5c7a6b5, State: Initialized, Role: LEARNER
I20260710 11:04:07.509896 24608 consensus_queue.cc:260] T cff715ef46e24983acaeecc383584101 P ca578c402807494b8c9e3991e5c7a6b5 [NON_LEADER]: Queue going to NON_LEADER mode. State: All replicated index: 0, Majority replicated index: 0, Committed index: 2, Last appended: 1.2, Last appended by leader: 2, Current term: 0, Majority size: -1, State: 0, Mode: NON_LEADER, active raft config: opid_index: 2 OBSOLETE_local: false peers { permanent_uuid: "0a18416d5fdc484e8703c5f673c12f60" member_type: VOTER last_known_addr { host: "127.22.80.1" port: 44135 } } peers { permanent_uuid: "2cac1316294143df95d8c4c229df6495" member_type: VOTER last_known_addr { host: "127.22.80.2" port: 37199 } attrs { replace: true } } peers { permanent_uuid: "28a46b5fd1114c5da03c66a4b945d7e7" member_type: VOTER last_known_addr { host: "127.22.80.3" port: 40289 } } peers { permanent_uuid: "ca578c402807494b8c9e3991e5c7a6b5" member_type: NON_VOTER last_known_addr { host: "127.22.80.4" port: 38435 } attrs { promote: true } }
I20260710 11:04:07.514757 24606 tablet_bootstrap.cc:492] T 14e79bb766a54341824ea6fc11903fda P ca578c402807494b8c9e3991e5c7a6b5: Bootstrap complete.
I20260710 11:04:07.515915 24606 ts_tablet_manager.cc:1403] T 14e79bb766a54341824ea6fc11903fda P ca578c402807494b8c9e3991e5c7a6b5: Time spent bootstrapping tablet: real 0.057s	user 0.019s	sys 0.014s
I20260710 11:04:07.519734 24608 ts_tablet_manager.cc:1434] T cff715ef46e24983acaeecc383584101 P ca578c402807494b8c9e3991e5c7a6b5: Time spent starting tablet: real 0.015s	user 0.009s	sys 0.004s
I20260710 11:04:07.519841 24606 raft_consensus.cc:359] T 14e79bb766a54341824ea6fc11903fda P ca578c402807494b8c9e3991e5c7a6b5 [term 3 LEARNER]: Replica starting. Triggering 0 pending ops. Active config: opid_index: 2 OBSOLETE_local: false peers { permanent_uuid: "0a18416d5fdc484e8703c5f673c12f60" member_type: VOTER last_known_addr { host: "127.22.80.1" port: 44135 } } peers { permanent_uuid: "2cac1316294143df95d8c4c229df6495" member_type: VOTER last_known_addr { host: "127.22.80.2" port: 37199 } } peers { permanent_uuid: "28a46b5fd1114c5da03c66a4b945d7e7" member_type: VOTER last_known_addr { host: "127.22.80.3" port: 40289 } attrs { replace: true } } peers { permanent_uuid: "ca578c402807494b8c9e3991e5c7a6b5" member_type: NON_VOTER last_known_addr { host: "127.22.80.4" port: 38435 } attrs { promote: true } }
I20260710 11:04:07.520743 24606 raft_consensus.cc:740] T 14e79bb766a54341824ea6fc11903fda P ca578c402807494b8c9e3991e5c7a6b5 [term 3 LEARNER]: Becoming Follower/Learner. State: Replica: ca578c402807494b8c9e3991e5c7a6b5, State: Initialized, Role: LEARNER
I20260710 11:04:07.521397 24606 consensus_queue.cc:260] T 14e79bb766a54341824ea6fc11903fda P ca578c402807494b8c9e3991e5c7a6b5 [NON_LEADER]: Queue going to NON_LEADER mode. State: All replicated index: 0, Majority replicated index: 0, Committed index: 3, Last appended: 3.3, Last appended by leader: 3, Current term: 0, Majority size: -1, State: 0, Mode: NON_LEADER, active raft config: opid_index: 2 OBSOLETE_local: false peers { permanent_uuid: "0a18416d5fdc484e8703c5f673c12f60" member_type: VOTER last_known_addr { host: "127.22.80.1" port: 44135 } } peers { permanent_uuid: "2cac1316294143df95d8c4c229df6495" member_type: VOTER last_known_addr { host: "127.22.80.2" port: 37199 } } peers { permanent_uuid: "28a46b5fd1114c5da03c66a4b945d7e7" member_type: VOTER last_known_addr { host: "127.22.80.3" port: 40289 } attrs { replace: true } } peers { permanent_uuid: "ca578c402807494b8c9e3991e5c7a6b5" member_type: NON_VOTER last_known_addr { host: "127.22.80.4" port: 38435 } attrs { promote: true } }
I20260710 11:04:07.523669 24116 tablet_copy_service.cc:342] P 28a46b5fd1114c5da03c66a4b945d7e7: Request end of tablet copy session ca578c402807494b8c9e3991e5c7a6b5-cff715ef46e24983acaeecc383584101 received from {username='slave'} at 127.0.0.1:39522
I20260710 11:04:07.524084 24116 tablet_copy_service.cc:434] P 28a46b5fd1114c5da03c66a4b945d7e7: ending tablet copy session ca578c402807494b8c9e3991e5c7a6b5-cff715ef46e24983acaeecc383584101 on tablet cff715ef46e24983acaeecc383584101 with peer ca578c402807494b8c9e3991e5c7a6b5
I20260710 11:04:07.526335 24606 ts_tablet_manager.cc:1434] T 14e79bb766a54341824ea6fc11903fda P ca578c402807494b8c9e3991e5c7a6b5: Time spent starting tablet: real 0.010s	user 0.005s	sys 0.001s
I20260710 11:04:07.528199 24042 tablet_copy_service.cc:342] P 2cac1316294143df95d8c4c229df6495: Request end of tablet copy session ca578c402807494b8c9e3991e5c7a6b5-14e79bb766a54341824ea6fc11903fda received from {username='slave'} at 127.0.0.1:32980
I20260710 11:04:07.528661 24042 tablet_copy_service.cc:434] P 2cac1316294143df95d8c4c229df6495: ending tablet copy session ca578c402807494b8c9e3991e5c7a6b5-14e79bb766a54341824ea6fc11903fda on tablet 14e79bb766a54341824ea6fc11903fda with peer ca578c402807494b8c9e3991e5c7a6b5
I20260710 11:04:07.908272 24368 raft_consensus.cc:1217] T 14e79bb766a54341824ea6fc11903fda P ca578c402807494b8c9e3991e5c7a6b5 [term 3 LEARNER]: Deduplicated request from leader. Original: 1.2->[3.3-3.3]   Dedup: 3.3->[]
I20260710 11:04:07.935559 24368 raft_consensus.cc:1217] T cff715ef46e24983acaeecc383584101 P ca578c402807494b8c9e3991e5c7a6b5 [term 1 LEARNER]: Deduplicated request from leader. Original: 1.1->[1.2-1.2]   Dedup: 1.2->[]
I20260710 11:04:08.321250 24614 raft_consensus.cc:1064] T 14e79bb766a54341824ea6fc11903fda P 2cac1316294143df95d8c4c229df6495: attempting to promote NON_VOTER ca578c402807494b8c9e3991e5c7a6b5 to VOTER
I20260710 11:04:08.323984 24614 consensus_queue.cc:237] T 14e79bb766a54341824ea6fc11903fda P 2cac1316294143df95d8c4c229df6495 [LEADER]: Queue going to LEADER mode. State: All replicated index: 0, Majority replicated index: 3, Committed index: 3, Last appended: 3.3, Last appended by leader: 2, Current term: 3, Majority size: 3, State: 0, Mode: LEADER, active raft config: opid_index: 4 OBSOLETE_local: false peers { permanent_uuid: "0a18416d5fdc484e8703c5f673c12f60" member_type: VOTER last_known_addr { host: "127.22.80.1" port: 44135 } } peers { permanent_uuid: "2cac1316294143df95d8c4c229df6495" member_type: VOTER last_known_addr { host: "127.22.80.2" port: 37199 } } peers { permanent_uuid: "28a46b5fd1114c5da03c66a4b945d7e7" member_type: VOTER last_known_addr { host: "127.22.80.3" port: 40289 } attrs { replace: true } } peers { permanent_uuid: "ca578c402807494b8c9e3991e5c7a6b5" member_type: VOTER last_known_addr { host: "127.22.80.4" port: 38435 } attrs { promote: false } }
I20260710 11:04:08.336802 24370 raft_consensus.cc:1275] T 14e79bb766a54341824ea6fc11903fda P ca578c402807494b8c9e3991e5c7a6b5 [term 3 LEARNER]: Refusing update from remote peer 2cac1316294143df95d8c4c229df6495: Log matching property violated. Preceding OpId in replica: term: 3 index: 3. Preceding OpId from leader: term: 3 index: 4. (index mismatch)
I20260710 11:04:08.338402 24613 consensus_queue.cc:1048] T 14e79bb766a54341824ea6fc11903fda P 2cac1316294143df95d8c4c229df6495 [LEADER]: Connected to new peer: Peer: permanent_uuid: "ca578c402807494b8c9e3991e5c7a6b5" member_type: VOTER last_known_addr { host: "127.22.80.4" port: 38435 } attrs { promote: false }, Status: LMP_MISMATCH, Last received: 0.0, Next index: 4, Last known committed idx: 3, Time since last communication: 0.000s
I20260710 11:04:08.343967 23953 raft_consensus.cc:1275] T 14e79bb766a54341824ea6fc11903fda P 0a18416d5fdc484e8703c5f673c12f60 [term 3 FOLLOWER]: Refusing update from remote peer 2cac1316294143df95d8c4c229df6495: Log matching property violated. Preceding OpId in replica: term: 3 index: 3. Preceding OpId from leader: term: 3 index: 4. (index mismatch)
I20260710 11:04:08.344385 24099 raft_consensus.cc:1275] T 14e79bb766a54341824ea6fc11903fda P 28a46b5fd1114c5da03c66a4b945d7e7 [term 3 FOLLOWER]: Refusing update from remote peer 2cac1316294143df95d8c4c229df6495: Log matching property violated. Preceding OpId in replica: term: 3 index: 3. Preceding OpId from leader: term: 3 index: 4. (index mismatch)
I20260710 11:04:08.350689 24601 consensus_queue.cc:1048] T 14e79bb766a54341824ea6fc11903fda P 2cac1316294143df95d8c4c229df6495 [LEADER]: Connected to new peer: Peer: permanent_uuid: "0a18416d5fdc484e8703c5f673c12f60" member_type: VOTER last_known_addr { host: "127.22.80.1" port: 44135 }, Status: LMP_MISMATCH, Last received: 0.0, Next index: 4, Last known committed idx: 3, Time since last communication: 0.000s
I20260710 11:04:08.351594 24614 consensus_queue.cc:1048] T 14e79bb766a54341824ea6fc11903fda P 2cac1316294143df95d8c4c229df6495 [LEADER]: Connected to new peer: Peer: permanent_uuid: "28a46b5fd1114c5da03c66a4b945d7e7" member_type: VOTER last_known_addr { host: "127.22.80.3" port: 40289 } attrs { replace: true }, Status: LMP_MISMATCH, Last received: 0.0, Next index: 4, Last known committed idx: 3, Time since last communication: 0.000s
I20260710 11:04:08.370474 24601 raft_consensus.cc:2955] T 14e79bb766a54341824ea6fc11903fda P 2cac1316294143df95d8c4c229df6495 [term 3 LEADER]: Committing config change with OpId 3.4: config changed from index 2 to 4, ca578c402807494b8c9e3991e5c7a6b5 (127.22.80.4) changed from NON_VOTER to VOTER. New config: { opid_index: 4 OBSOLETE_local: false peers { permanent_uuid: "0a18416d5fdc484e8703c5f673c12f60" member_type: VOTER last_known_addr { host: "127.22.80.1" port: 44135 } } peers { permanent_uuid: "2cac1316294143df95d8c4c229df6495" member_type: VOTER last_known_addr { host: "127.22.80.2" port: 37199 } } peers { permanent_uuid: "28a46b5fd1114c5da03c66a4b945d7e7" member_type: VOTER last_known_addr { host: "127.22.80.3" port: 40289 } attrs { replace: true } } peers { permanent_uuid: "ca578c402807494b8c9e3991e5c7a6b5" member_type: VOTER last_known_addr { host: "127.22.80.4" port: 38435 } attrs { promote: false } } }
