I20260710 11:03:38.279471 22981 consensus_queue.cc:260] T 11af304c778e4b368be6ca95361d930c P 87d740ced7964b19a09e983e3a8905b0 [NON_LEADER]: Queue going to NON_LEADER mode. State: All replicated index: 0, Majority replicated index: 1, Committed index: 1, Last appended: 1.1, Last appended by leader: 1, Current term: 1, Majority size: -1, State: 0, Mode: NON_LEADER, active raft config: opid_index: -1 OBSOLETE_local: false peers { permanent_uuid: "a0a4be4e69824e6bbde1dae7bc765727" member_type: VOTER last_known_addr { host: "127.22.80.2" port: 34543 } } peers { permanent_uuid: "8ddbf12af21240aca5b789657f3775d5" member_type: VOTER last_known_addr { host: "127.22.80.3" port: 37897 } } peers { permanent_uuid: "87d740ced7964b19a09e983e3a8905b0" member_type: VOTER last_known_addr { host: "127.22.80.1" port: 45671 } }
I20260710 11:03:38.280573 22981 raft_consensus.cc:3060] T 11af304c778e4b368be6ca95361d930c P 87d740ced7964b19a09e983e3a8905b0 [term 1 FOLLOWER]: Advancing to term 2
I20260710 11:03:38.284607 23131 raft_consensus.cc:2468] T 11af304c778e4b368be6ca95361d930c P 8ddbf12af21240aca5b789657f3775d5 [term 2 FOLLOWER]: Leader election vote request: Granting yes vote for candidate a0a4be4e69824e6bbde1dae7bc765727 in term 2.
I20260710 11:03:38.285808 23021 leader_election.cc:304] T 11af304c778e4b368be6ca95361d930c P a0a4be4e69824e6bbde1dae7bc765727 [CANDIDATE]: Term 2 election: Election decided. Result: candidate won. Election summary: received 2 responses out of 3 voters: 2 yes votes; 0 no votes. yes voters: 8ddbf12af21240aca5b789657f3775d5, a0a4be4e69824e6bbde1dae7bc765727; no voters: 
I20260710 11:03:38.286587 23217 raft_consensus.cc:2804] T 11af304c778e4b368be6ca95361d930c P a0a4be4e69824e6bbde1dae7bc765727 [term 2 FOLLOWER]: Leader election won for term 2
I20260710 11:03:38.286696 22981 raft_consensus.cc:2468] T 11af304c778e4b368be6ca95361d930c P 87d740ced7964b19a09e983e3a8905b0 [term 2 FOLLOWER]: Leader election vote request: Granting yes vote for candidate a0a4be4e69824e6bbde1dae7bc765727 in term 2.
I20260710 11:03:38.287104 23217 raft_consensus.cc:697] T 11af304c778e4b368be6ca95361d930c P a0a4be4e69824e6bbde1dae7bc765727 [term 2 LEADER]: Becoming Leader. State: Replica: a0a4be4e69824e6bbde1dae7bc765727, State: Running, Role: LEADER
I20260710 11:03:38.288053 23217 consensus_queue.cc:237] T 11af304c778e4b368be6ca95361d930c P a0a4be4e69824e6bbde1dae7bc765727 [LEADER]: Queue going to LEADER mode. State: All replicated index: 0, Majority replicated index: 1, Committed index: 1, Last appended: 1.1, Last appended by leader: 1, Current term: 2, Majority size: 2, State: 0, Mode: LEADER, active raft config: opid_index: -1 OBSOLETE_local: false peers { permanent_uuid: "a0a4be4e69824e6bbde1dae7bc765727" member_type: VOTER last_known_addr { host: "127.22.80.2" port: 34543 } } peers { permanent_uuid: "8ddbf12af21240aca5b789657f3775d5" member_type: VOTER last_known_addr { host: "127.22.80.3" port: 37897 } } peers { permanent_uuid: "87d740ced7964b19a09e983e3a8905b0" member_type: VOTER last_known_addr { host: "127.22.80.1" port: 45671 } }
I20260710 11:03:38.294275 22880 catalog_manager.cc:5697] T 11af304c778e4b368be6ca95361d930c P a0a4be4e69824e6bbde1dae7bc765727 reported cstate change: term changed from 1 to 2, leader changed from 87d740ced7964b19a09e983e3a8905b0 (127.22.80.1) to a0a4be4e69824e6bbde1dae7bc765727 (127.22.80.2). New cstate: current_term: 2 leader_uuid: "a0a4be4e69824e6bbde1dae7bc765727" committed_config { opid_index: -1 OBSOLETE_local: false peers { permanent_uuid: "a0a4be4e69824e6bbde1dae7bc765727" member_type: VOTER last_known_addr { host: "127.22.80.2" port: 34543 } health_report { overall_health: HEALTHY } } peers { permanent_uuid: "8ddbf12af21240aca5b789657f3775d5" member_type: VOTER last_known_addr { host: "127.22.80.3" port: 37897 } health_report { overall_health: UNKNOWN } } peers { permanent_uuid: "87d740ced7964b19a09e983e3a8905b0" member_type: VOTER last_known_addr { host: "127.22.80.1" port: 45671 } health_report { overall_health: UNKNOWN } } }
I20260710 11:03:38.326221 23295 raft_consensus.cc:993] T 7de63294a7b442ee897200f9522cc2e9 P 87d740ced7964b19a09e983e3a8905b0: : Instructing follower a0a4be4e69824e6bbde1dae7bc765727 to start an election
I20260710 11:03:38.326751 23264 raft_consensus.cc:1081] T 7de63294a7b442ee897200f9522cc2e9 P 87d740ced7964b19a09e983e3a8905b0 [term 2 LEADER]: Signalling peer a0a4be4e69824e6bbde1dae7bc765727 to start an election
I20260710 11:03:38.328202 23057 tablet_service.cc:2044] Received Run Leader Election RPC: tablet_id: "7de63294a7b442ee897200f9522cc2e9"
dest_uuid: "a0a4be4e69824e6bbde1dae7bc765727"
 from {username='slave'} at 127.0.0.1:40390
I20260710 11:03:38.328680 23057 raft_consensus.cc:493] T 7de63294a7b442ee897200f9522cc2e9 P a0a4be4e69824e6bbde1dae7bc765727 [term 2 FOLLOWER]: Starting forced leader election (received explicit request)
I20260710 11:03:38.329006 23057 raft_consensus.cc:3060] T 7de63294a7b442ee897200f9522cc2e9 P a0a4be4e69824e6bbde1dae7bc765727 [term 2 FOLLOWER]: Advancing to term 3
I20260710 11:03:38.334342 23057 raft_consensus.cc:515] T 7de63294a7b442ee897200f9522cc2e9 P a0a4be4e69824e6bbde1dae7bc765727 [term 3 FOLLOWER]: Starting forced leader election with config: opid_index: -1 OBSOLETE_local: false peers { permanent_uuid: "87d740ced7964b19a09e983e3a8905b0" member_type: VOTER last_known_addr { host: "127.22.80.1" port: 45671 } } peers { permanent_uuid: "a0a4be4e69824e6bbde1dae7bc765727" member_type: VOTER last_known_addr { host: "127.22.80.2" port: 34543 } } peers { permanent_uuid: "8ddbf12af21240aca5b789657f3775d5" member_type: VOTER last_known_addr { host: "127.22.80.3" port: 37897 } }
I20260710 11:03:38.335984 23057 leader_election.cc:290] T 7de63294a7b442ee897200f9522cc2e9 P a0a4be4e69824e6bbde1dae7bc765727 [CANDIDATE]: Term 3 election: Requested vote from peers 87d740ced7964b19a09e983e3a8905b0 (127.22.80.1:45671), 8ddbf12af21240aca5b789657f3775d5 (127.22.80.3:37897)
I20260710 11:03:38.336474 22981 tablet_service.cc:1917] Received RequestConsensusVote() RPC: tablet_id: "7de63294a7b442ee897200f9522cc2e9" candidate_uuid: "a0a4be4e69824e6bbde1dae7bc765727" candidate_term: 3 candidate_status { last_received { term: 2 index: 2 } } ignore_live_leader: true dest_uuid: "87d740ced7964b19a09e983e3a8905b0"
I20260710 11:03:38.336951 23131 tablet_service.cc:1917] Received RequestConsensusVote() RPC: tablet_id: "7de63294a7b442ee897200f9522cc2e9" candidate_uuid: "a0a4be4e69824e6bbde1dae7bc765727" candidate_term: 3 candidate_status { last_received { term: 2 index: 2 } } ignore_live_leader: true dest_uuid: "8ddbf12af21240aca5b789657f3775d5"
I20260710 11:03:38.337011 22981 raft_consensus.cc:3055] T 7de63294a7b442ee897200f9522cc2e9 P 87d740ced7964b19a09e983e3a8905b0 [term 2 LEADER]: Stepping down as leader of term 2
I20260710 11:03:38.337406 23131 raft_consensus.cc:3060] T 7de63294a7b442ee897200f9522cc2e9 P 8ddbf12af21240aca5b789657f3775d5 [term 2 FOLLOWER]: Advancing to term 3
I20260710 11:03:38.337488 22981 raft_consensus.cc:740] T 7de63294a7b442ee897200f9522cc2e9 P 87d740ced7964b19a09e983e3a8905b0 [term 2 LEADER]: Becoming Follower/Learner. State: Replica: 87d740ced7964b19a09e983e3a8905b0, State: Running, Role: LEADER
I20260710 11:03:38.338151 22981 consensus_queue.cc:260] T 7de63294a7b442ee897200f9522cc2e9 P 87d740ced7964b19a09e983e3a8905b0 [NON_LEADER]: Queue going to NON_LEADER mode. State: All replicated index: 0, Majority replicated index: 2, Committed index: 2, Last appended: 2.2, Last appended by leader: 2, Current term: 2, Majority size: -1, State: 0, Mode: NON_LEADER, active raft config: opid_index: -1 OBSOLETE_local: false peers { permanent_uuid: "87d740ced7964b19a09e983e3a8905b0" member_type: VOTER last_known_addr { host: "127.22.80.1" port: 45671 } } peers { permanent_uuid: "a0a4be4e69824e6bbde1dae7bc765727" member_type: VOTER last_known_addr { host: "127.22.80.2" port: 34543 } } peers { permanent_uuid: "8ddbf12af21240aca5b789657f3775d5" member_type: VOTER last_known_addr { host: "127.22.80.3" port: 37897 } }
I20260710 11:03:38.339002 22981 raft_consensus.cc:3060] T 7de63294a7b442ee897200f9522cc2e9 P 87d740ced7964b19a09e983e3a8905b0 [term 2 FOLLOWER]: Advancing to term 3
I20260710 11:03:38.342514 23131 raft_consensus.cc:2468] T 7de63294a7b442ee897200f9522cc2e9 P 8ddbf12af21240aca5b789657f3775d5 [term 3 FOLLOWER]: Leader election vote request: Granting yes vote for candidate a0a4be4e69824e6bbde1dae7bc765727 in term 3.
I20260710 11:03:38.343032 22981 raft_consensus.cc:2468] T 7de63294a7b442ee897200f9522cc2e9 P 87d740ced7964b19a09e983e3a8905b0 [term 3 FOLLOWER]: Leader election vote request: Granting yes vote for candidate a0a4be4e69824e6bbde1dae7bc765727 in term 3.
I20260710 11:03:38.343528 23021 leader_election.cc:304] T 7de63294a7b442ee897200f9522cc2e9 P a0a4be4e69824e6bbde1dae7bc765727 [CANDIDATE]: Term 3 election: Election decided. Result: candidate won. Election summary: received 2 responses out of 3 voters: 2 yes votes; 0 no votes. yes voters: 8ddbf12af21240aca5b789657f3775d5, a0a4be4e69824e6bbde1dae7bc765727; no voters: 
I20260710 11:03:38.344237 23217 raft_consensus.cc:2804] T 7de63294a7b442ee897200f9522cc2e9 P a0a4be4e69824e6bbde1dae7bc765727 [term 3 FOLLOWER]: Leader election won for term 3
I20260710 11:03:38.344704 23217 raft_consensus.cc:697] T 7de63294a7b442ee897200f9522cc2e9 P a0a4be4e69824e6bbde1dae7bc765727 [term 3 LEADER]: Becoming Leader. State: Replica: a0a4be4e69824e6bbde1dae7bc765727, State: Running, Role: LEADER
I20260710 11:03:38.345304 23217 consensus_queue.cc:237] T 7de63294a7b442ee897200f9522cc2e9 P a0a4be4e69824e6bbde1dae7bc765727 [LEADER]: Queue going to LEADER mode. State: All replicated index: 0, Majority replicated index: 2, Committed index: 2, Last appended: 2.2, Last appended by leader: 2, Current term: 3, Majority size: 2, State: 0, Mode: LEADER, active raft config: opid_index: -1 OBSOLETE_local: false peers { permanent_uuid: "87d740ced7964b19a09e983e3a8905b0" member_type: VOTER last_known_addr { host: "127.22.80.1" port: 45671 } } peers { permanent_uuid: "a0a4be4e69824e6bbde1dae7bc765727" member_type: VOTER last_known_addr { host: "127.22.80.2" port: 34543 } } peers { permanent_uuid: "8ddbf12af21240aca5b789657f3775d5" member_type: VOTER last_known_addr { host: "127.22.80.3" port: 37897 } }
I20260710 11:03:38.352188 22880 catalog_manager.cc:5697] T 7de63294a7b442ee897200f9522cc2e9 P a0a4be4e69824e6bbde1dae7bc765727 reported cstate change: term changed from 2 to 3, leader changed from 87d740ced7964b19a09e983e3a8905b0 (127.22.80.1) to a0a4be4e69824e6bbde1dae7bc765727 (127.22.80.2). New cstate: current_term: 3 leader_uuid: "a0a4be4e69824e6bbde1dae7bc765727" committed_config { opid_index: -1 OBSOLETE_local: false peers { permanent_uuid: "87d740ced7964b19a09e983e3a8905b0" member_type: VOTER last_known_addr { host: "127.22.80.1" port: 45671 } health_report { overall_health: UNKNOWN } } peers { permanent_uuid: "a0a4be4e69824e6bbde1dae7bc765727" member_type: VOTER last_known_addr { host: "127.22.80.2" port: 34543 } health_report { overall_health: HEALTHY } } peers { permanent_uuid: "8ddbf12af21240aca5b789657f3775d5" member_type: VOTER last_known_addr { host: "127.22.80.3" port: 37897 } health_report { overall_health: UNKNOWN } } }
I20260710 11:03:38.600682 22981 raft_consensus.cc:1275] T 3c6ea81d948e4409aef41392e21bfa5b P 87d740ced7964b19a09e983e3a8905b0 [term 2 FOLLOWER]: Refusing update from remote peer a0a4be4e69824e6bbde1dae7bc765727: Log matching property violated. Preceding OpId in replica: term: 1 index: 1. Preceding OpId from leader: term: 2 index: 2. (index mismatch)
I20260710 11:03:38.601929 23217 consensus_queue.cc:1048] T 3c6ea81d948e4409aef41392e21bfa5b P a0a4be4e69824e6bbde1dae7bc765727 [LEADER]: Connected to new peer: Peer: permanent_uuid: "87d740ced7964b19a09e983e3a8905b0" member_type: VOTER last_known_addr { host: "127.22.80.1" port: 45671 }, Status: LMP_MISMATCH, Last received: 0.0, Next index: 2, Last known committed idx: 1, Time since last communication: 0.000s
I20260710 11:03:38.609515 23131 raft_consensus.cc:1275] T 3c6ea81d948e4409aef41392e21bfa5b P 8ddbf12af21240aca5b789657f3775d5 [term 2 FOLLOWER]: Refusing update from remote peer a0a4be4e69824e6bbde1dae7bc765727: Log matching property violated. Preceding OpId in replica: term: 1 index: 1. Preceding OpId from leader: term: 2 index: 2. (index mismatch)
I20260710 11:03:38.612506 23217 consensus_queue.cc:1048] T 3c6ea81d948e4409aef41392e21bfa5b P a0a4be4e69824e6bbde1dae7bc765727 [LEADER]: Connected to new peer: Peer: permanent_uuid: "8ddbf12af21240aca5b789657f3775d5" member_type: VOTER last_known_addr { host: "127.22.80.3" port: 37897 }, Status: LMP_MISMATCH, Last received: 0.0, Next index: 2, Last known committed idx: 1, Time since last communication: 0.000s
I20260710 11:03:38.622803 22981 raft_consensus.cc:1275] T 27e1451e9df947a080fee21bed689097 P 87d740ced7964b19a09e983e3a8905b0 [term 4 FOLLOWER]: Refusing update from remote peer a0a4be4e69824e6bbde1dae7bc765727: Log matching property violated. Preceding OpId in replica: term: 3 index: 3. Preceding OpId from leader: term: 4 index: 4. (index mismatch)
I20260710 11:03:38.624023 23289 consensus_queue.cc:1048] T 27e1451e9df947a080fee21bed689097 P a0a4be4e69824e6bbde1dae7bc765727 [LEADER]: Connected to new peer: Peer: permanent_uuid: "87d740ced7964b19a09e983e3a8905b0" member_type: VOTER last_known_addr { host: "127.22.80.1" port: 45671 }, Status: LMP_MISMATCH, Last received: 0.0, Next index: 4, Last known committed idx: 3, Time since last communication: 0.000s
I20260710 11:03:38.632284 23131 raft_consensus.cc:1275] T 27e1451e9df947a080fee21bed689097 P 8ddbf12af21240aca5b789657f3775d5 [term 4 FOLLOWER]: Refusing update from remote peer a0a4be4e69824e6bbde1dae7bc765727: Log matching property violated. Preceding OpId in replica: term: 3 index: 3. Preceding OpId from leader: term: 4 index: 4. (index mismatch)
I20260710 11:03:38.634217 23289 consensus_queue.cc:1048] T 27e1451e9df947a080fee21bed689097 P a0a4be4e69824e6bbde1dae7bc765727 [LEADER]: Connected to new peer: Peer: permanent_uuid: "8ddbf12af21240aca5b789657f3775d5" member_type: VOTER last_known_addr { host: "127.22.80.3" port: 37897 }, Status: LMP_MISMATCH, Last received: 0.0, Next index: 4, Last known committed idx: 3, Time since last communication: 0.000s
I20260710 11:03:38.661067 23131 raft_consensus.cc:1275] T 25b5d4c9b9bb4a169914e426bccbaa7e P 8ddbf12af21240aca5b789657f3775d5 [term 3 FOLLOWER]: Refusing update from remote peer a0a4be4e69824e6bbde1dae7bc765727: Log matching property violated. Preceding OpId in replica: term: 2 index: 2. Preceding OpId from leader: term: 3 index: 3. (index mismatch)
I20260710 11:03:38.662218 23289 consensus_queue.cc:1048] T 25b5d4c9b9bb4a169914e426bccbaa7e P a0a4be4e69824e6bbde1dae7bc765727 [LEADER]: Connected to new peer: Peer: permanent_uuid: "8ddbf12af21240aca5b789657f3775d5" member_type: VOTER last_known_addr { host: "127.22.80.3" port: 37897 }, Status: LMP_MISMATCH, Last received: 0.0, Next index: 3, Last known committed idx: 2, Time since last communication: 0.000s
I20260710 11:03:38.669150 22981 raft_consensus.cc:1275] T 25b5d4c9b9bb4a169914e426bccbaa7e P 87d740ced7964b19a09e983e3a8905b0 [term 3 FOLLOWER]: Refusing update from remote peer a0a4be4e69824e6bbde1dae7bc765727: Log matching property violated. Preceding OpId in replica: term: 2 index: 2. Preceding OpId from leader: term: 3 index: 3. (index mismatch)
I20260710 11:03:38.671480 23289 consensus_queue.cc:1048] T 25b5d4c9b9bb4a169914e426bccbaa7e P a0a4be4e69824e6bbde1dae7bc765727 [LEADER]: Connected to new peer: Peer: permanent_uuid: "87d740ced7964b19a09e983e3a8905b0" member_type: VOTER last_known_addr { host: "127.22.80.1" port: 45671 }, Status: LMP_MISMATCH, Last received: 0.0, Next index: 3, Last known committed idx: 2, Time since last communication: 0.000s
I20260710 11:03:38.681577 23131 raft_consensus.cc:1275] T 11af304c778e4b368be6ca95361d930c P 8ddbf12af21240aca5b789657f3775d5 [term 2 FOLLOWER]: Refusing update from remote peer a0a4be4e69824e6bbde1dae7bc765727: Log matching property violated. Preceding OpId in replica: term: 1 index: 1. Preceding OpId from leader: term: 2 index: 2. (index mismatch)
I20260710 11:03:38.682737 23289 consensus_queue.cc:1048] T 11af304c778e4b368be6ca95361d930c P a0a4be4e69824e6bbde1dae7bc765727 [LEADER]: Connected to new peer: Peer: permanent_uuid: "8ddbf12af21240aca5b789657f3775d5" member_type: VOTER last_known_addr { host: "127.22.80.3" port: 37897 }, Status: LMP_MISMATCH, Last received: 0.0, Next index: 2, Last known committed idx: 1, Time since last communication: 0.000s
I20260710 11:03:38.692051 22981 raft_consensus.cc:1275] T 11af304c778e4b368be6ca95361d930c P 87d740ced7964b19a09e983e3a8905b0 [term 2 FOLLOWER]: Refusing update from remote peer a0a4be4e69824e6bbde1dae7bc765727: Log matching property violated. Preceding OpId in replica: term: 1 index: 1. Preceding OpId from leader: term: 2 index: 2. (index mismatch)
I20260710 11:03:38.693687 23289 consensus_queue.cc:1048] T 11af304c778e4b368be6ca95361d930c P a0a4be4e69824e6bbde1dae7bc765727 [LEADER]: Connected to new peer: Peer: permanent_uuid: "87d740ced7964b19a09e983e3a8905b0" member_type: VOTER last_known_addr { host: "127.22.80.1" port: 45671 }, Status: LMP_MISMATCH, Last received: 0.0, Next index: 2, Last known committed idx: 1, Time since last communication: 0.000s
I20260710 11:03:38.760375 23131 raft_consensus.cc:1275] T 7de63294a7b442ee897200f9522cc2e9 P 8ddbf12af21240aca5b789657f3775d5 [term 3 FOLLOWER]: Refusing update from remote peer a0a4be4e69824e6bbde1dae7bc765727: Log matching property violated. Preceding OpId in replica: term: 2 index: 2. Preceding OpId from leader: term: 3 index: 3. (index mismatch)
I20260710 11:03:38.761611 23289 consensus_queue.cc:1048] T 7de63294a7b442ee897200f9522cc2e9 P a0a4be4e69824e6bbde1dae7bc765727 [LEADER]: Connected to new peer: Peer: permanent_uuid: "8ddbf12af21240aca5b789657f3775d5" member_type: VOTER last_known_addr { host: "127.22.80.3" port: 37897 }, Status: LMP_MISMATCH, Last received: 0.0, Next index: 3, Last known committed idx: 2, Time since last communication: 0.000s
I20260710 11:03:38.770907 22981 raft_consensus.cc:1275] T 7de63294a7b442ee897200f9522cc2e9 P 87d740ced7964b19a09e983e3a8905b0 [term 3 FOLLOWER]: Refusing update from remote peer a0a4be4e69824e6bbde1dae7bc765727: Log matching property violated. Preceding OpId in replica: term: 2 index: 2. Preceding OpId from leader: term: 3 index: 3. (index mismatch)
I20260710 11:03:38.775034 23289 consensus_queue.cc:1048] T 7de63294a7b442ee897200f9522cc2e9 P a0a4be4e69824e6bbde1dae7bc765727 [LEADER]: Connected to new peer: Peer: permanent_uuid: "87d740ced7964b19a09e983e3a8905b0" member_type: VOTER last_known_addr { host: "127.22.80.1" port: 45671 }, Status: LMP_MISMATCH, Last received: 0.0, Next index: 3, Last known committed idx: 2, Time since last communication: 0.000s
I20260710 11:03:41.088840 22848 auto_leader_rebalancer.cc:141] leader rebalance for table test-workload
I20260710 11:03:41.096311 23057 tablet_service.cc:2072] Received LeaderStepDown RPC: tablet_id: "11af304c778e4b368be6ca95361d930c"
dest_uuid: "a0a4be4e69824e6bbde1dae7bc765727"
mode: GRACEFUL
new_leader_uuid: "87d740ced7964b19a09e983e3a8905b0"
 from {username='slave'} at 127.0.0.1:40422
I20260710 11:03:41.096990 23057 raft_consensus.cc:606] T 11af304c778e4b368be6ca95361d930c P a0a4be4e69824e6bbde1dae7bc765727 [term 2 LEADER]: Received request to transfer leadership to TS 87d740ced7964b19a09e983e3a8905b0
I20260710 11:03:41.099956 23057 tablet_service.cc:2072] Received LeaderStepDown RPC: tablet_id: "25b5d4c9b9bb4a169914e426bccbaa7e"
dest_uuid: "a0a4be4e69824e6bbde1dae7bc765727"
mode: GRACEFUL
new_leader_uuid: "8ddbf12af21240aca5b789657f3775d5"
 from {username='slave'} at 127.0.0.1:40422
I20260710 11:03:41.100363 23057 raft_consensus.cc:606] T 25b5d4c9b9bb4a169914e426bccbaa7e P a0a4be4e69824e6bbde1dae7bc765727 [term 3 LEADER]: Received request to transfer leadership to TS 8ddbf12af21240aca5b789657f3775d5
I20260710 11:03:41.102505 23057 tablet_service.cc:2072] Received LeaderStepDown RPC: tablet_id: "27e1451e9df947a080fee21bed689097"
dest_uuid: "a0a4be4e69824e6bbde1dae7bc765727"
mode: GRACEFUL
new_leader_uuid: "8ddbf12af21240aca5b789657f3775d5"
 from {username='slave'} at 127.0.0.1:40422
I20260710 11:03:41.102916 23057 raft_consensus.cc:606] T 27e1451e9df947a080fee21bed689097 P a0a4be4e69824e6bbde1dae7bc765727 [term 4 LEADER]: Received request to transfer leadership to TS 8ddbf12af21240aca5b789657f3775d5
I20260710 11:03:41.104976 23057 tablet_service.cc:2072] Received LeaderStepDown RPC: tablet_id: "3c6ea81d948e4409aef41392e21bfa5b"
dest_uuid: "a0a4be4e69824e6bbde1dae7bc765727"
mode: GRACEFUL
new_leader_uuid: "87d740ced7964b19a09e983e3a8905b0"
 from {username='slave'} at 127.0.0.1:40422
I20260710 11:03:41.105352 23057 raft_consensus.cc:606] T 3c6ea81d948e4409aef41392e21bfa5b P a0a4be4e69824e6bbde1dae7bc765727 [term 2 LEADER]: Received request to transfer leadership to TS 87d740ced7964b19a09e983e3a8905b0
I20260710 11:03:41.107328 23057 tablet_service.cc:2072] Received LeaderStepDown RPC: tablet_id: "7de63294a7b442ee897200f9522cc2e9"
dest_uuid: "a0a4be4e69824e6bbde1dae7bc765727"
mode: GRACEFUL
new_leader_uuid: "87d740ced7964b19a09e983e3a8905b0"
 from {username='slave'} at 127.0.0.1:40422
I20260710 11:03:41.107709 23057 raft_consensus.cc:606] T 7de63294a7b442ee897200f9522cc2e9 P a0a4be4e69824e6bbde1dae7bc765727 [term 3 LEADER]: Received request to transfer leadership to TS 87d740ced7964b19a09e983e3a8905b0
I20260710 11:03:41.108677 22848 auto_leader_rebalancer.cc:452] table: test-workload, leader rebalance finish, leader transfer count: 5
I20260710 11:03:41.109056 22848 auto_leader_rebalancer.cc:527] All tables' leader rebalancing finished this round
I20260710 11:03:41.133996 23310 raft_consensus.cc:993] T 25b5d4c9b9bb4a169914e426bccbaa7e P a0a4be4e69824e6bbde1dae7bc765727: : Instructing follower 8ddbf12af21240aca5b789657f3775d5 to start an election
I20260710 11:03:41.134516 23303 raft_consensus.cc:1081] T 25b5d4c9b9bb4a169914e426bccbaa7e P a0a4be4e69824e6bbde1dae7bc765727 [term 3 LEADER]: Signalling peer 8ddbf12af21240aca5b789657f3775d5 to start an election
I20260710 11:03:41.136101 23132 tablet_service.cc:2044] Received Run Leader Election RPC: tablet_id: "25b5d4c9b9bb4a169914e426bccbaa7e"
dest_uuid: "8ddbf12af21240aca5b789657f3775d5"
 from {username='slave'} at 127.0.0.1:56336
I20260710 11:03:41.136530 23132 raft_consensus.cc:493] T 25b5d4c9b9bb4a169914e426bccbaa7e P 8ddbf12af21240aca5b789657f3775d5 [term 3 FOLLOWER]: Starting forced leader election (received explicit request)
I20260710 11:03:41.136940 23132 raft_consensus.cc:3060] T 25b5d4c9b9bb4a169914e426bccbaa7e P 8ddbf12af21240aca5b789657f3775d5 [term 3 FOLLOWER]: Advancing to term 4
I20260710 11:03:41.142525 23132 raft_consensus.cc:515] T 25b5d4c9b9bb4a169914e426bccbaa7e P 8ddbf12af21240aca5b789657f3775d5 [term 4 FOLLOWER]: Starting forced leader election with config: opid_index: -1 OBSOLETE_local: false peers { permanent_uuid: "87d740ced7964b19a09e983e3a8905b0" member_type: VOTER last_known_addr { host: "127.22.80.1" port: 45671 } } peers { permanent_uuid: "a0a4be4e69824e6bbde1dae7bc765727" member_type: VOTER last_known_addr { host: "127.22.80.2" port: 34543 } } peers { permanent_uuid: "8ddbf12af21240aca5b789657f3775d5" member_type: VOTER last_known_addr { host: "127.22.80.3" port: 37897 } }
I20260710 11:03:41.144308 23132 leader_election.cc:290] T 25b5d4c9b9bb4a169914e426bccbaa7e P 8ddbf12af21240aca5b789657f3775d5 [CANDIDATE]: Term 4 election: Requested vote from peers 87d740ced7964b19a09e983e3a8905b0 (127.22.80.1:45671), a0a4be4e69824e6bbde1dae7bc765727 (127.22.80.2:34543)
I20260710 11:03:41.145160 22981 tablet_service.cc:1917] Received RequestConsensusVote() RPC: tablet_id: "25b5d4c9b9bb4a169914e426bccbaa7e" candidate_uuid: "8ddbf12af21240aca5b789657f3775d5" candidate_term: 4 candidate_status { last_received { term: 3 index: 3 } } ignore_live_leader: true dest_uuid: "87d740ced7964b19a09e983e3a8905b0"
I20260710 11:03:41.145306 23057 tablet_service.cc:1917] Received RequestConsensusVote() RPC: tablet_id: "25b5d4c9b9bb4a169914e426bccbaa7e" candidate_uuid: "8ddbf12af21240aca5b789657f3775d5" candidate_term: 4 candidate_status { last_received { term: 3 index: 3 } } ignore_live_leader: true dest_uuid: "a0a4be4e69824e6bbde1dae7bc765727"
I20260710 11:03:41.145917 22981 raft_consensus.cc:3060] T 25b5d4c9b9bb4a169914e426bccbaa7e P 87d740ced7964b19a09e983e3a8905b0 [term 3 FOLLOWER]: Advancing to term 4
I20260710 11:03:41.146065 23057 raft_consensus.cc:3055] T 25b5d4c9b9bb4a169914e426bccbaa7e P a0a4be4e69824e6bbde1dae7bc765727 [term 3 LEADER]: Stepping down as leader of term 3
I20260710 11:03:41.146556 23057 raft_consensus.cc:740] T 25b5d4c9b9bb4a169914e426bccbaa7e P a0a4be4e69824e6bbde1dae7bc765727 [term 3 LEADER]: Becoming Follower/Learner. State: Replica: a0a4be4e69824e6bbde1dae7bc765727, State: Running, Role: LEADER
I20260710 11:03:41.147313 23057 consensus_queue.cc:260] T 25b5d4c9b9bb4a169914e426bccbaa7e P a0a4be4e69824e6bbde1dae7bc765727 [NON_LEADER]: Queue going to NON_LEADER mode. State: All replicated index: 0, Majority replicated index: 3, Committed index: 3, Last appended: 3.3, Last appended by leader: 3, Current term: 3, Majority size: -1, State: 0, Mode: NON_LEADER, active raft config: opid_index: -1 OBSOLETE_local: false peers { permanent_uuid: "87d740ced7964b19a09e983e3a8905b0" member_type: VOTER last_known_addr { host: "127.22.80.1" port: 45671 } } peers { permanent_uuid: "a0a4be4e69824e6bbde1dae7bc765727" member_type: VOTER last_known_addr { host: "127.22.80.2" port: 34543 } } peers { permanent_uuid: "8ddbf12af21240aca5b789657f3775d5" member_type: VOTER last_known_addr { host: "127.22.80.3" port: 37897 } }
I20260710 11:03:41.148296 23057 raft_consensus.cc:3060] T 25b5d4c9b9bb4a169914e426bccbaa7e P a0a4be4e69824e6bbde1dae7bc765727 [term 3 FOLLOWER]: Advancing to term 4
I20260710 11:03:41.150822 22981 raft_consensus.cc:2468] T 25b5d4c9b9bb4a169914e426bccbaa7e P 87d740ced7964b19a09e983e3a8905b0 [term 4 FOLLOWER]: Leader election vote request: Granting yes vote for candidate 8ddbf12af21240aca5b789657f3775d5 in term 4.
I20260710 11:03:41.152218 23095 leader_election.cc:304] T 25b5d4c9b9bb4a169914e426bccbaa7e P 8ddbf12af21240aca5b789657f3775d5 [CANDIDATE]: Term 4 election: Election decided. Result: candidate won. Election summary: received 2 responses out of 3 voters: 2 yes votes; 0 no votes. yes voters: 87d740ced7964b19a09e983e3a8905b0, 8ddbf12af21240aca5b789657f3775d5; no voters: 
I20260710 11:03:41.153226 23271 raft_consensus.cc:2804] T 25b5d4c9b9bb4a169914e426bccbaa7e P 8ddbf12af21240aca5b789657f3775d5 [term 4 FOLLOWER]: Leader election won for term 4
I20260710 11:03:41.154484 23271 raft_consensus.cc:697] T 25b5d4c9b9bb4a169914e426bccbaa7e P 8ddbf12af21240aca5b789657f3775d5 [term 4 LEADER]: Becoming Leader. State: Replica: 8ddbf12af21240aca5b789657f3775d5, State: Running, Role: LEADER
I20260710 11:03:41.155474 23271 consensus_queue.cc:237] T 25b5d4c9b9bb4a169914e426bccbaa7e P 8ddbf12af21240aca5b789657f3775d5 [LEADER]: Queue going to LEADER mode. State: All replicated index: 0, Majority replicated index: 3, Committed index: 3, Last appended: 3.3, Last appended by leader: 3, Current term: 4, Majority size: 2, State: 0, Mode: LEADER, active raft config: opid_index: -1 OBSOLETE_local: false peers { permanent_uuid: "87d740ced7964b19a09e983e3a8905b0" member_type: VOTER last_known_addr { host: "127.22.80.1" port: 45671 } } peers { permanent_uuid: "a0a4be4e69824e6bbde1dae7bc765727" member_type: VOTER last_known_addr { host: "127.22.80.2" port: 34543 } } peers { permanent_uuid: "8ddbf12af21240aca5b789657f3775d5" member_type: VOTER last_known_addr { host: "127.22.80.3" port: 37897 } }
I20260710 11:03:41.155961 23057 raft_consensus.cc:2468] T 25b5d4c9b9bb4a169914e426bccbaa7e P a0a4be4e69824e6bbde1dae7bc765727 [term 4 FOLLOWER]: Leader election vote request: Granting yes vote for candidate 8ddbf12af21240aca5b789657f3775d5 in term 4.
I20260710 11:03:41.163937 22879 catalog_manager.cc:5697] T 25b5d4c9b9bb4a169914e426bccbaa7e P 8ddbf12af21240aca5b789657f3775d5 reported cstate change: term changed from 3 to 4, leader changed from a0a4be4e69824e6bbde1dae7bc765727 (127.22.80.2) to 8ddbf12af21240aca5b789657f3775d5 (127.22.80.3). New cstate: current_term: 4 leader_uuid: "8ddbf12af21240aca5b789657f3775d5" committed_config { opid_index: -1 OBSOLETE_local: false peers { permanent_uuid: "87d740ced7964b19a09e983e3a8905b0" member_type: VOTER last_known_addr { host: "127.22.80.1" port: 45671 } health_report { overall_health: UNKNOWN } } peers { permanent_uuid: "a0a4be4e69824e6bbde1dae7bc765727" member_type: VOTER last_known_addr { host: "127.22.80.2" port: 34543 } health_report { overall_health: UNKNOWN } } peers { permanent_uuid: "8ddbf12af21240aca5b789657f3775d5" member_type: VOTER last_known_addr { host: "127.22.80.3" port: 37897 } health_report { overall_health: HEALTHY } } }
I20260710 11:03:41.233278 23310 raft_consensus.cc:993] T 11af304c778e4b368be6ca95361d930c P a0a4be4e69824e6bbde1dae7bc765727: : Instructing follower 87d740ced7964b19a09e983e3a8905b0 to start an election
I20260710 11:03:41.233798 23303 raft_consensus.cc:1081] T 11af304c778e4b368be6ca95361d930c P a0a4be4e69824e6bbde1dae7bc765727 [term 2 LEADER]: Signalling peer 87d740ced7964b19a09e983e3a8905b0 to start an election
I20260710 11:03:41.235131 22981 tablet_service.cc:2044] Received Run Leader Election RPC: tablet_id: "11af304c778e4b368be6ca95361d930c"
dest_uuid: "87d740ced7964b19a09e983e3a8905b0"
 from {username='slave'} at 127.0.0.1:33520
I20260710 11:03:41.235569 22981 raft_consensus.cc:493] T 11af304c778e4b368be6ca95361d930c P 87d740ced7964b19a09e983e3a8905b0 [term 2 FOLLOWER]: Starting forced leader election (received explicit request)
I20260710 11:03:41.235847 22981 raft_consensus.cc:3060] T 11af304c778e4b368be6ca95361d930c P 87d740ced7964b19a09e983e3a8905b0 [term 2 FOLLOWER]: Advancing to term 3
I20260710 11:03:41.239822 22981 raft_consensus.cc:515] T 11af304c778e4b368be6ca95361d930c P 87d740ced7964b19a09e983e3a8905b0 [term 3 FOLLOWER]: Starting forced leader election with config: opid_index: -1 OBSOLETE_local: false peers { permanent_uuid: "a0a4be4e69824e6bbde1dae7bc765727" member_type: VOTER last_known_addr { host: "127.22.80.2" port: 34543 } } peers { permanent_uuid: "8ddbf12af21240aca5b789657f3775d5" member_type: VOTER last_known_addr { host: "127.22.80.3" port: 37897 } } peers { permanent_uuid: "87d740ced7964b19a09e983e3a8905b0" member_type: VOTER last_known_addr { host: "127.22.80.1" port: 45671 } }
I20260710 11:03:41.241259 22981 leader_election.cc:290] T 11af304c778e4b368be6ca95361d930c P 87d740ced7964b19a09e983e3a8905b0 [CANDIDATE]: Term 3 election: Requested vote from peers a0a4be4e69824e6bbde1dae7bc765727 (127.22.80.2:34543), 8ddbf12af21240aca5b789657f3775d5 (127.22.80.3:37897)
I20260710 11:03:41.242189 23057 tablet_service.cc:1917] Received RequestConsensusVote() RPC: tablet_id: "11af304c778e4b368be6ca95361d930c" candidate_uuid: "87d740ced7964b19a09e983e3a8905b0" candidate_term: 3 candidate_status { last_received { term: 2 index: 2 } } ignore_live_leader: true dest_uuid: "a0a4be4e69824e6bbde1dae7bc765727"
I20260710 11:03:41.242388 23132 tablet_service.cc:1917] Received RequestConsensusVote() RPC: tablet_id: "11af304c778e4b368be6ca95361d930c" candidate_uuid: "87d740ced7964b19a09e983e3a8905b0" candidate_term: 3 candidate_status { last_received { term: 2 index: 2 } } ignore_live_leader: true dest_uuid: "8ddbf12af21240aca5b789657f3775d5"
I20260710 11:03:41.242754 23057 raft_consensus.cc:3055] T 11af304c778e4b368be6ca95361d930c P a0a4be4e69824e6bbde1dae7bc765727 [term 2 LEADER]: Stepping down as leader of term 2
I20260710 11:03:41.242822 23132 raft_consensus.cc:3060] T 11af304c778e4b368be6ca95361d930c P 8ddbf12af21240aca5b789657f3775d5 [term 2 FOLLOWER]: Advancing to term 3
I20260710 11:03:41.243227 23057 raft_consensus.cc:740] T 11af304c778e4b368be6ca95361d930c P a0a4be4e69824e6bbde1dae7bc765727 [term 2 LEADER]: Becoming Follower/Learner. State: Replica: a0a4be4e69824e6bbde1dae7bc765727, State: Running, Role: LEADER
I20260710 11:03:41.244032 23057 consensus_queue.cc:260] T 11af304c778e4b368be6ca95361d930c P a0a4be4e69824e6bbde1dae7bc765727 [NON_LEADER]: Queue going to NON_LEADER mode. State: All replicated index: 0, Majority replicated index: 2, Committed index: 2, Last appended: 2.2, Last appended by leader: 2, Current term: 2, Majority size: -1, State: 0, Mode: NON_LEADER, active raft config: opid_index: -1 OBSOLETE_local: false peers { permanent_uuid: "a0a4be4e69824e6bbde1dae7bc765727" member_type: VOTER last_known_addr { host: "127.22.80.2" port: 34543 } } peers { permanent_uuid: "8ddbf12af21240aca5b789657f3775d5" member_type: VOTER last_known_addr { host: "127.22.80.3" port: 37897 } } peers { permanent_uuid: "87d740ced7964b19a09e983e3a8905b0" member_type: VOTER last_known_addr { host: "127.22.80.1" port: 45671 } }
I20260710 11:03:41.245178 23057 raft_consensus.cc:3060] T 11af304c778e4b368be6ca95361d930c P a0a4be4e69824e6bbde1dae7bc765727 [term 2 FOLLOWER]: Advancing to term 3
I20260710 11:03:41.249346 23132 raft_consensus.cc:2468] T 11af304c778e4b368be6ca95361d930c P 8ddbf12af21240aca5b789657f3775d5 [term 3 FOLLOWER]: Leader election vote request: Granting yes vote for candidate 87d740ced7964b19a09e983e3a8905b0 in term 3.
I20260710 11:03:41.250792 22946 leader_election.cc:304] T 11af304c778e4b368be6ca95361d930c P 87d740ced7964b19a09e983e3a8905b0 [CANDIDATE]: Term 3 election: Election decided. Result: candidate won. Election summary: received 2 responses out of 3 voters: 2 yes votes; 0 no votes. yes voters: 87d740ced7964b19a09e983e3a8905b0, 8ddbf12af21240aca5b789657f3775d5; no voters: 
I20260710 11:03:41.252243 23057 raft_consensus.cc:2468] T 11af304c778e4b368be6ca95361d930c P a0a4be4e69824e6bbde1dae7bc765727 [term 3 FOLLOWER]: Leader election vote request: Granting yes vote for candidate 87d740ced7964b19a09e983e3a8905b0 in term 3.
I20260710 11:03:41.252820 23317 raft_consensus.cc:2804] T 11af304c778e4b368be6ca95361d930c P 87d740ced7964b19a09e983e3a8905b0 [term 3 FOLLOWER]: Leader election won for term 3
I20260710 11:03:41.253980 23317 raft_consensus.cc:697] T 11af304c778e4b368be6ca95361d930c P 87d740ced7964b19a09e983e3a8905b0 [term 3 LEADER]: Becoming Leader. State: Replica: 87d740ced7964b19a09e983e3a8905b0, State: Running, Role: LEADER
I20260710 11:03:41.254828 23317 consensus_queue.cc:237] T 11af304c778e4b368be6ca95361d930c P 87d740ced7964b19a09e983e3a8905b0 [LEADER]: Queue going to LEADER mode. State: All replicated index: 0, Majority replicated index: 2, Committed index: 2, Last appended: 2.2, Last appended by leader: 2, Current term: 3, Majority size: 2, State: 0, Mode: LEADER, active raft config: opid_index: -1 OBSOLETE_local: false peers { permanent_uuid: "a0a4be4e69824e6bbde1dae7bc765727" member_type: VOTER last_known_addr { host: "127.22.80.2" port: 34543 } } peers { permanent_uuid: "8ddbf12af21240aca5b789657f3775d5" member_type: VOTER last_known_addr { host: "127.22.80.3" port: 37897 } } peers { permanent_uuid: "87d740ced7964b19a09e983e3a8905b0" member_type: VOTER last_known_addr { host: "127.22.80.1" port: 45671 } }
I20260710 11:03:41.261282 22879 catalog_manager.cc:5697] T 11af304c778e4b368be6ca95361d930c P 87d740ced7964b19a09e983e3a8905b0 reported cstate change: term changed from 2 to 3, leader changed from a0a4be4e69824e6bbde1dae7bc765727 (127.22.80.2) to 87d740ced7964b19a09e983e3a8905b0 (127.22.80.1). New cstate: current_term: 3 leader_uuid: "87d740ced7964b19a09e983e3a8905b0" committed_config { opid_index: -1 OBSOLETE_local: false peers { permanent_uuid: "a0a4be4e69824e6bbde1dae7bc765727" member_type: VOTER last_known_addr { host: "127.22.80.2" port: 34543 } health_report { overall_health: UNKNOWN } } peers { permanent_uuid: "8ddbf12af21240aca5b789657f3775d5" member_type: VOTER last_known_addr { host: "127.22.80.3" port: 37897 } health_report { overall_health: UNKNOWN } } peers { permanent_uuid: "87d740ced7964b19a09e983e3a8905b0" member_type: VOTER last_known_addr { host: "127.22.80.1" port: 45671 } health_report { overall_health: HEALTHY } } }
I20260710 11:03:41.313274 23310 raft_consensus.cc:993] T 7de63294a7b442ee897200f9522cc2e9 P a0a4be4e69824e6bbde1dae7bc765727: : Instructing follower 87d740ced7964b19a09e983e3a8905b0 to start an election
I20260710 11:03:41.313723 23303 raft_consensus.cc:1081] T 7de63294a7b442ee897200f9522cc2e9 P a0a4be4e69824e6bbde1dae7bc765727 [term 3 LEADER]: Signalling peer 87d740ced7964b19a09e983e3a8905b0 to start an election
I20260710 11:03:41.315124 22981 tablet_service.cc:2044] Received Run Leader Election RPC: tablet_id: "7de63294a7b442ee897200f9522cc2e9"
dest_uuid: "87d740ced7964b19a09e983e3a8905b0"
 from {username='slave'} at 127.0.0.1:33520
I20260710 11:03:41.315654 22981 raft_consensus.cc:493] T 7de63294a7b442ee897200f9522cc2e9 P 87d740ced7964b19a09e983e3a8905b0 [term 3 FOLLOWER]: Starting forced leader election (received explicit request)
I20260710 11:03:41.316033 22981 raft_consensus.cc:3060] T 7de63294a7b442ee897200f9522cc2e9 P 87d740ced7964b19a09e983e3a8905b0 [term 3 FOLLOWER]: Advancing to term 4
I20260710 11:03:41.320492 22981 raft_consensus.cc:515] T 7de63294a7b442ee897200f9522cc2e9 P 87d740ced7964b19a09e983e3a8905b0 [term 4 FOLLOWER]: Starting forced leader election with config: opid_index: -1 OBSOLETE_local: false peers { permanent_uuid: "87d740ced7964b19a09e983e3a8905b0" member_type: VOTER last_known_addr { host: "127.22.80.1" port: 45671 } } peers { permanent_uuid: "a0a4be4e69824e6bbde1dae7bc765727" member_type: VOTER last_known_addr { host: "127.22.80.2" port: 34543 } } peers { permanent_uuid: "8ddbf12af21240aca5b789657f3775d5" member_type: VOTER last_known_addr { host: "127.22.80.3" port: 37897 } }
I20260710 11:03:41.322079 22981 leader_election.cc:290] T 7de63294a7b442ee897200f9522cc2e9 P 87d740ced7964b19a09e983e3a8905b0 [CANDIDATE]: Term 4 election: Requested vote from peers a0a4be4e69824e6bbde1dae7bc765727 (127.22.80.2:34543), 8ddbf12af21240aca5b789657f3775d5 (127.22.80.3:37897)
I20260710 11:03:41.323520 23057 tablet_service.cc:1917] Received RequestConsensusVote() RPC: tablet_id: "7de63294a7b442ee897200f9522cc2e9" candidate_uuid: "87d740ced7964b19a09e983e3a8905b0" candidate_term: 4 candidate_status { last_received { term: 3 index: 3 } } ignore_live_leader: true dest_uuid: "a0a4be4e69824e6bbde1dae7bc765727"
I20260710 11:03:41.323622 23132 tablet_service.cc:1917] Received RequestConsensusVote() RPC: tablet_id: "7de63294a7b442ee897200f9522cc2e9" candidate_uuid: "87d740ced7964b19a09e983e3a8905b0" candidate_term: 4 candidate_status { last_received { term: 3 index: 3 } } ignore_live_leader: true dest_uuid: "8ddbf12af21240aca5b789657f3775d5"
I20260710 11:03:41.324031 23057 raft_consensus.cc:3055] T 7de63294a7b442ee897200f9522cc2e9 P a0a4be4e69824e6bbde1dae7bc765727 [term 3 LEADER]: Stepping down as leader of term 3
I20260710 11:03:41.324252 23132 raft_consensus.cc:3060] T 7de63294a7b442ee897200f9522cc2e9 P 8ddbf12af21240aca5b789657f3775d5 [term 3 FOLLOWER]: Advancing to term 4
I20260710 11:03:41.324446 23057 raft_consensus.cc:740] T 7de63294a7b442ee897200f9522cc2e9 P a0a4be4e69824e6bbde1dae7bc765727 [term 3 LEADER]: Becoming Follower/Learner. State: Replica: a0a4be4e69824e6bbde1dae7bc765727, State: Running, Role: LEADER
I20260710 11:03:41.325414 23057 consensus_queue.cc:260] T 7de63294a7b442ee897200f9522cc2e9 P a0a4be4e69824e6bbde1dae7bc765727 [NON_LEADER]: Queue going to NON_LEADER mode. State: All replicated index: 0, Majority replicated index: 3, Committed index: 3, Last appended: 3.3, Last appended by leader: 3, Current term: 3, Majority size: -1, State: 0, Mode: NON_LEADER, active raft config: opid_index: -1 OBSOLETE_local: false peers { permanent_uuid: "87d740ced7964b19a09e983e3a8905b0" member_type: VOTER last_known_addr { host: "127.22.80.1" port: 45671 } } peers { permanent_uuid: "a0a4be4e69824e6bbde1dae7bc765727" member_type: VOTER last_known_addr { host: "127.22.80.2" port: 34543 } } peers { permanent_uuid: "8ddbf12af21240aca5b789657f3775d5" member_type: VOTER last_known_addr { host: "127.22.80.3" port: 37897 } }
I20260710 11:03:41.326653 23057 raft_consensus.cc:3060] T 7de63294a7b442ee897200f9522cc2e9 P a0a4be4e69824e6bbde1dae7bc765727 [term 3 FOLLOWER]: Advancing to term 4
I20260710 11:03:41.331993 23132 raft_consensus.cc:2468] T 7de63294a7b442ee897200f9522cc2e9 P 8ddbf12af21240aca5b789657f3775d5 [term 4 FOLLOWER]: Leader election vote request: Granting yes vote for candidate 87d740ced7964b19a09e983e3a8905b0 in term 4.
I20260710 11:03:41.332738 23057 raft_consensus.cc:2468] T 7de63294a7b442ee897200f9522cc2e9 P a0a4be4e69824e6bbde1dae7bc765727 [term 4 FOLLOWER]: Leader election vote request: Granting yes vote for candidate 87d740ced7964b19a09e983e3a8905b0 in term 4.
I20260710 11:03:41.333194 22946 leader_election.cc:304] T 7de63294a7b442ee897200f9522cc2e9 P 87d740ced7964b19a09e983e3a8905b0 [CANDIDATE]: Term 4 election: Election decided. Result: candidate won. Election summary: received 2 responses out of 3 voters: 2 yes votes; 0 no votes. yes voters: 87d740ced7964b19a09e983e3a8905b0, 8ddbf12af21240aca5b789657f3775d5; no voters: 
I20260710 11:03:41.334043 23317 raft_consensus.cc:2804] T 7de63294a7b442ee897200f9522cc2e9 P 87d740ced7964b19a09e983e3a8905b0 [term 4 FOLLOWER]: Leader election won for term 4
I20260710 11:03:41.334538 23317 raft_consensus.cc:697] T 7de63294a7b442ee897200f9522cc2e9 P 87d740ced7964b19a09e983e3a8905b0 [term 4 LEADER]: Becoming Leader. State: Replica: 87d740ced7964b19a09e983e3a8905b0, State: Running, Role: LEADER
I20260710 11:03:41.335454 23317 consensus_queue.cc:237] T 7de63294a7b442ee897200f9522cc2e9 P 87d740ced7964b19a09e983e3a8905b0 [LEADER]: Queue going to LEADER mode. State: All replicated index: 0, Majority replicated index: 3, Committed index: 3, Last appended: 3.3, Last appended by leader: 3, Current term: 4, Majority size: 2, State: 0, Mode: LEADER, active raft config: opid_index: -1 OBSOLETE_local: false peers { permanent_uuid: "87d740ced7964b19a09e983e3a8905b0" member_type: VOTER last_known_addr { host: "127.22.80.1" port: 45671 } } peers { permanent_uuid: "a0a4be4e69824e6bbde1dae7bc765727" member_type: VOTER last_known_addr { host: "127.22.80.2" port: 34543 } } peers { permanent_uuid: "8ddbf12af21240aca5b789657f3775d5" member_type: VOTER last_known_addr { host: "127.22.80.3" port: 37897 } }
I20260710 11:03:41.344317 22879 catalog_manager.cc:5697] T 7de63294a7b442ee897200f9522cc2e9 P 87d740ced7964b19a09e983e3a8905b0 reported cstate change: term changed from 3 to 4, leader changed from a0a4be4e69824e6bbde1dae7bc765727 (127.22.80.2) to 87d740ced7964b19a09e983e3a8905b0 (127.22.80.1). New cstate: current_term: 4 leader_uuid: "87d740ced7964b19a09e983e3a8905b0" committed_config { opid_index: -1 OBSOLETE_local: false peers { permanent_uuid: "87d740ced7964b19a09e983e3a8905b0" member_type: VOTER last_known_addr { host: "127.22.80.1" port: 45671 } health_report { overall_health: HEALTHY } } peers { permanent_uuid: "a0a4be4e69824e6bbde1dae7bc765727" member_type: VOTER last_known_addr { host: "127.22.80.2" port: 34543 } health_report { overall_health: UNKNOWN } } peers { permanent_uuid: "8ddbf12af21240aca5b789657f3775d5" member_type: VOTER last_known_addr { host: "127.22.80.3" port: 37897 } health_report { overall_health: UNKNOWN } } }
I20260710 11:03:41.448778 23310 raft_consensus.cc:993] T 3c6ea81d948e4409aef41392e21bfa5b P a0a4be4e69824e6bbde1dae7bc765727: : Instructing follower 87d740ced7964b19a09e983e3a8905b0 to start an election
I20260710 11:03:41.449458 23303 raft_consensus.cc:1081] T 3c6ea81d948e4409aef41392e21bfa5b P a0a4be4e69824e6bbde1dae7bc765727 [term 2 LEADER]: Signalling peer 87d740ced7964b19a09e983e3a8905b0 to start an election
I20260710 11:03:41.451011 22981 tablet_service.cc:2044] Received Run Leader Election RPC: tablet_id: "3c6ea81d948e4409aef41392e21bfa5b"
dest_uuid: "87d740ced7964b19a09e983e3a8905b0"
 from {username='slave'} at 127.0.0.1:33520
I20260710 11:03:41.451474 22981 raft_consensus.cc:493] T 3c6ea81d948e4409aef41392e21bfa5b P 87d740ced7964b19a09e983e3a8905b0 [term 2 FOLLOWER]: Starting forced leader election (received explicit request)
I20260710 11:03:41.451754 22981 raft_consensus.cc:3060] T 3c6ea81d948e4409aef41392e21bfa5b P 87d740ced7964b19a09e983e3a8905b0 [term 2 FOLLOWER]: Advancing to term 3
I20260710 11:03:41.455665 22981 raft_consensus.cc:515] T 3c6ea81d948e4409aef41392e21bfa5b P 87d740ced7964b19a09e983e3a8905b0 [term 3 FOLLOWER]: Starting forced leader election with config: opid_index: -1 OBSOLETE_local: false peers { permanent_uuid: "87d740ced7964b19a09e983e3a8905b0" member_type: VOTER last_known_addr { host: "127.22.80.1" port: 45671 } } peers { permanent_uuid: "a0a4be4e69824e6bbde1dae7bc765727" member_type: VOTER last_known_addr { host: "127.22.80.2" port: 34543 } } peers { permanent_uuid: "8ddbf12af21240aca5b789657f3775d5" member_type: VOTER last_known_addr { host: "127.22.80.3" port: 37897 } }
I20260710 11:03:41.456981 22981 leader_election.cc:290] T 3c6ea81d948e4409aef41392e21bfa5b P 87d740ced7964b19a09e983e3a8905b0 [CANDIDATE]: Term 3 election: Requested vote from peers a0a4be4e69824e6bbde1dae7bc765727 (127.22.80.2:34543), 8ddbf12af21240aca5b789657f3775d5 (127.22.80.3:37897)
I20260710 11:03:41.457950 23057 tablet_service.cc:1917] Received RequestConsensusVote() RPC: tablet_id: "3c6ea81d948e4409aef41392e21bfa5b" candidate_uuid: "87d740ced7964b19a09e983e3a8905b0" candidate_term: 3 candidate_status { last_received { term: 2 index: 2 } } ignore_live_leader: true dest_uuid: "a0a4be4e69824e6bbde1dae7bc765727"
I20260710 11:03:41.458037 23132 tablet_service.cc:1917] Received RequestConsensusVote() RPC: tablet_id: "3c6ea81d948e4409aef41392e21bfa5b" candidate_uuid: "87d740ced7964b19a09e983e3a8905b0" candidate_term: 3 candidate_status { last_received { term: 2 index: 2 } } ignore_live_leader: true dest_uuid: "8ddbf12af21240aca5b789657f3775d5"
I20260710 11:03:41.458489 23132 raft_consensus.cc:3060] T 3c6ea81d948e4409aef41392e21bfa5b P 8ddbf12af21240aca5b789657f3775d5 [term 2 FOLLOWER]: Advancing to term 3
I20260710 11:03:41.458467 23057 raft_consensus.cc:3055] T 3c6ea81d948e4409aef41392e21bfa5b P a0a4be4e69824e6bbde1dae7bc765727 [term 2 LEADER]: Stepping down as leader of term 2
I20260710 11:03:41.459009 23057 raft_consensus.cc:740] T 3c6ea81d948e4409aef41392e21bfa5b P a0a4be4e69824e6bbde1dae7bc765727 [term 2 LEADER]: Becoming Follower/Learner. State: Replica: a0a4be4e69824e6bbde1dae7bc765727, State: Running, Role: LEADER
I20260710 11:03:41.459908 23057 consensus_queue.cc:260] T 3c6ea81d948e4409aef41392e21bfa5b P a0a4be4e69824e6bbde1dae7bc765727 [NON_LEADER]: Queue going to NON_LEADER mode. State: All replicated index: 0, Majority replicated index: 2, Committed index: 2, Last appended: 2.2, Last appended by leader: 2, Current term: 2, Majority size: -1, State: 0, Mode: NON_LEADER, active raft config: opid_index: -1 OBSOLETE_local: false peers { permanent_uuid: "87d740ced7964b19a09e983e3a8905b0" member_type: VOTER last_known_addr { host: "127.22.80.1" port: 45671 } } peers { permanent_uuid: "a0a4be4e69824e6bbde1dae7bc765727" member_type: VOTER last_known_addr { host: "127.22.80.2" port: 34543 } } peers { permanent_uuid: "8ddbf12af21240aca5b789657f3775d5" member_type: VOTER last_known_addr { host: "127.22.80.3" port: 37897 } }
I20260710 11:03:41.460781 23057 raft_consensus.cc:3060] T 3c6ea81d948e4409aef41392e21bfa5b P a0a4be4e69824e6bbde1dae7bc765727 [term 2 FOLLOWER]: Advancing to term 3
I20260710 11:03:41.462604 23132 raft_consensus.cc:2468] T 3c6ea81d948e4409aef41392e21bfa5b P 8ddbf12af21240aca5b789657f3775d5 [term 3 FOLLOWER]: Leader election vote request: Granting yes vote for candidate 87d740ced7964b19a09e983e3a8905b0 in term 3.
I20260710 11:03:41.463470 22946 leader_election.cc:304] T 3c6ea81d948e4409aef41392e21bfa5b P 87d740ced7964b19a09e983e3a8905b0 [CANDIDATE]: Term 3 election: Election decided. Result: candidate won. Election summary: received 2 responses out of 3 voters: 2 yes votes; 0 no votes. yes voters: 87d740ced7964b19a09e983e3a8905b0, 8ddbf12af21240aca5b789657f3775d5; no voters: 
I20260710 11:03:41.464134 23317 raft_consensus.cc:2804] T 3c6ea81d948e4409aef41392e21bfa5b P 87d740ced7964b19a09e983e3a8905b0 [term 3 FOLLOWER]: Leader election won for term 3
I20260710 11:03:41.464570 23317 raft_consensus.cc:697] T 3c6ea81d948e4409aef41392e21bfa5b P 87d740ced7964b19a09e983e3a8905b0 [term 3 LEADER]: Becoming Leader. State: Replica: 87d740ced7964b19a09e983e3a8905b0, State: Running, Role: LEADER
I20260710 11:03:41.465317 23317 consensus_queue.cc:237] T 3c6ea81d948e4409aef41392e21bfa5b P 87d740ced7964b19a09e983e3a8905b0 [LEADER]: Queue going to LEADER mode. State: All replicated index: 0, Majority replicated index: 2, Committed index: 2, Last appended: 2.2, Last appended by leader: 2, Current term: 3, Majority size: 2, State: 0, Mode: LEADER, active raft config: opid_index: -1 OBSOLETE_local: false peers { permanent_uuid: "87d740ced7964b19a09e983e3a8905b0" member_type: VOTER last_known_addr { host: "127.22.80.1" port: 45671 } } peers { permanent_uuid: "a0a4be4e69824e6bbde1dae7bc765727" member_type: VOTER last_known_addr { host: "127.22.80.2" port: 34543 } } peers { permanent_uuid: "8ddbf12af21240aca5b789657f3775d5" member_type: VOTER last_known_addr { host: "127.22.80.3" port: 37897 } }
I20260710 11:03:41.465533 23057 raft_consensus.cc:2468] T 3c6ea81d948e4409aef41392e21bfa5b P a0a4be4e69824e6bbde1dae7bc765727 [term 3 FOLLOWER]: Leader election vote request: Granting yes vote for candidate 87d740ced7964b19a09e983e3a8905b0 in term 3.
