I20260710 11:03:41.446632 20398 raft_consensus.cc:1275] T bfe806e008dc4a8c85bda798e36dfb42 P 882b4526239b420bade1b67d9c26791d [term 3 FOLLOWER]: Refusing update from remote peer 74d4bbc7117d4f10a789698930129411: Log matching property violated. Preceding OpId in replica: term: 2 index: 2. Preceding OpId from leader: term: 3 index: 3. (index mismatch)
I20260710 11:03:41.447547 20665 consensus_queue.cc:1048] T bfe806e008dc4a8c85bda798e36dfb42 P 74d4bbc7117d4f10a789698930129411 [LEADER]: Connected to new peer: Peer: permanent_uuid: "882b4526239b420bade1b67d9c26791d" member_type: VOTER last_known_addr { host: "127.19.183.2" port: 44659 }, Status: LMP_MISMATCH, Last received: 0.0, Next index: 3, Last known committed idx: 2, Time since last communication: 0.000s
I20260710 11:03:41.455364 20470 raft_consensus.cc:1275] T bfe806e008dc4a8c85bda798e36dfb42 P 3e46d65da9fd44ea8904ec90febbc70c [term 3 FOLLOWER]: Refusing update from remote peer 74d4bbc7117d4f10a789698930129411: Log matching property violated. Preceding OpId in replica: term: 2 index: 2. Preceding OpId from leader: term: 3 index: 3. (index mismatch)
I20260710 11:03:41.456722 20679 consensus_queue.cc:1048] T bfe806e008dc4a8c85bda798e36dfb42 P 74d4bbc7117d4f10a789698930129411 [LEADER]: Connected to new peer: Peer: permanent_uuid: "3e46d65da9fd44ea8904ec90febbc70c" member_type: VOTER last_known_addr { host: "127.19.183.3" port: 45263 }, Status: LMP_MISMATCH, Last received: 0.0, Next index: 3, Last known committed idx: 2, Time since last communication: 0.000s
I20260710 11:03:41.763033 20470 raft_consensus.cc:1275] T 1db66e6fbabe4b0da1b569c70cb0ba5d P 3e46d65da9fd44ea8904ec90febbc70c [term 3 FOLLOWER]: Refusing update from remote peer 74d4bbc7117d4f10a789698930129411: Log matching property violated. Preceding OpId in replica: term: 2 index: 2. Preceding OpId from leader: term: 3 index: 3. (index mismatch)
I20260710 11:03:41.764050 20679 consensus_queue.cc:1048] T 1db66e6fbabe4b0da1b569c70cb0ba5d P 74d4bbc7117d4f10a789698930129411 [LEADER]: Connected to new peer: Peer: permanent_uuid: "3e46d65da9fd44ea8904ec90febbc70c" member_type: VOTER last_known_addr { host: "127.19.183.3" port: 45263 }, Status: LMP_MISMATCH, Last received: 0.0, Next index: 3, Last known committed idx: 2, Time since last communication: 0.000s
I20260710 11:03:41.771615 20398 raft_consensus.cc:1275] T 1db66e6fbabe4b0da1b569c70cb0ba5d P 882b4526239b420bade1b67d9c26791d [term 3 FOLLOWER]: Refusing update from remote peer 74d4bbc7117d4f10a789698930129411: Log matching property violated. Preceding OpId in replica: term: 2 index: 2. Preceding OpId from leader: term: 3 index: 3. (index mismatch)
I20260710 11:03:41.773069 20666 consensus_queue.cc:1048] T 1db66e6fbabe4b0da1b569c70cb0ba5d P 74d4bbc7117d4f10a789698930129411 [LEADER]: Connected to new peer: Peer: permanent_uuid: "882b4526239b420bade1b67d9c26791d" member_type: VOTER last_known_addr { host: "127.19.183.2" port: 44659 }, Status: LMP_MISMATCH, Last received: 0.0, Next index: 3, Last known committed idx: 2, Time since last communication: 0.001s
I20260710 11:03:41.814028 20470 raft_consensus.cc:1275] T 346176c239f3497c8bd5de12100417aa P 3e46d65da9fd44ea8904ec90febbc70c [term 3 FOLLOWER]: Refusing update from remote peer 74d4bbc7117d4f10a789698930129411: Log matching property violated. Preceding OpId in replica: term: 2 index: 2. Preceding OpId from leader: term: 3 index: 3. (index mismatch)
I20260710 11:03:41.815003 20666 consensus_queue.cc:1048] T 346176c239f3497c8bd5de12100417aa P 74d4bbc7117d4f10a789698930129411 [LEADER]: Connected to new peer: Peer: permanent_uuid: "3e46d65da9fd44ea8904ec90febbc70c" member_type: VOTER last_known_addr { host: "127.19.183.3" port: 45263 }, Status: LMP_MISMATCH, Last received: 0.0, Next index: 3, Last known committed idx: 2, Time since last communication: 0.000s
I20260710 11:03:41.822572 20396 raft_consensus.cc:1275] T 346176c239f3497c8bd5de12100417aa P 882b4526239b420bade1b67d9c26791d [term 3 FOLLOWER]: Refusing update from remote peer 74d4bbc7117d4f10a789698930129411: Log matching property violated. Preceding OpId in replica: term: 2 index: 2. Preceding OpId from leader: term: 3 index: 3. (index mismatch)
I20260710 11:03:41.824579 20665 consensus_queue.cc:1048] T 346176c239f3497c8bd5de12100417aa P 74d4bbc7117d4f10a789698930129411 [LEADER]: Connected to new peer: Peer: permanent_uuid: "882b4526239b420bade1b67d9c26791d" member_type: VOTER last_known_addr { host: "127.19.183.2" port: 44659 }, Status: LMP_MISMATCH, Last received: 0.0, Next index: 3, Last known committed idx: 2, Time since last communication: 0.000s
I20260710 11:03:41.839004 20188 auto_leader_rebalancer.cc:141] leader rebalance for table test-workload
I20260710 11:03:41.844025 20188 tablet_server.cc:179] TabletServer@127.19.183.1:0 shutting down...
W20260710 11:03:41.862588 20437 proxy.cc:239] Call had error, refreshing address and retrying: Remote error: Service unavailable: service kudu.consensus.ConsensusService not registered on TabletServer
W20260710 11:03:41.868495 20437 consensus_peers.cc:597] T d5c799eda896479e8a9fcb76ca1f7045 P 3e46d65da9fd44ea8904ec90febbc70c -> Peer 74d4bbc7117d4f10a789698930129411 (127.19.183.1:41795): Couldn't send request to peer 74d4bbc7117d4f10a789698930129411. Status: Remote error: Service unavailable: service kudu.consensus.ConsensusService not registered on TabletServer. This is attempt 1: this message will repeat every 5th retry.
I20260710 11:03:41.871094 20188 ts_tablet_manager.cc:1507] Shutting down tablet manager...
I20260710 11:03:41.871723 20188 tablet_replica.cc:333] T fb031da871514e13907ac6ffdb579d25 P 74d4bbc7117d4f10a789698930129411: stopping tablet replica
I20260710 11:03:41.872699 20188 raft_consensus.cc:2243] T fb031da871514e13907ac6ffdb579d25 P 74d4bbc7117d4f10a789698930129411 [term 3 FOLLOWER]: Raft consensus shutting down.
I20260710 11:03:41.873181 20188 raft_consensus.cc:2272] T fb031da871514e13907ac6ffdb579d25 P 74d4bbc7117d4f10a789698930129411 [term 3 FOLLOWER]: Raft consensus is shut down!
I20260710 11:03:41.875157 20188 tablet_replica.cc:333] T 194f240d833b494e876ddc05eff32149 P 74d4bbc7117d4f10a789698930129411: stopping tablet replica
I20260710 11:03:41.875649 20188 raft_consensus.cc:2243] T 194f240d833b494e876ddc05eff32149 P 74d4bbc7117d4f10a789698930129411 [term 3 FOLLOWER]: Raft consensus shutting down.
I20260710 11:03:41.876001 20188 raft_consensus.cc:2272] T 194f240d833b494e876ddc05eff32149 P 74d4bbc7117d4f10a789698930129411 [term 3 FOLLOWER]: Raft consensus is shut down!
I20260710 11:03:41.878203 20188 tablet_replica.cc:333] T bfe806e008dc4a8c85bda798e36dfb42 P 74d4bbc7117d4f10a789698930129411: stopping tablet replica
I20260710 11:03:41.878643 20188 raft_consensus.cc:2243] T bfe806e008dc4a8c85bda798e36dfb42 P 74d4bbc7117d4f10a789698930129411 [term 3 LEADER]: Raft consensus shutting down.
I20260710 11:03:41.879242 20188 raft_consensus.cc:2272] T bfe806e008dc4a8c85bda798e36dfb42 P 74d4bbc7117d4f10a789698930129411 [term 3 FOLLOWER]: Raft consensus is shut down!
I20260710 11:03:41.881088 20188 tablet_replica.cc:333] T 9c256f6202314b359a58092a595ff0c4 P 74d4bbc7117d4f10a789698930129411: stopping tablet replica
I20260710 11:03:41.881522 20188 raft_consensus.cc:2243] T 9c256f6202314b359a58092a595ff0c4 P 74d4bbc7117d4f10a789698930129411 [term 3 FOLLOWER]: Raft consensus shutting down.
I20260710 11:03:41.881880 20188 raft_consensus.cc:2272] T 9c256f6202314b359a58092a595ff0c4 P 74d4bbc7117d4f10a789698930129411 [term 3 FOLLOWER]: Raft consensus is shut down!
I20260710 11:03:41.883510 20188 tablet_replica.cc:333] T 79c4f42f1ec84cf5b65cced81228580c P 74d4bbc7117d4f10a789698930129411: stopping tablet replica
I20260710 11:03:41.883960 20188 raft_consensus.cc:2243] T 79c4f42f1ec84cf5b65cced81228580c P 74d4bbc7117d4f10a789698930129411 [term 3 FOLLOWER]: Raft consensus shutting down.
I20260710 11:03:41.884291 20188 raft_consensus.cc:2272] T 79c4f42f1ec84cf5b65cced81228580c P 74d4bbc7117d4f10a789698930129411 [term 3 FOLLOWER]: Raft consensus is shut down!
I20260710 11:03:41.885628 20188 tablet_replica.cc:333] T 346176c239f3497c8bd5de12100417aa P 74d4bbc7117d4f10a789698930129411: stopping tablet replica
I20260710 11:03:41.886075 20188 raft_consensus.cc:2243] T 346176c239f3497c8bd5de12100417aa P 74d4bbc7117d4f10a789698930129411 [term 3 LEADER]: Raft consensus shutting down.
I20260710 11:03:41.886672 20188 raft_consensus.cc:2272] T 346176c239f3497c8bd5de12100417aa P 74d4bbc7117d4f10a789698930129411 [term 3 FOLLOWER]: Raft consensus is shut down!
I20260710 11:03:41.888259 20188 tablet_replica.cc:333] T d5c799eda896479e8a9fcb76ca1f7045 P 74d4bbc7117d4f10a789698930129411: stopping tablet replica
I20260710 11:03:41.888672 20188 raft_consensus.cc:2243] T d5c799eda896479e8a9fcb76ca1f7045 P 74d4bbc7117d4f10a789698930129411 [term 5 FOLLOWER]: Raft consensus shutting down.
I20260710 11:03:41.889036 20188 raft_consensus.cc:2272] T d5c799eda896479e8a9fcb76ca1f7045 P 74d4bbc7117d4f10a789698930129411 [term 5 FOLLOWER]: Raft consensus is shut down!
I20260710 11:03:41.890717 20188 tablet_replica.cc:333] T e92ea93c4b344633919b3cc9ae009634 P 74d4bbc7117d4f10a789698930129411: stopping tablet replica
I20260710 11:03:41.891119 20188 raft_consensus.cc:2243] T e92ea93c4b344633919b3cc9ae009634 P 74d4bbc7117d4f10a789698930129411 [term 1 FOLLOWER]: Raft consensus shutting down.
I20260710 11:03:41.891472 20188 raft_consensus.cc:2272] T e92ea93c4b344633919b3cc9ae009634 P 74d4bbc7117d4f10a789698930129411 [term 1 FOLLOWER]: Raft consensus is shut down!
I20260710 11:03:41.892900 20188 tablet_replica.cc:333] T 1db66e6fbabe4b0da1b569c70cb0ba5d P 74d4bbc7117d4f10a789698930129411: stopping tablet replica
I20260710 11:03:41.893270 20188 raft_consensus.cc:2243] T 1db66e6fbabe4b0da1b569c70cb0ba5d P 74d4bbc7117d4f10a789698930129411 [term 3 LEADER]: Raft consensus shutting down.
I20260710 11:03:41.893875 20188 raft_consensus.cc:2272] T 1db66e6fbabe4b0da1b569c70cb0ba5d P 74d4bbc7117d4f10a789698930129411 [term 3 FOLLOWER]: Raft consensus is shut down!
I20260710 11:03:42.014581 20188 tablet_server.cc:196] TabletServer@127.19.183.1:0 shutdown complete.
W20260710 11:03:42.017872 20363 consensus_peers.cc:597] T 9c256f6202314b359a58092a595ff0c4 P 882b4526239b420bade1b67d9c26791d -> Peer 74d4bbc7117d4f10a789698930129411 (127.19.183.1:41795): Couldn't send request to peer 74d4bbc7117d4f10a789698930129411. Status: Network error: Client connection negotiation failed: client connection to 127.19.183.1:41795: connect: Connection refused (error 111). This is attempt 1: this message will repeat every 5th retry.
W20260710 11:03:42.020183 20437 consensus_peers.cc:597] T e92ea93c4b344633919b3cc9ae009634 P 3e46d65da9fd44ea8904ec90febbc70c -> Peer 74d4bbc7117d4f10a789698930129411 (127.19.183.1:41795): Couldn't send request to peer 74d4bbc7117d4f10a789698930129411. Status: Network error: Client connection negotiation failed: client connection to 127.19.183.1:41795: connect: Connection refused (error 111). This is attempt 1: this message will repeat every 5th retry.
I20260710 11:03:42.032721 20188 tablet_server.cc:179] TabletServer@127.19.183.2:0 shutting down...
I20260710 11:03:42.051131 20188 ts_tablet_manager.cc:1507] Shutting down tablet manager...
I20260710 11:03:42.051759 20188 tablet_replica.cc:333] T e92ea93c4b344633919b3cc9ae009634 P 882b4526239b420bade1b67d9c26791d: stopping tablet replica
I20260710 11:03:42.052299 20188 raft_consensus.cc:2243] T e92ea93c4b344633919b3cc9ae009634 P 882b4526239b420bade1b67d9c26791d [term 1 FOLLOWER]: Raft consensus shutting down.
I20260710 11:03:42.052687 20188 raft_consensus.cc:2272] T e92ea93c4b344633919b3cc9ae009634 P 882b4526239b420bade1b67d9c26791d [term 1 FOLLOWER]: Raft consensus is shut down!
I20260710 11:03:42.054405 20188 tablet_replica.cc:333] T d5c799eda896479e8a9fcb76ca1f7045 P 882b4526239b420bade1b67d9c26791d: stopping tablet replica
I20260710 11:03:42.054836 20188 raft_consensus.cc:2243] T d5c799eda896479e8a9fcb76ca1f7045 P 882b4526239b420bade1b67d9c26791d [term 5 FOLLOWER]: Raft consensus shutting down.
I20260710 11:03:42.055183 20188 raft_consensus.cc:2272] T d5c799eda896479e8a9fcb76ca1f7045 P 882b4526239b420bade1b67d9c26791d [term 5 FOLLOWER]: Raft consensus is shut down!
I20260710 11:03:42.056916 20188 tablet_replica.cc:333] T 346176c239f3497c8bd5de12100417aa P 882b4526239b420bade1b67d9c26791d: stopping tablet replica
I20260710 11:03:42.057376 20188 raft_consensus.cc:2243] T 346176c239f3497c8bd5de12100417aa P 882b4526239b420bade1b67d9c26791d [term 3 FOLLOWER]: Raft consensus shutting down.
I20260710 11:03:42.057713 20188 raft_consensus.cc:2272] T 346176c239f3497c8bd5de12100417aa P 882b4526239b420bade1b67d9c26791d [term 3 FOLLOWER]: Raft consensus is shut down!
I20260710 11:03:42.059499 20188 tablet_replica.cc:333] T 194f240d833b494e876ddc05eff32149 P 882b4526239b420bade1b67d9c26791d: stopping tablet replica
I20260710 11:03:42.060005 20188 raft_consensus.cc:2243] T 194f240d833b494e876ddc05eff32149 P 882b4526239b420bade1b67d9c26791d [term 3 FOLLOWER]: Raft consensus shutting down.
I20260710 11:03:42.060371 20188 raft_consensus.cc:2272] T 194f240d833b494e876ddc05eff32149 P 882b4526239b420bade1b67d9c26791d [term 3 FOLLOWER]: Raft consensus is shut down!
I20260710 11:03:42.062048 20188 tablet_replica.cc:333] T 1db66e6fbabe4b0da1b569c70cb0ba5d P 882b4526239b420bade1b67d9c26791d: stopping tablet replica
I20260710 11:03:42.062467 20188 raft_consensus.cc:2243] T 1db66e6fbabe4b0da1b569c70cb0ba5d P 882b4526239b420bade1b67d9c26791d [term 3 FOLLOWER]: Raft consensus shutting down.
I20260710 11:03:42.062798 20188 raft_consensus.cc:2272] T 1db66e6fbabe4b0da1b569c70cb0ba5d P 882b4526239b420bade1b67d9c26791d [term 3 FOLLOWER]: Raft consensus is shut down!
I20260710 11:03:42.064615 20188 tablet_replica.cc:333] T fb031da871514e13907ac6ffdb579d25 P 882b4526239b420bade1b67d9c26791d: stopping tablet replica
I20260710 11:03:42.065028 20188 raft_consensus.cc:2243] T fb031da871514e13907ac6ffdb579d25 P 882b4526239b420bade1b67d9c26791d [term 3 LEADER]: Raft consensus shutting down.
I20260710 11:03:42.065667 20188 raft_consensus.cc:2272] T fb031da871514e13907ac6ffdb579d25 P 882b4526239b420bade1b67d9c26791d [term 3 FOLLOWER]: Raft consensus is shut down!
I20260710 11:03:42.067106 20188 tablet_replica.cc:333] T 79c4f42f1ec84cf5b65cced81228580c P 882b4526239b420bade1b67d9c26791d: stopping tablet replica
I20260710 11:03:42.067569 20188 raft_consensus.cc:2243] T 79c4f42f1ec84cf5b65cced81228580c P 882b4526239b420bade1b67d9c26791d [term 3 LEADER]: Raft consensus shutting down.
I20260710 11:03:42.068197 20188 raft_consensus.cc:2272] T 79c4f42f1ec84cf5b65cced81228580c P 882b4526239b420bade1b67d9c26791d [term 3 FOLLOWER]: Raft consensus is shut down!
I20260710 11:03:42.069556 20188 tablet_replica.cc:333] T 9c256f6202314b359a58092a595ff0c4 P 882b4526239b420bade1b67d9c26791d: stopping tablet replica
I20260710 11:03:42.069950 20188 raft_consensus.cc:2243] T 9c256f6202314b359a58092a595ff0c4 P 882b4526239b420bade1b67d9c26791d [term 3 LEADER]: Raft consensus shutting down.
I20260710 11:03:42.070564 20188 raft_consensus.cc:2272] T 9c256f6202314b359a58092a595ff0c4 P 882b4526239b420bade1b67d9c26791d [term 3 FOLLOWER]: Raft consensus is shut down!
I20260710 11:03:42.071920 20188 tablet_replica.cc:333] T bfe806e008dc4a8c85bda798e36dfb42 P 882b4526239b420bade1b67d9c26791d: stopping tablet replica
I20260710 11:03:42.072283 20188 raft_consensus.cc:2243] T bfe806e008dc4a8c85bda798e36dfb42 P 882b4526239b420bade1b67d9c26791d [term 3 FOLLOWER]: Raft consensus shutting down.
I20260710 11:03:42.072611 20188 raft_consensus.cc:2272] T bfe806e008dc4a8c85bda798e36dfb42 P 882b4526239b420bade1b67d9c26791d [term 3 FOLLOWER]: Raft consensus is shut down!
I20260710 11:03:42.125739 20188 tablet_server.cc:196] TabletServer@127.19.183.2:0 shutdown complete.
I20260710 11:03:42.141971 20188 tablet_server.cc:179] TabletServer@127.19.183.3:0 shutting down...
I20260710 11:03:42.165545 20188 ts_tablet_manager.cc:1507] Shutting down tablet manager...
I20260710 11:03:42.166152 20188 tablet_replica.cc:333] T bfe806e008dc4a8c85bda798e36dfb42 P 3e46d65da9fd44ea8904ec90febbc70c: stopping tablet replica
I20260710 11:03:42.166745 20188 raft_consensus.cc:2243] T bfe806e008dc4a8c85bda798e36dfb42 P 3e46d65da9fd44ea8904ec90febbc70c [term 3 FOLLOWER]: Raft consensus shutting down.
I20260710 11:03:42.167172 20188 raft_consensus.cc:2272] T bfe806e008dc4a8c85bda798e36dfb42 P 3e46d65da9fd44ea8904ec90febbc70c [term 3 FOLLOWER]: Raft consensus is shut down!
I20260710 11:03:42.169070 20188 tablet_replica.cc:333] T fb031da871514e13907ac6ffdb579d25 P 3e46d65da9fd44ea8904ec90febbc70c: stopping tablet replica
I20260710 11:03:42.169512 20188 raft_consensus.cc:2243] T fb031da871514e13907ac6ffdb579d25 P 3e46d65da9fd44ea8904ec90febbc70c [term 3 FOLLOWER]: Raft consensus shutting down.
I20260710 11:03:42.169868 20188 raft_consensus.cc:2272] T fb031da871514e13907ac6ffdb579d25 P 3e46d65da9fd44ea8904ec90febbc70c [term 3 FOLLOWER]: Raft consensus is shut down!
I20260710 11:03:42.171336 20188 tablet_replica.cc:333] T 9c256f6202314b359a58092a595ff0c4 P 3e46d65da9fd44ea8904ec90febbc70c: stopping tablet replica
I20260710 11:03:42.171794 20188 raft_consensus.cc:2243] T 9c256f6202314b359a58092a595ff0c4 P 3e46d65da9fd44ea8904ec90febbc70c [term 3 FOLLOWER]: Raft consensus shutting down.
I20260710 11:03:42.172199 20188 raft_consensus.cc:2272] T 9c256f6202314b359a58092a595ff0c4 P 3e46d65da9fd44ea8904ec90febbc70c [term 3 FOLLOWER]: Raft consensus is shut down!
I20260710 11:03:42.173749 20188 tablet_replica.cc:333] T 79c4f42f1ec84cf5b65cced81228580c P 3e46d65da9fd44ea8904ec90febbc70c: stopping tablet replica
I20260710 11:03:42.174141 20188 raft_consensus.cc:2243] T 79c4f42f1ec84cf5b65cced81228580c P 3e46d65da9fd44ea8904ec90febbc70c [term 3 FOLLOWER]: Raft consensus shutting down.
I20260710 11:03:42.174458 20188 raft_consensus.cc:2272] T 79c4f42f1ec84cf5b65cced81228580c P 3e46d65da9fd44ea8904ec90febbc70c [term 3 FOLLOWER]: Raft consensus is shut down!
I20260710 11:03:42.175884 20188 tablet_replica.cc:333] T 1db66e6fbabe4b0da1b569c70cb0ba5d P 3e46d65da9fd44ea8904ec90febbc70c: stopping tablet replica
I20260710 11:03:42.176267 20188 raft_consensus.cc:2243] T 1db66e6fbabe4b0da1b569c70cb0ba5d P 3e46d65da9fd44ea8904ec90febbc70c [term 3 FOLLOWER]: Raft consensus shutting down.
I20260710 11:03:42.176570 20188 raft_consensus.cc:2272] T 1db66e6fbabe4b0da1b569c70cb0ba5d P 3e46d65da9fd44ea8904ec90febbc70c [term 3 FOLLOWER]: Raft consensus is shut down!
I20260710 11:03:42.178213 20188 tablet_replica.cc:333] T 194f240d833b494e876ddc05eff32149 P 3e46d65da9fd44ea8904ec90febbc70c: stopping tablet replica
I20260710 11:03:42.178615 20188 raft_consensus.cc:2243] T 194f240d833b494e876ddc05eff32149 P 3e46d65da9fd44ea8904ec90febbc70c [term 3 LEADER]: Raft consensus shutting down.
I20260710 11:03:42.179188 20188 raft_consensus.cc:2272] T 194f240d833b494e876ddc05eff32149 P 3e46d65da9fd44ea8904ec90febbc70c [term 3 FOLLOWER]: Raft consensus is shut down!
I20260710 11:03:42.180763 20188 tablet_replica.cc:333] T e92ea93c4b344633919b3cc9ae009634 P 3e46d65da9fd44ea8904ec90febbc70c: stopping tablet replica
I20260710 11:03:42.181140 20188 raft_consensus.cc:2243] T e92ea93c4b344633919b3cc9ae009634 P 3e46d65da9fd44ea8904ec90febbc70c [term 1 LEADER]: Raft consensus shutting down.
I20260710 11:03:42.181708 20188 raft_consensus.cc:2272] T e92ea93c4b344633919b3cc9ae009634 P 3e46d65da9fd44ea8904ec90febbc70c [term 1 FOLLOWER]: Raft consensus is shut down!
I20260710 11:03:42.183012 20188 tablet_replica.cc:333] T 346176c239f3497c8bd5de12100417aa P 3e46d65da9fd44ea8904ec90febbc70c: stopping tablet replica
I20260710 11:03:42.183383 20188 raft_consensus.cc:2243] T 346176c239f3497c8bd5de12100417aa P 3e46d65da9fd44ea8904ec90febbc70c [term 3 FOLLOWER]: Raft consensus shutting down.
I20260710 11:03:42.183768 20188 raft_consensus.cc:2272] T 346176c239f3497c8bd5de12100417aa P 3e46d65da9fd44ea8904ec90febbc70c [term 3 FOLLOWER]: Raft consensus is shut down!
I20260710 11:03:42.185418 20188 tablet_replica.cc:333] T d5c799eda896479e8a9fcb76ca1f7045 P 3e46d65da9fd44ea8904ec90febbc70c: stopping tablet replica
I20260710 11:03:42.185775 20188 raft_consensus.cc:2243] T d5c799eda896479e8a9fcb76ca1f7045 P 3e46d65da9fd44ea8904ec90febbc70c [term 5 LEADER]: Raft consensus shutting down.
I20260710 11:03:42.186331 20188 raft_consensus.cc:2272] T d5c799eda896479e8a9fcb76ca1f7045 P 3e46d65da9fd44ea8904ec90febbc70c [term 5 FOLLOWER]: Raft consensus is shut down!
I20260710 11:03:42.210404 20188 tablet_server.cc:196] TabletServer@127.19.183.3:0 shutdown complete.
I20260710 11:03:42.225157 20188 master.cc:562] Master@127.19.183.62:39651 shutting down...
I20260710 11:03:42.396616 20188 raft_consensus.cc:2243] T 00000000000000000000000000000000 P 9367f89349074fadab913d6101e7f1f8 [term 1 LEADER]: Raft consensus shutting down.
I20260710 11:03:42.397147 20188 raft_consensus.cc:2272] T 00000000000000000000000000000000 P 9367f89349074fadab913d6101e7f1f8 [term 1 FOLLOWER]: Raft consensus is shut down!
I20260710 11:03:42.397464 20188 tablet_replica.cc:333] T 00000000000000000000000000000000 P 9367f89349074fadab913d6101e7f1f8: stopping tablet replica
I20260710 11:03:42.415894 20188 master.cc:584] Master@127.19.183.62:39651 shutdown complete.
3e46d65da9fd44ea8904ec90febbc70c  1
74d4bbc7117d4f10a789698930129411  4
882b4526239b420bade1b67d9c26791d  4
[       OK ] LeaderRebalancerTest.FunctionalTestForDivided (13024 ms)
[ RUN      ] LeaderRebalancerTest.FunctionalTestForNotDivided
I20260710 11:03:42.450789 20188 internal_mini_cluster.cc:156] Creating distributed mini masters. Addrs: 127.19.183.62:37651
I20260710 11:03:42.451866 20188 file_cache.cc:504] Constructed file cache file cache with capacity 419430
W20260710 11:03:42.456988 20689 instance_detector.cc:116] could not retrieve AWS instance metadata: Network error: curl error: HTTP response code said error: The requested URL returned error: 404
W20260710 11:03:42.457511 20690 instance_detector.cc:116] could not retrieve Azure instance metadata: Network error: curl error: HTTP response code said error: The requested URL returned error: 404
W20260710 11:03:42.458317 20692 instance_detector.cc:116] could not retrieve OpenStack instance metadata: Network error: curl error: HTTP response code said error: The requested URL returned error: 404
I20260710 11:03:42.458707 20188 server_base.cc:1061] running on GCE node
I20260710 11:03:42.459715 20188 hybrid_clock.cc:584] initializing the hybrid clock with 'system_unsync' time source
W20260710 11:03:42.459883 20188 system_unsync_time.cc:38] NTP support is disabled. Clock error bounds will not be accurate. This configuration is not suitable for distributed clusters.
I20260710 11:03:42.459993 20188 hybrid_clock.cc:648] HybridClock initialized: now 1783681422459982 us; error 0 us; skew 500 ppm
I20260710 11:03:42.460443 20188 server_base.cc:861] Flag tcmalloc_max_total_thread_cache_bytes is not working since tcmalloc is not enabled.
I20260710 11:03:42.462491 20188 webserver.cc:533] Webserver started at http://127.19.183.62:33783/ using document root <none> and password file <none>
I20260710 11:03:42.462901 20188 fs_manager.cc:362] Metadata directory not provided
I20260710 11:03:42.463044 20188 fs_manager.cc:368] Using write-ahead log directory (fs_wal_dir) as metadata directory
I20260710 11:03:42.463249 20188 server_base.cc:909] This appears to be a new deployment of Kudu; creating new FS layout
I20260710 11:03:42.464350 20188 fs_manager.cc:1068] Generated new instance metadata in path /tmp/dist-test-taskc_dRL_/test-tmp/auto_leader_rebalancer-test.0.LeaderRebalancerTest.FunctionalTestForNotDivided.1783681409270841-20188-0/minicluster-data/master-0-root/instance:
uuid: "f8266d5942b249eb97ce4b589b1701e6"
format_stamp: "Formatted at 2026-07-10 11:03:42 on dist-test-slave-pdwj"
I20260710 11:03:42.468214 20188 fs_manager.cc:696] Time spent creating directory manager: real 0.003s	user 0.004s	sys 0.000s
I20260710 11:03:42.471055 20697 log_block_manager.cc:4127] Time spent loading block containers with low live blocks: real 0.000s	user 0.000s	sys 0.000s
I20260710 11:03:42.471706 20188 fs_manager.cc:730] Time spent opening block manager: real 0.002s	user 0.002s	sys 0.000s
I20260710 11:03:42.471946 20188 fs_manager.cc:647] Opened local filesystem: /tmp/dist-test-taskc_dRL_/test-tmp/auto_leader_rebalancer-test.0.LeaderRebalancerTest.FunctionalTestForNotDivided.1783681409270841-20188-0/minicluster-data/master-0-root
uuid: "f8266d5942b249eb97ce4b589b1701e6"
format_stamp: "Formatted at 2026-07-10 11:03:42 on dist-test-slave-pdwj"
I20260710 11:03:42.472194 20188 fs_report.cc:389] FS layout report
--------------------
wal directory: /tmp/dist-test-taskc_dRL_/test-tmp/auto_leader_rebalancer-test.0.LeaderRebalancerTest.FunctionalTestForNotDivided.1783681409270841-20188-0/minicluster-data/master-0-root
metadata directory: /tmp/dist-test-taskc_dRL_/test-tmp/auto_leader_rebalancer-test.0.LeaderRebalancerTest.FunctionalTestForNotDivided.1783681409270841-20188-0/minicluster-data/master-0-root
1 data directories: /tmp/dist-test-taskc_dRL_/test-tmp/auto_leader_rebalancer-test.0.LeaderRebalancerTest.FunctionalTestForNotDivided.1783681409270841-20188-0/minicluster-data/master-0-root/data
Total live blocks: 0
Total live bytes: 0
Total live bytes (after alignment): 0
Total number of LBM containers: 0 (0 full)
Did not check for missing blocks
Did not check for orphaned blocks
Total full LBM containers with extra space: 0 (0 repaired)
Total full LBM container extra space in bytes: 0 (0 repaired)
Total incomplete LBM containers: 0 (0 repaired)
Total LBM partial records: 0 (0 repaired)
Total corrupted LBM metadata records in RocksDB: 0 (0 repaired)
I20260710 11:03:42.494802 20188 rpc_server.cc:225] running with OpenSSL 1.1.1  11 Sep 2018
I20260710 11:03:42.496006 20188 kserver.cc:163] Server-wide thread pool size limit: 3276
I20260710 11:03:42.530411 20188 rpc_server.cc:307] RPC server started. Bound to: 127.19.183.62:37651
I20260710 11:03:42.530498 20748 acceptor_pool.cc:272] collecting diagnostics on the listening RPC socket 127.19.183.62:37651 every 8 connection(s)
I20260710 11:03:42.534050 20749 data_dirs.cc:400] Could only allocate 1 dirs of requested 3 for tablet 00000000000000000000000000000000. 1 dirs total, 0 dirs full, 0 dirs failed
I20260710 11:03:42.542573 20749 tablet_bootstrap.cc:492] T 00000000000000000000000000000000 P f8266d5942b249eb97ce4b589b1701e6: Bootstrap starting.
I20260710 11:03:42.546747 20749 tablet_bootstrap.cc:654] T 00000000000000000000000000000000 P f8266d5942b249eb97ce4b589b1701e6: Neither blocks nor log segments found. Creating new log.
I20260710 11:03:42.550392 20749 tablet_bootstrap.cc:492] T 00000000000000000000000000000000 P f8266d5942b249eb97ce4b589b1701e6: No bootstrap required, opened a new log
I20260710 11:03:42.552291 20749 raft_consensus.cc:359] T 00000000000000000000000000000000 P f8266d5942b249eb97ce4b589b1701e6 [term 0 FOLLOWER]: Replica starting. Triggering 0 pending ops. Active config: opid_index: -1 OBSOLETE_local: true peers { permanent_uuid: "f8266d5942b249eb97ce4b589b1701e6" member_type: VOTER }
I20260710 11:03:42.552631 20749 raft_consensus.cc:385] T 00000000000000000000000000000000 P f8266d5942b249eb97ce4b589b1701e6 [term 0 FOLLOWER]: Consensus starting up: Expiring failure detector timer to make a prompt election more likely
I20260710 11:03:42.552831 20749 raft_consensus.cc:740] T 00000000000000000000000000000000 P f8266d5942b249eb97ce4b589b1701e6 [term 0 FOLLOWER]: Becoming Follower/Learner. State: Replica: f8266d5942b249eb97ce4b589b1701e6, State: Initialized, Role: FOLLOWER
I20260710 11:03:42.553406 20749 consensus_queue.cc:260] T 00000000000000000000000000000000 P f8266d5942b249eb97ce4b589b1701e6 [NON_LEADER]: Queue going to NON_LEADER mode. State: All replicated index: 0, Majority replicated index: 0, Committed index: 0, Last appended: 0.0, Last appended by leader: 0, Current term: 0, Majority size: -1, State: 0, Mode: NON_LEADER, active raft config: opid_index: -1 OBSOLETE_local: true peers { permanent_uuid: "f8266d5942b249eb97ce4b589b1701e6" member_type: VOTER }
I20260710 11:03:42.553803 20749 raft_consensus.cc:399] T 00000000000000000000000000000000 P f8266d5942b249eb97ce4b589b1701e6 [term 0 FOLLOWER]: Only one voter in the Raft config. Triggering election immediately
I20260710 11:03:42.554008 20749 raft_consensus.cc:493] T 00000000000000000000000000000000 P f8266d5942b249eb97ce4b589b1701e6 [term 0 FOLLOWER]: Starting leader election (initial election of a single-replica configuration)
I20260710 11:03:42.554248 20749 raft_consensus.cc:3060] T 00000000000000000000000000000000 P f8266d5942b249eb97ce4b589b1701e6 [term 0 FOLLOWER]: Advancing to term 1
I20260710 11:03:42.557991 20749 raft_consensus.cc:515] T 00000000000000000000000000000000 P f8266d5942b249eb97ce4b589b1701e6 [term 1 FOLLOWER]: Starting leader election with config: opid_index: -1 OBSOLETE_local: true peers { permanent_uuid: "f8266d5942b249eb97ce4b589b1701e6" member_type: VOTER }
I20260710 11:03:42.558444 20749 leader_election.cc:304] T 00000000000000000000000000000000 P f8266d5942b249eb97ce4b589b1701e6 [CANDIDATE]: Term 1 election: Election decided. Result: candidate won. Election summary: received 1 responses out of 1 voters: 1 yes votes; 0 no votes. yes voters: f8266d5942b249eb97ce4b589b1701e6; no voters: 
I20260710 11:03:42.559473 20749 leader_election.cc:290] T 00000000000000000000000000000000 P f8266d5942b249eb97ce4b589b1701e6 [CANDIDATE]: Term 1 election: Requested vote from peers 
I20260710 11:03:42.559885 20752 raft_consensus.cc:2804] T 00000000000000000000000000000000 P f8266d5942b249eb97ce4b589b1701e6 [term 1 FOLLOWER]: Leader election won for term 1
I20260710 11:03:42.561169 20752 raft_consensus.cc:697] T 00000000000000000000000000000000 P f8266d5942b249eb97ce4b589b1701e6 [term 1 LEADER]: Becoming Leader. State: Replica: f8266d5942b249eb97ce4b589b1701e6, State: Running, Role: LEADER
I20260710 11:03:42.561916 20752 consensus_queue.cc:237] T 00000000000000000000000000000000 P f8266d5942b249eb97ce4b589b1701e6 [LEADER]: Queue going to LEADER mode. State: All replicated index: 0, Majority replicated index: 0, Committed index: 0, Last appended: 0.0, Last appended by leader: 0, Current term: 1, Majority size: 1, State: 0, Mode: LEADER, active raft config: opid_index: -1 OBSOLETE_local: true peers { permanent_uuid: "f8266d5942b249eb97ce4b589b1701e6" member_type: VOTER }
I20260710 11:03:42.562458 20749 sys_catalog.cc:565] T 00000000000000000000000000000000 P f8266d5942b249eb97ce4b589b1701e6 [sys.catalog]: configured and running, proceeding with master startup.
I20260710 11:03:42.566439 20753 sys_catalog.cc:455] T 00000000000000000000000000000000 P f8266d5942b249eb97ce4b589b1701e6 [sys.catalog]: SysCatalogTable state changed. Reason: RaftConsensus started. Latest consensus state: current_term: 1 leader_uuid: "f8266d5942b249eb97ce4b589b1701e6" committed_config { opid_index: -1 OBSOLETE_local: true peers { permanent_uuid: "f8266d5942b249eb97ce4b589b1701e6" member_type: VOTER } }
I20260710 11:03:42.566510 20754 sys_catalog.cc:455] T 00000000000000000000000000000000 P f8266d5942b249eb97ce4b589b1701e6 [sys.catalog]: SysCatalogTable state changed. Reason: New leader f8266d5942b249eb97ce4b589b1701e6. Latest consensus state: current_term: 1 leader_uuid: "f8266d5942b249eb97ce4b589b1701e6" committed_config { opid_index: -1 OBSOLETE_local: true peers { permanent_uuid: "f8266d5942b249eb97ce4b589b1701e6" member_type: VOTER } }
I20260710 11:03:42.567049 20753 sys_catalog.cc:458] T 00000000000000000000000000000000 P f8266d5942b249eb97ce4b589b1701e6 [sys.catalog]: This master's current role is: LEADER
I20260710 11:03:42.567157 20754 sys_catalog.cc:458] T 00000000000000000000000000000000 P f8266d5942b249eb97ce4b589b1701e6 [sys.catalog]: This master's current role is: LEADER
I20260710 11:03:42.569588 20759 catalog_manager.cc:1511] Loading table and tablet metadata into memory...
I20260710 11:03:42.574489 20759 catalog_manager.cc:1520] Initializing Kudu cluster ID...
I20260710 11:03:42.577586 20188 internal_mini_cluster.cc:184] Waiting to initialize catalog manager on master 0
I20260710 11:03:42.582151 20759 catalog_manager.cc:1383] Generated new cluster ID: 3b5d2d125a8a47fa9a33ff26586a38bd
I20260710 11:03:42.582414 20759 catalog_manager.cc:1531] Initializing Kudu internal certificate authority...
I20260710 11:03:42.609813 20759 catalog_manager.cc:1406] Generated new certificate authority record
I20260710 11:03:42.610949 20759 catalog_manager.cc:1540] Loading token signing keys...
I20260710 11:03:42.622293 20759 catalog_manager.cc:6070] T 00000000000000000000000000000000 P f8266d5942b249eb97ce4b589b1701e6: Generated new TSK 0
I20260710 11:03:42.622821 20759 catalog_manager.cc:1550] Initializing in-progress tserver states...
I20260710 11:03:42.643896 20188 file_cache.cc:504] Constructed file cache file cache with capacity 419430
W20260710 11:03:42.649428 20770 instance_detector.cc:116] could not retrieve AWS instance metadata: Network error: curl error: HTTP response code said error: The requested URL returned error: 404
W20260710 11:03:42.650226 20771 instance_detector.cc:116] could not retrieve Azure instance metadata: Network error: curl error: HTTP response code said error: The requested URL returned error: 404
W20260710 11:03:42.651705 20773 instance_detector.cc:116] could not retrieve OpenStack instance metadata: Network error: curl error: HTTP response code said error: The requested URL returned error: 404
I20260710 11:03:42.652446 20188 server_base.cc:1061] running on GCE node
I20260710 11:03:42.653148 20188 hybrid_clock.cc:584] initializing the hybrid clock with 'system_unsync' time source
W20260710 11:03:42.653328 20188 system_unsync_time.cc:38] NTP support is disabled. Clock error bounds will not be accurate. This configuration is not suitable for distributed clusters.
I20260710 11:03:42.653481 20188 hybrid_clock.cc:648] HybridClock initialized: now 1783681422653467 us; error 0 us; skew 500 ppm
I20260710 11:03:42.653963 20188 server_base.cc:861] Flag tcmalloc_max_total_thread_cache_bytes is not working since tcmalloc is not enabled.
I20260710 11:03:42.656096 20188 webserver.cc:533] Webserver started at http://127.19.183.1:38243/ using document root <none> and password file <none>
I20260710 11:03:42.656548 20188 fs_manager.cc:362] Metadata directory not provided
I20260710 11:03:42.656697 20188 fs_manager.cc:368] Using write-ahead log directory (fs_wal_dir) as metadata directory
I20260710 11:03:42.656946 20188 server_base.cc:909] This appears to be a new deployment of Kudu; creating new FS layout
I20260710 11:03:42.657943 20188 fs_manager.cc:1068] Generated new instance metadata in path /tmp/dist-test-taskc_dRL_/test-tmp/auto_leader_rebalancer-test.0.LeaderRebalancerTest.FunctionalTestForNotDivided.1783681409270841-20188-0/minicluster-data/ts-0-root/instance:
uuid: "b7198ceaba464a8d9a435863b131ec30"
format_stamp: "Formatted at 2026-07-10 11:03:42 on dist-test-slave-pdwj"
I20260710 11:03:42.662071 20188 fs_manager.cc:696] Time spent creating directory manager: real 0.004s	user 0.002s	sys 0.004s
I20260710 11:03:42.665210 20778 log_block_manager.cc:4127] Time spent loading block containers with low live blocks: real 0.000s	user 0.000s	sys 0.000s
I20260710 11:03:42.665890 20188 fs_manager.cc:730] Time spent opening block manager: real 0.002s	user 0.001s	sys 0.000s
I20260710 11:03:42.666136 20188 fs_manager.cc:647] Opened local filesystem: /tmp/dist-test-taskc_dRL_/test-tmp/auto_leader_rebalancer-test.0.LeaderRebalancerTest.FunctionalTestForNotDivided.1783681409270841-20188-0/minicluster-data/ts-0-root
uuid: "b7198ceaba464a8d9a435863b131ec30"
format_stamp: "Formatted at 2026-07-10 11:03:42 on dist-test-slave-pdwj"
I20260710 11:03:42.666399 20188 fs_report.cc:389] FS layout report
--------------------
wal directory: /tmp/dist-test-taskc_dRL_/test-tmp/auto_leader_rebalancer-test.0.LeaderRebalancerTest.FunctionalTestForNotDivided.1783681409270841-20188-0/minicluster-data/ts-0-root
metadata directory: /tmp/dist-test-taskc_dRL_/test-tmp/auto_leader_rebalancer-test.0.LeaderRebalancerTest.FunctionalTestForNotDivided.1783681409270841-20188-0/minicluster-data/ts-0-root
1 data directories: /tmp/dist-test-taskc_dRL_/test-tmp/auto_leader_rebalancer-test.0.LeaderRebalancerTest.FunctionalTestForNotDivided.1783681409270841-20188-0/minicluster-data/ts-0-root/data
Total live blocks: 0
Total live bytes: 0
Total live bytes (after alignment): 0
Total number of LBM containers: 0 (0 full)
Did not check for missing blocks
Did not check for orphaned blocks
Total full LBM containers with extra space: 0 (0 repaired)
Total full LBM container extra space in bytes: 0 (0 repaired)
Total incomplete LBM containers: 0 (0 repaired)
Total LBM partial records: 0 (0 repaired)
Total corrupted LBM metadata records in RocksDB: 0 (0 repaired)
I20260710 11:03:42.690781 20188 rpc_server.cc:225] running with OpenSSL 1.1.1  11 Sep 2018
I20260710 11:03:42.692065 20188 kserver.cc:163] Server-wide thread pool size limit: 3276
I20260710 11:03:42.693492 20188 txn_system_client.cc:432] TxnSystemClient initialization is disabled...
I20260710 11:03:42.695801 20188 ts_tablet_manager.cc:585] Loaded tablet metadata (0 total tablets, 0 live tablets)
I20260710 11:03:42.696000 20188 ts_tablet_manager.cc:531] Time spent load tablet metadata: real 0.000s	user 0.000s	sys 0.000s
I20260710 11:03:42.696228 20188 ts_tablet_manager.cc:616] Registered 0 tablets
I20260710 11:03:42.696408 20188 ts_tablet_manager.cc:595] Time spent register tablets: real 0.000s	user 0.000s	sys 0.000s
I20260710 11:03:42.733832 20188 rpc_server.cc:307] RPC server started. Bound to: 127.19.183.1:34753
I20260710 11:03:42.733927 20840 acceptor_pool.cc:272] collecting diagnostics on the listening RPC socket 127.19.183.1:34753 every 8 connection(s)
I20260710 11:03:42.738471 20188 file_cache.cc:504] Constructed file cache file cache with capacity 419430
W20260710 11:03:42.744773 20845 instance_detector.cc:116] could not retrieve AWS instance metadata: Network error: curl error: HTTP response code said error: The requested URL returned error: 404
W20260710 11:03:42.746490 20846 instance_detector.cc:116] could not retrieve Azure instance metadata: Network error: curl error: HTTP response code said error: The requested URL returned error: 404
I20260710 11:03:42.748202 20188 server_base.cc:1061] running on GCE node
W20260710 11:03:42.748715 20848 instance_detector.cc:116] could not retrieve OpenStack instance metadata: Network error: curl error: HTTP response code said error: The requested URL returned error: 404
I20260710 11:03:42.749717 20188 hybrid_clock.cc:584] initializing the hybrid clock with 'system_unsync' time source
W20260710 11:03:42.749970 20188 system_unsync_time.cc:38] NTP support is disabled. Clock error bounds will not be accurate. This configuration is not suitable for distributed clusters.
I20260710 11:03:42.750167 20188 hybrid_clock.cc:648] HybridClock initialized: now 1783681422750148 us; error 0 us; skew 500 ppm
I20260710 11:03:42.750831 20188 server_base.cc:861] Flag tcmalloc_max_total_thread_cache_bytes is not working since tcmalloc is not enabled.
I20260710 11:03:42.751964 20841 heartbeater.cc:344] Connected to a master server at 127.19.183.62:37651
I20260710 11:03:42.752345 20841 heartbeater.cc:461] Registering TS with master...
I20260710 11:03:42.753232 20841 heartbeater.cc:507] Master 127.19.183.62:37651 requested a full tablet report, sending...
I20260710 11:03:42.753469 20188 webserver.cc:533] Webserver started at http://127.19.183.2:39041/ using document root <none> and password file <none>
I20260710 11:03:42.754060 20188 fs_manager.cc:362] Metadata directory not provided
I20260710 11:03:42.754302 20188 fs_manager.cc:368] Using write-ahead log directory (fs_wal_dir) as metadata directory
I20260710 11:03:42.754601 20188 server_base.cc:909] This appears to be a new deployment of Kudu; creating new FS layout
I20260710 11:03:42.755447 20714 ts_manager.cc:194] Registered new tserver with Master: b7198ceaba464a8d9a435863b131ec30 (127.19.183.1:34753)
I20260710 11:03:42.755918 20188 fs_manager.cc:1068] Generated new instance metadata in path /tmp/dist-test-taskc_dRL_/test-tmp/auto_leader_rebalancer-test.0.LeaderRebalancerTest.FunctionalTestForNotDivided.1783681409270841-20188-0/minicluster-data/ts-1-root/instance:
uuid: "24976854834c4d90b5ce0418adc7abd6"
format_stamp: "Formatted at 2026-07-10 11:03:42 on dist-test-slave-pdwj"
I20260710 11:03:42.757043 20714 master_service.cc:502] Signed X509 certificate for tserver {username='slave'} at 127.0.0.1:54734
I20260710 11:03:42.760593 20188 fs_manager.cc:696] Time spent creating directory manager: real 0.004s	user 0.004s	sys 0.000s
I20260710 11:03:42.764060 20853 log_block_manager.cc:4127] Time spent loading block containers with low live blocks: real 0.000s	user 0.000s	sys 0.000s
I20260710 11:03:42.764743 20188 fs_manager.cc:730] Time spent opening block manager: real 0.002s	user 0.003s	sys 0.001s
I20260710 11:03:42.764993 20188 fs_manager.cc:647] Opened local filesystem: /tmp/dist-test-taskc_dRL_/test-tmp/auto_leader_rebalancer-test.0.LeaderRebalancerTest.FunctionalTestForNotDivided.1783681409270841-20188-0/minicluster-data/ts-1-root
uuid: "24976854834c4d90b5ce0418adc7abd6"
format_stamp: "Formatted at 2026-07-10 11:03:42 on dist-test-slave-pdwj"
I20260710 11:03:42.765245 20188 fs_report.cc:389] FS layout report
--------------------
wal directory: /tmp/dist-test-taskc_dRL_/test-tmp/auto_leader_rebalancer-test.0.LeaderRebalancerTest.FunctionalTestForNotDivided.1783681409270841-20188-0/minicluster-data/ts-1-root
metadata directory: /tmp/dist-test-taskc_dRL_/test-tmp/auto_leader_rebalancer-test.0.LeaderRebalancerTest.FunctionalTestForNotDivided.1783681409270841-20188-0/minicluster-data/ts-1-root
1 data directories: /tmp/dist-test-taskc_dRL_/test-tmp/auto_leader_rebalancer-test.0.LeaderRebalancerTest.FunctionalTestForNotDivided.1783681409270841-20188-0/minicluster-data/ts-1-root/data
Total live blocks: 0
Total live bytes: 0
Total live bytes (after alignment): 0
Total number of LBM containers: 0 (0 full)
Did not check for missing blocks
Did not check for orphaned blocks
Total full LBM containers with extra space: 0 (0 repaired)
Total full LBM container extra space in bytes: 0 (0 repaired)
Total incomplete LBM containers: 0 (0 repaired)
Total LBM partial records: 0 (0 repaired)
Total corrupted LBM metadata records in RocksDB: 0 (0 repaired)
I20260710 11:03:42.777382 20188 rpc_server.cc:225] running with OpenSSL 1.1.1  11 Sep 2018
I20260710 11:03:42.778474 20188 kserver.cc:163] Server-wide thread pool size limit: 3276
I20260710 11:03:42.779822 20188 txn_system_client.cc:432] TxnSystemClient initialization is disabled...
I20260710 11:03:42.781843 20188 ts_tablet_manager.cc:585] Loaded tablet metadata (0 total tablets, 0 live tablets)
I20260710 11:03:42.782014 20188 ts_tablet_manager.cc:531] Time spent load tablet metadata: real 0.000s	user 0.000s	sys 0.000s
I20260710 11:03:42.782246 20188 ts_tablet_manager.cc:616] Registered 0 tablets
I20260710 11:03:42.782385 20188 ts_tablet_manager.cc:595] Time spent register tablets: real 0.000s	user 0.000s	sys 0.000s
I20260710 11:03:42.819960 20188 rpc_server.cc:307] RPC server started. Bound to: 127.19.183.2:34645
I20260710 11:03:42.820041 20915 acceptor_pool.cc:272] collecting diagnostics on the listening RPC socket 127.19.183.2:34645 every 8 connection(s)
I20260710 11:03:42.824461 20188 file_cache.cc:504] Constructed file cache file cache with capacity 419430
W20260710 11:03:42.830999 20919 instance_detector.cc:116] could not retrieve AWS instance metadata: Network error: curl error: HTTP response code said error: The requested URL returned error: 404
W20260710 11:03:42.831753 20920 instance_detector.cc:116] could not retrieve Azure instance metadata: Network error: curl error: HTTP response code said error: The requested URL returned error: 404
W20260710 11:03:42.834307 20922 instance_detector.cc:116] could not retrieve OpenStack instance metadata: Network error: curl error: HTTP response code said error: The requested URL returned error: 404
I20260710 11:03:42.835870 20188 server_base.cc:1061] running on GCE node
I20260710 11:03:42.836593 20188 hybrid_clock.cc:584] initializing the hybrid clock with 'system_unsync' time source
W20260710 11:03:42.836783 20188 system_unsync_time.cc:38] NTP support is disabled. Clock error bounds will not be accurate. This configuration is not suitable for distributed clusters.
I20260710 11:03:42.836975 20916 heartbeater.cc:344] Connected to a master server at 127.19.183.62:37651
I20260710 11:03:42.836975 20188 hybrid_clock.cc:648] HybridClock initialized: now 1783681422836956 us; error 0 us; skew 500 ppm
I20260710 11:03:42.837421 20916 heartbeater.cc:461] Registering TS with master...
I20260710 11:03:42.837729 20188 server_base.cc:861] Flag tcmalloc_max_total_thread_cache_bytes is not working since tcmalloc is not enabled.
I20260710 11:03:42.838142 20916 heartbeater.cc:507] Master 127.19.183.62:37651 requested a full tablet report, sending...
I20260710 11:03:42.840099 20188 webserver.cc:533] Webserver started at http://127.19.183.3:44403/ using document root <none> and password file <none>
I20260710 11:03:42.840400 20714 ts_manager.cc:194] Registered new tserver with Master: 24976854834c4d90b5ce0418adc7abd6 (127.19.183.2:34645)
I20260710 11:03:42.840727 20188 fs_manager.cc:362] Metadata directory not provided
I20260710 11:03:42.840970 20188 fs_manager.cc:368] Using write-ahead log directory (fs_wal_dir) as metadata directory
I20260710 11:03:42.841346 20188 server_base.cc:909] This appears to be a new deployment of Kudu; creating new FS layout
I20260710 11:03:42.842063 20714 master_service.cc:502] Signed X509 certificate for tserver {username='slave'} at 127.0.0.1:54750
I20260710 11:03:42.842731 20188 fs_manager.cc:1068] Generated new instance metadata in path /tmp/dist-test-taskc_dRL_/test-tmp/auto_leader_rebalancer-test.0.LeaderRebalancerTest.FunctionalTestForNotDivided.1783681409270841-20188-0/minicluster-data/ts-2-root/instance:
uuid: "7e6de49a9b7b4100bcad426f00004378"
format_stamp: "Formatted at 2026-07-10 11:03:42 on dist-test-slave-pdwj"
I20260710 11:03:42.846794 20188 fs_manager.cc:696] Time spent creating directory manager: real 0.003s	user 0.006s	sys 0.000s
I20260710 11:03:42.849779 20927 log_block_manager.cc:4127] Time spent loading block containers with low live blocks: real 0.000s	user 0.000s	sys 0.000s
I20260710 11:03:42.850474 20188 fs_manager.cc:730] Time spent opening block manager: real 0.002s	user 0.002s	sys 0.000s
I20260710 11:03:42.850715 20188 fs_manager.cc:647] Opened local filesystem: /tmp/dist-test-taskc_dRL_/test-tmp/auto_leader_rebalancer-test.0.LeaderRebalancerTest.FunctionalTestForNotDivided.1783681409270841-20188-0/minicluster-data/ts-2-root
uuid: "7e6de49a9b7b4100bcad426f00004378"
format_stamp: "Formatted at 2026-07-10 11:03:42 on dist-test-slave-pdwj"
I20260710 11:03:42.850966 20188 fs_report.cc:389] FS layout report
--------------------
wal directory: /tmp/dist-test-taskc_dRL_/test-tmp/auto_leader_rebalancer-test.0.LeaderRebalancerTest.FunctionalTestForNotDivided.1783681409270841-20188-0/minicluster-data/ts-2-root
metadata directory: /tmp/dist-test-taskc_dRL_/test-tmp/auto_leader_rebalancer-test.0.LeaderRebalancerTest.FunctionalTestForNotDivided.1783681409270841-20188-0/minicluster-data/ts-2-root
1 data directories: /tmp/dist-test-taskc_dRL_/test-tmp/auto_leader_rebalancer-test.0.LeaderRebalancerTest.FunctionalTestForNotDivided.1783681409270841-20188-0/minicluster-data/ts-2-root/data
Total live blocks: 0
Total live bytes: 0
Total live bytes (after alignment): 0
Total number of LBM containers: 0 (0 full)
Did not check for missing blocks
Did not check for orphaned blocks
Total full LBM containers with extra space: 0 (0 repaired)
Total full LBM container extra space in bytes: 0 (0 repaired)
Total incomplete LBM containers: 0 (0 repaired)
Total LBM partial records: 0 (0 repaired)
Total corrupted LBM metadata records in RocksDB: 0 (0 repaired)
I20260710 11:03:42.864960 20188 rpc_server.cc:225] running with OpenSSL 1.1.1  11 Sep 2018
I20260710 11:03:42.866030 20188 kserver.cc:163] Server-wide thread pool size limit: 3276
I20260710 11:03:42.867475 20188 txn_system_client.cc:432] TxnSystemClient initialization is disabled...
I20260710 11:03:42.869470 20188 ts_tablet_manager.cc:585] Loaded tablet metadata (0 total tablets, 0 live tablets)
I20260710 11:03:42.869639 20188 ts_tablet_manager.cc:531] Time spent load tablet metadata: real 0.000s	user 0.000s	sys 0.000s
I20260710 11:03:42.869867 20188 ts_tablet_manager.cc:616] Registered 0 tablets
I20260710 11:03:42.870007 20188 ts_tablet_manager.cc:595] Time spent register tablets: real 0.000s	user 0.000s	sys 0.000s
I20260710 11:03:42.905757 20188 rpc_server.cc:307] RPC server started. Bound to: 127.19.183.3:36217
I20260710 11:03:42.905838 20989 acceptor_pool.cc:272] collecting diagnostics on the listening RPC socket 127.19.183.3:36217 every 8 connection(s)
I20260710 11:03:42.917917 20990 heartbeater.cc:344] Connected to a master server at 127.19.183.62:37651
I20260710 11:03:42.918231 20990 heartbeater.cc:461] Registering TS with master...
I20260710 11:03:42.918855 20990 heartbeater.cc:507] Master 127.19.183.62:37651 requested a full tablet report, sending...
I20260710 11:03:42.920590 20714 ts_manager.cc:194] Registered new tserver with Master: 7e6de49a9b7b4100bcad426f00004378 (127.19.183.3:36217)
I20260710 11:03:42.921562 20188 internal_mini_cluster.cc:371] 3 TS(s) registered with all masters after 0.012939496s
I20260710 11:03:42.922076 20714 master_service.cc:502] Signed X509 certificate for tserver {username='slave'} at 127.0.0.1:54760
I20260710 11:03:42.943912 20714 catalog_manager.cc:2283] Servicing CreateTable request from {username='slave'} at 127.0.0.1:54776:
name: "test-workload"
schema {
  columns {
    name: "key"
    type: INT32
    is_key: true
