W20260710 11:04:07.683646 30816 consensus_peers.cc:597] T 8b7e452686484417963a7731b5fa9780 P 1a2c3f441e9840ce88eabd5f39c5e352 -> Peer e5db0d1a003d4b7b8579b51c80b8df4d (127.28.231.4:39559): Couldn't send request to peer e5db0d1a003d4b7b8579b51c80b8df4d. Error code: TABLET_NOT_FOUND (6). Status: Not found: Tablet not found: 8b7e452686484417963a7731b5fa9780. This is attempt 1: this message will repeat every 5th retry.
I20260710 11:04:07.690801 30775 raft_consensus.cc:1275] T 3d83128875554d9cb0de05e59a84b488 P 9d2cc3bf7cc44566be7414d282741725 [term 1 FOLLOWER]: Refusing update from remote peer 6fdd47b8a06e4a7686aec7af2114bb36: Log matching property violated. Preceding OpId in replica: term: 1 index: 1. Preceding OpId from leader: term: 1 index: 2. (index mismatch)
W20260710 11:04:07.691748 30667 consensus_peers.cc:597] T 3d83128875554d9cb0de05e59a84b488 P 6fdd47b8a06e4a7686aec7af2114bb36 -> Peer e5db0d1a003d4b7b8579b51c80b8df4d (127.28.231.4:39559): Couldn't send request to peer e5db0d1a003d4b7b8579b51c80b8df4d. Error code: TABLET_NOT_FOUND (6). Status: Not found: Tablet not found: 3d83128875554d9cb0de05e59a84b488. This is attempt 1: this message will repeat every 5th retry.
I20260710 11:04:07.692164 31371 consensus_queue.cc:1048] T 3d83128875554d9cb0de05e59a84b488 P 6fdd47b8a06e4a7686aec7af2114bb36 [LEADER]: Connected to new peer: Peer: permanent_uuid: "9d2cc3bf7cc44566be7414d282741725" member_type: VOTER last_known_addr { host: "127.28.231.2" port: 34889 }, Status: LMP_MISMATCH, Last received: 0.0, Next index: 2, Last known committed idx: 1, Time since last communication: 0.000s
I20260710 11:04:07.692668 30852 raft_consensus.cc:1275] T 3d83128875554d9cb0de05e59a84b488 P 1a2c3f441e9840ce88eabd5f39c5e352 [term 1 FOLLOWER]: Refusing update from remote peer 6fdd47b8a06e4a7686aec7af2114bb36: Log matching property violated. Preceding OpId in replica: term: 1 index: 1. Preceding OpId from leader: term: 1 index: 2. (index mismatch)
I20260710 11:04:07.693795 31369 consensus_queue.cc:1048] T 3d83128875554d9cb0de05e59a84b488 P 6fdd47b8a06e4a7686aec7af2114bb36 [LEADER]: Connected to new peer: Peer: permanent_uuid: "1a2c3f441e9840ce88eabd5f39c5e352" member_type: VOTER last_known_addr { host: "127.28.231.3" port: 36547 } attrs { replace: true }, Status: LMP_MISMATCH, Last received: 0.0, Next index: 2, Last known committed idx: 1, Time since last communication: 0.003s
I20260710 11:04:07.709096 31396 raft_consensus.cc:2955] T 3d83128875554d9cb0de05e59a84b488 P 6fdd47b8a06e4a7686aec7af2114bb36 [term 1 LEADER]: Committing config change with OpId 1.2: config changed from index -1 to 2, NON_VOTER e5db0d1a003d4b7b8579b51c80b8df4d (127.28.231.4) added. New config: { opid_index: 2 OBSOLETE_local: false peers { permanent_uuid: "6fdd47b8a06e4a7686aec7af2114bb36" member_type: VOTER last_known_addr { host: "127.28.231.1" port: 44331 } } peers { permanent_uuid: "9d2cc3bf7cc44566be7414d282741725" member_type: VOTER last_known_addr { host: "127.28.231.2" port: 34889 } } peers { permanent_uuid: "1a2c3f441e9840ce88eabd5f39c5e352" member_type: VOTER last_known_addr { host: "127.28.231.3" port: 36547 } attrs { replace: true } } peers { permanent_uuid: "e5db0d1a003d4b7b8579b51c80b8df4d" member_type: NON_VOTER last_known_addr { host: "127.28.231.4" port: 39559 } attrs { promote: true } } }
I20260710 11:04:07.710364 30775 raft_consensus.cc:2955] T 3d83128875554d9cb0de05e59a84b488 P 9d2cc3bf7cc44566be7414d282741725 [term 1 FOLLOWER]: Committing config change with OpId 1.2: config changed from index -1 to 2, NON_VOTER e5db0d1a003d4b7b8579b51c80b8df4d (127.28.231.4) added. New config: { opid_index: 2 OBSOLETE_local: false peers { permanent_uuid: "6fdd47b8a06e4a7686aec7af2114bb36" member_type: VOTER last_known_addr { host: "127.28.231.1" port: 44331 } } peers { permanent_uuid: "9d2cc3bf7cc44566be7414d282741725" member_type: VOTER last_known_addr { host: "127.28.231.2" port: 34889 } } peers { permanent_uuid: "1a2c3f441e9840ce88eabd5f39c5e352" member_type: VOTER last_known_addr { host: "127.28.231.3" port: 36547 } attrs { replace: true } } peers { permanent_uuid: "e5db0d1a003d4b7b8579b51c80b8df4d" member_type: NON_VOTER last_known_addr { host: "127.28.231.4" port: 39559 } attrs { promote: true } } }
I20260710 11:04:07.711289 30852 raft_consensus.cc:2955] T 3d83128875554d9cb0de05e59a84b488 P 1a2c3f441e9840ce88eabd5f39c5e352 [term 1 FOLLOWER]: Committing config change with OpId 1.2: config changed from index -1 to 2, NON_VOTER e5db0d1a003d4b7b8579b51c80b8df4d (127.28.231.4) added. New config: { opid_index: 2 OBSOLETE_local: false peers { permanent_uuid: "6fdd47b8a06e4a7686aec7af2114bb36" member_type: VOTER last_known_addr { host: "127.28.231.1" port: 44331 } } peers { permanent_uuid: "9d2cc3bf7cc44566be7414d282741725" member_type: VOTER last_known_addr { host: "127.28.231.2" port: 34889 } } peers { permanent_uuid: "1a2c3f441e9840ce88eabd5f39c5e352" member_type: VOTER last_known_addr { host: "127.28.231.3" port: 36547 } attrs { replace: true } } peers { permanent_uuid: "e5db0d1a003d4b7b8579b51c80b8df4d" member_type: NON_VOTER last_known_addr { host: "127.28.231.4" port: 39559 } attrs { promote: true } } }
I20260710 11:04:07.726337 30599 catalog_manager.cc:5697] T 3d83128875554d9cb0de05e59a84b488 P 1a2c3f441e9840ce88eabd5f39c5e352 reported cstate change: config changed from index -1 to 2, NON_VOTER e5db0d1a003d4b7b8579b51c80b8df4d (127.28.231.4) added. New cstate: current_term: 1 leader_uuid: "6fdd47b8a06e4a7686aec7af2114bb36" committed_config { opid_index: 2 OBSOLETE_local: false peers { permanent_uuid: "6fdd47b8a06e4a7686aec7af2114bb36" member_type: VOTER last_known_addr { host: "127.28.231.1" port: 44331 } } peers { permanent_uuid: "9d2cc3bf7cc44566be7414d282741725" member_type: VOTER last_known_addr { host: "127.28.231.2" port: 34889 } } peers { permanent_uuid: "1a2c3f441e9840ce88eabd5f39c5e352" member_type: VOTER last_known_addr { host: "127.28.231.3" port: 36547 } attrs { replace: true } } peers { permanent_uuid: "e5db0d1a003d4b7b8579b51c80b8df4d" member_type: NON_VOTER last_known_addr { host: "127.28.231.4" port: 39559 } attrs { promote: true } } }
I20260710 11:04:07.728487 30852 consensus_queue.cc:237] T 52995cdbdea84e2bac2627fd057e0b4d P 1a2c3f441e9840ce88eabd5f39c5e352 [LEADER]: Queue going to LEADER mode. State: All replicated index: 0, Majority replicated index: 1, Committed index: 1, Last appended: 1.1, Last appended by leader: 0, Current term: 1, Majority size: 2, State: 0, Mode: LEADER, active raft config: opid_index: 2 OBSOLETE_local: false peers { permanent_uuid: "6fdd47b8a06e4a7686aec7af2114bb36" member_type: VOTER last_known_addr { host: "127.28.231.1" port: 44331 } attrs { replace: true } } peers { permanent_uuid: "9d2cc3bf7cc44566be7414d282741725" member_type: VOTER last_known_addr { host: "127.28.231.2" port: 34889 } } peers { permanent_uuid: "1a2c3f441e9840ce88eabd5f39c5e352" member_type: VOTER last_known_addr { host: "127.28.231.3" port: 36547 } } peers { permanent_uuid: "e5db0d1a003d4b7b8579b51c80b8df4d" member_type: NON_VOTER last_known_addr { host: "127.28.231.4" port: 39559 } attrs { promote: true } }
W20260710 11:04:07.734515 30816 consensus_peers.cc:597] T 52995cdbdea84e2bac2627fd057e0b4d P 1a2c3f441e9840ce88eabd5f39c5e352 -> Peer e5db0d1a003d4b7b8579b51c80b8df4d (127.28.231.4:39559): Couldn't send request to peer e5db0d1a003d4b7b8579b51c80b8df4d. Error code: TABLET_NOT_FOUND (6). Status: Not found: Tablet not found: 52995cdbdea84e2bac2627fd057e0b4d. This is attempt 1: this message will repeat every 5th retry.
I20260710 11:04:07.734529 30775 raft_consensus.cc:1275] T 52995cdbdea84e2bac2627fd057e0b4d P 9d2cc3bf7cc44566be7414d282741725 [term 1 FOLLOWER]: Refusing update from remote peer 1a2c3f441e9840ce88eabd5f39c5e352: Log matching property violated. Preceding OpId in replica: term: 1 index: 1. Preceding OpId from leader: term: 1 index: 2. (index mismatch)
I20260710 11:04:07.735232 30702 raft_consensus.cc:1275] T 52995cdbdea84e2bac2627fd057e0b4d P 6fdd47b8a06e4a7686aec7af2114bb36 [term 1 FOLLOWER]: Refusing update from remote peer 1a2c3f441e9840ce88eabd5f39c5e352: Log matching property violated. Preceding OpId in replica: term: 1 index: 1. Preceding OpId from leader: term: 1 index: 2. (index mismatch)
I20260710 11:04:07.735760 31385 consensus_queue.cc:1048] T 52995cdbdea84e2bac2627fd057e0b4d P 1a2c3f441e9840ce88eabd5f39c5e352 [LEADER]: Connected to new peer: Peer: permanent_uuid: "9d2cc3bf7cc44566be7414d282741725" member_type: VOTER last_known_addr { host: "127.28.231.2" port: 34889 }, Status: LMP_MISMATCH, Last received: 0.0, Next index: 2, Last known committed idx: 1, Time since last communication: 0.000s
I20260710 11:04:07.736570 31387 consensus_queue.cc:1048] T 52995cdbdea84e2bac2627fd057e0b4d P 1a2c3f441e9840ce88eabd5f39c5e352 [LEADER]: Connected to new peer: Peer: permanent_uuid: "6fdd47b8a06e4a7686aec7af2114bb36" member_type: VOTER last_known_addr { host: "127.28.231.1" port: 44331 } attrs { replace: true }, Status: LMP_MISMATCH, Last received: 0.0, Next index: 2, Last known committed idx: 1, Time since last communication: 0.000s
I20260710 11:04:07.744585 31364 raft_consensus.cc:2955] T 52995cdbdea84e2bac2627fd057e0b4d P 1a2c3f441e9840ce88eabd5f39c5e352 [term 1 LEADER]: Committing config change with OpId 1.2: config changed from index -1 to 2, NON_VOTER e5db0d1a003d4b7b8579b51c80b8df4d (127.28.231.4) added. New config: { opid_index: 2 OBSOLETE_local: false peers { permanent_uuid: "6fdd47b8a06e4a7686aec7af2114bb36" member_type: VOTER last_known_addr { host: "127.28.231.1" port: 44331 } attrs { replace: true } } peers { permanent_uuid: "9d2cc3bf7cc44566be7414d282741725" member_type: VOTER last_known_addr { host: "127.28.231.2" port: 34889 } } peers { permanent_uuid: "1a2c3f441e9840ce88eabd5f39c5e352" member_type: VOTER last_known_addr { host: "127.28.231.3" port: 36547 } } peers { permanent_uuid: "e5db0d1a003d4b7b8579b51c80b8df4d" member_type: NON_VOTER last_known_addr { host: "127.28.231.4" port: 39559 } attrs { promote: true } } }
I20260710 11:04:07.746045 30703 raft_consensus.cc:2955] T 52995cdbdea84e2bac2627fd057e0b4d P 6fdd47b8a06e4a7686aec7af2114bb36 [term 1 FOLLOWER]: Committing config change with OpId 1.2: config changed from index -1 to 2, NON_VOTER e5db0d1a003d4b7b8579b51c80b8df4d (127.28.231.4) added. New config: { opid_index: 2 OBSOLETE_local: false peers { permanent_uuid: "6fdd47b8a06e4a7686aec7af2114bb36" member_type: VOTER last_known_addr { host: "127.28.231.1" port: 44331 } attrs { replace: true } } peers { permanent_uuid: "9d2cc3bf7cc44566be7414d282741725" member_type: VOTER last_known_addr { host: "127.28.231.2" port: 34889 } } peers { permanent_uuid: "1a2c3f441e9840ce88eabd5f39c5e352" member_type: VOTER last_known_addr { host: "127.28.231.3" port: 36547 } } peers { permanent_uuid: "e5db0d1a003d4b7b8579b51c80b8df4d" member_type: NON_VOTER last_known_addr { host: "127.28.231.4" port: 39559 } attrs { promote: true } } }
I20260710 11:04:07.746570 30775 raft_consensus.cc:2955] T 52995cdbdea84e2bac2627fd057e0b4d P 9d2cc3bf7cc44566be7414d282741725 [term 1 FOLLOWER]: Committing config change with OpId 1.2: config changed from index -1 to 2, NON_VOTER e5db0d1a003d4b7b8579b51c80b8df4d (127.28.231.4) added. New config: { opid_index: 2 OBSOLETE_local: false peers { permanent_uuid: "6fdd47b8a06e4a7686aec7af2114bb36" member_type: VOTER last_known_addr { host: "127.28.231.1" port: 44331 } attrs { replace: true } } peers { permanent_uuid: "9d2cc3bf7cc44566be7414d282741725" member_type: VOTER last_known_addr { host: "127.28.231.2" port: 34889 } } peers { permanent_uuid: "1a2c3f441e9840ce88eabd5f39c5e352" member_type: VOTER last_known_addr { host: "127.28.231.3" port: 36547 } } peers { permanent_uuid: "e5db0d1a003d4b7b8579b51c80b8df4d" member_type: NON_VOTER last_known_addr { host: "127.28.231.4" port: 39559 } attrs { promote: true } } }
I20260710 11:04:07.757682 30602 catalog_manager.cc:5697] T 52995cdbdea84e2bac2627fd057e0b4d P 6fdd47b8a06e4a7686aec7af2114bb36 reported cstate change: config changed from index -1 to 2, NON_VOTER e5db0d1a003d4b7b8579b51c80b8df4d (127.28.231.4) added. New cstate: current_term: 1 leader_uuid: "1a2c3f441e9840ce88eabd5f39c5e352" committed_config { opid_index: 2 OBSOLETE_local: false peers { permanent_uuid: "6fdd47b8a06e4a7686aec7af2114bb36" member_type: VOTER last_known_addr { host: "127.28.231.1" port: 44331 } attrs { replace: true } } peers { permanent_uuid: "9d2cc3bf7cc44566be7414d282741725" member_type: VOTER last_known_addr { host: "127.28.231.2" port: 34889 } } peers { permanent_uuid: "1a2c3f441e9840ce88eabd5f39c5e352" member_type: VOTER last_known_addr { host: "127.28.231.3" port: 36547 } } peers { permanent_uuid: "e5db0d1a003d4b7b8579b51c80b8df4d" member_type: NON_VOTER last_known_addr { host: "127.28.231.4" port: 39559 } attrs { promote: true } } }
I20260710 11:04:07.758798 30703 consensus_queue.cc:237] T 2890c2eca37145a7965b341cf5f1c718 P 6fdd47b8a06e4a7686aec7af2114bb36 [LEADER]: Queue going to LEADER mode. State: All replicated index: 0, Majority replicated index: 1, Committed index: 1, Last appended: 1.1, Last appended by leader: 0, Current term: 1, Majority size: 2, State: 0, Mode: LEADER, active raft config: opid_index: 2 OBSOLETE_local: false peers { permanent_uuid: "6fdd47b8a06e4a7686aec7af2114bb36" member_type: VOTER last_known_addr { host: "127.28.231.1" port: 44331 } } peers { permanent_uuid: "9d2cc3bf7cc44566be7414d282741725" member_type: VOTER last_known_addr { host: "127.28.231.2" port: 34889 } attrs { replace: true } } peers { permanent_uuid: "1a2c3f441e9840ce88eabd5f39c5e352" member_type: VOTER last_known_addr { host: "127.28.231.3" port: 36547 } } peers { permanent_uuid: "e5db0d1a003d4b7b8579b51c80b8df4d" member_type: NON_VOTER last_known_addr { host: "127.28.231.4" port: 39559 } attrs { promote: true } }
I20260710 11:04:07.770651 30852 raft_consensus.cc:1275] T 2890c2eca37145a7965b341cf5f1c718 P 1a2c3f441e9840ce88eabd5f39c5e352 [term 1 FOLLOWER]: Refusing update from remote peer 6fdd47b8a06e4a7686aec7af2114bb36: Log matching property violated. Preceding OpId in replica: term: 1 index: 1. Preceding OpId from leader: term: 1 index: 2. (index mismatch)
I20260710 11:04:07.771194 30775 raft_consensus.cc:1275] T 2890c2eca37145a7965b341cf5f1c718 P 9d2cc3bf7cc44566be7414d282741725 [term 1 FOLLOWER]: Refusing update from remote peer 6fdd47b8a06e4a7686aec7af2114bb36: Log matching property violated. Preceding OpId in replica: term: 1 index: 1. Preceding OpId from leader: term: 1 index: 2. (index mismatch)
I20260710 11:04:07.771968 31371 consensus_queue.cc:1048] T 2890c2eca37145a7965b341cf5f1c718 P 6fdd47b8a06e4a7686aec7af2114bb36 [LEADER]: Connected to new peer: Peer: permanent_uuid: "1a2c3f441e9840ce88eabd5f39c5e352" member_type: VOTER last_known_addr { host: "127.28.231.3" port: 36547 }, Status: LMP_MISMATCH, Last received: 0.0, Next index: 2, Last known committed idx: 1, Time since last communication: 0.000s
I20260710 11:04:07.772914 31396 consensus_queue.cc:1048] T 2890c2eca37145a7965b341cf5f1c718 P 6fdd47b8a06e4a7686aec7af2114bb36 [LEADER]: Connected to new peer: Peer: permanent_uuid: "9d2cc3bf7cc44566be7414d282741725" member_type: VOTER last_known_addr { host: "127.28.231.2" port: 34889 } attrs { replace: true }, Status: LMP_MISMATCH, Last received: 0.0, Next index: 2, Last known committed idx: 1, Time since last communication: 0.000s
W20260710 11:04:07.774731 30667 consensus_peers.cc:597] T 2890c2eca37145a7965b341cf5f1c718 P 6fdd47b8a06e4a7686aec7af2114bb36 -> Peer e5db0d1a003d4b7b8579b51c80b8df4d (127.28.231.4:39559): Couldn't send request to peer e5db0d1a003d4b7b8579b51c80b8df4d. Error code: TABLET_NOT_FOUND (6). Status: Not found: Tablet not found: 2890c2eca37145a7965b341cf5f1c718. This is attempt 1: this message will repeat every 5th retry.
I20260710 11:04:07.781780 31371 raft_consensus.cc:2955] T 2890c2eca37145a7965b341cf5f1c718 P 6fdd47b8a06e4a7686aec7af2114bb36 [term 1 LEADER]: Committing config change with OpId 1.2: config changed from index -1 to 2, NON_VOTER e5db0d1a003d4b7b8579b51c80b8df4d (127.28.231.4) added. New config: { opid_index: 2 OBSOLETE_local: false peers { permanent_uuid: "6fdd47b8a06e4a7686aec7af2114bb36" member_type: VOTER last_known_addr { host: "127.28.231.1" port: 44331 } } peers { permanent_uuid: "9d2cc3bf7cc44566be7414d282741725" member_type: VOTER last_known_addr { host: "127.28.231.2" port: 34889 } attrs { replace: true } } peers { permanent_uuid: "1a2c3f441e9840ce88eabd5f39c5e352" member_type: VOTER last_known_addr { host: "127.28.231.3" port: 36547 } } peers { permanent_uuid: "e5db0d1a003d4b7b8579b51c80b8df4d" member_type: NON_VOTER last_known_addr { host: "127.28.231.4" port: 39559 } attrs { promote: true } } }
I20260710 11:04:07.785104 30852 raft_consensus.cc:2955] T 2890c2eca37145a7965b341cf5f1c718 P 1a2c3f441e9840ce88eabd5f39c5e352 [term 1 FOLLOWER]: Committing config change with OpId 1.2: config changed from index -1 to 2, NON_VOTER e5db0d1a003d4b7b8579b51c80b8df4d (127.28.231.4) added. New config: { opid_index: 2 OBSOLETE_local: false peers { permanent_uuid: "6fdd47b8a06e4a7686aec7af2114bb36" member_type: VOTER last_known_addr { host: "127.28.231.1" port: 44331 } } peers { permanent_uuid: "9d2cc3bf7cc44566be7414d282741725" member_type: VOTER last_known_addr { host: "127.28.231.2" port: 34889 } attrs { replace: true } } peers { permanent_uuid: "1a2c3f441e9840ce88eabd5f39c5e352" member_type: VOTER last_known_addr { host: "127.28.231.3" port: 36547 } } peers { permanent_uuid: "e5db0d1a003d4b7b8579b51c80b8df4d" member_type: NON_VOTER last_known_addr { host: "127.28.231.4" port: 39559 } attrs { promote: true } } }
I20260710 11:04:07.788699 30775 raft_consensus.cc:2955] T 2890c2eca37145a7965b341cf5f1c718 P 9d2cc3bf7cc44566be7414d282741725 [term 1 FOLLOWER]: Committing config change with OpId 1.2: config changed from index -1 to 2, NON_VOTER e5db0d1a003d4b7b8579b51c80b8df4d (127.28.231.4) added. New config: { opid_index: 2 OBSOLETE_local: false peers { permanent_uuid: "6fdd47b8a06e4a7686aec7af2114bb36" member_type: VOTER last_known_addr { host: "127.28.231.1" port: 44331 } } peers { permanent_uuid: "9d2cc3bf7cc44566be7414d282741725" member_type: VOTER last_known_addr { host: "127.28.231.2" port: 34889 } attrs { replace: true } } peers { permanent_uuid: "1a2c3f441e9840ce88eabd5f39c5e352" member_type: VOTER last_known_addr { host: "127.28.231.3" port: 36547 } } peers { permanent_uuid: "e5db0d1a003d4b7b8579b51c80b8df4d" member_type: NON_VOTER last_known_addr { host: "127.28.231.4" port: 39559 } attrs { promote: true } } }
I20260710 11:04:07.794368 30599 catalog_manager.cc:5697] T 2890c2eca37145a7965b341cf5f1c718 P 6fdd47b8a06e4a7686aec7af2114bb36 reported cstate change: config changed from index -1 to 2, NON_VOTER e5db0d1a003d4b7b8579b51c80b8df4d (127.28.231.4) added. New cstate: current_term: 1 leader_uuid: "6fdd47b8a06e4a7686aec7af2114bb36" committed_config { opid_index: 2 OBSOLETE_local: false peers { permanent_uuid: "6fdd47b8a06e4a7686aec7af2114bb36" member_type: VOTER last_known_addr { host: "127.28.231.1" port: 44331 } health_report { overall_health: HEALTHY } } peers { permanent_uuid: "9d2cc3bf7cc44566be7414d282741725" member_type: VOTER last_known_addr { host: "127.28.231.2" port: 34889 } attrs { replace: true } health_report { overall_health: HEALTHY } } peers { permanent_uuid: "1a2c3f441e9840ce88eabd5f39c5e352" member_type: VOTER last_known_addr { host: "127.28.231.3" port: 36547 } health_report { overall_health: HEALTHY } } peers { permanent_uuid: "e5db0d1a003d4b7b8579b51c80b8df4d" member_type: NON_VOTER last_known_addr { host: "127.28.231.4" port: 39559 } attrs { promote: true } health_report { overall_health: UNKNOWN } } }
I20260710 11:04:08.110821 31405 ts_tablet_manager.cc:933] T 52995cdbdea84e2bac2627fd057e0b4d P e5db0d1a003d4b7b8579b51c80b8df4d: Initiating tablet copy from peer 1a2c3f441e9840ce88eabd5f39c5e352 (127.28.231.3:36547)
I20260710 11:04:08.112490 31405 tablet_copy_client.cc:323] T 52995cdbdea84e2bac2627fd057e0b4d P e5db0d1a003d4b7b8579b51c80b8df4d: tablet copy: Beginning tablet copy session from remote peer at address 127.28.231.3:36547
I20260710 11:04:08.113917 30863 tablet_copy_service.cc:140] P 1a2c3f441e9840ce88eabd5f39c5e352: Received BeginTabletCopySession request for tablet 52995cdbdea84e2bac2627fd057e0b4d from peer e5db0d1a003d4b7b8579b51c80b8df4d ({username='slave'} at 127.0.0.1:35070)
I20260710 11:04:08.114454 30863 tablet_copy_service.cc:161] P 1a2c3f441e9840ce88eabd5f39c5e352: Beginning new tablet copy session on tablet 52995cdbdea84e2bac2627fd057e0b4d from peer e5db0d1a003d4b7b8579b51c80b8df4d at {username='slave'} at 127.0.0.1:35070: session id = e5db0d1a003d4b7b8579b51c80b8df4d-52995cdbdea84e2bac2627fd057e0b4d
I20260710 11:04:08.120671 30863 tablet_copy_source_session.cc:215] T 52995cdbdea84e2bac2627fd057e0b4d P 1a2c3f441e9840ce88eabd5f39c5e352: Tablet Copy: opened 0 blocks and 1 log segments
I20260710 11:04:08.123147 31405 data_dirs.cc:400] Could only allocate 1 dirs of requested 3 for tablet 52995cdbdea84e2bac2627fd057e0b4d. 1 dirs total, 0 dirs full, 0 dirs failed
I20260710 11:04:08.132700 31405 tablet_copy_client.cc:806] T 52995cdbdea84e2bac2627fd057e0b4d P e5db0d1a003d4b7b8579b51c80b8df4d: tablet copy: Starting download of 0 data blocks...
I20260710 11:04:08.133155 31405 tablet_copy_client.cc:670] T 52995cdbdea84e2bac2627fd057e0b4d P e5db0d1a003d4b7b8579b51c80b8df4d: tablet copy: Starting download of 1 WAL segments...
I20260710 11:04:08.136456 31405 tablet_copy_client.cc:538] T 52995cdbdea84e2bac2627fd057e0b4d P e5db0d1a003d4b7b8579b51c80b8df4d: tablet copy: Tablet Copy complete. Replacing tablet superblock.
I20260710 11:04:08.143133 31405 tablet_bootstrap.cc:492] T 52995cdbdea84e2bac2627fd057e0b4d P e5db0d1a003d4b7b8579b51c80b8df4d: Bootstrap starting.
I20260710 11:04:08.160137 31405 tablet_bootstrap.cc:492] T 52995cdbdea84e2bac2627fd057e0b4d P e5db0d1a003d4b7b8579b51c80b8df4d: Bootstrap replayed 1/1 log segments. Stats: ops{read=2 overwritten=0 applied=2 ignored=0} inserts{seen=0 ignored=0} mutations{seen=0 ignored=0} orphaned_commits=0. Pending: 0 replicates
I20260710 11:04:08.160943 31405 tablet_bootstrap.cc:492] T 52995cdbdea84e2bac2627fd057e0b4d P e5db0d1a003d4b7b8579b51c80b8df4d: Bootstrap complete.
I20260710 11:04:08.161404 31405 ts_tablet_manager.cc:1403] T 52995cdbdea84e2bac2627fd057e0b4d P e5db0d1a003d4b7b8579b51c80b8df4d: Time spent bootstrapping tablet: real 0.018s	user 0.014s	sys 0.005s
I20260710 11:04:08.163373 31405 raft_consensus.cc:359] T 52995cdbdea84e2bac2627fd057e0b4d P e5db0d1a003d4b7b8579b51c80b8df4d [term 1 LEARNER]: Replica starting. Triggering 0 pending ops. Active config: opid_index: 2 OBSOLETE_local: false peers { permanent_uuid: "6fdd47b8a06e4a7686aec7af2114bb36" member_type: VOTER last_known_addr { host: "127.28.231.1" port: 44331 } attrs { replace: true } } peers { permanent_uuid: "9d2cc3bf7cc44566be7414d282741725" member_type: VOTER last_known_addr { host: "127.28.231.2" port: 34889 } } peers { permanent_uuid: "1a2c3f441e9840ce88eabd5f39c5e352" member_type: VOTER last_known_addr { host: "127.28.231.3" port: 36547 } } peers { permanent_uuid: "e5db0d1a003d4b7b8579b51c80b8df4d" member_type: NON_VOTER last_known_addr { host: "127.28.231.4" port: 39559 } attrs { promote: true } }
I20260710 11:04:08.163950 31405 raft_consensus.cc:740] T 52995cdbdea84e2bac2627fd057e0b4d P e5db0d1a003d4b7b8579b51c80b8df4d [term 1 LEARNER]: Becoming Follower/Learner. State: Replica: e5db0d1a003d4b7b8579b51c80b8df4d, State: Initialized, Role: LEARNER
I20260710 11:04:08.164526 31405 consensus_queue.cc:260] T 52995cdbdea84e2bac2627fd057e0b4d P e5db0d1a003d4b7b8579b51c80b8df4d [NON_LEADER]: Queue going to NON_LEADER mode. State: All replicated index: 0, Majority replicated index: 0, Committed index: 2, Last appended: 1.2, Last appended by leader: 2, Current term: 0, Majority size: -1, State: 0, Mode: NON_LEADER, active raft config: opid_index: 2 OBSOLETE_local: false peers { permanent_uuid: "6fdd47b8a06e4a7686aec7af2114bb36" member_type: VOTER last_known_addr { host: "127.28.231.1" port: 44331 } attrs { replace: true } } peers { permanent_uuid: "9d2cc3bf7cc44566be7414d282741725" member_type: VOTER last_known_addr { host: "127.28.231.2" port: 34889 } } peers { permanent_uuid: "1a2c3f441e9840ce88eabd5f39c5e352" member_type: VOTER last_known_addr { host: "127.28.231.3" port: 36547 } } peers { permanent_uuid: "e5db0d1a003d4b7b8579b51c80b8df4d" member_type: NON_VOTER last_known_addr { host: "127.28.231.4" port: 39559 } attrs { promote: true } }
I20260710 11:04:08.169060 31405 ts_tablet_manager.cc:1434] T 52995cdbdea84e2bac2627fd057e0b4d P e5db0d1a003d4b7b8579b51c80b8df4d: Time spent starting tablet: real 0.007s	user 0.006s	sys 0.001s
I20260710 11:04:08.175239 30863 tablet_copy_service.cc:342] P 1a2c3f441e9840ce88eabd5f39c5e352: Request end of tablet copy session e5db0d1a003d4b7b8579b51c80b8df4d-52995cdbdea84e2bac2627fd057e0b4d received from {username='slave'} at 127.0.0.1:35070
I20260710 11:04:08.175691 30863 tablet_copy_service.cc:434] P 1a2c3f441e9840ce88eabd5f39c5e352: ending tablet copy session e5db0d1a003d4b7b8579b51c80b8df4d-52995cdbdea84e2bac2627fd057e0b4d on tablet 52995cdbdea84e2bac2627fd057e0b4d with peer e5db0d1a003d4b7b8579b51c80b8df4d
I20260710 11:04:08.186327 31405 ts_tablet_manager.cc:933] T 3d83128875554d9cb0de05e59a84b488 P e5db0d1a003d4b7b8579b51c80b8df4d: Initiating tablet copy from peer 6fdd47b8a06e4a7686aec7af2114bb36 (127.28.231.1:44331)
I20260710 11:04:08.196153 31405 tablet_copy_client.cc:323] T 3d83128875554d9cb0de05e59a84b488 P e5db0d1a003d4b7b8579b51c80b8df4d: tablet copy: Beginning tablet copy session from remote peer at address 127.28.231.1:44331
I20260710 11:04:08.198096 30714 tablet_copy_service.cc:140] P 6fdd47b8a06e4a7686aec7af2114bb36: Received BeginTabletCopySession request for tablet 3d83128875554d9cb0de05e59a84b488 from peer e5db0d1a003d4b7b8579b51c80b8df4d ({username='slave'} at 127.0.0.1:47866)
I20260710 11:04:08.198523 30714 tablet_copy_service.cc:161] P 6fdd47b8a06e4a7686aec7af2114bb36: Beginning new tablet copy session on tablet 3d83128875554d9cb0de05e59a84b488 from peer e5db0d1a003d4b7b8579b51c80b8df4d at {username='slave'} at 127.0.0.1:47866: session id = e5db0d1a003d4b7b8579b51c80b8df4d-3d83128875554d9cb0de05e59a84b488
I20260710 11:04:08.205170 30714 tablet_copy_source_session.cc:215] T 3d83128875554d9cb0de05e59a84b488 P 6fdd47b8a06e4a7686aec7af2114bb36: Tablet Copy: opened 0 blocks and 1 log segments
I20260710 11:04:08.216725 31405 data_dirs.cc:400] Could only allocate 1 dirs of requested 3 for tablet 3d83128875554d9cb0de05e59a84b488. 1 dirs total, 0 dirs full, 0 dirs failed
I20260710 11:04:08.228585 31410 ts_tablet_manager.cc:933] T 8b7e452686484417963a7731b5fa9780 P e5db0d1a003d4b7b8579b51c80b8df4d: Initiating tablet copy from peer 1a2c3f441e9840ce88eabd5f39c5e352 (127.28.231.3:36547)
I20260710 11:04:08.230614 31410 tablet_copy_client.cc:323] T 8b7e452686484417963a7731b5fa9780 P e5db0d1a003d4b7b8579b51c80b8df4d: tablet copy: Beginning tablet copy session from remote peer at address 127.28.231.3:36547
I20260710 11:04:08.232379 30863 tablet_copy_service.cc:140] P 1a2c3f441e9840ce88eabd5f39c5e352: Received BeginTabletCopySession request for tablet 8b7e452686484417963a7731b5fa9780 from peer e5db0d1a003d4b7b8579b51c80b8df4d ({username='slave'} at 127.0.0.1:35070)
I20260710 11:04:08.232905 30863 tablet_copy_service.cc:161] P 1a2c3f441e9840ce88eabd5f39c5e352: Beginning new tablet copy session on tablet 8b7e452686484417963a7731b5fa9780 from peer e5db0d1a003d4b7b8579b51c80b8df4d at {username='slave'} at 127.0.0.1:35070: session id = e5db0d1a003d4b7b8579b51c80b8df4d-8b7e452686484417963a7731b5fa9780
I20260710 11:04:08.240204 30863 tablet_copy_source_session.cc:215] T 8b7e452686484417963a7731b5fa9780 P 1a2c3f441e9840ce88eabd5f39c5e352: Tablet Copy: opened 0 blocks and 1 log segments
I20260710 11:04:08.241416 31405 tablet_copy_client.cc:806] T 3d83128875554d9cb0de05e59a84b488 P e5db0d1a003d4b7b8579b51c80b8df4d: tablet copy: Starting download of 0 data blocks...
I20260710 11:04:08.241966 31405 tablet_copy_client.cc:670] T 3d83128875554d9cb0de05e59a84b488 P e5db0d1a003d4b7b8579b51c80b8df4d: tablet copy: Starting download of 1 WAL segments...
I20260710 11:04:08.244947 31410 data_dirs.cc:400] Could only allocate 1 dirs of requested 3 for tablet 8b7e452686484417963a7731b5fa9780. 1 dirs total, 0 dirs full, 0 dirs failed
I20260710 11:04:08.250097 31405 tablet_copy_client.cc:538] T 3d83128875554d9cb0de05e59a84b488 P e5db0d1a003d4b7b8579b51c80b8df4d: tablet copy: Tablet Copy complete. Replacing tablet superblock.
I20260710 11:04:08.258800 31405 tablet_bootstrap.cc:492] T 3d83128875554d9cb0de05e59a84b488 P e5db0d1a003d4b7b8579b51c80b8df4d: Bootstrap starting.
I20260710 11:04:08.259931 31410 tablet_copy_client.cc:806] T 8b7e452686484417963a7731b5fa9780 P e5db0d1a003d4b7b8579b51c80b8df4d: tablet copy: Starting download of 0 data blocks...
I20260710 11:04:08.260504 31410 tablet_copy_client.cc:670] T 8b7e452686484417963a7731b5fa9780 P e5db0d1a003d4b7b8579b51c80b8df4d: tablet copy: Starting download of 1 WAL segments...
I20260710 11:04:08.266084 31410 tablet_copy_client.cc:538] T 8b7e452686484417963a7731b5fa9780 P e5db0d1a003d4b7b8579b51c80b8df4d: tablet copy: Tablet Copy complete. Replacing tablet superblock.
I20260710 11:04:08.275421 31410 tablet_bootstrap.cc:492] T 8b7e452686484417963a7731b5fa9780 P e5db0d1a003d4b7b8579b51c80b8df4d: Bootstrap starting.
I20260710 11:04:08.283478 31405 tablet_bootstrap.cc:492] T 3d83128875554d9cb0de05e59a84b488 P e5db0d1a003d4b7b8579b51c80b8df4d: Bootstrap replayed 1/1 log segments. Stats: ops{read=2 overwritten=0 applied=2 ignored=0} inserts{seen=0 ignored=0} mutations{seen=0 ignored=0} orphaned_commits=0. Pending: 0 replicates
I20260710 11:04:08.290817 31405 tablet_bootstrap.cc:492] T 3d83128875554d9cb0de05e59a84b488 P e5db0d1a003d4b7b8579b51c80b8df4d: Bootstrap complete.
I20260710 11:04:08.291456 31405 ts_tablet_manager.cc:1403] T 3d83128875554d9cb0de05e59a84b488 P e5db0d1a003d4b7b8579b51c80b8df4d: Time spent bootstrapping tablet: real 0.033s	user 0.020s	sys 0.001s
I20260710 11:04:08.294090 31405 raft_consensus.cc:359] T 3d83128875554d9cb0de05e59a84b488 P e5db0d1a003d4b7b8579b51c80b8df4d [term 1 LEARNER]: Replica starting. Triggering 0 pending ops. Active config: opid_index: 2 OBSOLETE_local: false peers { permanent_uuid: "6fdd47b8a06e4a7686aec7af2114bb36" member_type: VOTER last_known_addr { host: "127.28.231.1" port: 44331 } } peers { permanent_uuid: "9d2cc3bf7cc44566be7414d282741725" member_type: VOTER last_known_addr { host: "127.28.231.2" port: 34889 } } peers { permanent_uuid: "1a2c3f441e9840ce88eabd5f39c5e352" member_type: VOTER last_known_addr { host: "127.28.231.3" port: 36547 } attrs { replace: true } } peers { permanent_uuid: "e5db0d1a003d4b7b8579b51c80b8df4d" member_type: NON_VOTER last_known_addr { host: "127.28.231.4" port: 39559 } attrs { promote: true } }
I20260710 11:04:08.294816 31405 raft_consensus.cc:740] T 3d83128875554d9cb0de05e59a84b488 P e5db0d1a003d4b7b8579b51c80b8df4d [term 1 LEARNER]: Becoming Follower/Learner. State: Replica: e5db0d1a003d4b7b8579b51c80b8df4d, State: Initialized, Role: LEARNER
I20260710 11:04:08.295405 31405 consensus_queue.cc:260] T 3d83128875554d9cb0de05e59a84b488 P e5db0d1a003d4b7b8579b51c80b8df4d [NON_LEADER]: Queue going to NON_LEADER mode. State: All replicated index: 0, Majority replicated index: 0, Committed index: 2, Last appended: 1.2, Last appended by leader: 2, Current term: 0, Majority size: -1, State: 0, Mode: NON_LEADER, active raft config: opid_index: 2 OBSOLETE_local: false peers { permanent_uuid: "6fdd47b8a06e4a7686aec7af2114bb36" member_type: VOTER last_known_addr { host: "127.28.231.1" port: 44331 } } peers { permanent_uuid: "9d2cc3bf7cc44566be7414d282741725" member_type: VOTER last_known_addr { host: "127.28.231.2" port: 34889 } } peers { permanent_uuid: "1a2c3f441e9840ce88eabd5f39c5e352" member_type: VOTER last_known_addr { host: "127.28.231.3" port: 36547 } attrs { replace: true } } peers { permanent_uuid: "e5db0d1a003d4b7b8579b51c80b8df4d" member_type: NON_VOTER last_known_addr { host: "127.28.231.4" port: 39559 } attrs { promote: true } }
I20260710 11:04:08.299192 31405 ts_tablet_manager.cc:1434] T 3d83128875554d9cb0de05e59a84b488 P e5db0d1a003d4b7b8579b51c80b8df4d: Time spent starting tablet: real 0.007s	user 0.005s	sys 0.000s
I20260710 11:04:08.301056 30714 tablet_copy_service.cc:342] P 6fdd47b8a06e4a7686aec7af2114bb36: Request end of tablet copy session e5db0d1a003d4b7b8579b51c80b8df4d-3d83128875554d9cb0de05e59a84b488 received from {username='slave'} at 127.0.0.1:47866
I20260710 11:04:08.301488 30714 tablet_copy_service.cc:434] P 6fdd47b8a06e4a7686aec7af2114bb36: ending tablet copy session e5db0d1a003d4b7b8579b51c80b8df4d-3d83128875554d9cb0de05e59a84b488 on tablet 3d83128875554d9cb0de05e59a84b488 with peer e5db0d1a003d4b7b8579b51c80b8df4d
I20260710 11:04:08.310254 31410 tablet_bootstrap.cc:492] T 8b7e452686484417963a7731b5fa9780 P e5db0d1a003d4b7b8579b51c80b8df4d: Bootstrap replayed 1/1 log segments. Stats: ops{read=2 overwritten=0 applied=2 ignored=0} inserts{seen=0 ignored=0} mutations{seen=0 ignored=0} orphaned_commits=0. Pending: 0 replicates
I20260710 11:04:08.310933 31410 tablet_bootstrap.cc:492] T 8b7e452686484417963a7731b5fa9780 P e5db0d1a003d4b7b8579b51c80b8df4d: Bootstrap complete.
I20260710 11:04:08.311468 31410 ts_tablet_manager.cc:1403] T 8b7e452686484417963a7731b5fa9780 P e5db0d1a003d4b7b8579b51c80b8df4d: Time spent bootstrapping tablet: real 0.036s	user 0.014s	sys 0.005s
I20260710 11:04:08.313470 31410 raft_consensus.cc:359] T 8b7e452686484417963a7731b5fa9780 P e5db0d1a003d4b7b8579b51c80b8df4d [term 1 LEARNER]: Replica starting. Triggering 0 pending ops. Active config: opid_index: 2 OBSOLETE_local: false peers { permanent_uuid: "6fdd47b8a06e4a7686aec7af2114bb36" member_type: VOTER last_known_addr { host: "127.28.231.1" port: 44331 } } peers { permanent_uuid: "9d2cc3bf7cc44566be7414d282741725" member_type: VOTER last_known_addr { host: "127.28.231.2" port: 34889 } attrs { replace: true } } peers { permanent_uuid: "1a2c3f441e9840ce88eabd5f39c5e352" member_type: VOTER last_known_addr { host: "127.28.231.3" port: 36547 } } peers { permanent_uuid: "e5db0d1a003d4b7b8579b51c80b8df4d" member_type: NON_VOTER last_known_addr { host: "127.28.231.4" port: 39559 } attrs { promote: true } }
I20260710 11:04:08.314008 31410 raft_consensus.cc:740] T 8b7e452686484417963a7731b5fa9780 P e5db0d1a003d4b7b8579b51c80b8df4d [term 1 LEARNER]: Becoming Follower/Learner. State: Replica: e5db0d1a003d4b7b8579b51c80b8df4d, State: Initialized, Role: LEARNER
I20260710 11:04:08.314443 31410 consensus_queue.cc:260] T 8b7e452686484417963a7731b5fa9780 P e5db0d1a003d4b7b8579b51c80b8df4d [NON_LEADER]: Queue going to NON_LEADER mode. State: All replicated index: 0, Majority replicated index: 0, Committed index: 2, Last appended: 1.2, Last appended by leader: 2, Current term: 0, Majority size: -1, State: 0, Mode: NON_LEADER, active raft config: opid_index: 2 OBSOLETE_local: false peers { permanent_uuid: "6fdd47b8a06e4a7686aec7af2114bb36" member_type: VOTER last_known_addr { host: "127.28.231.1" port: 44331 } } peers { permanent_uuid: "9d2cc3bf7cc44566be7414d282741725" member_type: VOTER last_known_addr { host: "127.28.231.2" port: 34889 } attrs { replace: true } } peers { permanent_uuid: "1a2c3f441e9840ce88eabd5f39c5e352" member_type: VOTER last_known_addr { host: "127.28.231.3" port: 36547 } } peers { permanent_uuid: "e5db0d1a003d4b7b8579b51c80b8df4d" member_type: NON_VOTER last_known_addr { host: "127.28.231.4" port: 39559 } attrs { promote: true } }
I20260710 11:04:08.316128 31410 ts_tablet_manager.cc:1434] T 8b7e452686484417963a7731b5fa9780 P e5db0d1a003d4b7b8579b51c80b8df4d: Time spent starting tablet: real 0.004s	user 0.008s	sys 0.000s
I20260710 11:04:08.317530 30863 tablet_copy_service.cc:342] P 1a2c3f441e9840ce88eabd5f39c5e352: Request end of tablet copy session e5db0d1a003d4b7b8579b51c80b8df4d-8b7e452686484417963a7731b5fa9780 received from {username='slave'} at 127.0.0.1:35070
I20260710 11:04:08.317927 30863 tablet_copy_service.cc:434] P 1a2c3f441e9840ce88eabd5f39c5e352: ending tablet copy session e5db0d1a003d4b7b8579b51c80b8df4d-8b7e452686484417963a7731b5fa9780 on tablet 8b7e452686484417963a7731b5fa9780 with peer e5db0d1a003d4b7b8579b51c80b8df4d
I20260710 11:04:08.325700 31410 ts_tablet_manager.cc:933] T 2890c2eca37145a7965b341cf5f1c718 P e5db0d1a003d4b7b8579b51c80b8df4d: Initiating tablet copy from peer 6fdd47b8a06e4a7686aec7af2114bb36 (127.28.231.1:44331)
I20260710 11:04:08.326908 31410 tablet_copy_client.cc:323] T 2890c2eca37145a7965b341cf5f1c718 P e5db0d1a003d4b7b8579b51c80b8df4d: tablet copy: Beginning tablet copy session from remote peer at address 127.28.231.1:44331
I20260710 11:04:08.328194 30714 tablet_copy_service.cc:140] P 6fdd47b8a06e4a7686aec7af2114bb36: Received BeginTabletCopySession request for tablet 2890c2eca37145a7965b341cf5f1c718 from peer e5db0d1a003d4b7b8579b51c80b8df4d ({username='slave'} at 127.0.0.1:47866)
I20260710 11:04:08.328641 30714 tablet_copy_service.cc:161] P 6fdd47b8a06e4a7686aec7af2114bb36: Beginning new tablet copy session on tablet 2890c2eca37145a7965b341cf5f1c718 from peer e5db0d1a003d4b7b8579b51c80b8df4d at {username='slave'} at 127.0.0.1:47866: session id = e5db0d1a003d4b7b8579b51c80b8df4d-2890c2eca37145a7965b341cf5f1c718
I20260710 11:04:08.333609 30714 tablet_copy_source_session.cc:215] T 2890c2eca37145a7965b341cf5f1c718 P 6fdd47b8a06e4a7686aec7af2114bb36: Tablet Copy: opened 0 blocks and 1 log segments
I20260710 11:04:08.336299 31410 data_dirs.cc:400] Could only allocate 1 dirs of requested 3 for tablet 2890c2eca37145a7965b341cf5f1c718. 1 dirs total, 0 dirs full, 0 dirs failed
I20260710 11:04:08.350165 31410 tablet_copy_client.cc:806] T 2890c2eca37145a7965b341cf5f1c718 P e5db0d1a003d4b7b8579b51c80b8df4d: tablet copy: Starting download of 0 data blocks...
I20260710 11:04:08.350658 31410 tablet_copy_client.cc:670] T 2890c2eca37145a7965b341cf5f1c718 P e5db0d1a003d4b7b8579b51c80b8df4d: tablet copy: Starting download of 1 WAL segments...
I20260710 11:04:08.353394 31410 tablet_copy_client.cc:538] T 2890c2eca37145a7965b341cf5f1c718 P e5db0d1a003d4b7b8579b51c80b8df4d: tablet copy: Tablet Copy complete. Replacing tablet superblock.
I20260710 11:04:08.358664 31410 tablet_bootstrap.cc:492] T 2890c2eca37145a7965b341cf5f1c718 P e5db0d1a003d4b7b8579b51c80b8df4d: Bootstrap starting.
I20260710 11:04:08.375376 31410 tablet_bootstrap.cc:492] T 2890c2eca37145a7965b341cf5f1c718 P e5db0d1a003d4b7b8579b51c80b8df4d: Bootstrap replayed 1/1 log segments. Stats: ops{read=2 overwritten=0 applied=2 ignored=0} inserts{seen=0 ignored=0} mutations{seen=0 ignored=0} orphaned_commits=0. Pending: 0 replicates
I20260710 11:04:08.376207 31410 tablet_bootstrap.cc:492] T 2890c2eca37145a7965b341cf5f1c718 P e5db0d1a003d4b7b8579b51c80b8df4d: Bootstrap complete.
I20260710 11:04:08.376827 31410 ts_tablet_manager.cc:1403] T 2890c2eca37145a7965b341cf5f1c718 P e5db0d1a003d4b7b8579b51c80b8df4d: Time spent bootstrapping tablet: real 0.018s	user 0.016s	sys 0.002s
I20260710 11:04:08.379554 31410 raft_consensus.cc:359] T 2890c2eca37145a7965b341cf5f1c718 P e5db0d1a003d4b7b8579b51c80b8df4d [term 1 LEARNER]: Replica starting. Triggering 0 pending ops. Active config: opid_index: 2 OBSOLETE_local: false peers { permanent_uuid: "6fdd47b8a06e4a7686aec7af2114bb36" member_type: VOTER last_known_addr { host: "127.28.231.1" port: 44331 } } peers { permanent_uuid: "9d2cc3bf7cc44566be7414d282741725" member_type: VOTER last_known_addr { host: "127.28.231.2" port: 34889 } attrs { replace: true } } peers { permanent_uuid: "1a2c3f441e9840ce88eabd5f39c5e352" member_type: VOTER last_known_addr { host: "127.28.231.3" port: 36547 } } peers { permanent_uuid: "e5db0d1a003d4b7b8579b51c80b8df4d" member_type: NON_VOTER last_known_addr { host: "127.28.231.4" port: 39559 } attrs { promote: true } }
I20260710 11:04:08.380379 31410 raft_consensus.cc:740] T 2890c2eca37145a7965b341cf5f1c718 P e5db0d1a003d4b7b8579b51c80b8df4d [term 1 LEARNER]: Becoming Follower/Learner. State: Replica: e5db0d1a003d4b7b8579b51c80b8df4d, State: Initialized, Role: LEARNER
I20260710 11:04:08.381078 31410 consensus_queue.cc:260] T 2890c2eca37145a7965b341cf5f1c718 P e5db0d1a003d4b7b8579b51c80b8df4d [NON_LEADER]: Queue going to NON_LEADER mode. State: All replicated index: 0, Majority replicated index: 0, Committed index: 2, Last appended: 1.2, Last appended by leader: 2, Current term: 0, Majority size: -1, State: 0, Mode: NON_LEADER, active raft config: opid_index: 2 OBSOLETE_local: false peers { permanent_uuid: "6fdd47b8a06e4a7686aec7af2114bb36" member_type: VOTER last_known_addr { host: "127.28.231.1" port: 44331 } } peers { permanent_uuid: "9d2cc3bf7cc44566be7414d282741725" member_type: VOTER last_known_addr { host: "127.28.231.2" port: 34889 } attrs { replace: true } } peers { permanent_uuid: "1a2c3f441e9840ce88eabd5f39c5e352" member_type: VOTER last_known_addr { host: "127.28.231.3" port: 36547 } } peers { permanent_uuid: "e5db0d1a003d4b7b8579b51c80b8df4d" member_type: NON_VOTER last_known_addr { host: "127.28.231.4" port: 39559 } attrs { promote: true } }
I20260710 11:04:08.383471 31410 ts_tablet_manager.cc:1434] T 2890c2eca37145a7965b341cf5f1c718 P e5db0d1a003d4b7b8579b51c80b8df4d: Time spent starting tablet: real 0.006s	user 0.000s	sys 0.004s
I20260710 11:04:08.384977 30714 tablet_copy_service.cc:342] P 6fdd47b8a06e4a7686aec7af2114bb36: Request end of tablet copy session e5db0d1a003d4b7b8579b51c80b8df4d-2890c2eca37145a7965b341cf5f1c718 received from {username='slave'} at 127.0.0.1:47866
I20260710 11:04:08.385380 30714 tablet_copy_service.cc:434] P 6fdd47b8a06e4a7686aec7af2114bb36: ending tablet copy session e5db0d1a003d4b7b8579b51c80b8df4d-2890c2eca37145a7965b341cf5f1c718 on tablet 2890c2eca37145a7965b341cf5f1c718 with peer e5db0d1a003d4b7b8579b51c80b8df4d
W20260710 11:04:08.453771 30633 debug-util.cc:398] Leaking SignalData structure 0x7b080008b900 after lost signal to thread 29599
W20260710 11:04:08.454560 30633 debug-util.cc:398] Leaking SignalData structure 0x7b08000384c0 after lost signal to thread 30636
W20260710 11:04:08.455348 30633 debug-util.cc:398] Leaking SignalData structure 0x7b0800257ea0 after lost signal to thread 30728
W20260710 11:04:08.456110 30633 debug-util.cc:398] Leaking SignalData structure 0x7b08002720e0 after lost signal to thread 30803
W20260710 11:04:08.456804 30633 debug-util.cc:398] Leaking SignalData structure 0x7b080025d7e0 after lost signal to thread 30877
W20260710 11:04:08.457559 30633 debug-util.cc:398] Leaking SignalData structure 0x7b08002082c0 after lost signal to thread 31166
I20260710 11:04:08.515883 31141 raft_consensus.cc:1217] T 52995cdbdea84e2bac2627fd057e0b4d P e5db0d1a003d4b7b8579b51c80b8df4d [term 1 LEARNER]: Deduplicated request from leader. Original: 1.1->[1.2-1.2]   Dedup: 1.2->[]
I20260710 11:04:08.569788 31141 raft_consensus.cc:1217] T 3d83128875554d9cb0de05e59a84b488 P e5db0d1a003d4b7b8579b51c80b8df4d [term 1 LEARNER]: Deduplicated request from leader. Original: 1.1->[1.2-1.2]   Dedup: 1.2->[]
I20260710 11:04:08.682914 31141 raft_consensus.cc:1217] T 8b7e452686484417963a7731b5fa9780 P e5db0d1a003d4b7b8579b51c80b8df4d [term 1 LEARNER]: Deduplicated request from leader. Original: 1.1->[1.2-1.2]   Dedup: 1.2->[]
I20260710 11:04:08.724541 31141 raft_consensus.cc:1217] T 2890c2eca37145a7965b341cf5f1c718 P e5db0d1a003d4b7b8579b51c80b8df4d [term 1 LEARNER]: Deduplicated request from leader. Original: 1.1->[1.2-1.2]   Dedup: 1.2->[]
I20260710 11:04:09.057862 31371 raft_consensus.cc:1064] T 3d83128875554d9cb0de05e59a84b488 P 6fdd47b8a06e4a7686aec7af2114bb36: attempting to promote NON_VOTER e5db0d1a003d4b7b8579b51c80b8df4d to VOTER
I20260710 11:04:09.060211 31371 consensus_queue.cc:237] T 3d83128875554d9cb0de05e59a84b488 P 6fdd47b8a06e4a7686aec7af2114bb36 [LEADER]: Queue going to LEADER mode. State: All replicated index: 0, Majority replicated index: 2, Committed index: 2, Last appended: 1.2, Last appended by leader: 0, Current term: 1, Majority size: 3, State: 0, Mode: LEADER, active raft config: opid_index: 3 OBSOLETE_local: false peers { permanent_uuid: "6fdd47b8a06e4a7686aec7af2114bb36" member_type: VOTER last_known_addr { host: "127.28.231.1" port: 44331 } } peers { permanent_uuid: "9d2cc3bf7cc44566be7414d282741725" member_type: VOTER last_known_addr { host: "127.28.231.2" port: 34889 } } peers { permanent_uuid: "1a2c3f441e9840ce88eabd5f39c5e352" member_type: VOTER last_known_addr { host: "127.28.231.3" port: 36547 } attrs { replace: true } } peers { permanent_uuid: "e5db0d1a003d4b7b8579b51c80b8df4d" member_type: VOTER last_known_addr { host: "127.28.231.4" port: 39559 } attrs { promote: false } }
I20260710 11:04:09.068761 31141 raft_consensus.cc:1275] T 3d83128875554d9cb0de05e59a84b488 P e5db0d1a003d4b7b8579b51c80b8df4d [term 1 LEARNER]: Refusing update from remote peer 6fdd47b8a06e4a7686aec7af2114bb36: Log matching property violated. Preceding OpId in replica: term: 1 index: 2. Preceding OpId from leader: term: 1 index: 3. (index mismatch)
I20260710 11:04:09.069108 30852 raft_consensus.cc:1275] T 3d83128875554d9cb0de05e59a84b488 P 1a2c3f441e9840ce88eabd5f39c5e352 [term 1 FOLLOWER]: Refusing update from remote peer 6fdd47b8a06e4a7686aec7af2114bb36: Log matching property violated. Preceding OpId in replica: term: 1 index: 2. Preceding OpId from leader: term: 1 index: 3. (index mismatch)
I20260710 11:04:09.070483 31396 consensus_queue.cc:1048] T 3d83128875554d9cb0de05e59a84b488 P 6fdd47b8a06e4a7686aec7af2114bb36 [LEADER]: Connected to new peer: Peer: permanent_uuid: "e5db0d1a003d4b7b8579b51c80b8df4d" member_type: VOTER last_known_addr { host: "127.28.231.4" port: 39559 } attrs { promote: false }, Status: LMP_MISMATCH, Last received: 0.0, Next index: 3, Last known committed idx: 2, Time since last communication: 0.000s
I20260710 11:04:09.072204 31396 consensus_queue.cc:1048] T 3d83128875554d9cb0de05e59a84b488 P 6fdd47b8a06e4a7686aec7af2114bb36 [LEADER]: Connected to new peer: Peer: permanent_uuid: "1a2c3f441e9840ce88eabd5f39c5e352" member_type: VOTER last_known_addr { host: "127.28.231.3" port: 36547 } attrs { replace: true }, Status: LMP_MISMATCH, Last received: 0.0, Next index: 3, Last known committed idx: 2, Time since last communication: 0.000s
I20260710 11:04:09.093242 31417 raft_consensus.cc:1064] T 52995cdbdea84e2bac2627fd057e0b4d P 1a2c3f441e9840ce88eabd5f39c5e352: attempting to promote NON_VOTER e5db0d1a003d4b7b8579b51c80b8df4d to VOTER
I20260710 11:04:09.093370 30775 raft_consensus.cc:1275] T 3d83128875554d9cb0de05e59a84b488 P 9d2cc3bf7cc44566be7414d282741725 [term 1 FOLLOWER]: Refusing update from remote peer 6fdd47b8a06e4a7686aec7af2114bb36: Log matching property violated. Preceding OpId in replica: term: 1 index: 2. Preceding OpId from leader: term: 1 index: 3. (index mismatch)
I20260710 11:04:09.095898 31417 consensus_queue.cc:237] T 52995cdbdea84e2bac2627fd057e0b4d P 1a2c3f441e9840ce88eabd5f39c5e352 [LEADER]: Queue going to LEADER mode. State: All replicated index: 0, Majority replicated index: 2, Committed index: 2, Last appended: 1.2, Last appended by leader: 0, Current term: 1, Majority size: 3, State: 0, Mode: LEADER, active raft config: opid_index: 3 OBSOLETE_local: false peers { permanent_uuid: "6fdd47b8a06e4a7686aec7af2114bb36" member_type: VOTER last_known_addr { host: "127.28.231.1" port: 44331 } attrs { replace: true } } peers { permanent_uuid: "9d2cc3bf7cc44566be7414d282741725" member_type: VOTER last_known_addr { host: "127.28.231.2" port: 34889 } } peers { permanent_uuid: "1a2c3f441e9840ce88eabd5f39c5e352" member_type: VOTER last_known_addr { host: "127.28.231.3" port: 36547 } } peers { permanent_uuid: "e5db0d1a003d4b7b8579b51c80b8df4d" member_type: VOTER last_known_addr { host: "127.28.231.4" port: 39559 } attrs { promote: false } }
I20260710 11:04:09.096069 31371 raft_consensus.cc:2955] T 3d83128875554d9cb0de05e59a84b488 P 6fdd47b8a06e4a7686aec7af2114bb36 [term 1 LEADER]: Committing config change with OpId 1.3: config changed from index 2 to 3, e5db0d1a003d4b7b8579b51c80b8df4d (127.28.231.4) changed from NON_VOTER to VOTER. New config: { opid_index: 3 OBSOLETE_local: false peers { permanent_uuid: "6fdd47b8a06e4a7686aec7af2114bb36" member_type: VOTER last_known_addr { host: "127.28.231.1" port: 44331 } } peers { permanent_uuid: "9d2cc3bf7cc44566be7414d282741725" member_type: VOTER last_known_addr { host: "127.28.231.2" port: 34889 } } peers { permanent_uuid: "1a2c3f441e9840ce88eabd5f39c5e352" member_type: VOTER last_known_addr { host: "127.28.231.3" port: 36547 } attrs { replace: true } } peers { permanent_uuid: "e5db0d1a003d4b7b8579b51c80b8df4d" member_type: VOTER last_known_addr { host: "127.28.231.4" port: 39559 } attrs { promote: false } } }
I20260710 11:04:09.105924 31421 consensus_queue.cc:1048] T 3d83128875554d9cb0de05e59a84b488 P 6fdd47b8a06e4a7686aec7af2114bb36 [LEADER]: Connected to new peer: Peer: permanent_uuid: "9d2cc3bf7cc44566be7414d282741725" member_type: VOTER last_known_addr { host: "127.28.231.2" port: 34889 }, Status: LMP_MISMATCH, Last received: 0.0, Next index: 3, Last known committed idx: 2, Time since last communication: 0.000s
