dest_uuid: "ea81a8edaab04ab1a9bffd7eca9f6308"
mode: GRACEFUL
new_leader_uuid: "9b9a6d2fb9194bf7a29a28b9b18f2e98"
 from {username='slave'} at 127.0.0.1:45126
I20260710 11:03:44.975176 16508 raft_consensus.cc:606] T c7c921438a484ba5b608677cc4b7bb84 P ea81a8edaab04ab1a9bffd7eca9f6308 [term 1 LEADER]: Received request to transfer leadership to TS 9b9a6d2fb9194bf7a29a28b9b18f2e98
I20260710 11:03:44.977536 16673 consensus_queue.cc:1048] T 73c7fb65a0e7464ca0543ec5186f6840 P ea81a8edaab04ab1a9bffd7eca9f6308 [LEADER]: Connected to new peer: Peer: permanent_uuid: "aeabee34a10044bd8d0ed300150d66c7" member_type: VOTER last_known_addr { host: "127.15.110.67" port: 44199 }, Status: LMP_MISMATCH, Last received: 0.0, Next index: 1, Last known committed idx: 0, Time since last communication: 0.000s
I20260710 11:03:44.985757 16578 tablet_service.cc:1917] Received RequestConsensusVote() RPC: tablet_id: "73c7fb65a0e7464ca0543ec5186f6840" candidate_uuid: "9b9a6d2fb9194bf7a29a28b9b18f2e98" candidate_term: 2 candidate_status { last_received { term: 1 index: 1 } } ignore_live_leader: true dest_uuid: "aeabee34a10044bd8d0ed300150d66c7"
I20260710 11:03:44.983464 16428 leader_election.cc:290] T 73c7fb65a0e7464ca0543ec5186f6840 P 9b9a6d2fb9194bf7a29a28b9b18f2e98 [CANDIDATE]: Term 2 election: Requested vote from peers ea81a8edaab04ab1a9bffd7eca9f6308 (127.15.110.66:40649), aeabee34a10044bd8d0ed300150d66c7 (127.15.110.67:44199)
I20260710 11:03:44.987046 16508 tablet_service.cc:1917] Received RequestConsensusVote() RPC: tablet_id: "73c7fb65a0e7464ca0543ec5186f6840" candidate_uuid: "9b9a6d2fb9194bf7a29a28b9b18f2e98" candidate_term: 2 candidate_status { last_received { term: 1 index: 1 } } ignore_live_leader: true dest_uuid: "ea81a8edaab04ab1a9bffd7eca9f6308"
I20260710 11:03:44.987630 16508 raft_consensus.cc:3055] T 73c7fb65a0e7464ca0543ec5186f6840 P ea81a8edaab04ab1a9bffd7eca9f6308 [term 1 LEADER]: Stepping down as leader of term 1
I20260710 11:03:44.987943 16508 raft_consensus.cc:740] T 73c7fb65a0e7464ca0543ec5186f6840 P ea81a8edaab04ab1a9bffd7eca9f6308 [term 1 LEADER]: Becoming Follower/Learner. State: Replica: ea81a8edaab04ab1a9bffd7eca9f6308, State: Running, Role: LEADER
I20260710 11:03:44.990581 16508 consensus_queue.cc:260] T 73c7fb65a0e7464ca0543ec5186f6840 P ea81a8edaab04ab1a9bffd7eca9f6308 [NON_LEADER]: Queue going to NON_LEADER mode. State: All replicated index: 0, Majority replicated index: 1, Committed index: 1, Last appended: 1.1, Last appended by leader: 1, Current term: 1, Majority size: -1, State: 0, Mode: NON_LEADER, active raft config: opid_index: -1 OBSOLETE_local: false peers { permanent_uuid: "9b9a6d2fb9194bf7a29a28b9b18f2e98" member_type: VOTER last_known_addr { host: "127.15.110.65" port: 38657 } } peers { permanent_uuid: "ea81a8edaab04ab1a9bffd7eca9f6308" member_type: VOTER last_known_addr { host: "127.15.110.66" port: 40649 } } peers { permanent_uuid: "aeabee34a10044bd8d0ed300150d66c7" member_type: VOTER last_known_addr { host: "127.15.110.67" port: 44199 } }
I20260710 11:03:44.991611 16508 raft_consensus.cc:3060] T 73c7fb65a0e7464ca0543ec5186f6840 P ea81a8edaab04ab1a9bffd7eca9f6308 [term 1 FOLLOWER]: Advancing to term 2
I20260710 11:03:45.007108 16508 raft_consensus.cc:2468] T 73c7fb65a0e7464ca0543ec5186f6840 P ea81a8edaab04ab1a9bffd7eca9f6308 [term 2 FOLLOWER]: Leader election vote request: Granting yes vote for candidate 9b9a6d2fb9194bf7a29a28b9b18f2e98 in term 2.
I20260710 11:03:45.012818 16396 leader_election.cc:304] T 73c7fb65a0e7464ca0543ec5186f6840 P 9b9a6d2fb9194bf7a29a28b9b18f2e98 [CANDIDATE]: Term 2 election: Election decided. Result: candidate won. Election summary: received 3 responses out of 3 voters: 2 yes votes; 1 no votes. yes voters: 9b9a6d2fb9194bf7a29a28b9b18f2e98, ea81a8edaab04ab1a9bffd7eca9f6308; no voters: aeabee34a10044bd8d0ed300150d66c7
I20260710 11:03:45.014397 16672 raft_consensus.cc:2804] T 73c7fb65a0e7464ca0543ec5186f6840 P 9b9a6d2fb9194bf7a29a28b9b18f2e98 [term 2 FOLLOWER]: Leader election won for term 2
I20260710 11:03:45.014876 16672 raft_consensus.cc:697] T 73c7fb65a0e7464ca0543ec5186f6840 P 9b9a6d2fb9194bf7a29a28b9b18f2e98 [term 2 LEADER]: Becoming Leader. State: Replica: 9b9a6d2fb9194bf7a29a28b9b18f2e98, State: Running, Role: LEADER
I20260710 11:03:45.015707 16672 consensus_queue.cc:237] T 73c7fb65a0e7464ca0543ec5186f6840 P 9b9a6d2fb9194bf7a29a28b9b18f2e98 [LEADER]: Queue going to LEADER mode. State: All replicated index: 0, Majority replicated index: 1, Committed index: 1, Last appended: 1.1, Last appended by leader: 1, Current term: 2, Majority size: 2, State: 0, Mode: LEADER, active raft config: opid_index: -1 OBSOLETE_local: false peers { permanent_uuid: "9b9a6d2fb9194bf7a29a28b9b18f2e98" member_type: VOTER last_known_addr { host: "127.15.110.65" port: 38657 } } peers { permanent_uuid: "ea81a8edaab04ab1a9bffd7eca9f6308" member_type: VOTER last_known_addr { host: "127.15.110.66" port: 40649 } } peers { permanent_uuid: "aeabee34a10044bd8d0ed300150d66c7" member_type: VOTER last_known_addr { host: "127.15.110.67" port: 44199 } }
I20260710 11:03:45.017513 16428 tablet_service.cc:2072] Received LeaderStepDown RPC: tablet_id: "dc63b08a89384f3d8c25b02156619254"
dest_uuid: "9b9a6d2fb9194bf7a29a28b9b18f2e98"
mode: GRACEFUL
new_leader_uuid: "ea81a8edaab04ab1a9bffd7eca9f6308"
 from {username='slave'} at 127.0.0.1:54540
I20260710 11:03:45.017959 16428 raft_consensus.cc:606] T dc63b08a89384f3d8c25b02156619254 P 9b9a6d2fb9194bf7a29a28b9b18f2e98 [term 1 LEADER]: Received request to transfer leadership to TS ea81a8edaab04ab1a9bffd7eca9f6308
I20260710 11:03:45.024489 16673 consensus_queue.cc:1048] T c7c921438a484ba5b608677cc4b7bb84 P ea81a8edaab04ab1a9bffd7eca9f6308 [LEADER]: Connected to new peer: Peer: permanent_uuid: "aeabee34a10044bd8d0ed300150d66c7" member_type: VOTER last_known_addr { host: "127.15.110.67" port: 44199 }, Status: LMP_MISMATCH, Last received: 0.0, Next index: 1, Last known committed idx: 0, Time since last communication: 0.000s
I20260710 11:03:45.024873 16331 catalog_manager.cc:5697] T 73c7fb65a0e7464ca0543ec5186f6840 P 9b9a6d2fb9194bf7a29a28b9b18f2e98 reported cstate change: term changed from 1 to 2, leader changed from ea81a8edaab04ab1a9bffd7eca9f6308 (127.15.110.66) to 9b9a6d2fb9194bf7a29a28b9b18f2e98 (127.15.110.65). New cstate: current_term: 2 leader_uuid: "9b9a6d2fb9194bf7a29a28b9b18f2e98" committed_config { opid_index: -1 OBSOLETE_local: false peers { permanent_uuid: "9b9a6d2fb9194bf7a29a28b9b18f2e98" member_type: VOTER last_known_addr { host: "127.15.110.65" port: 38657 } health_report { overall_health: HEALTHY } } peers { permanent_uuid: "ea81a8edaab04ab1a9bffd7eca9f6308" member_type: VOTER last_known_addr { host: "127.15.110.66" port: 40649 } health_report { overall_health: UNKNOWN } } peers { permanent_uuid: "aeabee34a10044bd8d0ed300150d66c7" member_type: VOTER last_known_addr { host: "127.15.110.67" port: 44199 } health_report { overall_health: UNKNOWN } } }
I20260710 11:03:45.025705 16508 tablet_service.cc:2072] Received LeaderStepDown RPC: tablet_id: "b907b6b5d8e146d5934a39a4404c69e7"
dest_uuid: "ea81a8edaab04ab1a9bffd7eca9f6308"
mode: GRACEFUL
new_leader_uuid: "aeabee34a10044bd8d0ed300150d66c7"
 from {username='slave'} at 127.0.0.1:45126
I20260710 11:03:45.026520 16508 raft_consensus.cc:606] T b907b6b5d8e146d5934a39a4404c69e7 P ea81a8edaab04ab1a9bffd7eca9f6308 [term 1 LEADER]: Received request to transfer leadership to TS aeabee34a10044bd8d0ed300150d66c7
I20260710 11:03:45.039119 16626 consensus_queue.cc:1048] T c7c921438a484ba5b608677cc4b7bb84 P ea81a8edaab04ab1a9bffd7eca9f6308 [LEADER]: Connected to new peer: Peer: permanent_uuid: "9b9a6d2fb9194bf7a29a28b9b18f2e98" member_type: VOTER last_known_addr { host: "127.15.110.65" port: 38657 }, Status: LMP_MISMATCH, Last received: 0.0, Next index: 1, Last known committed idx: 0, Time since last communication: 0.000s
I20260710 11:03:45.050032 16675 raft_consensus.cc:993] T c7c921438a484ba5b608677cc4b7bb84 P ea81a8edaab04ab1a9bffd7eca9f6308: : Instructing follower 9b9a6d2fb9194bf7a29a28b9b18f2e98 to start an election
I20260710 11:03:45.050482 16626 raft_consensus.cc:1081] T c7c921438a484ba5b608677cc4b7bb84 P ea81a8edaab04ab1a9bffd7eca9f6308 [term 1 LEADER]: Signalling peer 9b9a6d2fb9194bf7a29a28b9b18f2e98 to start an election
I20260710 11:03:45.051789 16428 tablet_service.cc:2044] Received Run Leader Election RPC: tablet_id: "c7c921438a484ba5b608677cc4b7bb84"
dest_uuid: "9b9a6d2fb9194bf7a29a28b9b18f2e98"
 from {username='slave'} at 127.0.0.1:54520
I20260710 11:03:45.052251 16428 raft_consensus.cc:493] T c7c921438a484ba5b608677cc4b7bb84 P 9b9a6d2fb9194bf7a29a28b9b18f2e98 [term 1 FOLLOWER]: Starting forced leader election (received explicit request)
I20260710 11:03:45.052557 16428 raft_consensus.cc:3060] T c7c921438a484ba5b608677cc4b7bb84 P 9b9a6d2fb9194bf7a29a28b9b18f2e98 [term 1 FOLLOWER]: Advancing to term 2
I20260710 11:03:45.057260 16428 raft_consensus.cc:515] T c7c921438a484ba5b608677cc4b7bb84 P 9b9a6d2fb9194bf7a29a28b9b18f2e98 [term 2 FOLLOWER]: Starting forced leader election with config: opid_index: -1 OBSOLETE_local: false peers { permanent_uuid: "9b9a6d2fb9194bf7a29a28b9b18f2e98" member_type: VOTER last_known_addr { host: "127.15.110.65" port: 38657 } } peers { permanent_uuid: "ea81a8edaab04ab1a9bffd7eca9f6308" member_type: VOTER last_known_addr { host: "127.15.110.66" port: 40649 } } peers { permanent_uuid: "aeabee34a10044bd8d0ed300150d66c7" member_type: VOTER last_known_addr { host: "127.15.110.67" port: 44199 } }
I20260710 11:03:45.058959 16428 leader_election.cc:290] T c7c921438a484ba5b608677cc4b7bb84 P 9b9a6d2fb9194bf7a29a28b9b18f2e98 [CANDIDATE]: Term 2 election: Requested vote from peers ea81a8edaab04ab1a9bffd7eca9f6308 (127.15.110.66:40649), aeabee34a10044bd8d0ed300150d66c7 (127.15.110.67:44199)
I20260710 11:03:45.059638 16508 tablet_service.cc:1917] Received RequestConsensusVote() RPC: tablet_id: "c7c921438a484ba5b608677cc4b7bb84" candidate_uuid: "9b9a6d2fb9194bf7a29a28b9b18f2e98" candidate_term: 2 candidate_status { last_received { term: 1 index: 1 } } ignore_live_leader: true dest_uuid: "ea81a8edaab04ab1a9bffd7eca9f6308"
I20260710 11:03:45.060024 16508 raft_consensus.cc:3055] T c7c921438a484ba5b608677cc4b7bb84 P ea81a8edaab04ab1a9bffd7eca9f6308 [term 1 LEADER]: Stepping down as leader of term 1
I20260710 11:03:45.060319 16508 raft_consensus.cc:740] T c7c921438a484ba5b608677cc4b7bb84 P ea81a8edaab04ab1a9bffd7eca9f6308 [term 1 LEADER]: Becoming Follower/Learner. State: Replica: ea81a8edaab04ab1a9bffd7eca9f6308, State: Running, Role: LEADER
I20260710 11:03:45.061094 16508 consensus_queue.cc:260] T c7c921438a484ba5b608677cc4b7bb84 P ea81a8edaab04ab1a9bffd7eca9f6308 [NON_LEADER]: Queue going to NON_LEADER mode. State: All replicated index: 0, Majority replicated index: 1, Committed index: 1, Last appended: 1.1, Last appended by leader: 1, Current term: 1, Majority size: -1, State: 0, Mode: NON_LEADER, active raft config: opid_index: -1 OBSOLETE_local: false peers { permanent_uuid: "9b9a6d2fb9194bf7a29a28b9b18f2e98" member_type: VOTER last_known_addr { host: "127.15.110.65" port: 38657 } } peers { permanent_uuid: "ea81a8edaab04ab1a9bffd7eca9f6308" member_type: VOTER last_known_addr { host: "127.15.110.66" port: 40649 } } peers { permanent_uuid: "aeabee34a10044bd8d0ed300150d66c7" member_type: VOTER last_known_addr { host: "127.15.110.67" port: 44199 } }
I20260710 11:03:45.061539 16574 tablet_service.cc:1917] Received RequestConsensusVote() RPC: tablet_id: "c7c921438a484ba5b608677cc4b7bb84" candidate_uuid: "9b9a6d2fb9194bf7a29a28b9b18f2e98" candidate_term: 2 candidate_status { last_received { term: 1 index: 1 } } ignore_live_leader: true dest_uuid: "aeabee34a10044bd8d0ed300150d66c7"
I20260710 11:03:45.062212 16574 raft_consensus.cc:3060] T c7c921438a484ba5b608677cc4b7bb84 P aeabee34a10044bd8d0ed300150d66c7 [term 1 FOLLOWER]: Advancing to term 2
I20260710 11:03:45.062146 16508 raft_consensus.cc:3060] T c7c921438a484ba5b608677cc4b7bb84 P ea81a8edaab04ab1a9bffd7eca9f6308 [term 1 FOLLOWER]: Advancing to term 2
I20260710 11:03:45.067696 16508 raft_consensus.cc:2468] T c7c921438a484ba5b608677cc4b7bb84 P ea81a8edaab04ab1a9bffd7eca9f6308 [term 2 FOLLOWER]: Leader election vote request: Granting yes vote for candidate 9b9a6d2fb9194bf7a29a28b9b18f2e98 in term 2.
I20260710 11:03:45.068594 16396 leader_election.cc:304] T c7c921438a484ba5b608677cc4b7bb84 P 9b9a6d2fb9194bf7a29a28b9b18f2e98 [CANDIDATE]: Term 2 election: Election decided. Result: candidate won. Election summary: received 2 responses out of 3 voters: 2 yes votes; 0 no votes. yes voters: 9b9a6d2fb9194bf7a29a28b9b18f2e98, ea81a8edaab04ab1a9bffd7eca9f6308; no voters: 
I20260710 11:03:45.069247 16672 raft_consensus.cc:2804] T c7c921438a484ba5b608677cc4b7bb84 P 9b9a6d2fb9194bf7a29a28b9b18f2e98 [term 2 FOLLOWER]: Leader election won for term 2
I20260710 11:03:45.069672 16672 raft_consensus.cc:697] T c7c921438a484ba5b608677cc4b7bb84 P 9b9a6d2fb9194bf7a29a28b9b18f2e98 [term 2 LEADER]: Becoming Leader. State: Replica: 9b9a6d2fb9194bf7a29a28b9b18f2e98, State: Running, Role: LEADER
I20260710 11:03:45.070492 16672 consensus_queue.cc:237] T c7c921438a484ba5b608677cc4b7bb84 P 9b9a6d2fb9194bf7a29a28b9b18f2e98 [LEADER]: Queue going to LEADER mode. State: All replicated index: 0, Majority replicated index: 1, Committed index: 1, Last appended: 1.1, Last appended by leader: 1, Current term: 2, Majority size: 2, State: 0, Mode: LEADER, active raft config: opid_index: -1 OBSOLETE_local: false peers { permanent_uuid: "9b9a6d2fb9194bf7a29a28b9b18f2e98" member_type: VOTER last_known_addr { host: "127.15.110.65" port: 38657 } } peers { permanent_uuid: "ea81a8edaab04ab1a9bffd7eca9f6308" member_type: VOTER last_known_addr { host: "127.15.110.66" port: 40649 } } peers { permanent_uuid: "aeabee34a10044bd8d0ed300150d66c7" member_type: VOTER last_known_addr { host: "127.15.110.67" port: 44199 } }
I20260710 11:03:45.071023 16574 raft_consensus.cc:2468] T c7c921438a484ba5b608677cc4b7bb84 P aeabee34a10044bd8d0ed300150d66c7 [term 2 FOLLOWER]: Leader election vote request: Granting yes vote for candidate 9b9a6d2fb9194bf7a29a28b9b18f2e98 in term 2.
I20260710 11:03:45.075706 16672 raft_consensus.cc:993] T dc63b08a89384f3d8c25b02156619254 P 9b9a6d2fb9194bf7a29a28b9b18f2e98: : Instructing follower ea81a8edaab04ab1a9bffd7eca9f6308 to start an election
I20260710 11:03:45.076146 16672 raft_consensus.cc:1081] T dc63b08a89384f3d8c25b02156619254 P 9b9a6d2fb9194bf7a29a28b9b18f2e98 [term 1 LEADER]: Signalling peer ea81a8edaab04ab1a9bffd7eca9f6308 to start an election
I20260710 11:03:45.077874 16508 tablet_service.cc:2044] Received Run Leader Election RPC: tablet_id: "dc63b08a89384f3d8c25b02156619254"
dest_uuid: "ea81a8edaab04ab1a9bffd7eca9f6308"
 from {username='slave'} at 127.0.0.1:45102
I20260710 11:03:45.078455 16508 raft_consensus.cc:493] T dc63b08a89384f3d8c25b02156619254 P ea81a8edaab04ab1a9bffd7eca9f6308 [term 1 FOLLOWER]: Starting forced leader election (received explicit request)
I20260710 11:03:45.078832 16508 raft_consensus.cc:3060] T dc63b08a89384f3d8c25b02156619254 P ea81a8edaab04ab1a9bffd7eca9f6308 [term 1 FOLLOWER]: Advancing to term 2
I20260710 11:03:45.078351 16331 catalog_manager.cc:5697] T c7c921438a484ba5b608677cc4b7bb84 P 9b9a6d2fb9194bf7a29a28b9b18f2e98 reported cstate change: term changed from 1 to 2, leader changed from ea81a8edaab04ab1a9bffd7eca9f6308 (127.15.110.66) to 9b9a6d2fb9194bf7a29a28b9b18f2e98 (127.15.110.65). New cstate: current_term: 2 leader_uuid: "9b9a6d2fb9194bf7a29a28b9b18f2e98" committed_config { opid_index: -1 OBSOLETE_local: false peers { permanent_uuid: "9b9a6d2fb9194bf7a29a28b9b18f2e98" member_type: VOTER last_known_addr { host: "127.15.110.65" port: 38657 } health_report { overall_health: HEALTHY } } peers { permanent_uuid: "ea81a8edaab04ab1a9bffd7eca9f6308" member_type: VOTER last_known_addr { host: "127.15.110.66" port: 40649 } health_report { overall_health: UNKNOWN } } peers { permanent_uuid: "aeabee34a10044bd8d0ed300150d66c7" member_type: VOTER last_known_addr { host: "127.15.110.67" port: 44199 } health_report { overall_health: UNKNOWN } } }
I20260710 11:03:45.085332 16508 raft_consensus.cc:515] T dc63b08a89384f3d8c25b02156619254 P ea81a8edaab04ab1a9bffd7eca9f6308 [term 2 FOLLOWER]: Starting forced leader election with config: opid_index: -1 OBSOLETE_local: false peers { permanent_uuid: "9b9a6d2fb9194bf7a29a28b9b18f2e98" member_type: VOTER last_known_addr { host: "127.15.110.65" port: 38657 } } peers { permanent_uuid: "ea81a8edaab04ab1a9bffd7eca9f6308" member_type: VOTER last_known_addr { host: "127.15.110.66" port: 40649 } } peers { permanent_uuid: "aeabee34a10044bd8d0ed300150d66c7" member_type: VOTER last_known_addr { host: "127.15.110.67" port: 44199 } }
I20260710 11:03:45.088012 16431 tablet_service.cc:1917] Received RequestConsensusVote() RPC: tablet_id: "dc63b08a89384f3d8c25b02156619254" candidate_uuid: "ea81a8edaab04ab1a9bffd7eca9f6308" candidate_term: 2 candidate_status { last_received { term: 1 index: 1 } } ignore_live_leader: true dest_uuid: "9b9a6d2fb9194bf7a29a28b9b18f2e98"
I20260710 11:03:45.088583 16431 raft_consensus.cc:3055] T dc63b08a89384f3d8c25b02156619254 P 9b9a6d2fb9194bf7a29a28b9b18f2e98 [term 1 LEADER]: Stepping down as leader of term 1
I20260710 11:03:45.088892 16431 raft_consensus.cc:740] T dc63b08a89384f3d8c25b02156619254 P 9b9a6d2fb9194bf7a29a28b9b18f2e98 [term 1 LEADER]: Becoming Follower/Learner. State: Replica: 9b9a6d2fb9194bf7a29a28b9b18f2e98, State: Running, Role: LEADER
I20260710 11:03:45.089695 16431 consensus_queue.cc:260] T dc63b08a89384f3d8c25b02156619254 P 9b9a6d2fb9194bf7a29a28b9b18f2e98 [NON_LEADER]: Queue going to NON_LEADER mode. State: All replicated index: 0, Majority replicated index: 1, Committed index: 1, Last appended: 1.1, Last appended by leader: 1, Current term: 1, Majority size: -1, State: 0, Mode: NON_LEADER, active raft config: opid_index: -1 OBSOLETE_local: false peers { permanent_uuid: "9b9a6d2fb9194bf7a29a28b9b18f2e98" member_type: VOTER last_known_addr { host: "127.15.110.65" port: 38657 } } peers { permanent_uuid: "ea81a8edaab04ab1a9bffd7eca9f6308" member_type: VOTER last_known_addr { host: "127.15.110.66" port: 40649 } } peers { permanent_uuid: "aeabee34a10044bd8d0ed300150d66c7" member_type: VOTER last_known_addr { host: "127.15.110.67" port: 44199 } }
I20260710 11:03:45.090768 16431 raft_consensus.cc:3060] T dc63b08a89384f3d8c25b02156619254 P 9b9a6d2fb9194bf7a29a28b9b18f2e98 [term 1 FOLLOWER]: Advancing to term 2
I20260710 11:03:45.092427 16574 tablet_service.cc:1917] Received RequestConsensusVote() RPC: tablet_id: "dc63b08a89384f3d8c25b02156619254" candidate_uuid: "ea81a8edaab04ab1a9bffd7eca9f6308" candidate_term: 2 candidate_status { last_received { term: 1 index: 1 } } ignore_live_leader: true dest_uuid: "aeabee34a10044bd8d0ed300150d66c7"
I20260710 11:03:45.093017 16574 raft_consensus.cc:3060] T dc63b08a89384f3d8c25b02156619254 P aeabee34a10044bd8d0ed300150d66c7 [term 1 FOLLOWER]: Advancing to term 2
I20260710 11:03:45.098320 16431 raft_consensus.cc:2468] T dc63b08a89384f3d8c25b02156619254 P 9b9a6d2fb9194bf7a29a28b9b18f2e98 [term 2 FOLLOWER]: Leader election vote request: Granting yes vote for candidate ea81a8edaab04ab1a9bffd7eca9f6308 in term 2.
I20260710 11:03:45.098284 16508 leader_election.cc:290] T dc63b08a89384f3d8c25b02156619254 P ea81a8edaab04ab1a9bffd7eca9f6308 [CANDIDATE]: Term 2 election: Requested vote from peers 9b9a6d2fb9194bf7a29a28b9b18f2e98 (127.15.110.65:38657), aeabee34a10044bd8d0ed300150d66c7 (127.15.110.67:44199)
I20260710 11:03:45.100031 16473 leader_election.cc:304] T dc63b08a89384f3d8c25b02156619254 P ea81a8edaab04ab1a9bffd7eca9f6308 [CANDIDATE]: Term 2 election: Election decided. Result: candidate won. Election summary: received 2 responses out of 3 voters: 2 yes votes; 0 no votes. yes voters: 9b9a6d2fb9194bf7a29a28b9b18f2e98, ea81a8edaab04ab1a9bffd7eca9f6308; no voters: 
I20260710 11:03:45.100484 16574 raft_consensus.cc:2468] T dc63b08a89384f3d8c25b02156619254 P aeabee34a10044bd8d0ed300150d66c7 [term 2 FOLLOWER]: Leader election vote request: Granting yes vote for candidate ea81a8edaab04ab1a9bffd7eca9f6308 in term 2.
I20260710 11:03:45.100688 16678 raft_consensus.cc:2804] T dc63b08a89384f3d8c25b02156619254 P ea81a8edaab04ab1a9bffd7eca9f6308 [term 2 FOLLOWER]: Leader election won for term 2
I20260710 11:03:45.101181 16678 raft_consensus.cc:697] T dc63b08a89384f3d8c25b02156619254 P ea81a8edaab04ab1a9bffd7eca9f6308 [term 2 LEADER]: Becoming Leader. State: Replica: ea81a8edaab04ab1a9bffd7eca9f6308, State: Running, Role: LEADER
I20260710 11:03:45.101985 16678 consensus_queue.cc:237] T dc63b08a89384f3d8c25b02156619254 P ea81a8edaab04ab1a9bffd7eca9f6308 [LEADER]: Queue going to LEADER mode. State: All replicated index: 0, Majority replicated index: 1, Committed index: 1, Last appended: 1.1, Last appended by leader: 1, Current term: 2, Majority size: 2, State: 0, Mode: LEADER, active raft config: opid_index: -1 OBSOLETE_local: false peers { permanent_uuid: "9b9a6d2fb9194bf7a29a28b9b18f2e98" member_type: VOTER last_known_addr { host: "127.15.110.65" port: 38657 } } peers { permanent_uuid: "ea81a8edaab04ab1a9bffd7eca9f6308" member_type: VOTER last_known_addr { host: "127.15.110.66" port: 40649 } } peers { permanent_uuid: "aeabee34a10044bd8d0ed300150d66c7" member_type: VOTER last_known_addr { host: "127.15.110.67" port: 44199 } }
I20260710 11:03:45.108124 16328 catalog_manager.cc:5697] T dc63b08a89384f3d8c25b02156619254 P ea81a8edaab04ab1a9bffd7eca9f6308 reported cstate change: term changed from 1 to 2, leader changed from 9b9a6d2fb9194bf7a29a28b9b18f2e98 (127.15.110.65) to ea81a8edaab04ab1a9bffd7eca9f6308 (127.15.110.66). New cstate: current_term: 2 leader_uuid: "ea81a8edaab04ab1a9bffd7eca9f6308" committed_config { opid_index: -1 OBSOLETE_local: false peers { permanent_uuid: "9b9a6d2fb9194bf7a29a28b9b18f2e98" member_type: VOTER last_known_addr { host: "127.15.110.65" port: 38657 } health_report { overall_health: UNKNOWN } } peers { permanent_uuid: "ea81a8edaab04ab1a9bffd7eca9f6308" member_type: VOTER last_known_addr { host: "127.15.110.66" port: 40649 } health_report { overall_health: HEALTHY } } peers { permanent_uuid: "aeabee34a10044bd8d0ed300150d66c7" member_type: VOTER last_known_addr { host: "127.15.110.67" port: 44199 } health_report { overall_health: UNKNOWN } } }
I20260710 11:03:45.237023 16626 raft_consensus.cc:993] T 04536344c6cc44cc949fe12d36dc86b2 P ea81a8edaab04ab1a9bffd7eca9f6308: : Instructing follower 9b9a6d2fb9194bf7a29a28b9b18f2e98 to start an election
I20260710 11:03:45.237462 16678 raft_consensus.cc:1081] T 04536344c6cc44cc949fe12d36dc86b2 P ea81a8edaab04ab1a9bffd7eca9f6308 [term 1 LEADER]: Signalling peer 9b9a6d2fb9194bf7a29a28b9b18f2e98 to start an election
I20260710 11:03:45.238900 16431 tablet_service.cc:2044] Received Run Leader Election RPC: tablet_id: "04536344c6cc44cc949fe12d36dc86b2"
dest_uuid: "9b9a6d2fb9194bf7a29a28b9b18f2e98"
 from {username='slave'} at 127.0.0.1:54520
I20260710 11:03:45.239384 16431 raft_consensus.cc:493] T 04536344c6cc44cc949fe12d36dc86b2 P 9b9a6d2fb9194bf7a29a28b9b18f2e98 [term 1 FOLLOWER]: Starting forced leader election (received explicit request)
I20260710 11:03:45.239702 16431 raft_consensus.cc:3060] T 04536344c6cc44cc949fe12d36dc86b2 P 9b9a6d2fb9194bf7a29a28b9b18f2e98 [term 1 FOLLOWER]: Advancing to term 2
I20260710 11:03:45.244338 16431 raft_consensus.cc:515] T 04536344c6cc44cc949fe12d36dc86b2 P 9b9a6d2fb9194bf7a29a28b9b18f2e98 [term 2 FOLLOWER]: Starting forced leader election with config: opid_index: -1 OBSOLETE_local: false peers { permanent_uuid: "9b9a6d2fb9194bf7a29a28b9b18f2e98" member_type: VOTER last_known_addr { host: "127.15.110.65" port: 38657 } } peers { permanent_uuid: "ea81a8edaab04ab1a9bffd7eca9f6308" member_type: VOTER last_known_addr { host: "127.15.110.66" port: 40649 } } peers { permanent_uuid: "aeabee34a10044bd8d0ed300150d66c7" member_type: VOTER last_known_addr { host: "127.15.110.67" port: 44199 } }
I20260710 11:03:45.246280 16431 leader_election.cc:290] T 04536344c6cc44cc949fe12d36dc86b2 P 9b9a6d2fb9194bf7a29a28b9b18f2e98 [CANDIDATE]: Term 2 election: Requested vote from peers ea81a8edaab04ab1a9bffd7eca9f6308 (127.15.110.66:40649), aeabee34a10044bd8d0ed300150d66c7 (127.15.110.67:44199)
I20260710 11:03:45.247515 16508 tablet_service.cc:1917] Received RequestConsensusVote() RPC: tablet_id: "04536344c6cc44cc949fe12d36dc86b2" candidate_uuid: "9b9a6d2fb9194bf7a29a28b9b18f2e98" candidate_term: 2 candidate_status { last_received { term: 1 index: 1 } } ignore_live_leader: true dest_uuid: "ea81a8edaab04ab1a9bffd7eca9f6308"
I20260710 11:03:45.247556 16574 tablet_service.cc:1917] Received RequestConsensusVote() RPC: tablet_id: "04536344c6cc44cc949fe12d36dc86b2" candidate_uuid: "9b9a6d2fb9194bf7a29a28b9b18f2e98" candidate_term: 2 candidate_status { last_received { term: 1 index: 1 } } ignore_live_leader: true dest_uuid: "aeabee34a10044bd8d0ed300150d66c7"
I20260710 11:03:45.248021 16508 raft_consensus.cc:3055] T 04536344c6cc44cc949fe12d36dc86b2 P ea81a8edaab04ab1a9bffd7eca9f6308 [term 1 LEADER]: Stepping down as leader of term 1
I20260710 11:03:45.248255 16574 raft_consensus.cc:3060] T 04536344c6cc44cc949fe12d36dc86b2 P aeabee34a10044bd8d0ed300150d66c7 [term 1 FOLLOWER]: Advancing to term 2
I20260710 11:03:45.248392 16508 raft_consensus.cc:740] T 04536344c6cc44cc949fe12d36dc86b2 P ea81a8edaab04ab1a9bffd7eca9f6308 [term 1 LEADER]: Becoming Follower/Learner. State: Replica: ea81a8edaab04ab1a9bffd7eca9f6308, State: Running, Role: LEADER
I20260710 11:03:45.249223 16508 consensus_queue.cc:260] T 04536344c6cc44cc949fe12d36dc86b2 P ea81a8edaab04ab1a9bffd7eca9f6308 [NON_LEADER]: Queue going to NON_LEADER mode. State: All replicated index: 0, Majority replicated index: 1, Committed index: 1, Last appended: 1.1, Last appended by leader: 1, Current term: 1, Majority size: -1, State: 0, Mode: NON_LEADER, active raft config: opid_index: -1 OBSOLETE_local: false peers { permanent_uuid: "9b9a6d2fb9194bf7a29a28b9b18f2e98" member_type: VOTER last_known_addr { host: "127.15.110.65" port: 38657 } } peers { permanent_uuid: "ea81a8edaab04ab1a9bffd7eca9f6308" member_type: VOTER last_known_addr { host: "127.15.110.66" port: 40649 } } peers { permanent_uuid: "aeabee34a10044bd8d0ed300150d66c7" member_type: VOTER last_known_addr { host: "127.15.110.67" port: 44199 } }
I20260710 11:03:45.250150 16508 raft_consensus.cc:3060] T 04536344c6cc44cc949fe12d36dc86b2 P ea81a8edaab04ab1a9bffd7eca9f6308 [term 1 FOLLOWER]: Advancing to term 2
I20260710 11:03:45.254586 16508 raft_consensus.cc:2468] T 04536344c6cc44cc949fe12d36dc86b2 P ea81a8edaab04ab1a9bffd7eca9f6308 [term 2 FOLLOWER]: Leader election vote request: Granting yes vote for candidate 9b9a6d2fb9194bf7a29a28b9b18f2e98 in term 2.
I20260710 11:03:45.255966 16396 leader_election.cc:304] T 04536344c6cc44cc949fe12d36dc86b2 P 9b9a6d2fb9194bf7a29a28b9b18f2e98 [CANDIDATE]: Term 2 election: Election decided. Result: candidate won. Election summary: received 2 responses out of 3 voters: 2 yes votes; 0 no votes. yes voters: 9b9a6d2fb9194bf7a29a28b9b18f2e98, ea81a8edaab04ab1a9bffd7eca9f6308; no voters: 
I20260710 11:03:45.256313 16574 raft_consensus.cc:2468] T 04536344c6cc44cc949fe12d36dc86b2 P aeabee34a10044bd8d0ed300150d66c7 [term 2 FOLLOWER]: Leader election vote request: Granting yes vote for candidate 9b9a6d2fb9194bf7a29a28b9b18f2e98 in term 2.
I20260710 11:03:45.256882 16672 raft_consensus.cc:2804] T 04536344c6cc44cc949fe12d36dc86b2 P 9b9a6d2fb9194bf7a29a28b9b18f2e98 [term 2 FOLLOWER]: Leader election won for term 2
I20260710 11:03:45.257346 16672 raft_consensus.cc:697] T 04536344c6cc44cc949fe12d36dc86b2 P 9b9a6d2fb9194bf7a29a28b9b18f2e98 [term 2 LEADER]: Becoming Leader. State: Replica: 9b9a6d2fb9194bf7a29a28b9b18f2e98, State: Running, Role: LEADER
I20260710 11:03:45.258141 16672 consensus_queue.cc:237] T 04536344c6cc44cc949fe12d36dc86b2 P 9b9a6d2fb9194bf7a29a28b9b18f2e98 [LEADER]: Queue going to LEADER mode. State: All replicated index: 0, Majority replicated index: 1, Committed index: 1, Last appended: 1.1, Last appended by leader: 1, Current term: 2, Majority size: 2, State: 0, Mode: LEADER, active raft config: opid_index: -1 OBSOLETE_local: false peers { permanent_uuid: "9b9a6d2fb9194bf7a29a28b9b18f2e98" member_type: VOTER last_known_addr { host: "127.15.110.65" port: 38657 } } peers { permanent_uuid: "ea81a8edaab04ab1a9bffd7eca9f6308" member_type: VOTER last_known_addr { host: "127.15.110.66" port: 40649 } } peers { permanent_uuid: "aeabee34a10044bd8d0ed300150d66c7" member_type: VOTER last_known_addr { host: "127.15.110.67" port: 44199 } }
I20260710 11:03:45.265534 16328 catalog_manager.cc:5697] T 04536344c6cc44cc949fe12d36dc86b2 P 9b9a6d2fb9194bf7a29a28b9b18f2e98 reported cstate change: term changed from 1 to 2, leader changed from ea81a8edaab04ab1a9bffd7eca9f6308 (127.15.110.66) to 9b9a6d2fb9194bf7a29a28b9b18f2e98 (127.15.110.65). New cstate: current_term: 2 leader_uuid: "9b9a6d2fb9194bf7a29a28b9b18f2e98" committed_config { opid_index: -1 OBSOLETE_local: false peers { permanent_uuid: "9b9a6d2fb9194bf7a29a28b9b18f2e98" member_type: VOTER last_known_addr { host: "127.15.110.65" port: 38657 } health_report { overall_health: HEALTHY } } peers { permanent_uuid: "ea81a8edaab04ab1a9bffd7eca9f6308" member_type: VOTER last_known_addr { host: "127.15.110.66" port: 40649 } health_report { overall_health: UNKNOWN } } peers { permanent_uuid: "aeabee34a10044bd8d0ed300150d66c7" member_type: VOTER last_known_addr { host: "127.15.110.67" port: 44199 } health_report { overall_health: UNKNOWN } } }
I20260710 11:03:45.324942 16626 raft_consensus.cc:993] T 64ef633179724692a7ff7e0f5cc40666 P ea81a8edaab04ab1a9bffd7eca9f6308: : Instructing follower 9b9a6d2fb9194bf7a29a28b9b18f2e98 to start an election
I20260710 11:03:45.325423 16626 raft_consensus.cc:1081] T 64ef633179724692a7ff7e0f5cc40666 P ea81a8edaab04ab1a9bffd7eca9f6308 [term 1 LEADER]: Signalling peer 9b9a6d2fb9194bf7a29a28b9b18f2e98 to start an election
I20260710 11:03:45.326889 16431 tablet_service.cc:2044] Received Run Leader Election RPC: tablet_id: "64ef633179724692a7ff7e0f5cc40666"
dest_uuid: "9b9a6d2fb9194bf7a29a28b9b18f2e98"
 from {username='slave'} at 127.0.0.1:54520
I20260710 11:03:45.327363 16431 raft_consensus.cc:493] T 64ef633179724692a7ff7e0f5cc40666 P 9b9a6d2fb9194bf7a29a28b9b18f2e98 [term 1 FOLLOWER]: Starting forced leader election (received explicit request)
I20260710 11:03:45.327666 16431 raft_consensus.cc:3060] T 64ef633179724692a7ff7e0f5cc40666 P 9b9a6d2fb9194bf7a29a28b9b18f2e98 [term 1 FOLLOWER]: Advancing to term 2
I20260710 11:03:45.332682 16431 raft_consensus.cc:515] T 64ef633179724692a7ff7e0f5cc40666 P 9b9a6d2fb9194bf7a29a28b9b18f2e98 [term 2 FOLLOWER]: Starting forced leader election with config: opid_index: -1 OBSOLETE_local: false peers { permanent_uuid: "9b9a6d2fb9194bf7a29a28b9b18f2e98" member_type: VOTER last_known_addr { host: "127.15.110.65" port: 38657 } } peers { permanent_uuid: "ea81a8edaab04ab1a9bffd7eca9f6308" member_type: VOTER last_known_addr { host: "127.15.110.66" port: 40649 } } peers { permanent_uuid: "aeabee34a10044bd8d0ed300150d66c7" member_type: VOTER last_known_addr { host: "127.15.110.67" port: 44199 } }
I20260710 11:03:45.334717 16431 leader_election.cc:290] T 64ef633179724692a7ff7e0f5cc40666 P 9b9a6d2fb9194bf7a29a28b9b18f2e98 [CANDIDATE]: Term 2 election: Requested vote from peers ea81a8edaab04ab1a9bffd7eca9f6308 (127.15.110.66:40649), aeabee34a10044bd8d0ed300150d66c7 (127.15.110.67:44199)
I20260710 11:03:45.335059 16508 tablet_service.cc:1917] Received RequestConsensusVote() RPC: tablet_id: "64ef633179724692a7ff7e0f5cc40666" candidate_uuid: "9b9a6d2fb9194bf7a29a28b9b18f2e98" candidate_term: 2 candidate_status { last_received { term: 1 index: 1 } } ignore_live_leader: true dest_uuid: "ea81a8edaab04ab1a9bffd7eca9f6308"
I20260710 11:03:45.335286 16574 tablet_service.cc:1917] Received RequestConsensusVote() RPC: tablet_id: "64ef633179724692a7ff7e0f5cc40666" candidate_uuid: "9b9a6d2fb9194bf7a29a28b9b18f2e98" candidate_term: 2 candidate_status { last_received { term: 1 index: 1 } } ignore_live_leader: true dest_uuid: "aeabee34a10044bd8d0ed300150d66c7"
I20260710 11:03:45.335693 16508 raft_consensus.cc:3055] T 64ef633179724692a7ff7e0f5cc40666 P ea81a8edaab04ab1a9bffd7eca9f6308 [term 1 LEADER]: Stepping down as leader of term 1
I20260710 11:03:45.335837 16574 raft_consensus.cc:3060] T 64ef633179724692a7ff7e0f5cc40666 P aeabee34a10044bd8d0ed300150d66c7 [term 1 FOLLOWER]: Advancing to term 2
I20260710 11:03:45.336093 16508 raft_consensus.cc:740] T 64ef633179724692a7ff7e0f5cc40666 P ea81a8edaab04ab1a9bffd7eca9f6308 [term 1 LEADER]: Becoming Follower/Learner. State: Replica: ea81a8edaab04ab1a9bffd7eca9f6308, State: Running, Role: LEADER
I20260710 11:03:45.337000 16508 consensus_queue.cc:260] T 64ef633179724692a7ff7e0f5cc40666 P ea81a8edaab04ab1a9bffd7eca9f6308 [NON_LEADER]: Queue going to NON_LEADER mode. State: All replicated index: 0, Majority replicated index: 1, Committed index: 1, Last appended: 1.1, Last appended by leader: 1, Current term: 1, Majority size: -1, State: 0, Mode: NON_LEADER, active raft config: opid_index: -1 OBSOLETE_local: false peers { permanent_uuid: "9b9a6d2fb9194bf7a29a28b9b18f2e98" member_type: VOTER last_known_addr { host: "127.15.110.65" port: 38657 } } peers { permanent_uuid: "ea81a8edaab04ab1a9bffd7eca9f6308" member_type: VOTER last_known_addr { host: "127.15.110.66" port: 40649 } } peers { permanent_uuid: "aeabee34a10044bd8d0ed300150d66c7" member_type: VOTER last_known_addr { host: "127.15.110.67" port: 44199 } }
I20260710 11:03:45.338405 16508 raft_consensus.cc:3060] T 64ef633179724692a7ff7e0f5cc40666 P ea81a8edaab04ab1a9bffd7eca9f6308 [term 1 FOLLOWER]: Advancing to term 2
I20260710 11:03:45.340405 16574 raft_consensus.cc:2468] T 64ef633179724692a7ff7e0f5cc40666 P aeabee34a10044bd8d0ed300150d66c7 [term 2 FOLLOWER]: Leader election vote request: Granting yes vote for candidate 9b9a6d2fb9194bf7a29a28b9b18f2e98 in term 2.
I20260710 11:03:45.341320 16399 leader_election.cc:304] T 64ef633179724692a7ff7e0f5cc40666 P 9b9a6d2fb9194bf7a29a28b9b18f2e98 [CANDIDATE]: Term 2 election: Election decided. Result: candidate won. Election summary: received 2 responses out of 3 voters: 2 yes votes; 0 no votes. yes voters: 9b9a6d2fb9194bf7a29a28b9b18f2e98, aeabee34a10044bd8d0ed300150d66c7; no voters: 
I20260710 11:03:45.342006 16672 raft_consensus.cc:2804] T 64ef633179724692a7ff7e0f5cc40666 P 9b9a6d2fb9194bf7a29a28b9b18f2e98 [term 2 FOLLOWER]: Leader election won for term 2
I20260710 11:03:45.342461 16672 raft_consensus.cc:697] T 64ef633179724692a7ff7e0f5cc40666 P 9b9a6d2fb9194bf7a29a28b9b18f2e98 [term 2 LEADER]: Becoming Leader. State: Replica: 9b9a6d2fb9194bf7a29a28b9b18f2e98, State: Running, Role: LEADER
I20260710 11:03:45.343384 16672 consensus_queue.cc:237] T 64ef633179724692a7ff7e0f5cc40666 P 9b9a6d2fb9194bf7a29a28b9b18f2e98 [LEADER]: Queue going to LEADER mode. State: All replicated index: 0, Majority replicated index: 1, Committed index: 1, Last appended: 1.1, Last appended by leader: 1, Current term: 2, Majority size: 2, State: 0, Mode: LEADER, active raft config: opid_index: -1 OBSOLETE_local: false peers { permanent_uuid: "9b9a6d2fb9194bf7a29a28b9b18f2e98" member_type: VOTER last_known_addr { host: "127.15.110.65" port: 38657 } } peers { permanent_uuid: "ea81a8edaab04ab1a9bffd7eca9f6308" member_type: VOTER last_known_addr { host: "127.15.110.66" port: 40649 } } peers { permanent_uuid: "aeabee34a10044bd8d0ed300150d66c7" member_type: VOTER last_known_addr { host: "127.15.110.67" port: 44199 } }
I20260710 11:03:45.346611 16508 raft_consensus.cc:2468] T 64ef633179724692a7ff7e0f5cc40666 P ea81a8edaab04ab1a9bffd7eca9f6308 [term 2 FOLLOWER]: Leader election vote request: Granting yes vote for candidate 9b9a6d2fb9194bf7a29a28b9b18f2e98 in term 2.
I20260710 11:03:45.351207 16328 catalog_manager.cc:5697] T 64ef633179724692a7ff7e0f5cc40666 P 9b9a6d2fb9194bf7a29a28b9b18f2e98 reported cstate change: term changed from 1 to 2, leader changed from ea81a8edaab04ab1a9bffd7eca9f6308 (127.15.110.66) to 9b9a6d2fb9194bf7a29a28b9b18f2e98 (127.15.110.65). New cstate: current_term: 2 leader_uuid: "9b9a6d2fb9194bf7a29a28b9b18f2e98" committed_config { opid_index: -1 OBSOLETE_local: false peers { permanent_uuid: "9b9a6d2fb9194bf7a29a28b9b18f2e98" member_type: VOTER last_known_addr { host: "127.15.110.65" port: 38657 } health_report { overall_health: HEALTHY } } peers { permanent_uuid: "ea81a8edaab04ab1a9bffd7eca9f6308" member_type: VOTER last_known_addr { host: "127.15.110.66" port: 40649 } health_report { overall_health: UNKNOWN } } peers { permanent_uuid: "aeabee34a10044bd8d0ed300150d66c7" member_type: VOTER last_known_addr { host: "127.15.110.67" port: 44199 } health_report { overall_health: UNKNOWN } } }
I20260710 11:03:45.380643 16678 raft_consensus.cc:993] T b907b6b5d8e146d5934a39a4404c69e7 P ea81a8edaab04ab1a9bffd7eca9f6308: : Instructing follower aeabee34a10044bd8d0ed300150d66c7 to start an election
I20260710 11:03:45.381183 16626 raft_consensus.cc:1081] T b907b6b5d8e146d5934a39a4404c69e7 P ea81a8edaab04ab1a9bffd7eca9f6308 [term 1 LEADER]: Signalling peer aeabee34a10044bd8d0ed300150d66c7 to start an election
I20260710 11:03:45.382745 16574 tablet_service.cc:2044] Received Run Leader Election RPC: tablet_id: "b907b6b5d8e146d5934a39a4404c69e7"
dest_uuid: "aeabee34a10044bd8d0ed300150d66c7"
 from {username='slave'} at 127.0.0.1:40554
I20260710 11:03:45.383227 16574 raft_consensus.cc:493] T b907b6b5d8e146d5934a39a4404c69e7 P aeabee34a10044bd8d0ed300150d66c7 [term 1 FOLLOWER]: Starting forced leader election (received explicit request)
I20260710 11:03:45.383524 16574 raft_consensus.cc:3060] T b907b6b5d8e146d5934a39a4404c69e7 P aeabee34a10044bd8d0ed300150d66c7 [term 1 FOLLOWER]: Advancing to term 2
I20260710 11:03:45.388017 16574 raft_consensus.cc:515] T b907b6b5d8e146d5934a39a4404c69e7 P aeabee34a10044bd8d0ed300150d66c7 [term 2 FOLLOWER]: Starting forced leader election with config: opid_index: -1 OBSOLETE_local: false peers { permanent_uuid: "9b9a6d2fb9194bf7a29a28b9b18f2e98" member_type: VOTER last_known_addr { host: "127.15.110.65" port: 38657 } } peers { permanent_uuid: "ea81a8edaab04ab1a9bffd7eca9f6308" member_type: VOTER last_known_addr { host: "127.15.110.66" port: 40649 } } peers { permanent_uuid: "aeabee34a10044bd8d0ed300150d66c7" member_type: VOTER last_known_addr { host: "127.15.110.67" port: 44199 } }
I20260710 11:03:45.389653 16574 leader_election.cc:290] T b907b6b5d8e146d5934a39a4404c69e7 P aeabee34a10044bd8d0ed300150d66c7 [CANDIDATE]: Term 2 election: Requested vote from peers 9b9a6d2fb9194bf7a29a28b9b18f2e98 (127.15.110.65:38657), ea81a8edaab04ab1a9bffd7eca9f6308 (127.15.110.66:40649)
I20260710 11:03:45.390776 16508 tablet_service.cc:1917] Received RequestConsensusVote() RPC: tablet_id: "b907b6b5d8e146d5934a39a4404c69e7" candidate_uuid: "aeabee34a10044bd8d0ed300150d66c7" candidate_term: 2 candidate_status { last_received { term: 1 index: 1 } } ignore_live_leader: true dest_uuid: "ea81a8edaab04ab1a9bffd7eca9f6308"
I20260710 11:03:45.391351 16508 raft_consensus.cc:3055] T b907b6b5d8e146d5934a39a4404c69e7 P ea81a8edaab04ab1a9bffd7eca9f6308 [term 1 LEADER]: Stepping down as leader of term 1
I20260710 11:03:45.391661 16508 raft_consensus.cc:740] T b907b6b5d8e146d5934a39a4404c69e7 P ea81a8edaab04ab1a9bffd7eca9f6308 [term 1 LEADER]: Becoming Follower/Learner. State: Replica: ea81a8edaab04ab1a9bffd7eca9f6308, State: Running, Role: LEADER
I20260710 11:03:45.391837 16431 tablet_service.cc:1917] Received RequestConsensusVote() RPC: tablet_id: "b907b6b5d8e146d5934a39a4404c69e7" candidate_uuid: "aeabee34a10044bd8d0ed300150d66c7" candidate_term: 2 candidate_status { last_received { term: 1 index: 1 } } ignore_live_leader: true dest_uuid: "9b9a6d2fb9194bf7a29a28b9b18f2e98"
I20260710 11:03:45.392591 16431 raft_consensus.cc:3060] T b907b6b5d8e146d5934a39a4404c69e7 P 9b9a6d2fb9194bf7a29a28b9b18f2e98 [term 1 FOLLOWER]: Advancing to term 2
I20260710 11:03:45.392441 16508 consensus_queue.cc:260] T b907b6b5d8e146d5934a39a4404c69e7 P ea81a8edaab04ab1a9bffd7eca9f6308 [NON_LEADER]: Queue going to NON_LEADER mode. State: All replicated index: 0, Majority replicated index: 1, Committed index: 1, Last appended: 1.1, Last appended by leader: 1, Current term: 1, Majority size: -1, State: 0, Mode: NON_LEADER, active raft config: opid_index: -1 OBSOLETE_local: false peers { permanent_uuid: "9b9a6d2fb9194bf7a29a28b9b18f2e98" member_type: VOTER last_known_addr { host: "127.15.110.65" port: 38657 } } peers { permanent_uuid: "ea81a8edaab04ab1a9bffd7eca9f6308" member_type: VOTER last_known_addr { host: "127.15.110.66" port: 40649 } } peers { permanent_uuid: "aeabee34a10044bd8d0ed300150d66c7" member_type: VOTER last_known_addr { host: "127.15.110.67" port: 44199 } }
I20260710 11:03:45.393539 16508 raft_consensus.cc:3060] T b907b6b5d8e146d5934a39a4404c69e7 P ea81a8edaab04ab1a9bffd7eca9f6308 [term 1 FOLLOWER]: Advancing to term 2
I20260710 11:03:45.398238 16508 raft_consensus.cc:2468] T b907b6b5d8e146d5934a39a4404c69e7 P ea81a8edaab04ab1a9bffd7eca9f6308 [term 2 FOLLOWER]: Leader election vote request: Granting yes vote for candidate aeabee34a10044bd8d0ed300150d66c7 in term 2.
I20260710 11:03:45.399202 16545 leader_election.cc:304] T b907b6b5d8e146d5934a39a4404c69e7 P aeabee34a10044bd8d0ed300150d66c7 [CANDIDATE]: Term 2 election: Election decided. Result: candidate won. Election summary: received 2 responses out of 3 voters: 2 yes votes; 0 no votes. yes voters: aeabee34a10044bd8d0ed300150d66c7, ea81a8edaab04ab1a9bffd7eca9f6308; no voters: 
I20260710 11:03:45.399864 16682 raft_consensus.cc:2804] T b907b6b5d8e146d5934a39a4404c69e7 P aeabee34a10044bd8d0ed300150d66c7 [term 2 FOLLOWER]: Leader election won for term 2
I20260710 11:03:45.400959 16682 raft_consensus.cc:697] T b907b6b5d8e146d5934a39a4404c69e7 P aeabee34a10044bd8d0ed300150d66c7 [term 2 LEADER]: Becoming Leader. State: Replica: aeabee34a10044bd8d0ed300150d66c7, State: Running, Role: LEADER
I20260710 11:03:45.400869 16431 raft_consensus.cc:2468] T b907b6b5d8e146d5934a39a4404c69e7 P 9b9a6d2fb9194bf7a29a28b9b18f2e98 [term 2 FOLLOWER]: Leader election vote request: Granting yes vote for candidate aeabee34a10044bd8d0ed300150d66c7 in term 2.
I20260710 11:03:45.401821 16682 consensus_queue.cc:237] T b907b6b5d8e146d5934a39a4404c69e7 P aeabee34a10044bd8d0ed300150d66c7 [LEADER]: Queue going to LEADER mode. State: All replicated index: 0, Majority replicated index: 1, Committed index: 1, Last appended: 1.1, Last appended by leader: 1, Current term: 2, Majority size: 2, State: 0, Mode: LEADER, active raft config: opid_index: -1 OBSOLETE_local: false peers { permanent_uuid: "9b9a6d2fb9194bf7a29a28b9b18f2e98" member_type: VOTER last_known_addr { host: "127.15.110.65" port: 38657 } } peers { permanent_uuid: "ea81a8edaab04ab1a9bffd7eca9f6308" member_type: VOTER last_known_addr { host: "127.15.110.66" port: 40649 } } peers { permanent_uuid: "aeabee34a10044bd8d0ed300150d66c7" member_type: VOTER last_known_addr { host: "127.15.110.67" port: 44199 } }
I20260710 11:03:45.409477 16328 catalog_manager.cc:5697] T b907b6b5d8e146d5934a39a4404c69e7 P aeabee34a10044bd8d0ed300150d66c7 reported cstate change: term changed from 1 to 2, leader changed from ea81a8edaab04ab1a9bffd7eca9f6308 (127.15.110.66) to aeabee34a10044bd8d0ed300150d66c7 (127.15.110.67). New cstate: current_term: 2 leader_uuid: "aeabee34a10044bd8d0ed300150d66c7" committed_config { opid_index: -1 OBSOLETE_local: false peers { permanent_uuid: "9b9a6d2fb9194bf7a29a28b9b18f2e98" member_type: VOTER last_known_addr { host: "127.15.110.65" port: 38657 } health_report { overall_health: UNKNOWN } } peers { permanent_uuid: "ea81a8edaab04ab1a9bffd7eca9f6308" member_type: VOTER last_known_addr { host: "127.15.110.66" port: 40649 } health_report { overall_health: UNKNOWN } } peers { permanent_uuid: "aeabee34a10044bd8d0ed300150d66c7" member_type: VOTER last_known_addr { host: "127.15.110.67" port: 44199 } health_report { overall_health: HEALTHY } } }
I20260710 11:03:45.541366 16431 raft_consensus.cc:1275] T dc63b08a89384f3d8c25b02156619254 P 9b9a6d2fb9194bf7a29a28b9b18f2e98 [term 2 FOLLOWER]: Refusing update from remote peer ea81a8edaab04ab1a9bffd7eca9f6308: Log matching property violated. Preceding OpId in replica: term: 1 index: 1. Preceding OpId from leader: term: 2 index: 2. (index mismatch)
I20260710 11:03:45.542685 16626 consensus_queue.cc:1048] T dc63b08a89384f3d8c25b02156619254 P ea81a8edaab04ab1a9bffd7eca9f6308 [LEADER]: Connected to new peer: Peer: permanent_uuid: "9b9a6d2fb9194bf7a29a28b9b18f2e98" member_type: VOTER last_known_addr { host: "127.15.110.65" port: 38657 }, Status: LMP_MISMATCH, Last received: 0.0, Next index: 2, Last known committed idx: 1, Time since last communication: 0.000s
I20260710 11:03:45.558079 16574 raft_consensus.cc:1275] T dc63b08a89384f3d8c25b02156619254 P aeabee34a10044bd8d0ed300150d66c7 [term 2 FOLLOWER]: Refusing update from remote peer ea81a8edaab04ab1a9bffd7eca9f6308: Log matching property violated. Preceding OpId in replica: term: 1 index: 1. Preceding OpId from leader: term: 2 index: 2. (index mismatch)
I20260710 11:03:45.560724 16675 consensus_queue.cc:1048] T dc63b08a89384f3d8c25b02156619254 P ea81a8edaab04ab1a9bffd7eca9f6308 [LEADER]: Connected to new peer: Peer: permanent_uuid: "aeabee34a10044bd8d0ed300150d66c7" member_type: VOTER last_known_addr { host: "127.15.110.67" port: 44199 }, Status: LMP_MISMATCH, Last received: 0.0, Next index: 2, Last known committed idx: 1, Time since last communication: 0.000s
I20260710 11:03:45.591641 16574 raft_consensus.cc:3060] T 73c7fb65a0e7464ca0543ec5186f6840 P aeabee34a10044bd8d0ed300150d66c7 [term 1 FOLLOWER]: Advancing to term 2
I20260710 11:03:45.596323 16574 raft_consensus.cc:1275] T 73c7fb65a0e7464ca0543ec5186f6840 P aeabee34a10044bd8d0ed300150d66c7 [term 2 FOLLOWER]: Refusing update from remote peer 9b9a6d2fb9194bf7a29a28b9b18f2e98: Log matching property violated. Preceding OpId in replica: term: 1 index: 1. Preceding OpId from leader: term: 2 index: 2. (index mismatch)
I20260710 11:03:45.597457 16672 consensus_queue.cc:1048] T 73c7fb65a0e7464ca0543ec5186f6840 P 9b9a6d2fb9194bf7a29a28b9b18f2e98 [LEADER]: Connected to new peer: Peer: permanent_uuid: "aeabee34a10044bd8d0ed300150d66c7" member_type: VOTER last_known_addr { host: "127.15.110.67" port: 44199 }, Status: LMP_MISMATCH, Last received: 0.0, Next index: 2, Last known committed idx: 1, Time since last communication: 0.000s
I20260710 11:03:45.601814 16508 raft_consensus.cc:1275] T 73c7fb65a0e7464ca0543ec5186f6840 P ea81a8edaab04ab1a9bffd7eca9f6308 [term 2 FOLLOWER]: Refusing update from remote peer 9b9a6d2fb9194bf7a29a28b9b18f2e98: Log matching property violated. Preceding OpId in replica: term: 1 index: 1. Preceding OpId from leader: term: 2 index: 2. (index mismatch)
I20260710 11:03:45.603395 16627 consensus_queue.cc:1048] T 73c7fb65a0e7464ca0543ec5186f6840 P 9b9a6d2fb9194bf7a29a28b9b18f2e98 [LEADER]: Connected to new peer: Peer: permanent_uuid: "ea81a8edaab04ab1a9bffd7eca9f6308" member_type: VOTER last_known_addr { host: "127.15.110.66" port: 40649 }, Status: LMP_MISMATCH, Last received: 0.0, Next index: 2, Last known committed idx: 1, Time since last communication: 0.000s
I20260710 11:03:45.622598 16508 raft_consensus.cc:1275] T c7c921438a484ba5b608677cc4b7bb84 P ea81a8edaab04ab1a9bffd7eca9f6308 [term 2 FOLLOWER]: Refusing update from remote peer 9b9a6d2fb9194bf7a29a28b9b18f2e98: Log matching property violated. Preceding OpId in replica: term: 1 index: 1. Preceding OpId from leader: term: 2 index: 2. (index mismatch)
I20260710 11:03:45.623917 16730 consensus_queue.cc:1048] T c7c921438a484ba5b608677cc4b7bb84 P 9b9a6d2fb9194bf7a29a28b9b18f2e98 [LEADER]: Connected to new peer: Peer: permanent_uuid: "ea81a8edaab04ab1a9bffd7eca9f6308" member_type: VOTER last_known_addr { host: "127.15.110.66" port: 40649 }, Status: LMP_MISMATCH, Last received: 0.0, Next index: 2, Last known committed idx: 1, Time since last communication: 0.000s
I20260710 11:03:45.634038 16574 raft_consensus.cc:1275] T c7c921438a484ba5b608677cc4b7bb84 P aeabee34a10044bd8d0ed300150d66c7 [term 2 FOLLOWER]: Refusing update from remote peer 9b9a6d2fb9194bf7a29a28b9b18f2e98: Log matching property violated. Preceding OpId in replica: term: 1 index: 1. Preceding OpId from leader: term: 2 index: 2. (index mismatch)
I20260710 11:03:45.635682 16627 consensus_queue.cc:1048] T c7c921438a484ba5b608677cc4b7bb84 P 9b9a6d2fb9194bf7a29a28b9b18f2e98 [LEADER]: Connected to new peer: Peer: permanent_uuid: "aeabee34a10044bd8d0ed300150d66c7" member_type: VOTER last_known_addr { host: "127.15.110.67" port: 44199 }, Status: LMP_MISMATCH, Last received: 0.0, Next index: 2, Last known committed idx: 1, Time since last communication: 0.000s
I20260710 11:03:45.655071 16508 raft_consensus.cc:1275] T 04536344c6cc44cc949fe12d36dc86b2 P ea81a8edaab04ab1a9bffd7eca9f6308 [term 2 FOLLOWER]: Refusing update from remote peer 9b9a6d2fb9194bf7a29a28b9b18f2e98: Log matching property violated. Preceding OpId in replica: term: 1 index: 1. Preceding OpId from leader: term: 2 index: 2. (index mismatch)
I20260710 11:03:45.656359 16627 consensus_queue.cc:1048] T 04536344c6cc44cc949fe12d36dc86b2 P 9b9a6d2fb9194bf7a29a28b9b18f2e98 [LEADER]: Connected to new peer: Peer: permanent_uuid: "ea81a8edaab04ab1a9bffd7eca9f6308" member_type: VOTER last_known_addr { host: "127.15.110.66" port: 40649 }, Status: LMP_MISMATCH, Last received: 0.0, Next index: 2, Last known committed idx: 1, Time since last communication: 0.000s
I20260710 11:03:45.664392 16574 raft_consensus.cc:1275] T 04536344c6cc44cc949fe12d36dc86b2 P aeabee34a10044bd8d0ed300150d66c7 [term 2 FOLLOWER]: Refusing update from remote peer 9b9a6d2fb9194bf7a29a28b9b18f2e98: Log matching property violated. Preceding OpId in replica: term: 1 index: 1. Preceding OpId from leader: term: 2 index: 2. (index mismatch)
