I20260710 11:00:11.962037 19896 raft_consensus.cc:2955] T 3d816675e8ab4931a177cff54b14778a P 1434e7beb9a54073952261934e62777d [term 1 FOLLOWER]: Committing config change with OpId 1.2: config changed from index -1 to 2, NON_VOTER 820bf934dade480582403d6017cb467f (127.18.88.4) added. New config: { opid_index: 2 OBSOLETE_local: false peers { permanent_uuid: "1434e7beb9a54073952261934e62777d" member_type: VOTER last_known_addr { host: "127.18.88.1" port: 42915 } } peers { permanent_uuid: "f1c405085a574669bd7d3ca6cc8e0237" member_type: VOTER last_known_addr { host: "127.18.88.2" port: 35151 } } peers { permanent_uuid: "59fc256b1c3a4a8aace617aa0ba77644" member_type: VOTER last_known_addr { host: "127.18.88.3" port: 45509 } attrs { replace: true } } peers { permanent_uuid: "820bf934dade480582403d6017cb467f" member_type: NON_VOTER last_known_addr { host: "127.18.88.4" port: 36747 } attrs { promote: true } } }
I20260710 11:00:11.971227 19793 catalog_manager.cc:5697] T 3d816675e8ab4931a177cff54b14778a P 59fc256b1c3a4a8aace617aa0ba77644 reported cstate change: config changed from index -1 to 2, NON_VOTER 820bf934dade480582403d6017cb467f (127.18.88.4) added. New cstate: current_term: 1 leader_uuid: "f1c405085a574669bd7d3ca6cc8e0237" committed_config { opid_index: 2 OBSOLETE_local: false peers { permanent_uuid: "1434e7beb9a54073952261934e62777d" member_type: VOTER last_known_addr { host: "127.18.88.1" port: 42915 } } peers { permanent_uuid: "f1c405085a574669bd7d3ca6cc8e0237" member_type: VOTER last_known_addr { host: "127.18.88.2" port: 35151 } } peers { permanent_uuid: "59fc256b1c3a4a8aace617aa0ba77644" member_type: VOTER last_known_addr { host: "127.18.88.3" port: 45509 } attrs { replace: true } } peers { permanent_uuid: "820bf934dade480582403d6017cb467f" member_type: NON_VOTER last_known_addr { host: "127.18.88.4" port: 36747 } attrs { promote: true } } }
I20260710 11:00:12.318761 20502 ts_tablet_manager.cc:933] T 74edf9bec8dd45c1b5b6937c2538aadf P 820bf934dade480582403d6017cb467f: Initiating tablet copy from peer 59fc256b1c3a4a8aace617aa0ba77644 (127.18.88.3:45509)
I20260710 11:00:12.320501 20502 tablet_copy_client.cc:323] T 74edf9bec8dd45c1b5b6937c2538aadf P 820bf934dade480582403d6017cb467f: tablet copy: Beginning tablet copy session from remote peer at address 127.18.88.3:45509
I20260710 11:00:12.321790 20055 tablet_copy_service.cc:140] P 59fc256b1c3a4a8aace617aa0ba77644: Received BeginTabletCopySession request for tablet 74edf9bec8dd45c1b5b6937c2538aadf from peer 820bf934dade480582403d6017cb467f ({username='slave'} at 127.0.0.1:35868)
I20260710 11:00:12.322175 20055 tablet_copy_service.cc:161] P 59fc256b1c3a4a8aace617aa0ba77644: Beginning new tablet copy session on tablet 74edf9bec8dd45c1b5b6937c2538aadf from peer 820bf934dade480582403d6017cb467f at {username='slave'} at 127.0.0.1:35868: session id = 820bf934dade480582403d6017cb467f-74edf9bec8dd45c1b5b6937c2538aadf
I20260710 11:00:12.327039 20055 tablet_copy_source_session.cc:215] T 74edf9bec8dd45c1b5b6937c2538aadf P 59fc256b1c3a4a8aace617aa0ba77644: Tablet Copy: opened 0 blocks and 1 log segments
I20260710 11:00:12.330114 20502 data_dirs.cc:400] Could only allocate 1 dirs of requested 3 for tablet 74edf9bec8dd45c1b5b6937c2538aadf. 1 dirs total, 0 dirs full, 0 dirs failed
I20260710 11:00:12.344588 20502 tablet_copy_client.cc:806] T 74edf9bec8dd45c1b5b6937c2538aadf P 820bf934dade480582403d6017cb467f: tablet copy: Starting download of 0 data blocks...
I20260710 11:00:12.345099 20502 tablet_copy_client.cc:670] T 74edf9bec8dd45c1b5b6937c2538aadf P 820bf934dade480582403d6017cb467f: tablet copy: Starting download of 1 WAL segments...
I20260710 11:00:12.348032 20502 tablet_copy_client.cc:538] T 74edf9bec8dd45c1b5b6937c2538aadf P 820bf934dade480582403d6017cb467f: tablet copy: Tablet Copy complete. Replacing tablet superblock.
I20260710 11:00:12.355926 20502 tablet_bootstrap.cc:492] T 74edf9bec8dd45c1b5b6937c2538aadf P 820bf934dade480582403d6017cb467f: Bootstrap starting.
I20260710 11:00:12.369537 20504 ts_tablet_manager.cc:933] T d55ce7b927f445149d81b0f00e8e7357 P 820bf934dade480582403d6017cb467f: Initiating tablet copy from peer f1c405085a574669bd7d3ca6cc8e0237 (127.18.88.2:35151)
I20260710 11:00:12.372046 20504 tablet_copy_client.cc:323] T d55ce7b927f445149d81b0f00e8e7357 P 820bf934dade480582403d6017cb467f: tablet copy: Beginning tablet copy session from remote peer at address 127.18.88.2:35151
I20260710 11:00:12.373584 19981 tablet_copy_service.cc:140] P f1c405085a574669bd7d3ca6cc8e0237: Received BeginTabletCopySession request for tablet d55ce7b927f445149d81b0f00e8e7357 from peer 820bf934dade480582403d6017cb467f ({username='slave'} at 127.0.0.1:49100)
I20260710 11:00:12.374126 19981 tablet_copy_service.cc:161] P f1c405085a574669bd7d3ca6cc8e0237: Beginning new tablet copy session on tablet d55ce7b927f445149d81b0f00e8e7357 from peer 820bf934dade480582403d6017cb467f at {username='slave'} at 127.0.0.1:49100: session id = 820bf934dade480582403d6017cb467f-d55ce7b927f445149d81b0f00e8e7357
I20260710 11:00:12.377800 20502 tablet_bootstrap.cc:492] T 74edf9bec8dd45c1b5b6937c2538aadf P 820bf934dade480582403d6017cb467f: Bootstrap replayed 1/1 log segments. Stats: ops{read=2 overwritten=0 applied=2 ignored=0} inserts{seen=0 ignored=0} mutations{seen=0 ignored=0} orphaned_commits=0. Pending: 0 replicates
I20260710 11:00:12.378701 20502 tablet_bootstrap.cc:492] T 74edf9bec8dd45c1b5b6937c2538aadf P 820bf934dade480582403d6017cb467f: Bootstrap complete.
I20260710 11:00:12.379281 20502 ts_tablet_manager.cc:1403] T 74edf9bec8dd45c1b5b6937c2538aadf P 820bf934dade480582403d6017cb467f: Time spent bootstrapping tablet: real 0.024s	user 0.023s	sys 0.000s
I20260710 11:00:12.381309 19981 tablet_copy_source_session.cc:215] T d55ce7b927f445149d81b0f00e8e7357 P f1c405085a574669bd7d3ca6cc8e0237: Tablet Copy: opened 0 blocks and 1 log segments
I20260710 11:00:12.381980 20502 raft_consensus.cc:359] T 74edf9bec8dd45c1b5b6937c2538aadf P 820bf934dade480582403d6017cb467f [term 1 LEARNER]: Replica starting. Triggering 0 pending ops. Active config: opid_index: 2 OBSOLETE_local: false peers { permanent_uuid: "1434e7beb9a54073952261934e62777d" member_type: VOTER last_known_addr { host: "127.18.88.1" port: 42915 } attrs { replace: true } } peers { permanent_uuid: "f1c405085a574669bd7d3ca6cc8e0237" member_type: VOTER last_known_addr { host: "127.18.88.2" port: 35151 } } peers { permanent_uuid: "59fc256b1c3a4a8aace617aa0ba77644" member_type: VOTER last_known_addr { host: "127.18.88.3" port: 45509 } } peers { permanent_uuid: "820bf934dade480582403d6017cb467f" member_type: NON_VOTER last_known_addr { host: "127.18.88.4" port: 36747 } attrs { promote: true } }
I20260710 11:00:12.382726 20502 raft_consensus.cc:740] T 74edf9bec8dd45c1b5b6937c2538aadf P 820bf934dade480582403d6017cb467f [term 1 LEARNER]: Becoming Follower/Learner. State: Replica: 820bf934dade480582403d6017cb467f, State: Initialized, Role: LEARNER
I20260710 11:00:12.383299 20502 consensus_queue.cc:260] T 74edf9bec8dd45c1b5b6937c2538aadf P 820bf934dade480582403d6017cb467f [NON_LEADER]: Queue going to NON_LEADER mode. State: All replicated index: 0, Majority replicated index: 0, Committed index: 2, Last appended: 1.2, Last appended by leader: 2, Current term: 0, Majority size: -1, State: 0, Mode: NON_LEADER, active raft config: opid_index: 2 OBSOLETE_local: false peers { permanent_uuid: "1434e7beb9a54073952261934e62777d" member_type: VOTER last_known_addr { host: "127.18.88.1" port: 42915 } attrs { replace: true } } peers { permanent_uuid: "f1c405085a574669bd7d3ca6cc8e0237" member_type: VOTER last_known_addr { host: "127.18.88.2" port: 35151 } } peers { permanent_uuid: "59fc256b1c3a4a8aace617aa0ba77644" member_type: VOTER last_known_addr { host: "127.18.88.3" port: 45509 } } peers { permanent_uuid: "820bf934dade480582403d6017cb467f" member_type: NON_VOTER last_known_addr { host: "127.18.88.4" port: 36747 } attrs { promote: true } }
I20260710 11:00:12.384280 20504 data_dirs.cc:400] Could only allocate 1 dirs of requested 3 for tablet d55ce7b927f445149d81b0f00e8e7357. 1 dirs total, 0 dirs full, 0 dirs failed
I20260710 11:00:12.386013 20502 ts_tablet_manager.cc:1434] T 74edf9bec8dd45c1b5b6937c2538aadf P 820bf934dade480582403d6017cb467f: Time spent starting tablet: real 0.006s	user 0.000s	sys 0.006s
I20260710 11:00:12.387832 20055 tablet_copy_service.cc:342] P 59fc256b1c3a4a8aace617aa0ba77644: Request end of tablet copy session 820bf934dade480582403d6017cb467f-74edf9bec8dd45c1b5b6937c2538aadf received from {username='slave'} at 127.0.0.1:35868
I20260710 11:00:12.388221 20055 tablet_copy_service.cc:434] P 59fc256b1c3a4a8aace617aa0ba77644: ending tablet copy session 820bf934dade480582403d6017cb467f-74edf9bec8dd45c1b5b6937c2538aadf on tablet 74edf9bec8dd45c1b5b6937c2538aadf with peer 820bf934dade480582403d6017cb467f
I20260710 11:00:12.396759 20502 ts_tablet_manager.cc:933] T 8052339bb3614e8697c9e79e253d7c03 P 820bf934dade480582403d6017cb467f: Initiating tablet copy from peer 1434e7beb9a54073952261934e62777d (127.18.88.1:42915)
I20260710 11:00:12.400058 20502 tablet_copy_client.cc:323] T 8052339bb3614e8697c9e79e253d7c03 P 820bf934dade480582403d6017cb467f: tablet copy: Beginning tablet copy session from remote peer at address 127.18.88.1:42915
I20260710 11:00:12.402017 19906 tablet_copy_service.cc:140] P 1434e7beb9a54073952261934e62777d: Received BeginTabletCopySession request for tablet 8052339bb3614e8697c9e79e253d7c03 from peer 820bf934dade480582403d6017cb467f ({username='slave'} at 127.0.0.1:36782)
I20260710 11:00:12.402562 19906 tablet_copy_service.cc:161] P 1434e7beb9a54073952261934e62777d: Beginning new tablet copy session on tablet 8052339bb3614e8697c9e79e253d7c03 from peer 820bf934dade480582403d6017cb467f at {username='slave'} at 127.0.0.1:36782: session id = 820bf934dade480582403d6017cb467f-8052339bb3614e8697c9e79e253d7c03
I20260710 11:00:12.405680 20504 tablet_copy_client.cc:806] T d55ce7b927f445149d81b0f00e8e7357 P 820bf934dade480582403d6017cb467f: tablet copy: Starting download of 0 data blocks...
I20260710 11:00:12.406215 20504 tablet_copy_client.cc:670] T d55ce7b927f445149d81b0f00e8e7357 P 820bf934dade480582403d6017cb467f: tablet copy: Starting download of 1 WAL segments...
I20260710 11:00:12.409080 19906 tablet_copy_source_session.cc:215] T 8052339bb3614e8697c9e79e253d7c03 P 1434e7beb9a54073952261934e62777d: Tablet Copy: opened 0 blocks and 1 log segments
I20260710 11:00:12.413342 20502 data_dirs.cc:400] Could only allocate 1 dirs of requested 3 for tablet 8052339bb3614e8697c9e79e253d7c03. 1 dirs total, 0 dirs full, 0 dirs failed
I20260710 11:00:12.414201 20504 tablet_copy_client.cc:538] T d55ce7b927f445149d81b0f00e8e7357 P 820bf934dade480582403d6017cb467f: tablet copy: Tablet Copy complete. Replacing tablet superblock.
I20260710 11:00:12.424063 20504 tablet_bootstrap.cc:492] T d55ce7b927f445149d81b0f00e8e7357 P 820bf934dade480582403d6017cb467f: Bootstrap starting.
I20260710 11:00:12.427536 20502 tablet_copy_client.cc:806] T 8052339bb3614e8697c9e79e253d7c03 P 820bf934dade480582403d6017cb467f: tablet copy: Starting download of 0 data blocks...
I20260710 11:00:12.428090 20502 tablet_copy_client.cc:670] T 8052339bb3614e8697c9e79e253d7c03 P 820bf934dade480582403d6017cb467f: tablet copy: Starting download of 1 WAL segments...
I20260710 11:00:12.431990 20502 tablet_copy_client.cc:538] T 8052339bb3614e8697c9e79e253d7c03 P 820bf934dade480582403d6017cb467f: tablet copy: Tablet Copy complete. Replacing tablet superblock.
I20260710 11:00:12.440550 20502 tablet_bootstrap.cc:492] T 8052339bb3614e8697c9e79e253d7c03 P 820bf934dade480582403d6017cb467f: Bootstrap starting.
I20260710 11:00:12.446715 20504 tablet_bootstrap.cc:492] T d55ce7b927f445149d81b0f00e8e7357 P 820bf934dade480582403d6017cb467f: Bootstrap replayed 1/1 log segments. Stats: ops{read=2 overwritten=0 applied=2 ignored=0} inserts{seen=0 ignored=0} mutations{seen=0 ignored=0} orphaned_commits=0. Pending: 0 replicates
I20260710 11:00:12.447527 20504 tablet_bootstrap.cc:492] T d55ce7b927f445149d81b0f00e8e7357 P 820bf934dade480582403d6017cb467f: Bootstrap complete.
I20260710 11:00:12.448158 20504 ts_tablet_manager.cc:1403] T d55ce7b927f445149d81b0f00e8e7357 P 820bf934dade480582403d6017cb467f: Time spent bootstrapping tablet: real 0.024s	user 0.022s	sys 0.000s
I20260710 11:00:12.450968 20504 raft_consensus.cc:359] T d55ce7b927f445149d81b0f00e8e7357 P 820bf934dade480582403d6017cb467f [term 1 LEARNER]: Replica starting. Triggering 0 pending ops. Active config: opid_index: 2 OBSOLETE_local: false peers { permanent_uuid: "1434e7beb9a54073952261934e62777d" member_type: VOTER last_known_addr { host: "127.18.88.1" port: 42915 } attrs { replace: true } } peers { permanent_uuid: "f1c405085a574669bd7d3ca6cc8e0237" member_type: VOTER last_known_addr { host: "127.18.88.2" port: 35151 } } peers { permanent_uuid: "59fc256b1c3a4a8aace617aa0ba77644" member_type: VOTER last_known_addr { host: "127.18.88.3" port: 45509 } } peers { permanent_uuid: "820bf934dade480582403d6017cb467f" member_type: NON_VOTER last_known_addr { host: "127.18.88.4" port: 36747 } attrs { promote: true } }
I20260710 11:00:12.451740 20504 raft_consensus.cc:740] T d55ce7b927f445149d81b0f00e8e7357 P 820bf934dade480582403d6017cb467f [term 1 LEARNER]: Becoming Follower/Learner. State: Replica: 820bf934dade480582403d6017cb467f, State: Initialized, Role: LEARNER
I20260710 11:00:12.452376 20504 consensus_queue.cc:260] T d55ce7b927f445149d81b0f00e8e7357 P 820bf934dade480582403d6017cb467f [NON_LEADER]: Queue going to NON_LEADER mode. State: All replicated index: 0, Majority replicated index: 0, Committed index: 2, Last appended: 1.2, Last appended by leader: 2, Current term: 0, Majority size: -1, State: 0, Mode: NON_LEADER, active raft config: opid_index: 2 OBSOLETE_local: false peers { permanent_uuid: "1434e7beb9a54073952261934e62777d" member_type: VOTER last_known_addr { host: "127.18.88.1" port: 42915 } attrs { replace: true } } peers { permanent_uuid: "f1c405085a574669bd7d3ca6cc8e0237" member_type: VOTER last_known_addr { host: "127.18.88.2" port: 35151 } } peers { permanent_uuid: "59fc256b1c3a4a8aace617aa0ba77644" member_type: VOTER last_known_addr { host: "127.18.88.3" port: 45509 } } peers { permanent_uuid: "820bf934dade480582403d6017cb467f" member_type: NON_VOTER last_known_addr { host: "127.18.88.4" port: 36747 } attrs { promote: true } }
I20260710 11:00:12.454615 20504 ts_tablet_manager.cc:1434] T d55ce7b927f445149d81b0f00e8e7357 P 820bf934dade480582403d6017cb467f: Time spent starting tablet: real 0.006s	user 0.004s	sys 0.000s
I20260710 11:00:12.456140 19981 tablet_copy_service.cc:342] P f1c405085a574669bd7d3ca6cc8e0237: Request end of tablet copy session 820bf934dade480582403d6017cb467f-d55ce7b927f445149d81b0f00e8e7357 received from {username='slave'} at 127.0.0.1:49100
I20260710 11:00:12.456524 19981 tablet_copy_service.cc:434] P f1c405085a574669bd7d3ca6cc8e0237: ending tablet copy session 820bf934dade480582403d6017cb467f-d55ce7b927f445149d81b0f00e8e7357 on tablet d55ce7b927f445149d81b0f00e8e7357 with peer 820bf934dade480582403d6017cb467f
I20260710 11:00:12.460353 20502 tablet_bootstrap.cc:492] T 8052339bb3614e8697c9e79e253d7c03 P 820bf934dade480582403d6017cb467f: Bootstrap replayed 1/1 log segments. Stats: ops{read=2 overwritten=0 applied=2 ignored=0} inserts{seen=0 ignored=0} mutations{seen=0 ignored=0} orphaned_commits=0. Pending: 0 replicates
I20260710 11:00:12.461155 20502 tablet_bootstrap.cc:492] T 8052339bb3614e8697c9e79e253d7c03 P 820bf934dade480582403d6017cb467f: Bootstrap complete.
I20260710 11:00:12.461751 20502 ts_tablet_manager.cc:1403] T 8052339bb3614e8697c9e79e253d7c03 P 820bf934dade480582403d6017cb467f: Time spent bootstrapping tablet: real 0.021s	user 0.018s	sys 0.000s
I20260710 11:00:12.464527 20502 raft_consensus.cc:359] T 8052339bb3614e8697c9e79e253d7c03 P 820bf934dade480582403d6017cb467f [term 1 LEARNER]: Replica starting. Triggering 0 pending ops. Active config: opid_index: 2 OBSOLETE_local: false peers { permanent_uuid: "1434e7beb9a54073952261934e62777d" member_type: VOTER last_known_addr { host: "127.18.88.1" port: 42915 } } peers { permanent_uuid: "f1c405085a574669bd7d3ca6cc8e0237" member_type: VOTER last_known_addr { host: "127.18.88.2" port: 35151 } attrs { replace: true } } peers { permanent_uuid: "59fc256b1c3a4a8aace617aa0ba77644" member_type: VOTER last_known_addr { host: "127.18.88.3" port: 45509 } } peers { permanent_uuid: "820bf934dade480582403d6017cb467f" member_type: NON_VOTER last_known_addr { host: "127.18.88.4" port: 36747 } attrs { promote: true } }
I20260710 11:00:12.465277 20502 raft_consensus.cc:740] T 8052339bb3614e8697c9e79e253d7c03 P 820bf934dade480582403d6017cb467f [term 1 LEARNER]: Becoming Follower/Learner. State: Replica: 820bf934dade480582403d6017cb467f, State: Initialized, Role: LEARNER
I20260710 11:00:12.465844 20502 consensus_queue.cc:260] T 8052339bb3614e8697c9e79e253d7c03 P 820bf934dade480582403d6017cb467f [NON_LEADER]: Queue going to NON_LEADER mode. State: All replicated index: 0, Majority replicated index: 0, Committed index: 2, Last appended: 1.2, Last appended by leader: 2, Current term: 0, Majority size: -1, State: 0, Mode: NON_LEADER, active raft config: opid_index: 2 OBSOLETE_local: false peers { permanent_uuid: "1434e7beb9a54073952261934e62777d" member_type: VOTER last_known_addr { host: "127.18.88.1" port: 42915 } } peers { permanent_uuid: "f1c405085a574669bd7d3ca6cc8e0237" member_type: VOTER last_known_addr { host: "127.18.88.2" port: 35151 } attrs { replace: true } } peers { permanent_uuid: "59fc256b1c3a4a8aace617aa0ba77644" member_type: VOTER last_known_addr { host: "127.18.88.3" port: 45509 } } peers { permanent_uuid: "820bf934dade480582403d6017cb467f" member_type: NON_VOTER last_known_addr { host: "127.18.88.4" port: 36747 } attrs { promote: true } }
I20260710 11:00:12.468175 20502 ts_tablet_manager.cc:1434] T 8052339bb3614e8697c9e79e253d7c03 P 820bf934dade480582403d6017cb467f: Time spent starting tablet: real 0.006s	user 0.008s	sys 0.000s
I20260710 11:00:12.469729 19906 tablet_copy_service.cc:342] P 1434e7beb9a54073952261934e62777d: Request end of tablet copy session 820bf934dade480582403d6017cb467f-8052339bb3614e8697c9e79e253d7c03 received from {username='slave'} at 127.0.0.1:36782
I20260710 11:00:12.470125 19906 tablet_copy_service.cc:434] P 1434e7beb9a54073952261934e62777d: ending tablet copy session 820bf934dade480582403d6017cb467f-8052339bb3614e8697c9e79e253d7c03 on tablet 8052339bb3614e8697c9e79e253d7c03 with peer 820bf934dade480582403d6017cb467f
I20260710 11:00:12.564033 20502 ts_tablet_manager.cc:933] T 3d816675e8ab4931a177cff54b14778a P 820bf934dade480582403d6017cb467f: Initiating tablet copy from peer f1c405085a574669bd7d3ca6cc8e0237 (127.18.88.2:35151)
I20260710 11:00:12.565510 20502 tablet_copy_client.cc:323] T 3d816675e8ab4931a177cff54b14778a P 820bf934dade480582403d6017cb467f: tablet copy: Beginning tablet copy session from remote peer at address 127.18.88.2:35151
I20260710 11:00:12.566965 19981 tablet_copy_service.cc:140] P f1c405085a574669bd7d3ca6cc8e0237: Received BeginTabletCopySession request for tablet 3d816675e8ab4931a177cff54b14778a from peer 820bf934dade480582403d6017cb467f ({username='slave'} at 127.0.0.1:49100)
I20260710 11:00:12.567380 19981 tablet_copy_service.cc:161] P f1c405085a574669bd7d3ca6cc8e0237: Beginning new tablet copy session on tablet 3d816675e8ab4931a177cff54b14778a from peer 820bf934dade480582403d6017cb467f at {username='slave'} at 127.0.0.1:49100: session id = 820bf934dade480582403d6017cb467f-3d816675e8ab4931a177cff54b14778a
I20260710 11:00:12.572196 19981 tablet_copy_source_session.cc:215] T 3d816675e8ab4931a177cff54b14778a P f1c405085a574669bd7d3ca6cc8e0237: Tablet Copy: opened 0 blocks and 1 log segments
I20260710 11:00:12.574753 20502 data_dirs.cc:400] Could only allocate 1 dirs of requested 3 for tablet 3d816675e8ab4931a177cff54b14778a. 1 dirs total, 0 dirs full, 0 dirs failed
I20260710 11:00:12.588635 20502 tablet_copy_client.cc:806] T 3d816675e8ab4931a177cff54b14778a P 820bf934dade480582403d6017cb467f: tablet copy: Starting download of 0 data blocks...
I20260710 11:00:12.589088 20502 tablet_copy_client.cc:670] T 3d816675e8ab4931a177cff54b14778a P 820bf934dade480582403d6017cb467f: tablet copy: Starting download of 1 WAL segments...
I20260710 11:00:12.592244 20502 tablet_copy_client.cc:538] T 3d816675e8ab4931a177cff54b14778a P 820bf934dade480582403d6017cb467f: tablet copy: Tablet Copy complete. Replacing tablet superblock.
I20260710 11:00:12.599076 20502 tablet_bootstrap.cc:492] T 3d816675e8ab4931a177cff54b14778a P 820bf934dade480582403d6017cb467f: Bootstrap starting.
I20260710 11:00:12.613499 20502 tablet_bootstrap.cc:492] T 3d816675e8ab4931a177cff54b14778a P 820bf934dade480582403d6017cb467f: Bootstrap replayed 1/1 log segments. Stats: ops{read=2 overwritten=0 applied=2 ignored=0} inserts{seen=0 ignored=0} mutations{seen=0 ignored=0} orphaned_commits=0. Pending: 0 replicates
I20260710 11:00:12.614212 20502 tablet_bootstrap.cc:492] T 3d816675e8ab4931a177cff54b14778a P 820bf934dade480582403d6017cb467f: Bootstrap complete.
I20260710 11:00:12.614627 20502 ts_tablet_manager.cc:1403] T 3d816675e8ab4931a177cff54b14778a P 820bf934dade480582403d6017cb467f: Time spent bootstrapping tablet: real 0.016s	user 0.013s	sys 0.004s
I20260710 11:00:12.616706 20502 raft_consensus.cc:359] T 3d816675e8ab4931a177cff54b14778a P 820bf934dade480582403d6017cb467f [term 1 LEARNER]: Replica starting. Triggering 0 pending ops. Active config: opid_index: 2 OBSOLETE_local: false peers { permanent_uuid: "1434e7beb9a54073952261934e62777d" member_type: VOTER last_known_addr { host: "127.18.88.1" port: 42915 } } peers { permanent_uuid: "f1c405085a574669bd7d3ca6cc8e0237" member_type: VOTER last_known_addr { host: "127.18.88.2" port: 35151 } } peers { permanent_uuid: "59fc256b1c3a4a8aace617aa0ba77644" member_type: VOTER last_known_addr { host: "127.18.88.3" port: 45509 } attrs { replace: true } } peers { permanent_uuid: "820bf934dade480582403d6017cb467f" member_type: NON_VOTER last_known_addr { host: "127.18.88.4" port: 36747 } attrs { promote: true } }
I20260710 11:00:12.617185 20502 raft_consensus.cc:740] T 3d816675e8ab4931a177cff54b14778a P 820bf934dade480582403d6017cb467f [term 1 LEARNER]: Becoming Follower/Learner. State: Replica: 820bf934dade480582403d6017cb467f, State: Initialized, Role: LEARNER
I20260710 11:00:12.617597 20502 consensus_queue.cc:260] T 3d816675e8ab4931a177cff54b14778a P 820bf934dade480582403d6017cb467f [NON_LEADER]: Queue going to NON_LEADER mode. State: All replicated index: 0, Majority replicated index: 0, Committed index: 2, Last appended: 1.2, Last appended by leader: 2, Current term: 0, Majority size: -1, State: 0, Mode: NON_LEADER, active raft config: opid_index: 2 OBSOLETE_local: false peers { permanent_uuid: "1434e7beb9a54073952261934e62777d" member_type: VOTER last_known_addr { host: "127.18.88.1" port: 42915 } } peers { permanent_uuid: "f1c405085a574669bd7d3ca6cc8e0237" member_type: VOTER last_known_addr { host: "127.18.88.2" port: 35151 } } peers { permanent_uuid: "59fc256b1c3a4a8aace617aa0ba77644" member_type: VOTER last_known_addr { host: "127.18.88.3" port: 45509 } attrs { replace: true } } peers { permanent_uuid: "820bf934dade480582403d6017cb467f" member_type: NON_VOTER last_known_addr { host: "127.18.88.4" port: 36747 } attrs { promote: true } }
I20260710 11:00:12.618944 20502 ts_tablet_manager.cc:1434] T 3d816675e8ab4931a177cff54b14778a P 820bf934dade480582403d6017cb467f: Time spent starting tablet: real 0.004s	user 0.002s	sys 0.000s
I20260710 11:00:12.620402 19981 tablet_copy_service.cc:342] P f1c405085a574669bd7d3ca6cc8e0237: Request end of tablet copy session 820bf934dade480582403d6017cb467f-3d816675e8ab4931a177cff54b14778a received from {username='slave'} at 127.0.0.1:49100
I20260710 11:00:12.620764 19981 tablet_copy_service.cc:434] P f1c405085a574669bd7d3ca6cc8e0237: ending tablet copy session 820bf934dade480582403d6017cb467f-3d816675e8ab4931a177cff54b14778a on tablet 3d816675e8ab4931a177cff54b14778a with peer 820bf934dade480582403d6017cb467f
I20260710 11:00:12.793939 20307 raft_consensus.cc:1217] T 8052339bb3614e8697c9e79e253d7c03 P 820bf934dade480582403d6017cb467f [term 1 LEARNER]: Deduplicated request from leader. Original: 1.1->[1.2-1.2]   Dedup: 1.2->[]
I20260710 11:00:12.849699 20307 raft_consensus.cc:1217] T 74edf9bec8dd45c1b5b6937c2538aadf P 820bf934dade480582403d6017cb467f [term 1 LEARNER]: Deduplicated request from leader. Original: 1.1->[1.2-1.2]   Dedup: 1.2->[]
I20260710 11:00:12.860877 20307 raft_consensus.cc:1217] T d55ce7b927f445149d81b0f00e8e7357 P 820bf934dade480582403d6017cb467f [term 1 LEARNER]: Deduplicated request from leader. Original: 1.1->[1.2-1.2]   Dedup: 1.2->[]
I20260710 11:00:13.095323 20307 raft_consensus.cc:1217] T 3d816675e8ab4931a177cff54b14778a P 820bf934dade480582403d6017cb467f [term 1 LEARNER]: Deduplicated request from leader. Original: 1.1->[1.2-1.2]   Dedup: 1.2->[]
I20260710 11:00:13.266507 20515 raft_consensus.cc:1064] T 74edf9bec8dd45c1b5b6937c2538aadf P 59fc256b1c3a4a8aace617aa0ba77644: attempting to promote NON_VOTER 820bf934dade480582403d6017cb467f to VOTER
I20260710 11:00:13.268397 20515 consensus_queue.cc:237] T 74edf9bec8dd45c1b5b6937c2538aadf P 59fc256b1c3a4a8aace617aa0ba77644 [LEADER]: Queue going to LEADER mode. State: All replicated index: 0, Majority replicated index: 2, Committed index: 2, Last appended: 1.2, Last appended by leader: 0, Current term: 1, Majority size: 3, State: 0, Mode: LEADER, active raft config: opid_index: 3 OBSOLETE_local: false peers { permanent_uuid: "1434e7beb9a54073952261934e62777d" member_type: VOTER last_known_addr { host: "127.18.88.1" port: 42915 } attrs { replace: true } } peers { permanent_uuid: "f1c405085a574669bd7d3ca6cc8e0237" member_type: VOTER last_known_addr { host: "127.18.88.2" port: 35151 } } peers { permanent_uuid: "59fc256b1c3a4a8aace617aa0ba77644" member_type: VOTER last_known_addr { host: "127.18.88.3" port: 45509 } } peers { permanent_uuid: "820bf934dade480582403d6017cb467f" member_type: VOTER last_known_addr { host: "127.18.88.4" port: 36747 } attrs { promote: false } }
I20260710 11:00:13.273866 19970 raft_consensus.cc:1275] T 74edf9bec8dd45c1b5b6937c2538aadf P f1c405085a574669bd7d3ca6cc8e0237 [term 1 FOLLOWER]: Refusing update from remote peer 59fc256b1c3a4a8aace617aa0ba77644: Log matching property violated. Preceding OpId in replica: term: 1 index: 2. Preceding OpId from leader: term: 1 index: 3. (index mismatch)
I20260710 11:00:13.273940 20307 raft_consensus.cc:1275] T 74edf9bec8dd45c1b5b6937c2538aadf P 820bf934dade480582403d6017cb467f [term 1 LEARNER]: Refusing update from remote peer 59fc256b1c3a4a8aace617aa0ba77644: Log matching property violated. Preceding OpId in replica: term: 1 index: 2. Preceding OpId from leader: term: 1 index: 3. (index mismatch)
I20260710 11:00:13.275739 20495 consensus_queue.cc:1048] T 74edf9bec8dd45c1b5b6937c2538aadf P 59fc256b1c3a4a8aace617aa0ba77644 [LEADER]: Connected to new peer: Peer: permanent_uuid: "f1c405085a574669bd7d3ca6cc8e0237" member_type: VOTER last_known_addr { host: "127.18.88.2" port: 35151 }, Status: LMP_MISMATCH, Last received: 0.0, Next index: 3, Last known committed idx: 2, Time since last communication: 0.000s
I20260710 11:00:13.276685 20516 consensus_queue.cc:1048] T 74edf9bec8dd45c1b5b6937c2538aadf P 59fc256b1c3a4a8aace617aa0ba77644 [LEADER]: Connected to new peer: Peer: permanent_uuid: "820bf934dade480582403d6017cb467f" member_type: VOTER last_known_addr { host: "127.18.88.4" port: 36747 } attrs { promote: false }, Status: LMP_MISMATCH, Last received: 0.0, Next index: 3, Last known committed idx: 2, Time since last communication: 0.000s
I20260710 11:00:13.277370 19896 raft_consensus.cc:1275] T 74edf9bec8dd45c1b5b6937c2538aadf P 1434e7beb9a54073952261934e62777d [term 1 FOLLOWER]: Refusing update from remote peer 59fc256b1c3a4a8aace617aa0ba77644: Log matching property violated. Preceding OpId in replica: term: 1 index: 2. Preceding OpId from leader: term: 1 index: 3. (index mismatch)
I20260710 11:00:13.278740 20516 consensus_queue.cc:1048] T 74edf9bec8dd45c1b5b6937c2538aadf P 59fc256b1c3a4a8aace617aa0ba77644 [LEADER]: Connected to new peer: Peer: permanent_uuid: "1434e7beb9a54073952261934e62777d" member_type: VOTER last_known_addr { host: "127.18.88.1" port: 42915 } attrs { replace: true }, Status: LMP_MISMATCH, Last received: 0.0, Next index: 3, Last known committed idx: 2, Time since last communication: 0.000s
I20260710 11:00:13.294629 20516 raft_consensus.cc:2955] T 74edf9bec8dd45c1b5b6937c2538aadf P 59fc256b1c3a4a8aace617aa0ba77644 [term 1 LEADER]: Committing config change with OpId 1.3: config changed from index 2 to 3, 820bf934dade480582403d6017cb467f (127.18.88.4) changed from NON_VOTER to VOTER. New config: { opid_index: 3 OBSOLETE_local: false peers { permanent_uuid: "1434e7beb9a54073952261934e62777d" member_type: VOTER last_known_addr { host: "127.18.88.1" port: 42915 } attrs { replace: true } } peers { permanent_uuid: "f1c405085a574669bd7d3ca6cc8e0237" member_type: VOTER last_known_addr { host: "127.18.88.2" port: 35151 } } peers { permanent_uuid: "59fc256b1c3a4a8aace617aa0ba77644" member_type: VOTER last_known_addr { host: "127.18.88.3" port: 45509 } } peers { permanent_uuid: "820bf934dade480582403d6017cb467f" member_type: VOTER last_known_addr { host: "127.18.88.4" port: 36747 } attrs { promote: false } } }
I20260710 11:00:13.300427 19896 raft_consensus.cc:2955] T 74edf9bec8dd45c1b5b6937c2538aadf P 1434e7beb9a54073952261934e62777d [term 1 FOLLOWER]: Committing config change with OpId 1.3: config changed from index 2 to 3, 820bf934dade480582403d6017cb467f (127.18.88.4) changed from NON_VOTER to VOTER. New config: { opid_index: 3 OBSOLETE_local: false peers { permanent_uuid: "1434e7beb9a54073952261934e62777d" member_type: VOTER last_known_addr { host: "127.18.88.1" port: 42915 } attrs { replace: true } } peers { permanent_uuid: "f1c405085a574669bd7d3ca6cc8e0237" member_type: VOTER last_known_addr { host: "127.18.88.2" port: 35151 } } peers { permanent_uuid: "59fc256b1c3a4a8aace617aa0ba77644" member_type: VOTER last_known_addr { host: "127.18.88.3" port: 45509 } } peers { permanent_uuid: "820bf934dade480582403d6017cb467f" member_type: VOTER last_known_addr { host: "127.18.88.4" port: 36747 } attrs { promote: false } } }
I20260710 11:00:13.301302 19970 raft_consensus.cc:2955] T 74edf9bec8dd45c1b5b6937c2538aadf P f1c405085a574669bd7d3ca6cc8e0237 [term 1 FOLLOWER]: Committing config change with OpId 1.3: config changed from index 2 to 3, 820bf934dade480582403d6017cb467f (127.18.88.4) changed from NON_VOTER to VOTER. New config: { opid_index: 3 OBSOLETE_local: false peers { permanent_uuid: "1434e7beb9a54073952261934e62777d" member_type: VOTER last_known_addr { host: "127.18.88.1" port: 42915 } attrs { replace: true } } peers { permanent_uuid: "f1c405085a574669bd7d3ca6cc8e0237" member_type: VOTER last_known_addr { host: "127.18.88.2" port: 35151 } } peers { permanent_uuid: "59fc256b1c3a4a8aace617aa0ba77644" member_type: VOTER last_known_addr { host: "127.18.88.3" port: 45509 } } peers { permanent_uuid: "820bf934dade480582403d6017cb467f" member_type: VOTER last_known_addr { host: "127.18.88.4" port: 36747 } attrs { promote: false } } }
I20260710 11:00:13.304744 20307 raft_consensus.cc:2955] T 74edf9bec8dd45c1b5b6937c2538aadf P 820bf934dade480582403d6017cb467f [term 1 FOLLOWER]: Committing config change with OpId 1.3: config changed from index 2 to 3, 820bf934dade480582403d6017cb467f (127.18.88.4) changed from NON_VOTER to VOTER. New config: { opid_index: 3 OBSOLETE_local: false peers { permanent_uuid: "1434e7beb9a54073952261934e62777d" member_type: VOTER last_known_addr { host: "127.18.88.1" port: 42915 } attrs { replace: true } } peers { permanent_uuid: "f1c405085a574669bd7d3ca6cc8e0237" member_type: VOTER last_known_addr { host: "127.18.88.2" port: 35151 } } peers { permanent_uuid: "59fc256b1c3a4a8aace617aa0ba77644" member_type: VOTER last_known_addr { host: "127.18.88.3" port: 45509 } } peers { permanent_uuid: "820bf934dade480582403d6017cb467f" member_type: VOTER last_known_addr { host: "127.18.88.4" port: 36747 } attrs { promote: false } } }
I20260710 11:00:13.309716 19793 catalog_manager.cc:5697] T 74edf9bec8dd45c1b5b6937c2538aadf P 59fc256b1c3a4a8aace617aa0ba77644 reported cstate change: config changed from index 2 to 3, 820bf934dade480582403d6017cb467f (127.18.88.4) changed from NON_VOTER to VOTER. New cstate: current_term: 1 leader_uuid: "59fc256b1c3a4a8aace617aa0ba77644" committed_config { opid_index: 3 OBSOLETE_local: false peers { permanent_uuid: "1434e7beb9a54073952261934e62777d" member_type: VOTER last_known_addr { host: "127.18.88.1" port: 42915 } attrs { replace: true } health_report { overall_health: HEALTHY } } peers { permanent_uuid: "f1c405085a574669bd7d3ca6cc8e0237" member_type: VOTER last_known_addr { host: "127.18.88.2" port: 35151 } health_report { overall_health: HEALTHY } } peers { permanent_uuid: "59fc256b1c3a4a8aace617aa0ba77644" member_type: VOTER last_known_addr { host: "127.18.88.3" port: 45509 } health_report { overall_health: HEALTHY } } peers { permanent_uuid: "820bf934dade480582403d6017cb467f" member_type: VOTER last_known_addr { host: "127.18.88.4" port: 36747 } attrs { promote: false } health_report { overall_health: HEALTHY } } }
I20260710 11:00:13.335058 20044 consensus_queue.cc:237] T 74edf9bec8dd45c1b5b6937c2538aadf P 59fc256b1c3a4a8aace617aa0ba77644 [LEADER]: Queue going to LEADER mode. State: All replicated index: 0, Majority replicated index: 3, Committed index: 3, Last appended: 1.3, Last appended by leader: 0, Current term: 1, Majority size: 2, State: 0, Mode: LEADER, active raft config: opid_index: 4 OBSOLETE_local: false peers { permanent_uuid: "f1c405085a574669bd7d3ca6cc8e0237" member_type: VOTER last_known_addr { host: "127.18.88.2" port: 35151 } } peers { permanent_uuid: "59fc256b1c3a4a8aace617aa0ba77644" member_type: VOTER last_known_addr { host: "127.18.88.3" port: 45509 } } peers { permanent_uuid: "820bf934dade480582403d6017cb467f" member_type: VOTER last_known_addr { host: "127.18.88.4" port: 36747 } attrs { promote: false } }
I20260710 11:00:13.340698 20307 raft_consensus.cc:1275] T 74edf9bec8dd45c1b5b6937c2538aadf P 820bf934dade480582403d6017cb467f [term 1 FOLLOWER]: Refusing update from remote peer 59fc256b1c3a4a8aace617aa0ba77644: Log matching property violated. Preceding OpId in replica: term: 1 index: 3. Preceding OpId from leader: term: 1 index: 4. (index mismatch)
I20260710 11:00:13.342080 20515 consensus_queue.cc:1048] T 74edf9bec8dd45c1b5b6937c2538aadf P 59fc256b1c3a4a8aace617aa0ba77644 [LEADER]: Connected to new peer: Peer: permanent_uuid: "820bf934dade480582403d6017cb467f" member_type: VOTER last_known_addr { host: "127.18.88.4" port: 36747 } attrs { promote: false }, Status: LMP_MISMATCH, Last received: 0.0, Next index: 4, Last known committed idx: 3, Time since last communication: 0.000s
I20260710 11:00:13.342562 19971 raft_consensus.cc:1275] T 74edf9bec8dd45c1b5b6937c2538aadf P f1c405085a574669bd7d3ca6cc8e0237 [term 1 FOLLOWER]: Refusing update from remote peer 59fc256b1c3a4a8aace617aa0ba77644: Log matching property violated. Preceding OpId in replica: term: 1 index: 3. Preceding OpId from leader: term: 1 index: 4. (index mismatch)
I20260710 11:00:13.347060 20515 consensus_queue.cc:1048] T 74edf9bec8dd45c1b5b6937c2538aadf P 59fc256b1c3a4a8aace617aa0ba77644 [LEADER]: Connected to new peer: Peer: permanent_uuid: "f1c405085a574669bd7d3ca6cc8e0237" member_type: VOTER last_known_addr { host: "127.18.88.2" port: 35151 }, Status: LMP_MISMATCH, Last received: 0.0, Next index: 4, Last known committed idx: 3, Time since last communication: 0.000s
I20260710 11:00:13.348881 20495 raft_consensus.cc:2955] T 74edf9bec8dd45c1b5b6937c2538aadf P 59fc256b1c3a4a8aace617aa0ba77644 [term 1 LEADER]: Committing config change with OpId 1.4: config changed from index 3 to 4, VOTER 1434e7beb9a54073952261934e62777d (127.18.88.1) evicted. New config: { opid_index: 4 OBSOLETE_local: false peers { permanent_uuid: "f1c405085a574669bd7d3ca6cc8e0237" member_type: VOTER last_known_addr { host: "127.18.88.2" port: 35151 } } peers { permanent_uuid: "59fc256b1c3a4a8aace617aa0ba77644" member_type: VOTER last_known_addr { host: "127.18.88.3" port: 45509 } } peers { permanent_uuid: "820bf934dade480582403d6017cb467f" member_type: VOTER last_known_addr { host: "127.18.88.4" port: 36747 } attrs { promote: false } } }
I20260710 11:00:13.351814 20307 raft_consensus.cc:2955] T 74edf9bec8dd45c1b5b6937c2538aadf P 820bf934dade480582403d6017cb467f [term 1 FOLLOWER]: Committing config change with OpId 1.4: config changed from index 3 to 4, VOTER 1434e7beb9a54073952261934e62777d (127.18.88.1) evicted. New config: { opid_index: 4 OBSOLETE_local: false peers { permanent_uuid: "f1c405085a574669bd7d3ca6cc8e0237" member_type: VOTER last_known_addr { host: "127.18.88.2" port: 35151 } } peers { permanent_uuid: "59fc256b1c3a4a8aace617aa0ba77644" member_type: VOTER last_known_addr { host: "127.18.88.3" port: 45509 } } peers { permanent_uuid: "820bf934dade480582403d6017cb467f" member_type: VOTER last_known_addr { host: "127.18.88.4" port: 36747 } attrs { promote: false } } }
I20260710 11:00:13.358108 20451 raft_consensus.cc:1064] T d55ce7b927f445149d81b0f00e8e7357 P f1c405085a574669bd7d3ca6cc8e0237: attempting to promote NON_VOTER 820bf934dade480582403d6017cb467f to VOTER
I20260710 11:00:13.360213 19781 catalog_manager.cc:5210] ChangeConfig:REMOVE_PEER RPC for tablet 74edf9bec8dd45c1b5b6937c2538aadf with cas_config_opid_index 3: ChangeConfig:REMOVE_PEER succeeded (attempt 1)
I20260710 11:00:13.361516 20451 consensus_queue.cc:237] T d55ce7b927f445149d81b0f00e8e7357 P f1c405085a574669bd7d3ca6cc8e0237 [LEADER]: Queue going to LEADER mode. State: All replicated index: 0, Majority replicated index: 2, Committed index: 2, Last appended: 1.2, Last appended by leader: 0, Current term: 1, Majority size: 3, State: 0, Mode: LEADER, active raft config: opid_index: 3 OBSOLETE_local: false peers { permanent_uuid: "1434e7beb9a54073952261934e62777d" member_type: VOTER last_known_addr { host: "127.18.88.1" port: 42915 } attrs { replace: true } } peers { permanent_uuid: "f1c405085a574669bd7d3ca6cc8e0237" member_type: VOTER last_known_addr { host: "127.18.88.2" port: 35151 } } peers { permanent_uuid: "59fc256b1c3a4a8aace617aa0ba77644" member_type: VOTER last_known_addr { host: "127.18.88.3" port: 45509 } } peers { permanent_uuid: "820bf934dade480582403d6017cb467f" member_type: VOTER last_known_addr { host: "127.18.88.4" port: 36747 } attrs { promote: false } }
I20260710 11:00:13.361716 19971 raft_consensus.cc:2955] T 74edf9bec8dd45c1b5b6937c2538aadf P f1c405085a574669bd7d3ca6cc8e0237 [term 1 FOLLOWER]: Committing config change with OpId 1.4: config changed from index 3 to 4, VOTER 1434e7beb9a54073952261934e62777d (127.18.88.1) evicted. New config: { opid_index: 4 OBSOLETE_local: false peers { permanent_uuid: "f1c405085a574669bd7d3ca6cc8e0237" member_type: VOTER last_known_addr { host: "127.18.88.2" port: 35151 } } peers { permanent_uuid: "59fc256b1c3a4a8aace617aa0ba77644" member_type: VOTER last_known_addr { host: "127.18.88.3" port: 45509 } } peers { permanent_uuid: "820bf934dade480582403d6017cb467f" member_type: VOTER last_known_addr { host: "127.18.88.4" port: 36747 } attrs { promote: false } } }
I20260710 11:00:13.364223 19790 catalog_manager.cc:5697] T 74edf9bec8dd45c1b5b6937c2538aadf P 820bf934dade480582403d6017cb467f reported cstate change: config changed from index 3 to 4, VOTER 1434e7beb9a54073952261934e62777d (127.18.88.1) evicted. New cstate: current_term: 1 leader_uuid: "59fc256b1c3a4a8aace617aa0ba77644" committed_config { opid_index: 4 OBSOLETE_local: false peers { permanent_uuid: "f1c405085a574669bd7d3ca6cc8e0237" member_type: VOTER last_known_addr { host: "127.18.88.2" port: 35151 } } peers { permanent_uuid: "59fc256b1c3a4a8aace617aa0ba77644" member_type: VOTER last_known_addr { host: "127.18.88.3" port: 45509 } } peers { permanent_uuid: "820bf934dade480582403d6017cb467f" member_type: VOTER last_known_addr { host: "127.18.88.4" port: 36747 } attrs { promote: false } } }
I20260710 11:00:13.368948 20514 raft_consensus.cc:1064] T 8052339bb3614e8697c9e79e253d7c03 P 1434e7beb9a54073952261934e62777d: attempting to promote NON_VOTER 820bf934dade480582403d6017cb467f to VOTER
I20260710 11:00:13.371477 20514 consensus_queue.cc:237] T 8052339bb3614e8697c9e79e253d7c03 P 1434e7beb9a54073952261934e62777d [LEADER]: Queue going to LEADER mode. State: All replicated index: 0, Majority replicated index: 2, Committed index: 2, Last appended: 1.2, Last appended by leader: 0, Current term: 1, Majority size: 3, State: 0, Mode: LEADER, active raft config: opid_index: 3 OBSOLETE_local: false peers { permanent_uuid: "1434e7beb9a54073952261934e62777d" member_type: VOTER last_known_addr { host: "127.18.88.1" port: 42915 } } peers { permanent_uuid: "f1c405085a574669bd7d3ca6cc8e0237" member_type: VOTER last_known_addr { host: "127.18.88.2" port: 35151 } attrs { replace: true } } peers { permanent_uuid: "59fc256b1c3a4a8aace617aa0ba77644" member_type: VOTER last_known_addr { host: "127.18.88.3" port: 45509 } } peers { permanent_uuid: "820bf934dade480582403d6017cb467f" member_type: VOTER last_known_addr { host: "127.18.88.4" port: 36747 } attrs { promote: false } }
I20260710 11:00:13.383008 19881 tablet_service.cc:1558] Processing DeleteTablet for tablet 74edf9bec8dd45c1b5b6937c2538aadf with delete_type TABLET_DATA_TOMBSTONED (TS 1434e7beb9a54073952261934e62777d not found in new config with opid_index 4) from {username='slave'} at 127.0.0.1:36748
I20260710 11:00:13.385756 20528 tablet_replica.cc:333] T 74edf9bec8dd45c1b5b6937c2538aadf P 1434e7beb9a54073952261934e62777d: stopping tablet replica
I20260710 11:00:13.386826 20528 raft_consensus.cc:2243] T 74edf9bec8dd45c1b5b6937c2538aadf P 1434e7beb9a54073952261934e62777d [term 1 FOLLOWER]: Raft consensus shutting down.
I20260710 11:00:13.388684 20306 raft_consensus.cc:1275] T d55ce7b927f445149d81b0f00e8e7357 P 820bf934dade480582403d6017cb467f [term 1 LEARNER]: Refusing update from remote peer f1c405085a574669bd7d3ca6cc8e0237: Log matching property violated. Preceding OpId in replica: term: 1 index: 2. Preceding OpId from leader: term: 1 index: 3. (index mismatch)
I20260710 11:00:13.390008 19893 raft_consensus.cc:1275] T d55ce7b927f445149d81b0f00e8e7357 P 1434e7beb9a54073952261934e62777d [term 1 FOLLOWER]: Refusing update from remote peer f1c405085a574669bd7d3ca6cc8e0237: Log matching property violated. Preceding OpId in replica: term: 1 index: 2. Preceding OpId from leader: term: 1 index: 3. (index mismatch)
I20260710 11:00:13.392374 20517 consensus_queue.cc:1048] T d55ce7b927f445149d81b0f00e8e7357 P f1c405085a574669bd7d3ca6cc8e0237 [LEADER]: Connected to new peer: Peer: permanent_uuid: "820bf934dade480582403d6017cb467f" member_type: VOTER last_known_addr { host: "127.18.88.4" port: 36747 } attrs { promote: false }, Status: LMP_MISMATCH, Last received: 0.0, Next index: 3, Last known committed idx: 2, Time since last communication: 0.000s
I20260710 11:00:13.392372 20043 raft_consensus.cc:1275] T 8052339bb3614e8697c9e79e253d7c03 P 59fc256b1c3a4a8aace617aa0ba77644 [term 1 FOLLOWER]: Refusing update from remote peer 1434e7beb9a54073952261934e62777d: Log matching property violated. Preceding OpId in replica: term: 1 index: 2. Preceding OpId from leader: term: 1 index: 3. (index mismatch)
I20260710 11:00:13.385689 20044 raft_consensus.cc:1275] T d55ce7b927f445149d81b0f00e8e7357 P 59fc256b1c3a4a8aace617aa0ba77644 [term 1 FOLLOWER]: Refusing update from remote peer f1c405085a574669bd7d3ca6cc8e0237: Log matching property violated. Preceding OpId in replica: term: 1 index: 2. Preceding OpId from leader: term: 1 index: 3. (index mismatch)
I20260710 11:00:13.390987 20307 raft_consensus.cc:1275] T 8052339bb3614e8697c9e79e253d7c03 P 820bf934dade480582403d6017cb467f [term 1 LEARNER]: Refusing update from remote peer 1434e7beb9a54073952261934e62777d: Log matching property violated. Preceding OpId in replica: term: 1 index: 2. Preceding OpId from leader: term: 1 index: 3. (index mismatch)
I20260710 11:00:13.394603 20514 consensus_queue.cc:1048] T 8052339bb3614e8697c9e79e253d7c03 P 1434e7beb9a54073952261934e62777d [LEADER]: Connected to new peer: Peer: permanent_uuid: "59fc256b1c3a4a8aace617aa0ba77644" member_type: VOTER last_known_addr { host: "127.18.88.3" port: 45509 }, Status: LMP_MISMATCH, Last received: 0.0, Next index: 3, Last known committed idx: 2, Time since last communication: 0.000s
I20260710 11:00:13.395969 19971 raft_consensus.cc:1275] T 8052339bb3614e8697c9e79e253d7c03 P f1c405085a574669bd7d3ca6cc8e0237 [term 1 FOLLOWER]: Refusing update from remote peer 1434e7beb9a54073952261934e62777d: Log matching property violated. Preceding OpId in replica: term: 1 index: 2. Preceding OpId from leader: term: 1 index: 3. (index mismatch)
I20260710 11:00:13.397357 20517 consensus_queue.cc:1048] T d55ce7b927f445149d81b0f00e8e7357 P f1c405085a574669bd7d3ca6cc8e0237 [LEADER]: Connected to new peer: Peer: permanent_uuid: "1434e7beb9a54073952261934e62777d" member_type: VOTER last_known_addr { host: "127.18.88.1" port: 42915 } attrs { replace: true }, Status: LMP_MISMATCH, Last received: 0.0, Next index: 3, Last known committed idx: 2, Time since last communication: 0.000s
I20260710 11:00:13.398434 20514 consensus_queue.cc:1048] T 8052339bb3614e8697c9e79e253d7c03 P 1434e7beb9a54073952261934e62777d [LEADER]: Connected to new peer: Peer: permanent_uuid: "f1c405085a574669bd7d3ca6cc8e0237" member_type: VOTER last_known_addr { host: "127.18.88.2" port: 35151 } attrs { replace: true }, Status: LMP_MISMATCH, Last received: 0.0, Next index: 3, Last known committed idx: 2, Time since last communication: 0.000s
I20260710 11:00:13.403942 20451 consensus_queue.cc:1048] T d55ce7b927f445149d81b0f00e8e7357 P f1c405085a574669bd7d3ca6cc8e0237 [LEADER]: Connected to new peer: Peer: permanent_uuid: "59fc256b1c3a4a8aace617aa0ba77644" member_type: VOTER last_known_addr { host: "127.18.88.3" port: 45509 }, Status: LMP_MISMATCH, Last received: 0.0, Next index: 3, Last known committed idx: 2, Time since last communication: 0.000s
I20260710 11:00:13.404534 20528 raft_consensus.cc:2272] T 74edf9bec8dd45c1b5b6937c2538aadf P 1434e7beb9a54073952261934e62777d [term 1 FOLLOWER]: Raft consensus is shut down!
I20260710 11:00:13.411118 20528 ts_tablet_manager.cc:1916] T 74edf9bec8dd45c1b5b6937c2538aadf P 1434e7beb9a54073952261934e62777d: Deleting tablet data with delete state TABLET_DATA_TOMBSTONED
I20260710 11:00:13.412200 20514 consensus_queue.cc:1048] T 8052339bb3614e8697c9e79e253d7c03 P 1434e7beb9a54073952261934e62777d [LEADER]: Connected to new peer: Peer: permanent_uuid: "820bf934dade480582403d6017cb467f" member_type: VOTER last_known_addr { host: "127.18.88.4" port: 36747 } attrs { promote: false }, Status: LMP_MISMATCH, Last received: 0.0, Next index: 3, Last known committed idx: 2, Time since last communication: 0.000s
I20260710 11:00:13.423082 20451 raft_consensus.cc:2955] T d55ce7b927f445149d81b0f00e8e7357 P f1c405085a574669bd7d3ca6cc8e0237 [term 1 LEADER]: Committing config change with OpId 1.3: config changed from index 2 to 3, 820bf934dade480582403d6017cb467f (127.18.88.4) changed from NON_VOTER to VOTER. New config: { opid_index: 3 OBSOLETE_local: false peers { permanent_uuid: "1434e7beb9a54073952261934e62777d" member_type: VOTER last_known_addr { host: "127.18.88.1" port: 42915 } attrs { replace: true } } peers { permanent_uuid: "f1c405085a574669bd7d3ca6cc8e0237" member_type: VOTER last_known_addr { host: "127.18.88.2" port: 35151 } } peers { permanent_uuid: "59fc256b1c3a4a8aace617aa0ba77644" member_type: VOTER last_known_addr { host: "127.18.88.3" port: 45509 } } peers { permanent_uuid: "820bf934dade480582403d6017cb467f" member_type: VOTER last_known_addr { host: "127.18.88.4" port: 36747 } attrs { promote: false } } }
I20260710 11:00:13.429816 20514 raft_consensus.cc:2955] T 8052339bb3614e8697c9e79e253d7c03 P 1434e7beb9a54073952261934e62777d [term 1 LEADER]: Committing config change with OpId 1.3: config changed from index 2 to 3, 820bf934dade480582403d6017cb467f (127.18.88.4) changed from NON_VOTER to VOTER. New config: { opid_index: 3 OBSOLETE_local: false peers { permanent_uuid: "1434e7beb9a54073952261934e62777d" member_type: VOTER last_known_addr { host: "127.18.88.1" port: 42915 } } peers { permanent_uuid: "f1c405085a574669bd7d3ca6cc8e0237" member_type: VOTER last_known_addr { host: "127.18.88.2" port: 35151 } attrs { replace: true } } peers { permanent_uuid: "59fc256b1c3a4a8aace617aa0ba77644" member_type: VOTER last_known_addr { host: "127.18.88.3" port: 45509 } } peers { permanent_uuid: "820bf934dade480582403d6017cb467f" member_type: VOTER last_known_addr { host: "127.18.88.4" port: 36747 } attrs { promote: false } } }
I20260710 11:00:13.430383 20042 raft_consensus.cc:2955] T d55ce7b927f445149d81b0f00e8e7357 P 59fc256b1c3a4a8aace617aa0ba77644 [term 1 FOLLOWER]: Committing config change with OpId 1.3: config changed from index 2 to 3, 820bf934dade480582403d6017cb467f (127.18.88.4) changed from NON_VOTER to VOTER. New config: { opid_index: 3 OBSOLETE_local: false peers { permanent_uuid: "1434e7beb9a54073952261934e62777d" member_type: VOTER last_known_addr { host: "127.18.88.1" port: 42915 } attrs { replace: true } } peers { permanent_uuid: "f1c405085a574669bd7d3ca6cc8e0237" member_type: VOTER last_known_addr { host: "127.18.88.2" port: 35151 } } peers { permanent_uuid: "59fc256b1c3a4a8aace617aa0ba77644" member_type: VOTER last_known_addr { host: "127.18.88.3" port: 45509 } } peers { permanent_uuid: "820bf934dade480582403d6017cb467f" member_type: VOTER last_known_addr { host: "127.18.88.4" port: 36747 } attrs { promote: false } } }
