I20260710 11:03:39.231134 26986 catalog_manager.cc:5697] T 59f16021ae6d4ffa8eb0ca3cd419ca7a P 8501d7f795194f37b5e409b15d78722f reported cstate change: term changed from 1 to 2, leader changed from 48394c8ca09947798cbf5db4eece3a94 (127.25.215.195) to 8501d7f795194f37b5e409b15d78722f (127.25.215.193). New cstate: current_term: 2 leader_uuid: "8501d7f795194f37b5e409b15d78722f" committed_config { opid_index: -1 OBSOLETE_local: false peers { permanent_uuid: "8501d7f795194f37b5e409b15d78722f" member_type: VOTER last_known_addr { host: "127.25.215.193" port: 45603 } health_report { overall_health: HEALTHY } } peers { permanent_uuid: "c37643f5fa624fbd9f4ac2c07591dc2c" member_type: VOTER last_known_addr { host: "127.25.215.194" port: 45693 } health_report { overall_health: UNKNOWN } } peers { permanent_uuid: "48394c8ca09947798cbf5db4eece3a94" member_type: VOTER last_known_addr { host: "127.25.215.195" port: 42467 } health_report { overall_health: UNKNOWN } } }
I20260710 11:03:39.232179 27296 consensus_queue.cc:1048] T 80d50843c60b41a18b3f35debb840718 P 8501d7f795194f37b5e409b15d78722f [LEADER]: Connected to new peer: Peer: permanent_uuid: "48394c8ca09947798cbf5db4eece3a94" member_type: VOTER last_known_addr { host: "127.25.215.195" port: 42467 }, Status: LMP_MISMATCH, Last received: 0.0, Next index: 1, Last known committed idx: 0, Time since last communication: 0.000s
I20260710 11:03:39.235817 26985 catalog_manager.cc:5697] T 48d8916e74a24718958e2530f79c7e99 P 48394c8ca09947798cbf5db4eece3a94 reported cstate change: term changed from 1 to 2, leader changed from 8501d7f795194f37b5e409b15d78722f (127.25.215.193) to 48394c8ca09947798cbf5db4eece3a94 (127.25.215.195). New cstate: current_term: 2 leader_uuid: "48394c8ca09947798cbf5db4eece3a94" committed_config { opid_index: -1 OBSOLETE_local: false peers { permanent_uuid: "8501d7f795194f37b5e409b15d78722f" member_type: VOTER last_known_addr { host: "127.25.215.193" port: 45603 } health_report { overall_health: UNKNOWN } } peers { permanent_uuid: "c37643f5fa624fbd9f4ac2c07591dc2c" member_type: VOTER last_known_addr { host: "127.25.215.194" port: 45693 } health_report { overall_health: UNKNOWN } } peers { permanent_uuid: "48394c8ca09947798cbf5db4eece3a94" member_type: VOTER last_known_addr { host: "127.25.215.195" port: 42467 } health_report { overall_health: HEALTHY } } }
I20260710 11:03:39.254858 27296 consensus_queue.cc:1048] T def7e5949c8c4318b8313a7337177083 P 8501d7f795194f37b5e409b15d78722f [LEADER]: Connected to new peer: Peer: permanent_uuid: "48394c8ca09947798cbf5db4eece3a94" member_type: VOTER last_known_addr { host: "127.25.215.195" port: 42467 }, Status: LMP_MISMATCH, Last received: 0.0, Next index: 1, Last known committed idx: 0, Time since last communication: 0.000s
I20260710 11:03:39.264252 27296 consensus_queue.cc:1048] T def7e5949c8c4318b8313a7337177083 P 8501d7f795194f37b5e409b15d78722f [LEADER]: Connected to new peer: Peer: permanent_uuid: "c37643f5fa624fbd9f4ac2c07591dc2c" member_type: VOTER last_known_addr { host: "127.25.215.194" port: 45693 }, Status: LMP_MISMATCH, Last received: 0.0, Next index: 1, Last known committed idx: 0, Time since last communication: 0.000s
I20260710 11:03:39.339507 27316 raft_consensus.cc:993] T b37d9508c1214e659aff6e8b6fe9879f P 8501d7f795194f37b5e409b15d78722f: : Instructing follower c37643f5fa624fbd9f4ac2c07591dc2c to start an election
I20260710 11:03:39.339884 27296 raft_consensus.cc:1081] T b37d9508c1214e659aff6e8b6fe9879f P 8501d7f795194f37b5e409b15d78722f [term 1 LEADER]: Signalling peer c37643f5fa624fbd9f4ac2c07591dc2c to start an election
I20260710 11:03:39.341180 27161 tablet_service.cc:2044] Received Run Leader Election RPC: tablet_id: "b37d9508c1214e659aff6e8b6fe9879f"
dest_uuid: "c37643f5fa624fbd9f4ac2c07591dc2c"
 from {username='slave'} at 127.0.0.1:40140
I20260710 11:03:39.341713 27161 raft_consensus.cc:493] T b37d9508c1214e659aff6e8b6fe9879f P c37643f5fa624fbd9f4ac2c07591dc2c [term 1 FOLLOWER]: Starting forced leader election (received explicit request)
I20260710 11:03:39.342057 27161 raft_consensus.cc:3060] T b37d9508c1214e659aff6e8b6fe9879f P c37643f5fa624fbd9f4ac2c07591dc2c [term 1 FOLLOWER]: Advancing to term 2
I20260710 11:03:39.346590 27161 raft_consensus.cc:515] T b37d9508c1214e659aff6e8b6fe9879f P c37643f5fa624fbd9f4ac2c07591dc2c [term 2 FOLLOWER]: Starting forced leader election with config: opid_index: -1 OBSOLETE_local: false peers { permanent_uuid: "8501d7f795194f37b5e409b15d78722f" member_type: VOTER last_known_addr { host: "127.25.215.193" port: 45603 } } peers { permanent_uuid: "c37643f5fa624fbd9f4ac2c07591dc2c" member_type: VOTER last_known_addr { host: "127.25.215.194" port: 45693 } } peers { permanent_uuid: "48394c8ca09947798cbf5db4eece3a94" member_type: VOTER last_known_addr { host: "127.25.215.195" port: 42467 } }
I20260710 11:03:39.348268 27161 leader_election.cc:290] T b37d9508c1214e659aff6e8b6fe9879f P c37643f5fa624fbd9f4ac2c07591dc2c [CANDIDATE]: Term 2 election: Requested vote from peers 8501d7f795194f37b5e409b15d78722f (127.25.215.193:45603), 48394c8ca09947798cbf5db4eece3a94 (127.25.215.195:42467)
I20260710 11:03:39.348912 27088 tablet_service.cc:1917] Received RequestConsensusVote() RPC: tablet_id: "b37d9508c1214e659aff6e8b6fe9879f" candidate_uuid: "c37643f5fa624fbd9f4ac2c07591dc2c" candidate_term: 2 candidate_status { last_received { term: 1 index: 1 } } ignore_live_leader: true dest_uuid: "8501d7f795194f37b5e409b15d78722f"
I20260710 11:03:39.349443 27088 raft_consensus.cc:3055] T b37d9508c1214e659aff6e8b6fe9879f P 8501d7f795194f37b5e409b15d78722f [term 1 LEADER]: Stepping down as leader of term 1
I20260710 11:03:39.349514 27235 tablet_service.cc:1917] Received RequestConsensusVote() RPC: tablet_id: "b37d9508c1214e659aff6e8b6fe9879f" candidate_uuid: "c37643f5fa624fbd9f4ac2c07591dc2c" candidate_term: 2 candidate_status { last_received { term: 1 index: 1 } } ignore_live_leader: true dest_uuid: "48394c8ca09947798cbf5db4eece3a94"
I20260710 11:03:39.349774 27088 raft_consensus.cc:740] T b37d9508c1214e659aff6e8b6fe9879f P 8501d7f795194f37b5e409b15d78722f [term 1 LEADER]: Becoming Follower/Learner. State: Replica: 8501d7f795194f37b5e409b15d78722f, State: Running, Role: LEADER
I20260710 11:03:39.350204 27235 raft_consensus.cc:3060] T b37d9508c1214e659aff6e8b6fe9879f P 48394c8ca09947798cbf5db4eece3a94 [term 1 FOLLOWER]: Advancing to term 2
I20260710 11:03:39.350620 27088 consensus_queue.cc:260] T b37d9508c1214e659aff6e8b6fe9879f P 8501d7f795194f37b5e409b15d78722f [NON_LEADER]: Queue going to NON_LEADER mode. State: All replicated index: 0, Majority replicated index: 1, Committed index: 1, Last appended: 1.1, Last appended by leader: 1, Current term: 1, Majority size: -1, State: 0, Mode: NON_LEADER, active raft config: opid_index: -1 OBSOLETE_local: false peers { permanent_uuid: "8501d7f795194f37b5e409b15d78722f" member_type: VOTER last_known_addr { host: "127.25.215.193" port: 45603 } } peers { permanent_uuid: "c37643f5fa624fbd9f4ac2c07591dc2c" member_type: VOTER last_known_addr { host: "127.25.215.194" port: 45693 } } peers { permanent_uuid: "48394c8ca09947798cbf5db4eece3a94" member_type: VOTER last_known_addr { host: "127.25.215.195" port: 42467 } }
I20260710 11:03:39.351785 27088 raft_consensus.cc:3060] T b37d9508c1214e659aff6e8b6fe9879f P 8501d7f795194f37b5e409b15d78722f [term 1 FOLLOWER]: Advancing to term 2
I20260710 11:03:39.355727 27235 raft_consensus.cc:2468] T b37d9508c1214e659aff6e8b6fe9879f P 48394c8ca09947798cbf5db4eece3a94 [term 2 FOLLOWER]: Leader election vote request: Granting yes vote for candidate c37643f5fa624fbd9f4ac2c07591dc2c in term 2.
I20260710 11:03:39.356711 27129 leader_election.cc:304] T b37d9508c1214e659aff6e8b6fe9879f P c37643f5fa624fbd9f4ac2c07591dc2c [CANDIDATE]: Term 2 election: Election decided. Result: candidate won. Election summary: received 2 responses out of 3 voters: 2 yes votes; 0 no votes. yes voters: 48394c8ca09947798cbf5db4eece3a94, c37643f5fa624fbd9f4ac2c07591dc2c; no voters: 
I20260710 11:03:39.357419 27288 raft_consensus.cc:2804] T b37d9508c1214e659aff6e8b6fe9879f P c37643f5fa624fbd9f4ac2c07591dc2c [term 2 FOLLOWER]: Leader election won for term 2
I20260710 11:03:39.357988 27288 raft_consensus.cc:697] T b37d9508c1214e659aff6e8b6fe9879f P c37643f5fa624fbd9f4ac2c07591dc2c [term 2 LEADER]: Becoming Leader. State: Replica: c37643f5fa624fbd9f4ac2c07591dc2c, State: Running, Role: LEADER
I20260710 11:03:39.358100 27088 raft_consensus.cc:2468] T b37d9508c1214e659aff6e8b6fe9879f P 8501d7f795194f37b5e409b15d78722f [term 2 FOLLOWER]: Leader election vote request: Granting yes vote for candidate c37643f5fa624fbd9f4ac2c07591dc2c in term 2.
I20260710 11:03:39.358779 27288 consensus_queue.cc:237] T b37d9508c1214e659aff6e8b6fe9879f P c37643f5fa624fbd9f4ac2c07591dc2c [LEADER]: Queue going to LEADER mode. State: All replicated index: 0, Majority replicated index: 1, Committed index: 1, Last appended: 1.1, Last appended by leader: 1, Current term: 2, Majority size: 2, State: 0, Mode: LEADER, active raft config: opid_index: -1 OBSOLETE_local: false peers { permanent_uuid: "8501d7f795194f37b5e409b15d78722f" member_type: VOTER last_known_addr { host: "127.25.215.193" port: 45603 } } peers { permanent_uuid: "c37643f5fa624fbd9f4ac2c07591dc2c" member_type: VOTER last_known_addr { host: "127.25.215.194" port: 45693 } } peers { permanent_uuid: "48394c8ca09947798cbf5db4eece3a94" member_type: VOTER last_known_addr { host: "127.25.215.195" port: 42467 } }
I20260710 11:03:39.366577 26983 catalog_manager.cc:5697] T b37d9508c1214e659aff6e8b6fe9879f P c37643f5fa624fbd9f4ac2c07591dc2c reported cstate change: term changed from 1 to 2, leader changed from 8501d7f795194f37b5e409b15d78722f (127.25.215.193) to c37643f5fa624fbd9f4ac2c07591dc2c (127.25.215.194). New cstate: current_term: 2 leader_uuid: "c37643f5fa624fbd9f4ac2c07591dc2c" committed_config { opid_index: -1 OBSOLETE_local: false peers { permanent_uuid: "8501d7f795194f37b5e409b15d78722f" member_type: VOTER last_known_addr { host: "127.25.215.193" port: 45603 } health_report { overall_health: UNKNOWN } } peers { permanent_uuid: "c37643f5fa624fbd9f4ac2c07591dc2c" member_type: VOTER last_known_addr { host: "127.25.215.194" port: 45693 } health_report { overall_health: HEALTHY } } peers { permanent_uuid: "48394c8ca09947798cbf5db4eece3a94" member_type: VOTER last_known_addr { host: "127.25.215.195" port: 42467 } health_report { overall_health: UNKNOWN } } }
I20260710 11:03:39.600756 27161 raft_consensus.cc:1275] T b092e47a07dc4592b2f59d183780da50 P c37643f5fa624fbd9f4ac2c07591dc2c [term 2 FOLLOWER]: Refusing update from remote peer 8501d7f795194f37b5e409b15d78722f: Log matching property violated. Preceding OpId in replica: term: 1 index: 1. Preceding OpId from leader: term: 2 index: 2. (index mismatch)
I20260710 11:03:39.601778 27296 consensus_queue.cc:1048] T b092e47a07dc4592b2f59d183780da50 P 8501d7f795194f37b5e409b15d78722f [LEADER]: Connected to new peer: Peer: permanent_uuid: "c37643f5fa624fbd9f4ac2c07591dc2c" member_type: VOTER last_known_addr { host: "127.25.215.194" port: 45693 }, Status: LMP_MISMATCH, Last received: 0.0, Next index: 2, Last known committed idx: 1, Time since last communication: 0.000s
I20260710 11:03:39.609440 27235 raft_consensus.cc:3060] T b092e47a07dc4592b2f59d183780da50 P 48394c8ca09947798cbf5db4eece3a94 [term 1 FOLLOWER]: Advancing to term 2
I20260710 11:03:39.615856 27235 raft_consensus.cc:1275] T b092e47a07dc4592b2f59d183780da50 P 48394c8ca09947798cbf5db4eece3a94 [term 2 FOLLOWER]: Refusing update from remote peer 8501d7f795194f37b5e409b15d78722f: Log matching property violated. Preceding OpId in replica: term: 1 index: 1. Preceding OpId from leader: term: 2 index: 2. (index mismatch)
I20260710 11:03:39.616920 27296 consensus_queue.cc:1048] T b092e47a07dc4592b2f59d183780da50 P 8501d7f795194f37b5e409b15d78722f [LEADER]: Connected to new peer: Peer: permanent_uuid: "48394c8ca09947798cbf5db4eece3a94" member_type: VOTER last_known_addr { host: "127.25.215.195" port: 42467 }, Status: LMP_MISMATCH, Last received: 0.0, Next index: 2, Last known committed idx: 1, Time since last communication: 0.000s
I20260710 11:03:39.631932 27161 raft_consensus.cc:1275] T 48d8916e74a24718958e2530f79c7e99 P c37643f5fa624fbd9f4ac2c07591dc2c [term 2 FOLLOWER]: Refusing update from remote peer 48394c8ca09947798cbf5db4eece3a94: Log matching property violated. Preceding OpId in replica: term: 1 index: 1. Preceding OpId from leader: term: 2 index: 2. (index mismatch)
I20260710 11:03:39.632917 27352 consensus_queue.cc:1048] T 48d8916e74a24718958e2530f79c7e99 P 48394c8ca09947798cbf5db4eece3a94 [LEADER]: Connected to new peer: Peer: permanent_uuid: "c37643f5fa624fbd9f4ac2c07591dc2c" member_type: VOTER last_known_addr { host: "127.25.215.194" port: 45693 }, Status: LMP_MISMATCH, Last received: 0.0, Next index: 2, Last known committed idx: 1, Time since last communication: 0.000s
I20260710 11:03:39.639490 27088 raft_consensus.cc:1275] T 48d8916e74a24718958e2530f79c7e99 P 8501d7f795194f37b5e409b15d78722f [term 2 FOLLOWER]: Refusing update from remote peer 48394c8ca09947798cbf5db4eece3a94: Log matching property violated. Preceding OpId in replica: term: 1 index: 1. Preceding OpId from leader: term: 2 index: 2. (index mismatch)
I20260710 11:03:39.640916 27285 consensus_queue.cc:1048] T 48d8916e74a24718958e2530f79c7e99 P 48394c8ca09947798cbf5db4eece3a94 [LEADER]: Connected to new peer: Peer: permanent_uuid: "8501d7f795194f37b5e409b15d78722f" member_type: VOTER last_known_addr { host: "127.25.215.193" port: 45603 }, Status: LMP_MISMATCH, Last received: 0.0, Next index: 2, Last known committed idx: 1, Time since last communication: 0.000s
I20260710 11:03:39.672818 27161 raft_consensus.cc:1275] T d76fa80de91a4fa7b251fa06ec748f56 P c37643f5fa624fbd9f4ac2c07591dc2c [term 2 FOLLOWER]: Refusing update from remote peer 8501d7f795194f37b5e409b15d78722f: Log matching property violated. Preceding OpId in replica: term: 1 index: 1. Preceding OpId from leader: term: 2 index: 2. (index mismatch)
I20260710 11:03:39.673871 27296 consensus_queue.cc:1048] T d76fa80de91a4fa7b251fa06ec748f56 P 8501d7f795194f37b5e409b15d78722f [LEADER]: Connected to new peer: Peer: permanent_uuid: "c37643f5fa624fbd9f4ac2c07591dc2c" member_type: VOTER last_known_addr { host: "127.25.215.194" port: 45693 }, Status: LMP_MISMATCH, Last received: 0.0, Next index: 2, Last known committed idx: 1, Time since last communication: 0.000s
I20260710 11:03:39.680253 27235 raft_consensus.cc:1275] T d76fa80de91a4fa7b251fa06ec748f56 P 48394c8ca09947798cbf5db4eece3a94 [term 2 FOLLOWER]: Refusing update from remote peer 8501d7f795194f37b5e409b15d78722f: Log matching property violated. Preceding OpId in replica: term: 1 index: 1. Preceding OpId from leader: term: 2 index: 2. (index mismatch)
I20260710 11:03:39.681705 27283 consensus_queue.cc:1048] T d76fa80de91a4fa7b251fa06ec748f56 P 8501d7f795194f37b5e409b15d78722f [LEADER]: Connected to new peer: Peer: permanent_uuid: "48394c8ca09947798cbf5db4eece3a94" member_type: VOTER last_known_addr { host: "127.25.215.195" port: 42467 }, Status: LMP_MISMATCH, Last received: 0.0, Next index: 2, Last known committed idx: 1, Time since last communication: 0.000s
I20260710 11:03:39.730901 27237 raft_consensus.cc:3060] T 88d24d86a1224e189ea170797c6d8a0b P 48394c8ca09947798cbf5db4eece3a94 [term 1 FOLLOWER]: Advancing to term 2
I20260710 11:03:39.735350 27237 raft_consensus.cc:1275] T 88d24d86a1224e189ea170797c6d8a0b P 48394c8ca09947798cbf5db4eece3a94 [term 2 FOLLOWER]: Refusing update from remote peer c37643f5fa624fbd9f4ac2c07591dc2c: Log matching property violated. Preceding OpId in replica: term: 1 index: 1. Preceding OpId from leader: term: 2 index: 2. (index mismatch)
I20260710 11:03:39.736655 27288 consensus_queue.cc:1048] T 88d24d86a1224e189ea170797c6d8a0b P c37643f5fa624fbd9f4ac2c07591dc2c [LEADER]: Connected to new peer: Peer: permanent_uuid: "48394c8ca09947798cbf5db4eece3a94" member_type: VOTER last_known_addr { host: "127.25.215.195" port: 42467 }, Status: LMP_MISMATCH, Last received: 0.0, Next index: 2, Last known committed idx: 1, Time since last communication: 0.000s
I20260710 11:03:39.737022 27088 raft_consensus.cc:1275] T 88d24d86a1224e189ea170797c6d8a0b P 8501d7f795194f37b5e409b15d78722f [term 2 FOLLOWER]: Refusing update from remote peer c37643f5fa624fbd9f4ac2c07591dc2c: Log matching property violated. Preceding OpId in replica: term: 1 index: 1. Preceding OpId from leader: term: 2 index: 2. (index mismatch)
I20260710 11:03:39.738073 27288 consensus_queue.cc:1048] T 88d24d86a1224e189ea170797c6d8a0b P c37643f5fa624fbd9f4ac2c07591dc2c [LEADER]: Connected to new peer: Peer: permanent_uuid: "8501d7f795194f37b5e409b15d78722f" member_type: VOTER last_known_addr { host: "127.25.215.193" port: 45603 }, Status: LMP_MISMATCH, Last received: 0.0, Next index: 2, Last known committed idx: 1, Time since last communication: 0.000s
I20260710 11:03:39.763235 27237 raft_consensus.cc:1275] T 59f16021ae6d4ffa8eb0ca3cd419ca7a P 48394c8ca09947798cbf5db4eece3a94 [term 2 FOLLOWER]: Refusing update from remote peer 8501d7f795194f37b5e409b15d78722f: Log matching property violated. Preceding OpId in replica: term: 1 index: 1. Preceding OpId from leader: term: 2 index: 2. (index mismatch)
I20260710 11:03:39.764325 27316 consensus_queue.cc:1048] T 59f16021ae6d4ffa8eb0ca3cd419ca7a P 8501d7f795194f37b5e409b15d78722f [LEADER]: Connected to new peer: Peer: permanent_uuid: "48394c8ca09947798cbf5db4eece3a94" member_type: VOTER last_known_addr { host: "127.25.215.195" port: 42467 }, Status: LMP_MISMATCH, Last received: 0.0, Next index: 2, Last known committed idx: 1, Time since last communication: 0.000s
I20260710 11:03:39.771034 27161 raft_consensus.cc:1275] T 59f16021ae6d4ffa8eb0ca3cd419ca7a P c37643f5fa624fbd9f4ac2c07591dc2c [term 2 FOLLOWER]: Refusing update from remote peer 8501d7f795194f37b5e409b15d78722f: Log matching property violated. Preceding OpId in replica: term: 1 index: 1. Preceding OpId from leader: term: 2 index: 2. (index mismatch)
I20260710 11:03:39.772441 27296 consensus_queue.cc:1048] T 59f16021ae6d4ffa8eb0ca3cd419ca7a P 8501d7f795194f37b5e409b15d78722f [LEADER]: Connected to new peer: Peer: permanent_uuid: "c37643f5fa624fbd9f4ac2c07591dc2c" member_type: VOTER last_known_addr { host: "127.25.215.194" port: 45693 }, Status: LMP_MISMATCH, Last received: 0.0, Next index: 2, Last known committed idx: 1, Time since last communication: 0.000s
I20260710 11:03:39.779744 27088 raft_consensus.cc:1275] T b37d9508c1214e659aff6e8b6fe9879f P 8501d7f795194f37b5e409b15d78722f [term 2 FOLLOWER]: Refusing update from remote peer c37643f5fa624fbd9f4ac2c07591dc2c: Log matching property violated. Preceding OpId in replica: term: 1 index: 1. Preceding OpId from leader: term: 2 index: 2. (index mismatch)
I20260710 11:03:39.780740 27284 consensus_queue.cc:1048] T b37d9508c1214e659aff6e8b6fe9879f P c37643f5fa624fbd9f4ac2c07591dc2c [LEADER]: Connected to new peer: Peer: permanent_uuid: "8501d7f795194f37b5e409b15d78722f" member_type: VOTER last_known_addr { host: "127.25.215.193" port: 45603 }, Status: LMP_MISMATCH, Last received: 0.0, Next index: 2, Last known committed idx: 1, Time since last communication: 0.000s
I20260710 11:03:39.788077 27237 raft_consensus.cc:1275] T b37d9508c1214e659aff6e8b6fe9879f P 48394c8ca09947798cbf5db4eece3a94 [term 2 FOLLOWER]: Refusing update from remote peer c37643f5fa624fbd9f4ac2c07591dc2c: Log matching property violated. Preceding OpId in replica: term: 1 index: 1. Preceding OpId from leader: term: 2 index: 2. (index mismatch)
I20260710 11:03:39.790133 27288 consensus_queue.cc:1048] T b37d9508c1214e659aff6e8b6fe9879f P c37643f5fa624fbd9f4ac2c07591dc2c [LEADER]: Connected to new peer: Peer: permanent_uuid: "48394c8ca09947798cbf5db4eece3a94" member_type: VOTER last_known_addr { host: "127.25.215.195" port: 42467 }, Status: LMP_MISMATCH, Last received: 0.0, Next index: 2, Last known committed idx: 1, Time since last communication: 0.000s
I20260710 11:03:42.154287 26463 auto_leader_rebalancer-test.cc:348] The leader distribution is 
I20260710 11:03:42.154912 26463 auto_leader_rebalancer.cc:141] leader rebalance for table test-workload
I20260710 11:03:42.168985 27088 tablet_service.cc:2072] Received LeaderStepDown RPC: tablet_id: "d76fa80de91a4fa7b251fa06ec748f56"
dest_uuid: "8501d7f795194f37b5e409b15d78722f"
mode: GRACEFUL
new_leader_uuid: "48394c8ca09947798cbf5db4eece3a94"
 from {username='slave'} at 127.0.0.1:57892
I20260710 11:03:42.169497 27088 raft_consensus.cc:606] T d76fa80de91a4fa7b251fa06ec748f56 P 8501d7f795194f37b5e409b15d78722f [term 2 LEADER]: Received request to transfer leadership to TS 48394c8ca09947798cbf5db4eece3a94
I20260710 11:03:42.171693 27088 tablet_service.cc:2072] Received LeaderStepDown RPC: tablet_id: "def7e5949c8c4318b8313a7337177083"
dest_uuid: "8501d7f795194f37b5e409b15d78722f"
mode: GRACEFUL
new_leader_uuid: "48394c8ca09947798cbf5db4eece3a94"
 from {username='slave'} at 127.0.0.1:57892
I20260710 11:03:42.172113 27088 raft_consensus.cc:606] T def7e5949c8c4318b8313a7337177083 P 8501d7f795194f37b5e409b15d78722f [term 1 LEADER]: Received request to transfer leadership to TS 48394c8ca09947798cbf5db4eece3a94
I20260710 11:03:42.173086 26463 auto_leader_rebalancer.cc:452] table: test-workload, leader rebalance finish, leader transfer count: 2
I20260710 11:03:42.173573 26463 auto_leader_rebalancer.cc:527] All tables' leader rebalancing finished this round
I20260710 11:03:42.266688 27361 raft_consensus.cc:993] T def7e5949c8c4318b8313a7337177083 P 8501d7f795194f37b5e409b15d78722f: : Instructing follower 48394c8ca09947798cbf5db4eece3a94 to start an election
I20260710 11:03:42.267084 27372 raft_consensus.cc:1081] T def7e5949c8c4318b8313a7337177083 P 8501d7f795194f37b5e409b15d78722f [term 1 LEADER]: Signalling peer 48394c8ca09947798cbf5db4eece3a94 to start an election
I20260710 11:03:42.268431 27237 tablet_service.cc:2044] Received Run Leader Election RPC: tablet_id: "def7e5949c8c4318b8313a7337177083"
dest_uuid: "48394c8ca09947798cbf5db4eece3a94"
 from {username='slave'} at 127.0.0.1:44100
I20260710 11:03:42.268877 27237 raft_consensus.cc:493] T def7e5949c8c4318b8313a7337177083 P 48394c8ca09947798cbf5db4eece3a94 [term 1 FOLLOWER]: Starting forced leader election (received explicit request)
I20260710 11:03:42.269135 27237 raft_consensus.cc:3060] T def7e5949c8c4318b8313a7337177083 P 48394c8ca09947798cbf5db4eece3a94 [term 1 FOLLOWER]: Advancing to term 2
I20260710 11:03:42.273232 27237 raft_consensus.cc:515] T def7e5949c8c4318b8313a7337177083 P 48394c8ca09947798cbf5db4eece3a94 [term 2 FOLLOWER]: Starting forced leader election with config: opid_index: -1 OBSOLETE_local: false peers { permanent_uuid: "8501d7f795194f37b5e409b15d78722f" member_type: VOTER last_known_addr { host: "127.25.215.193" port: 45603 } } peers { permanent_uuid: "c37643f5fa624fbd9f4ac2c07591dc2c" member_type: VOTER last_known_addr { host: "127.25.215.194" port: 45693 } } peers { permanent_uuid: "48394c8ca09947798cbf5db4eece3a94" member_type: VOTER last_known_addr { host: "127.25.215.195" port: 42467 } }
I20260710 11:03:42.274760 27237 leader_election.cc:290] T def7e5949c8c4318b8313a7337177083 P 48394c8ca09947798cbf5db4eece3a94 [CANDIDATE]: Term 2 election: Requested vote from peers 8501d7f795194f37b5e409b15d78722f (127.25.215.193:45603), c37643f5fa624fbd9f4ac2c07591dc2c (127.25.215.194:45693)
I20260710 11:03:42.275292 27088 tablet_service.cc:1917] Received RequestConsensusVote() RPC: tablet_id: "def7e5949c8c4318b8313a7337177083" candidate_uuid: "48394c8ca09947798cbf5db4eece3a94" candidate_term: 2 candidate_status { last_received { term: 1 index: 1 } } ignore_live_leader: true dest_uuid: "8501d7f795194f37b5e409b15d78722f"
I20260710 11:03:42.275812 27088 raft_consensus.cc:3055] T def7e5949c8c4318b8313a7337177083 P 8501d7f795194f37b5e409b15d78722f [term 1 LEADER]: Stepping down as leader of term 1
I20260710 11:03:42.275695 27161 tablet_service.cc:1917] Received RequestConsensusVote() RPC: tablet_id: "def7e5949c8c4318b8313a7337177083" candidate_uuid: "48394c8ca09947798cbf5db4eece3a94" candidate_term: 2 candidate_status { last_received { term: 1 index: 1 } } ignore_live_leader: true dest_uuid: "c37643f5fa624fbd9f4ac2c07591dc2c"
I20260710 11:03:42.276154 27088 raft_consensus.cc:740] T def7e5949c8c4318b8313a7337177083 P 8501d7f795194f37b5e409b15d78722f [term 1 LEADER]: Becoming Follower/Learner. State: Replica: 8501d7f795194f37b5e409b15d78722f, State: Running, Role: LEADER
I20260710 11:03:42.276397 27161 raft_consensus.cc:3060] T def7e5949c8c4318b8313a7337177083 P c37643f5fa624fbd9f4ac2c07591dc2c [term 1 FOLLOWER]: Advancing to term 2
I20260710 11:03:42.276933 27088 consensus_queue.cc:260] T def7e5949c8c4318b8313a7337177083 P 8501d7f795194f37b5e409b15d78722f [NON_LEADER]: Queue going to NON_LEADER mode. State: All replicated index: 0, Majority replicated index: 1, Committed index: 1, Last appended: 1.1, Last appended by leader: 1, Current term: 1, Majority size: -1, State: 0, Mode: NON_LEADER, active raft config: opid_index: -1 OBSOLETE_local: false peers { permanent_uuid: "8501d7f795194f37b5e409b15d78722f" member_type: VOTER last_known_addr { host: "127.25.215.193" port: 45603 } } peers { permanent_uuid: "c37643f5fa624fbd9f4ac2c07591dc2c" member_type: VOTER last_known_addr { host: "127.25.215.194" port: 45693 } } peers { permanent_uuid: "48394c8ca09947798cbf5db4eece3a94" member_type: VOTER last_known_addr { host: "127.25.215.195" port: 42467 } }
I20260710 11:03:42.277980 27088 raft_consensus.cc:3060] T def7e5949c8c4318b8313a7337177083 P 8501d7f795194f37b5e409b15d78722f [term 1 FOLLOWER]: Advancing to term 2
I20260710 11:03:42.282390 27161 raft_consensus.cc:2468] T def7e5949c8c4318b8313a7337177083 P c37643f5fa624fbd9f4ac2c07591dc2c [term 2 FOLLOWER]: Leader election vote request: Granting yes vote for candidate 48394c8ca09947798cbf5db4eece3a94 in term 2.
I20260710 11:03:42.283461 27088 raft_consensus.cc:2468] T def7e5949c8c4318b8313a7337177083 P 8501d7f795194f37b5e409b15d78722f [term 2 FOLLOWER]: Leader election vote request: Granting yes vote for candidate 48394c8ca09947798cbf5db4eece3a94 in term 2.
I20260710 11:03:42.283454 27203 leader_election.cc:304] T def7e5949c8c4318b8313a7337177083 P 48394c8ca09947798cbf5db4eece3a94 [CANDIDATE]: Term 2 election: Election decided. Result: candidate won. Election summary: received 2 responses out of 3 voters: 2 yes votes; 0 no votes. yes voters: 48394c8ca09947798cbf5db4eece3a94, c37643f5fa624fbd9f4ac2c07591dc2c; no voters: 
I20260710 11:03:42.284252 27365 raft_consensus.cc:2804] T def7e5949c8c4318b8313a7337177083 P 48394c8ca09947798cbf5db4eece3a94 [term 2 FOLLOWER]: Leader election won for term 2
I20260710 11:03:42.285259 27365 raft_consensus.cc:697] T def7e5949c8c4318b8313a7337177083 P 48394c8ca09947798cbf5db4eece3a94 [term 2 LEADER]: Becoming Leader. State: Replica: 48394c8ca09947798cbf5db4eece3a94, State: Running, Role: LEADER
I20260710 11:03:42.285918 27365 consensus_queue.cc:237] T def7e5949c8c4318b8313a7337177083 P 48394c8ca09947798cbf5db4eece3a94 [LEADER]: Queue going to LEADER mode. State: All replicated index: 0, Majority replicated index: 1, Committed index: 1, Last appended: 1.1, Last appended by leader: 1, Current term: 2, Majority size: 2, State: 0, Mode: LEADER, active raft config: opid_index: -1 OBSOLETE_local: false peers { permanent_uuid: "8501d7f795194f37b5e409b15d78722f" member_type: VOTER last_known_addr { host: "127.25.215.193" port: 45603 } } peers { permanent_uuid: "c37643f5fa624fbd9f4ac2c07591dc2c" member_type: VOTER last_known_addr { host: "127.25.215.194" port: 45693 } } peers { permanent_uuid: "48394c8ca09947798cbf5db4eece3a94" member_type: VOTER last_known_addr { host: "127.25.215.195" port: 42467 } }
I20260710 11:03:42.292244 26984 catalog_manager.cc:5697] T def7e5949c8c4318b8313a7337177083 P 48394c8ca09947798cbf5db4eece3a94 reported cstate change: term changed from 1 to 2, leader changed from 8501d7f795194f37b5e409b15d78722f (127.25.215.193) to 48394c8ca09947798cbf5db4eece3a94 (127.25.215.195). New cstate: current_term: 2 leader_uuid: "48394c8ca09947798cbf5db4eece3a94" committed_config { opid_index: -1 OBSOLETE_local: false peers { permanent_uuid: "8501d7f795194f37b5e409b15d78722f" member_type: VOTER last_known_addr { host: "127.25.215.193" port: 45603 } health_report { overall_health: UNKNOWN } } peers { permanent_uuid: "c37643f5fa624fbd9f4ac2c07591dc2c" member_type: VOTER last_known_addr { host: "127.25.215.194" port: 45693 } health_report { overall_health: UNKNOWN } } peers { permanent_uuid: "48394c8ca09947798cbf5db4eece3a94" member_type: VOTER last_known_addr { host: "127.25.215.195" port: 42467 } health_report { overall_health: HEALTHY } } }
I20260710 11:03:42.573331 27361 raft_consensus.cc:993] T d76fa80de91a4fa7b251fa06ec748f56 P 8501d7f795194f37b5e409b15d78722f: : Instructing follower 48394c8ca09947798cbf5db4eece3a94 to start an election
I20260710 11:03:42.573714 27372 raft_consensus.cc:1081] T d76fa80de91a4fa7b251fa06ec748f56 P 8501d7f795194f37b5e409b15d78722f [term 2 LEADER]: Signalling peer 48394c8ca09947798cbf5db4eece3a94 to start an election
I20260710 11:03:42.574940 27237 tablet_service.cc:2044] Received Run Leader Election RPC: tablet_id: "d76fa80de91a4fa7b251fa06ec748f56"
dest_uuid: "48394c8ca09947798cbf5db4eece3a94"
 from {username='slave'} at 127.0.0.1:44100
I20260710 11:03:42.575367 27237 raft_consensus.cc:493] T d76fa80de91a4fa7b251fa06ec748f56 P 48394c8ca09947798cbf5db4eece3a94 [term 2 FOLLOWER]: Starting forced leader election (received explicit request)
I20260710 11:03:42.575654 27237 raft_consensus.cc:3060] T d76fa80de91a4fa7b251fa06ec748f56 P 48394c8ca09947798cbf5db4eece3a94 [term 2 FOLLOWER]: Advancing to term 3
I20260710 11:03:42.579895 27237 raft_consensus.cc:515] T d76fa80de91a4fa7b251fa06ec748f56 P 48394c8ca09947798cbf5db4eece3a94 [term 3 FOLLOWER]: Starting forced leader election with config: opid_index: -1 OBSOLETE_local: false peers { permanent_uuid: "c37643f5fa624fbd9f4ac2c07591dc2c" member_type: VOTER last_known_addr { host: "127.25.215.194" port: 45693 } } peers { permanent_uuid: "8501d7f795194f37b5e409b15d78722f" member_type: VOTER last_known_addr { host: "127.25.215.193" port: 45603 } } peers { permanent_uuid: "48394c8ca09947798cbf5db4eece3a94" member_type: VOTER last_known_addr { host: "127.25.215.195" port: 42467 } }
I20260710 11:03:42.581374 27237 leader_election.cc:290] T d76fa80de91a4fa7b251fa06ec748f56 P 48394c8ca09947798cbf5db4eece3a94 [CANDIDATE]: Term 3 election: Requested vote from peers c37643f5fa624fbd9f4ac2c07591dc2c (127.25.215.194:45693), 8501d7f795194f37b5e409b15d78722f (127.25.215.193:45603)
I20260710 11:03:42.582086 27162 tablet_service.cc:1917] Received RequestConsensusVote() RPC: tablet_id: "d76fa80de91a4fa7b251fa06ec748f56" candidate_uuid: "48394c8ca09947798cbf5db4eece3a94" candidate_term: 3 candidate_status { last_received { term: 2 index: 2 } } ignore_live_leader: true dest_uuid: "c37643f5fa624fbd9f4ac2c07591dc2c"
I20260710 11:03:42.582333 27088 tablet_service.cc:1917] Received RequestConsensusVote() RPC: tablet_id: "d76fa80de91a4fa7b251fa06ec748f56" candidate_uuid: "48394c8ca09947798cbf5db4eece3a94" candidate_term: 3 candidate_status { last_received { term: 2 index: 2 } } ignore_live_leader: true dest_uuid: "8501d7f795194f37b5e409b15d78722f"
I20260710 11:03:42.582656 27162 raft_consensus.cc:3060] T d76fa80de91a4fa7b251fa06ec748f56 P c37643f5fa624fbd9f4ac2c07591dc2c [term 2 FOLLOWER]: Advancing to term 3
I20260710 11:03:42.582787 27088 raft_consensus.cc:3055] T d76fa80de91a4fa7b251fa06ec748f56 P 8501d7f795194f37b5e409b15d78722f [term 2 LEADER]: Stepping down as leader of term 2
I20260710 11:03:42.583105 27088 raft_consensus.cc:740] T d76fa80de91a4fa7b251fa06ec748f56 P 8501d7f795194f37b5e409b15d78722f [term 2 LEADER]: Becoming Follower/Learner. State: Replica: 8501d7f795194f37b5e409b15d78722f, State: Running, Role: LEADER
I20260710 11:03:42.583758 27088 consensus_queue.cc:260] T d76fa80de91a4fa7b251fa06ec748f56 P 8501d7f795194f37b5e409b15d78722f [NON_LEADER]: Queue going to NON_LEADER mode. State: All replicated index: 0, Majority replicated index: 2, Committed index: 2, Last appended: 2.2, Last appended by leader: 2, Current term: 2, Majority size: -1, State: 0, Mode: NON_LEADER, active raft config: opid_index: -1 OBSOLETE_local: false peers { permanent_uuid: "c37643f5fa624fbd9f4ac2c07591dc2c" member_type: VOTER last_known_addr { host: "127.25.215.194" port: 45693 } } peers { permanent_uuid: "8501d7f795194f37b5e409b15d78722f" member_type: VOTER last_known_addr { host: "127.25.215.193" port: 45603 } } peers { permanent_uuid: "48394c8ca09947798cbf5db4eece3a94" member_type: VOTER last_known_addr { host: "127.25.215.195" port: 42467 } }
I20260710 11:03:42.584854 27088 raft_consensus.cc:3060] T d76fa80de91a4fa7b251fa06ec748f56 P 8501d7f795194f37b5e409b15d78722f [term 2 FOLLOWER]: Advancing to term 3
I20260710 11:03:42.588675 27162 raft_consensus.cc:2468] T d76fa80de91a4fa7b251fa06ec748f56 P c37643f5fa624fbd9f4ac2c07591dc2c [term 3 FOLLOWER]: Leader election vote request: Granting yes vote for candidate 48394c8ca09947798cbf5db4eece3a94 in term 3.
I20260710 11:03:42.589625 27203 leader_election.cc:304] T d76fa80de91a4fa7b251fa06ec748f56 P 48394c8ca09947798cbf5db4eece3a94 [CANDIDATE]: Term 3 election: Election decided. Result: candidate won. Election summary: received 2 responses out of 3 voters: 2 yes votes; 0 no votes. yes voters: 48394c8ca09947798cbf5db4eece3a94, c37643f5fa624fbd9f4ac2c07591dc2c; no voters: 
I20260710 11:03:42.590307 27365 raft_consensus.cc:2804] T d76fa80de91a4fa7b251fa06ec748f56 P 48394c8ca09947798cbf5db4eece3a94 [term 3 FOLLOWER]: Leader election won for term 3
I20260710 11:03:42.590317 27088 raft_consensus.cc:2468] T d76fa80de91a4fa7b251fa06ec748f56 P 8501d7f795194f37b5e409b15d78722f [term 3 FOLLOWER]: Leader election vote request: Granting yes vote for candidate 48394c8ca09947798cbf5db4eece3a94 in term 3.
I20260710 11:03:42.590785 27365 raft_consensus.cc:697] T d76fa80de91a4fa7b251fa06ec748f56 P 48394c8ca09947798cbf5db4eece3a94 [term 3 LEADER]: Becoming Leader. State: Replica: 48394c8ca09947798cbf5db4eece3a94, State: Running, Role: LEADER
I20260710 11:03:42.591459 27365 consensus_queue.cc:237] T d76fa80de91a4fa7b251fa06ec748f56 P 48394c8ca09947798cbf5db4eece3a94 [LEADER]: Queue going to LEADER mode. State: All replicated index: 0, Majority replicated index: 2, Committed index: 2, Last appended: 2.2, Last appended by leader: 2, Current term: 3, Majority size: 2, State: 0, Mode: LEADER, active raft config: opid_index: -1 OBSOLETE_local: false peers { permanent_uuid: "c37643f5fa624fbd9f4ac2c07591dc2c" member_type: VOTER last_known_addr { host: "127.25.215.194" port: 45693 } } peers { permanent_uuid: "8501d7f795194f37b5e409b15d78722f" member_type: VOTER last_known_addr { host: "127.25.215.193" port: 45603 } } peers { permanent_uuid: "48394c8ca09947798cbf5db4eece3a94" member_type: VOTER last_known_addr { host: "127.25.215.195" port: 42467 } }
I20260710 11:03:42.597442 26984 catalog_manager.cc:5697] T d76fa80de91a4fa7b251fa06ec748f56 P 48394c8ca09947798cbf5db4eece3a94 reported cstate change: term changed from 2 to 3, leader changed from 8501d7f795194f37b5e409b15d78722f (127.25.215.193) to 48394c8ca09947798cbf5db4eece3a94 (127.25.215.195). New cstate: current_term: 3 leader_uuid: "48394c8ca09947798cbf5db4eece3a94" committed_config { opid_index: -1 OBSOLETE_local: false peers { permanent_uuid: "c37643f5fa624fbd9f4ac2c07591dc2c" member_type: VOTER last_known_addr { host: "127.25.215.194" port: 45693 } health_report { overall_health: UNKNOWN } } peers { permanent_uuid: "8501d7f795194f37b5e409b15d78722f" member_type: VOTER last_known_addr { host: "127.25.215.193" port: 45603 } health_report { overall_health: UNKNOWN } } peers { permanent_uuid: "48394c8ca09947798cbf5db4eece3a94" member_type: VOTER last_known_addr { host: "127.25.215.195" port: 42467 } health_report { overall_health: HEALTHY } } }
I20260710 11:03:42.708801 27088 raft_consensus.cc:1275] T def7e5949c8c4318b8313a7337177083 P 8501d7f795194f37b5e409b15d78722f [term 2 FOLLOWER]: Refusing update from remote peer 48394c8ca09947798cbf5db4eece3a94: Log matching property violated. Preceding OpId in replica: term: 1 index: 1. Preceding OpId from leader: term: 2 index: 2. (index mismatch)
I20260710 11:03:42.709856 27365 consensus_queue.cc:1048] T def7e5949c8c4318b8313a7337177083 P 48394c8ca09947798cbf5db4eece3a94 [LEADER]: Connected to new peer: Peer: permanent_uuid: "8501d7f795194f37b5e409b15d78722f" member_type: VOTER last_known_addr { host: "127.25.215.193" port: 45603 }, Status: LMP_MISMATCH, Last received: 0.0, Next index: 2, Last known committed idx: 1, Time since last communication: 0.000s
I20260710 11:03:42.722002 27162 raft_consensus.cc:1275] T def7e5949c8c4318b8313a7337177083 P c37643f5fa624fbd9f4ac2c07591dc2c [term 2 FOLLOWER]: Refusing update from remote peer 48394c8ca09947798cbf5db4eece3a94: Log matching property violated. Preceding OpId in replica: term: 1 index: 1. Preceding OpId from leader: term: 2 index: 2. (index mismatch)
I20260710 11:03:42.723204 27383 consensus_queue.cc:1048] T def7e5949c8c4318b8313a7337177083 P 48394c8ca09947798cbf5db4eece3a94 [LEADER]: Connected to new peer: Peer: permanent_uuid: "c37643f5fa624fbd9f4ac2c07591dc2c" member_type: VOTER last_known_addr { host: "127.25.215.194" port: 45693 }, Status: LMP_MISMATCH, Last received: 0.0, Next index: 2, Last known committed idx: 1, Time since last communication: 0.000s
I20260710 11:03:43.092525 27162 raft_consensus.cc:1275] T d76fa80de91a4fa7b251fa06ec748f56 P c37643f5fa624fbd9f4ac2c07591dc2c [term 3 FOLLOWER]: Refusing update from remote peer 48394c8ca09947798cbf5db4eece3a94: Log matching property violated. Preceding OpId in replica: term: 2 index: 2. Preceding OpId from leader: term: 3 index: 3. (index mismatch)
I20260710 11:03:43.093643 27383 consensus_queue.cc:1048] T d76fa80de91a4fa7b251fa06ec748f56 P 48394c8ca09947798cbf5db4eece3a94 [LEADER]: Connected to new peer: Peer: permanent_uuid: "c37643f5fa624fbd9f4ac2c07591dc2c" member_type: VOTER last_known_addr { host: "127.25.215.194" port: 45693 }, Status: LMP_MISMATCH, Last received: 0.0, Next index: 3, Last known committed idx: 2, Time since last communication: 0.000s
I20260710 11:03:43.100981 27088 raft_consensus.cc:1275] T d76fa80de91a4fa7b251fa06ec748f56 P 8501d7f795194f37b5e409b15d78722f [term 3 FOLLOWER]: Refusing update from remote peer 48394c8ca09947798cbf5db4eece3a94: Log matching property violated. Preceding OpId in replica: term: 2 index: 2. Preceding OpId from leader: term: 3 index: 3. (index mismatch)
I20260710 11:03:43.102511 27382 consensus_queue.cc:1048] T d76fa80de91a4fa7b251fa06ec748f56 P 48394c8ca09947798cbf5db4eece3a94 [LEADER]: Connected to new peer: Peer: permanent_uuid: "8501d7f795194f37b5e409b15d78722f" member_type: VOTER last_known_addr { host: "127.25.215.193" port: 45603 }, Status: LMP_MISMATCH, Last received: 0.0, Next index: 3, Last known committed idx: 2, Time since last communication: 0.000s
I20260710 11:03:43.174288 26463 auto_leader_rebalancer.cc:141] leader rebalance for table test-workload
I20260710 11:03:43.183697 27235 tablet_service.cc:2072] Received LeaderStepDown RPC: tablet_id: "d76fa80de91a4fa7b251fa06ec748f56"
dest_uuid: "48394c8ca09947798cbf5db4eece3a94"
mode: GRACEFUL
new_leader_uuid: "8501d7f795194f37b5e409b15d78722f"
 from {username='slave'} at 127.0.0.1:44102
I20260710 11:03:43.184307 27235 raft_consensus.cc:606] T d76fa80de91a4fa7b251fa06ec748f56 P 48394c8ca09947798cbf5db4eece3a94 [term 3 LEADER]: Received request to transfer leadership to TS 8501d7f795194f37b5e409b15d78722f
I20260710 11:03:43.192181 27235 tablet_service.cc:2072] Received LeaderStepDown RPC: tablet_id: "def7e5949c8c4318b8313a7337177083"
dest_uuid: "48394c8ca09947798cbf5db4eece3a94"
mode: GRACEFUL
new_leader_uuid: "8501d7f795194f37b5e409b15d78722f"
 from {username='slave'} at 127.0.0.1:44102
I20260710 11:03:43.192613 27235 raft_consensus.cc:606] T def7e5949c8c4318b8313a7337177083 P 48394c8ca09947798cbf5db4eece3a94 [term 2 LEADER]: Received request to transfer leadership to TS 8501d7f795194f37b5e409b15d78722f
I20260710 11:03:43.198725 27162 tablet_service.cc:2072] Received LeaderStepDown RPC: tablet_id: "bb7884e51f88435295fec429b69dfe73"
dest_uuid: "c37643f5fa624fbd9f4ac2c07591dc2c"
mode: GRACEFUL
new_leader_uuid: "8501d7f795194f37b5e409b15d78722f"
 from {username='slave'} at 127.0.0.1:40166
I20260710 11:03:43.199128 27162 raft_consensus.cc:606] T bb7884e51f88435295fec429b69dfe73 P c37643f5fa624fbd9f4ac2c07591dc2c [term 1 LEADER]: Received request to transfer leadership to TS 8501d7f795194f37b5e409b15d78722f
I20260710 11:03:43.202909 27162 tablet_service.cc:2072] Received LeaderStepDown RPC: tablet_id: "b37d9508c1214e659aff6e8b6fe9879f"
dest_uuid: "c37643f5fa624fbd9f4ac2c07591dc2c"
mode: GRACEFUL
new_leader_uuid: "8501d7f795194f37b5e409b15d78722f"
 from {username='slave'} at 127.0.0.1:40166
I20260710 11:03:43.203294 27162 raft_consensus.cc:606] T b37d9508c1214e659aff6e8b6fe9879f P c37643f5fa624fbd9f4ac2c07591dc2c [term 2 LEADER]: Received request to transfer leadership to TS 8501d7f795194f37b5e409b15d78722f
I20260710 11:03:43.206926 27162 tablet_service.cc:2072] Received LeaderStepDown RPC: tablet_id: "88d24d86a1224e189ea170797c6d8a0b"
dest_uuid: "c37643f5fa624fbd9f4ac2c07591dc2c"
mode: GRACEFUL
new_leader_uuid: "8501d7f795194f37b5e409b15d78722f"
 from {username='slave'} at 127.0.0.1:40166
I20260710 11:03:43.207286 27162 raft_consensus.cc:606] T 88d24d86a1224e189ea170797c6d8a0b P c37643f5fa624fbd9f4ac2c07591dc2c [term 2 LEADER]: Received request to transfer leadership to TS 8501d7f795194f37b5e409b15d78722f
I20260710 11:03:43.238067 27366 raft_consensus.cc:993] T 88d24d86a1224e189ea170797c6d8a0b P c37643f5fa624fbd9f4ac2c07591dc2c: : Instructing follower 8501d7f795194f37b5e409b15d78722f to start an election
I20260710 11:03:43.238416 27389 raft_consensus.cc:1081] T 88d24d86a1224e189ea170797c6d8a0b P c37643f5fa624fbd9f4ac2c07591dc2c [term 2 LEADER]: Signalling peer 8501d7f795194f37b5e409b15d78722f to start an election
I20260710 11:03:43.239646 27088 tablet_service.cc:2044] Received Run Leader Election RPC: tablet_id: "88d24d86a1224e189ea170797c6d8a0b"
dest_uuid: "8501d7f795194f37b5e409b15d78722f"
 from {username='slave'} at 127.0.0.1:57872
I20260710 11:03:43.240032 27088 raft_consensus.cc:493] T 88d24d86a1224e189ea170797c6d8a0b P 8501d7f795194f37b5e409b15d78722f [term 2 FOLLOWER]: Starting forced leader election (received explicit request)
I20260710 11:03:43.240294 27088 raft_consensus.cc:3060] T 88d24d86a1224e189ea170797c6d8a0b P 8501d7f795194f37b5e409b15d78722f [term 2 FOLLOWER]: Advancing to term 3
I20260710 11:03:43.243793 27088 raft_consensus.cc:515] T 88d24d86a1224e189ea170797c6d8a0b P 8501d7f795194f37b5e409b15d78722f [term 3 FOLLOWER]: Starting forced leader election with config: opid_index: -1 OBSOLETE_local: false peers { permanent_uuid: "8501d7f795194f37b5e409b15d78722f" member_type: VOTER last_known_addr { host: "127.25.215.193" port: 45603 } } peers { permanent_uuid: "c37643f5fa624fbd9f4ac2c07591dc2c" member_type: VOTER last_known_addr { host: "127.25.215.194" port: 45693 } } peers { permanent_uuid: "48394c8ca09947798cbf5db4eece3a94" member_type: VOTER last_known_addr { host: "127.25.215.195" port: 42467 } }
I20260710 11:03:43.245095 27088 leader_election.cc:290] T 88d24d86a1224e189ea170797c6d8a0b P 8501d7f795194f37b5e409b15d78722f [CANDIDATE]: Term 3 election: Requested vote from peers c37643f5fa624fbd9f4ac2c07591dc2c (127.25.215.194:45693), 48394c8ca09947798cbf5db4eece3a94 (127.25.215.195:42467)
I20260710 11:03:43.245693 27162 tablet_service.cc:1917] Received RequestConsensusVote() RPC: tablet_id: "88d24d86a1224e189ea170797c6d8a0b" candidate_uuid: "8501d7f795194f37b5e409b15d78722f" candidate_term: 3 candidate_status { last_received { term: 2 index: 2 } } ignore_live_leader: true dest_uuid: "c37643f5fa624fbd9f4ac2c07591dc2c"
I20260710 11:03:43.246083 27235 tablet_service.cc:1917] Received RequestConsensusVote() RPC: tablet_id: "88d24d86a1224e189ea170797c6d8a0b" candidate_uuid: "8501d7f795194f37b5e409b15d78722f" candidate_term: 3 candidate_status { last_received { term: 2 index: 2 } } ignore_live_leader: true dest_uuid: "48394c8ca09947798cbf5db4eece3a94"
I20260710 11:03:43.246163 27162 raft_consensus.cc:3055] T 88d24d86a1224e189ea170797c6d8a0b P c37643f5fa624fbd9f4ac2c07591dc2c [term 2 LEADER]: Stepping down as leader of term 2
I20260710 11:03:43.246531 27235 raft_consensus.cc:3060] T 88d24d86a1224e189ea170797c6d8a0b P 48394c8ca09947798cbf5db4eece3a94 [term 2 FOLLOWER]: Advancing to term 3
I20260710 11:03:43.246508 27162 raft_consensus.cc:740] T 88d24d86a1224e189ea170797c6d8a0b P c37643f5fa624fbd9f4ac2c07591dc2c [term 2 LEADER]: Becoming Follower/Learner. State: Replica: c37643f5fa624fbd9f4ac2c07591dc2c, State: Running, Role: LEADER
I20260710 11:03:43.247412 27162 consensus_queue.cc:260] T 88d24d86a1224e189ea170797c6d8a0b P c37643f5fa624fbd9f4ac2c07591dc2c [NON_LEADER]: Queue going to NON_LEADER mode. State: All replicated index: 0, Majority replicated index: 2, Committed index: 2, Last appended: 2.2, Last appended by leader: 2, Current term: 2, Majority size: -1, State: 0, Mode: NON_LEADER, active raft config: opid_index: -1 OBSOLETE_local: false peers { permanent_uuid: "8501d7f795194f37b5e409b15d78722f" member_type: VOTER last_known_addr { host: "127.25.215.193" port: 45603 } } peers { permanent_uuid: "c37643f5fa624fbd9f4ac2c07591dc2c" member_type: VOTER last_known_addr { host: "127.25.215.194" port: 45693 } } peers { permanent_uuid: "48394c8ca09947798cbf5db4eece3a94" member_type: VOTER last_known_addr { host: "127.25.215.195" port: 42467 } }
I20260710 11:03:43.248590 27162 raft_consensus.cc:3060] T 88d24d86a1224e189ea170797c6d8a0b P c37643f5fa624fbd9f4ac2c07591dc2c [term 2 FOLLOWER]: Advancing to term 3
I20260710 11:03:43.252682 27235 raft_consensus.cc:2468] T 88d24d86a1224e189ea170797c6d8a0b P 48394c8ca09947798cbf5db4eece3a94 [term 3 FOLLOWER]: Leader election vote request: Granting yes vote for candidate 8501d7f795194f37b5e409b15d78722f in term 3.
I20260710 11:03:43.254194 27054 leader_election.cc:304] T 88d24d86a1224e189ea170797c6d8a0b P 8501d7f795194f37b5e409b15d78722f [CANDIDATE]: Term 3 election: Election decided. Result: candidate won. Election summary: received 2 responses out of 3 voters: 2 yes votes; 0 no votes. yes voters: 48394c8ca09947798cbf5db4eece3a94, 8501d7f795194f37b5e409b15d78722f; no voters: 
I20260710 11:03:43.254316 27162 raft_consensus.cc:2468] T 88d24d86a1224e189ea170797c6d8a0b P c37643f5fa624fbd9f4ac2c07591dc2c [term 3 FOLLOWER]: Leader election vote request: Granting yes vote for candidate 8501d7f795194f37b5e409b15d78722f in term 3.
I20260710 11:03:43.254894 27361 raft_consensus.cc:2804] T 88d24d86a1224e189ea170797c6d8a0b P 8501d7f795194f37b5e409b15d78722f [term 3 FOLLOWER]: Leader election won for term 3
I20260710 11:03:43.255872 27361 raft_consensus.cc:697] T 88d24d86a1224e189ea170797c6d8a0b P 8501d7f795194f37b5e409b15d78722f [term 3 LEADER]: Becoming Leader. State: Replica: 8501d7f795194f37b5e409b15d78722f, State: Running, Role: LEADER
I20260710 11:03:43.256533 27361 consensus_queue.cc:237] T 88d24d86a1224e189ea170797c6d8a0b P 8501d7f795194f37b5e409b15d78722f [LEADER]: Queue going to LEADER mode. State: All replicated index: 0, Majority replicated index: 2, Committed index: 2, Last appended: 2.2, Last appended by leader: 2, Current term: 3, Majority size: 2, State: 0, Mode: LEADER, active raft config: opid_index: -1 OBSOLETE_local: false peers { permanent_uuid: "8501d7f795194f37b5e409b15d78722f" member_type: VOTER last_known_addr { host: "127.25.215.193" port: 45603 } } peers { permanent_uuid: "c37643f5fa624fbd9f4ac2c07591dc2c" member_type: VOTER last_known_addr { host: "127.25.215.194" port: 45693 } } peers { permanent_uuid: "48394c8ca09947798cbf5db4eece3a94" member_type: VOTER last_known_addr { host: "127.25.215.195" port: 42467 } }
I20260710 11:03:43.262769 26983 catalog_manager.cc:5697] T 88d24d86a1224e189ea170797c6d8a0b P 8501d7f795194f37b5e409b15d78722f reported cstate change: term changed from 2 to 3, leader changed from c37643f5fa624fbd9f4ac2c07591dc2c (127.25.215.194) to 8501d7f795194f37b5e409b15d78722f (127.25.215.193). New cstate: current_term: 3 leader_uuid: "8501d7f795194f37b5e409b15d78722f" committed_config { opid_index: -1 OBSOLETE_local: false peers { permanent_uuid: "8501d7f795194f37b5e409b15d78722f" member_type: VOTER last_known_addr { host: "127.25.215.193" port: 45603 } health_report { overall_health: HEALTHY } } peers { permanent_uuid: "c37643f5fa624fbd9f4ac2c07591dc2c" member_type: VOTER last_known_addr { host: "127.25.215.194" port: 45693 } health_report { overall_health: UNKNOWN } } peers { permanent_uuid: "48394c8ca09947798cbf5db4eece3a94" member_type: VOTER last_known_addr { host: "127.25.215.195" port: 42467 } health_report { overall_health: UNKNOWN } } }
I20260710 11:03:43.339308 27382 raft_consensus.cc:993] T def7e5949c8c4318b8313a7337177083 P 48394c8ca09947798cbf5db4eece3a94: : Instructing follower 8501d7f795194f37b5e409b15d78722f to start an election
I20260710 11:03:43.339715 27365 raft_consensus.cc:1081] T def7e5949c8c4318b8313a7337177083 P 48394c8ca09947798cbf5db4eece3a94 [term 2 LEADER]: Signalling peer 8501d7f795194f37b5e409b15d78722f to start an election
I20260710 11:03:43.340955 27088 tablet_service.cc:2044] Received Run Leader Election RPC: tablet_id: "def7e5949c8c4318b8313a7337177083"
dest_uuid: "8501d7f795194f37b5e409b15d78722f"
 from {username='slave'} at 127.0.0.1:57880
I20260710 11:03:43.341354 27088 raft_consensus.cc:493] T def7e5949c8c4318b8313a7337177083 P 8501d7f795194f37b5e409b15d78722f [term 2 FOLLOWER]: Starting forced leader election (received explicit request)
I20260710 11:03:43.341609 27088 raft_consensus.cc:3060] T def7e5949c8c4318b8313a7337177083 P 8501d7f795194f37b5e409b15d78722f [term 2 FOLLOWER]: Advancing to term 3
