[==========] Running 8 tests from 2 test suites.
[----------] Global test environment set-up.
[----------] 6 tests from LeaderRebalancerTest
[ RUN      ] LeaderRebalancerTest.FunctionalTestForDivided
WARNING: Logging before InitGoogleLogging() is written to STDERR
I20260710 11:03:21.624483 10076 internal_mini_cluster.cc:156] Creating distributed mini masters. Addrs: 127.9.215.62:39079
I20260710 11:03:21.625952 10076 env_posix.cc:2285] Not raising this process' open files per process limit of 1048576; it is already as high as it can go
I20260710 11:03:21.626945 10076 file_cache.cc:504] Constructed file cache file cache with capacity 419430
W20260710 11:03:21.642448 10085 instance_detector.cc:116] could not retrieve OpenStack instance metadata: Network error: curl error: HTTP response code said error: The requested URL returned error: 404
W20260710 11:03:21.642458 10083 instance_detector.cc:116] could not retrieve Azure instance metadata: Network error: curl error: HTTP response code said error: The requested URL returned error: 404
W20260710 11:03:21.642730 10082 instance_detector.cc:116] could not retrieve AWS instance metadata: Network error: curl error: HTTP response code said error: The requested URL returned error: 404
I20260710 11:03:21.643748 10076 server_base.cc:1061] running on GCE node
I20260710 11:03:22.746264 10076 hybrid_clock.cc:584] initializing the hybrid clock with 'system_unsync' time source
W20260710 11:03:22.746490 10076 system_unsync_time.cc:38] NTP support is disabled. Clock error bounds will not be accurate. This configuration is not suitable for distributed clusters.
I20260710 11:03:22.746680 10076 hybrid_clock.cc:648] HybridClock initialized: now 1783681402746660 us; error 0 us; skew 500 ppm
I20260710 11:03:22.747448 10076 server_base.cc:861] Flag tcmalloc_max_total_thread_cache_bytes is not working since tcmalloc is not enabled.
I20260710 11:03:22.752345 10076 webserver.cc:533] Webserver started at http://127.9.215.62:42859/ using document root <none> and password file <none>
I20260710 11:03:22.753113 10076 fs_manager.cc:362] Metadata directory not provided
I20260710 11:03:22.753288 10076 fs_manager.cc:368] Using write-ahead log directory (fs_wal_dir) as metadata directory
I20260710 11:03:22.753644 10076 server_base.cc:909] This appears to be a new deployment of Kudu; creating new FS layout
I20260710 11:03:22.759079 10076 fs_manager.cc:1068] Generated new instance metadata in path /tmp/dist-test-taskBm2yB6/test-tmp/auto_leader_rebalancer-test.0.LeaderRebalancerTest.FunctionalTestForDivided.1783681401466434-10076-0/minicluster-data/master-0-root/instance:
uuid: "b12b765eaa2f4e0e9ccf5fa3a71bb09b"
format_stamp: "Formatted at 2026-07-10 11:03:22 on dist-test-slave-h1jm"
I20260710 11:03:22.766202 10076 fs_manager.cc:696] Time spent creating directory manager: real 0.006s	user 0.006s	sys 0.000s
I20260710 11:03:22.770987 10091 log_block_manager.cc:4127] Time spent loading block containers with low live blocks: real 0.000s	user 0.000s	sys 0.000s
I20260710 11:03:22.772079 10076 fs_manager.cc:730] Time spent opening block manager: real 0.003s	user 0.004s	sys 0.000s
I20260710 11:03:22.772384 10076 fs_manager.cc:647] Opened local filesystem: /tmp/dist-test-taskBm2yB6/test-tmp/auto_leader_rebalancer-test.0.LeaderRebalancerTest.FunctionalTestForDivided.1783681401466434-10076-0/minicluster-data/master-0-root
uuid: "b12b765eaa2f4e0e9ccf5fa3a71bb09b"
format_stamp: "Formatted at 2026-07-10 11:03:22 on dist-test-slave-h1jm"
I20260710 11:03:22.772693 10076 fs_report.cc:389] FS layout report
--------------------
wal directory: /tmp/dist-test-taskBm2yB6/test-tmp/auto_leader_rebalancer-test.0.LeaderRebalancerTest.FunctionalTestForDivided.1783681401466434-10076-0/minicluster-data/master-0-root
metadata directory: /tmp/dist-test-taskBm2yB6/test-tmp/auto_leader_rebalancer-test.0.LeaderRebalancerTest.FunctionalTestForDivided.1783681401466434-10076-0/minicluster-data/master-0-root
1 data directories: /tmp/dist-test-taskBm2yB6/test-tmp/auto_leader_rebalancer-test.0.LeaderRebalancerTest.FunctionalTestForDivided.1783681401466434-10076-0/minicluster-data/master-0-root/data
Total live blocks: 0
Total live bytes: 0
Total live bytes (after alignment): 0
Total number of LBM containers: 0 (0 full)
Did not check for missing blocks
Did not check for orphaned blocks
Total full LBM containers with extra space: 0 (0 repaired)
Total full LBM container extra space in bytes: 0 (0 repaired)
Total incomplete LBM containers: 0 (0 repaired)
Total LBM partial records: 0 (0 repaired)
Total corrupted LBM metadata records in RocksDB: 0 (0 repaired)
I20260710 11:03:22.818033 10076 rpc_server.cc:225] running with OpenSSL 1.1.1  11 Sep 2018
I20260710 11:03:22.819555 10076 env_posix.cc:2285] Not raising this process' running threads per effective uid limit of 18446744073709551615; it is already as high as it can go
I20260710 11:03:22.819978 10076 kserver.cc:163] Server-wide thread pool size limit: 3276
I20260710 11:03:22.885478 10076 rpc_server.cc:307] RPC server started. Bound to: 127.9.215.62:39079
I20260710 11:03:22.885555 10142 acceptor_pool.cc:272] collecting diagnostics on the listening RPC socket 127.9.215.62:39079 every 8 connection(s)
I20260710 11:03:22.892680 10143 data_dirs.cc:400] Could only allocate 1 dirs of requested 3 for tablet 00000000000000000000000000000000. 1 dirs total, 0 dirs full, 0 dirs failed
I20260710 11:03:22.912698 10143 tablet_bootstrap.cc:492] T 00000000000000000000000000000000 P b12b765eaa2f4e0e9ccf5fa3a71bb09b: Bootstrap starting.
I20260710 11:03:22.918011 10143 tablet_bootstrap.cc:654] T 00000000000000000000000000000000 P b12b765eaa2f4e0e9ccf5fa3a71bb09b: Neither blocks nor log segments found. Creating new log.
I20260710 11:03:22.919759 10143 log.cc:826] T 00000000000000000000000000000000 P b12b765eaa2f4e0e9ccf5fa3a71bb09b: Log is configured to *not* fsync() on all Append() calls
I20260710 11:03:22.923817 10143 tablet_bootstrap.cc:492] T 00000000000000000000000000000000 P b12b765eaa2f4e0e9ccf5fa3a71bb09b: No bootstrap required, opened a new log
I20260710 11:03:22.942873 10143 raft_consensus.cc:359] T 00000000000000000000000000000000 P b12b765eaa2f4e0e9ccf5fa3a71bb09b [term 0 FOLLOWER]: Replica starting. Triggering 0 pending ops. Active config: opid_index: -1 OBSOLETE_local: true peers { permanent_uuid: "b12b765eaa2f4e0e9ccf5fa3a71bb09b" member_type: VOTER }
I20260710 11:03:22.943346 10143 raft_consensus.cc:385] T 00000000000000000000000000000000 P b12b765eaa2f4e0e9ccf5fa3a71bb09b [term 0 FOLLOWER]: Consensus starting up: Expiring failure detector timer to make a prompt election more likely
I20260710 11:03:22.943593 10143 raft_consensus.cc:740] T 00000000000000000000000000000000 P b12b765eaa2f4e0e9ccf5fa3a71bb09b [term 0 FOLLOWER]: Becoming Follower/Learner. State: Replica: b12b765eaa2f4e0e9ccf5fa3a71bb09b, State: Initialized, Role: FOLLOWER
I20260710 11:03:22.944389 10143 consensus_queue.cc:260] T 00000000000000000000000000000000 P b12b765eaa2f4e0e9ccf5fa3a71bb09b [NON_LEADER]: Queue going to NON_LEADER mode. State: All replicated index: 0, Majority replicated index: 0, Committed index: 0, Last appended: 0.0, Last appended by leader: 0, Current term: 0, Majority size: -1, State: 0, Mode: NON_LEADER, active raft config: opid_index: -1 OBSOLETE_local: true peers { permanent_uuid: "b12b765eaa2f4e0e9ccf5fa3a71bb09b" member_type: VOTER }
I20260710 11:03:22.944841 10143 raft_consensus.cc:399] T 00000000000000000000000000000000 P b12b765eaa2f4e0e9ccf5fa3a71bb09b [term 0 FOLLOWER]: Only one voter in the Raft config. Triggering election immediately
I20260710 11:03:22.945092 10143 raft_consensus.cc:493] T 00000000000000000000000000000000 P b12b765eaa2f4e0e9ccf5fa3a71bb09b [term 0 FOLLOWER]: Starting leader election (initial election of a single-replica configuration)
I20260710 11:03:22.945399 10143 raft_consensus.cc:3060] T 00000000000000000000000000000000 P b12b765eaa2f4e0e9ccf5fa3a71bb09b [term 0 FOLLOWER]: Advancing to term 1
I20260710 11:03:22.949188 10143 raft_consensus.cc:515] T 00000000000000000000000000000000 P b12b765eaa2f4e0e9ccf5fa3a71bb09b [term 1 FOLLOWER]: Starting leader election with config: opid_index: -1 OBSOLETE_local: true peers { permanent_uuid: "b12b765eaa2f4e0e9ccf5fa3a71bb09b" member_type: VOTER }
I20260710 11:03:22.949833 10143 leader_election.cc:304] T 00000000000000000000000000000000 P b12b765eaa2f4e0e9ccf5fa3a71bb09b [CANDIDATE]: Term 1 election: Election decided. Result: candidate won. Election summary: received 1 responses out of 1 voters: 1 yes votes; 0 no votes. yes voters: b12b765eaa2f4e0e9ccf5fa3a71bb09b; no voters: 
I20260710 11:03:22.951467 10143 leader_election.cc:290] T 00000000000000000000000000000000 P b12b765eaa2f4e0e9ccf5fa3a71bb09b [CANDIDATE]: Term 1 election: Requested vote from peers 
I20260710 11:03:22.951731 10146 raft_consensus.cc:2804] T 00000000000000000000000000000000 P b12b765eaa2f4e0e9ccf5fa3a71bb09b [term 1 FOLLOWER]: Leader election won for term 1
I20260710 11:03:22.953680 10146 raft_consensus.cc:697] T 00000000000000000000000000000000 P b12b765eaa2f4e0e9ccf5fa3a71bb09b [term 1 LEADER]: Becoming Leader. State: Replica: b12b765eaa2f4e0e9ccf5fa3a71bb09b, State: Running, Role: LEADER
I20260710 11:03:22.954500 10146 consensus_queue.cc:237] T 00000000000000000000000000000000 P b12b765eaa2f4e0e9ccf5fa3a71bb09b [LEADER]: Queue going to LEADER mode. State: All replicated index: 0, Majority replicated index: 0, Committed index: 0, Last appended: 0.0, Last appended by leader: 0, Current term: 1, Majority size: 1, State: 0, Mode: LEADER, active raft config: opid_index: -1 OBSOLETE_local: true peers { permanent_uuid: "b12b765eaa2f4e0e9ccf5fa3a71bb09b" member_type: VOTER }
I20260710 11:03:22.955461 10143 sys_catalog.cc:565] T 00000000000000000000000000000000 P b12b765eaa2f4e0e9ccf5fa3a71bb09b [sys.catalog]: configured and running, proceeding with master startup.
I20260710 11:03:22.963734 10147 sys_catalog.cc:455] T 00000000000000000000000000000000 P b12b765eaa2f4e0e9ccf5fa3a71bb09b [sys.catalog]: SysCatalogTable state changed. Reason: RaftConsensus started. Latest consensus state: current_term: 1 leader_uuid: "b12b765eaa2f4e0e9ccf5fa3a71bb09b" committed_config { opid_index: -1 OBSOLETE_local: true peers { permanent_uuid: "b12b765eaa2f4e0e9ccf5fa3a71bb09b" member_type: VOTER } }
I20260710 11:03:22.964447 10147 sys_catalog.cc:458] T 00000000000000000000000000000000 P b12b765eaa2f4e0e9ccf5fa3a71bb09b [sys.catalog]: This master's current role is: LEADER
I20260710 11:03:22.966614 10148 sys_catalog.cc:455] T 00000000000000000000000000000000 P b12b765eaa2f4e0e9ccf5fa3a71bb09b [sys.catalog]: SysCatalogTable state changed. Reason: New leader b12b765eaa2f4e0e9ccf5fa3a71bb09b. Latest consensus state: current_term: 1 leader_uuid: "b12b765eaa2f4e0e9ccf5fa3a71bb09b" committed_config { opid_index: -1 OBSOLETE_local: true peers { permanent_uuid: "b12b765eaa2f4e0e9ccf5fa3a71bb09b" member_type: VOTER } }
I20260710 11:03:22.967164 10148 sys_catalog.cc:458] T 00000000000000000000000000000000 P b12b765eaa2f4e0e9ccf5fa3a71bb09b [sys.catalog]: This master's current role is: LEADER
I20260710 11:03:22.969138 10155 catalog_manager.cc:1511] Loading table and tablet metadata into memory...
I20260710 11:03:22.979429 10155 catalog_manager.cc:1520] Initializing Kudu cluster ID...
I20260710 11:03:22.981496 10076 internal_mini_cluster.cc:184] Waiting to initialize catalog manager on master 0
I20260710 11:03:22.995173 10155 catalog_manager.cc:1383] Generated new cluster ID: 416fb880069c47d9a6a98bb936d99e55
I20260710 11:03:22.995453 10155 catalog_manager.cc:1531] Initializing Kudu internal certificate authority...
I20260710 11:03:23.017023 10155 catalog_manager.cc:1406] Generated new certificate authority record
I20260710 11:03:23.018527 10155 catalog_manager.cc:1540] Loading token signing keys...
I20260710 11:03:23.033954 10155 catalog_manager.cc:6070] T 00000000000000000000000000000000 P b12b765eaa2f4e0e9ccf5fa3a71bb09b: Generated new TSK 0
I20260710 11:03:23.034911 10155 catalog_manager.cc:1550] Initializing in-progress tserver states...
I20260710 11:03:23.048043 10076 file_cache.cc:504] Constructed file cache file cache with capacity 419430
W20260710 11:03:23.056967 10165 instance_detector.cc:116] could not retrieve AWS instance metadata: Network error: curl error: HTTP response code said error: The requested URL returned error: 404
W20260710 11:03:23.058921 10166 instance_detector.cc:116] could not retrieve Azure instance metadata: Network error: curl error: HTTP response code said error: The requested URL returned error: 404
W20260710 11:03:23.060854 10168 instance_detector.cc:116] could not retrieve OpenStack instance metadata: Network error: curl error: HTTP response code said error: The requested URL returned error: 404
I20260710 11:03:23.063503 10076 server_base.cc:1061] running on GCE node
I20260710 11:03:23.064148 10076 hybrid_clock.cc:584] initializing the hybrid clock with 'system_unsync' time source
W20260710 11:03:23.064338 10076 system_unsync_time.cc:38] NTP support is disabled. Clock error bounds will not be accurate. This configuration is not suitable for distributed clusters.
I20260710 11:03:23.064508 10076 hybrid_clock.cc:648] HybridClock initialized: now 1783681403064484 us; error 0 us; skew 500 ppm
I20260710 11:03:23.065078 10076 server_base.cc:861] Flag tcmalloc_max_total_thread_cache_bytes is not working since tcmalloc is not enabled.
I20260710 11:03:23.068715 10076 webserver.cc:533] Webserver started at http://127.9.215.1:39675/ using document root <none> and password file <none>
I20260710 11:03:23.069209 10076 fs_manager.cc:362] Metadata directory not provided
I20260710 11:03:23.069386 10076 fs_manager.cc:368] Using write-ahead log directory (fs_wal_dir) as metadata directory
I20260710 11:03:23.069634 10076 server_base.cc:909] This appears to be a new deployment of Kudu; creating new FS layout
I20260710 11:03:23.070690 10076 fs_manager.cc:1068] Generated new instance metadata in path /tmp/dist-test-taskBm2yB6/test-tmp/auto_leader_rebalancer-test.0.LeaderRebalancerTest.FunctionalTestForDivided.1783681401466434-10076-0/minicluster-data/ts-0-root/instance:
uuid: "5fbcd9e0e94349eebb1cf9156f1bcbdf"
format_stamp: "Formatted at 2026-07-10 11:03:23 on dist-test-slave-h1jm"
I20260710 11:03:23.075840 10076 fs_manager.cc:696] Time spent creating directory manager: real 0.005s	user 0.002s	sys 0.003s
I20260710 11:03:23.079756 10173 log_block_manager.cc:4127] Time spent loading block containers with low live blocks: real 0.000s	user 0.000s	sys 0.000s
I20260710 11:03:23.080471 10076 fs_manager.cc:730] Time spent opening block manager: real 0.003s	user 0.003s	sys 0.001s
I20260710 11:03:23.080724 10076 fs_manager.cc:647] Opened local filesystem: /tmp/dist-test-taskBm2yB6/test-tmp/auto_leader_rebalancer-test.0.LeaderRebalancerTest.FunctionalTestForDivided.1783681401466434-10076-0/minicluster-data/ts-0-root
uuid: "5fbcd9e0e94349eebb1cf9156f1bcbdf"
format_stamp: "Formatted at 2026-07-10 11:03:23 on dist-test-slave-h1jm"
I20260710 11:03:23.080983 10076 fs_report.cc:389] FS layout report
--------------------
wal directory: /tmp/dist-test-taskBm2yB6/test-tmp/auto_leader_rebalancer-test.0.LeaderRebalancerTest.FunctionalTestForDivided.1783681401466434-10076-0/minicluster-data/ts-0-root
metadata directory: /tmp/dist-test-taskBm2yB6/test-tmp/auto_leader_rebalancer-test.0.LeaderRebalancerTest.FunctionalTestForDivided.1783681401466434-10076-0/minicluster-data/ts-0-root
1 data directories: /tmp/dist-test-taskBm2yB6/test-tmp/auto_leader_rebalancer-test.0.LeaderRebalancerTest.FunctionalTestForDivided.1783681401466434-10076-0/minicluster-data/ts-0-root/data
Total live blocks: 0
Total live bytes: 0
Total live bytes (after alignment): 0
Total number of LBM containers: 0 (0 full)
Did not check for missing blocks
Did not check for orphaned blocks
Total full LBM containers with extra space: 0 (0 repaired)
Total full LBM container extra space in bytes: 0 (0 repaired)
Total incomplete LBM containers: 0 (0 repaired)
Total LBM partial records: 0 (0 repaired)
Total corrupted LBM metadata records in RocksDB: 0 (0 repaired)
I20260710 11:03:23.100589 10076 rpc_server.cc:225] running with OpenSSL 1.1.1  11 Sep 2018
I20260710 11:03:23.101802 10076 kserver.cc:163] Server-wide thread pool size limit: 3276
I20260710 11:03:23.104306 10076 txn_system_client.cc:432] TxnSystemClient initialization is disabled...
I20260710 11:03:23.108402 10076 ts_tablet_manager.cc:585] Loaded tablet metadata (0 total tablets, 0 live tablets)
I20260710 11:03:23.108600 10076 ts_tablet_manager.cc:531] Time spent load tablet metadata: real 0.000s	user 0.000s	sys 0.000s
I20260710 11:03:23.108855 10076 ts_tablet_manager.cc:616] Registered 0 tablets
I20260710 11:03:23.109004 10076 ts_tablet_manager.cc:595] Time spent register tablets: real 0.000s	user 0.000s	sys 0.000s
I20260710 11:03:23.201066 10076 rpc_server.cc:307] RPC server started. Bound to: 127.9.215.1:38795
I20260710 11:03:23.201136 10235 acceptor_pool.cc:272] collecting diagnostics on the listening RPC socket 127.9.215.1:38795 every 8 connection(s)
I20260710 11:03:23.207707 10076 file_cache.cc:504] Constructed file cache file cache with capacity 419430
W20260710 11:03:23.216051 10240 instance_detector.cc:116] could not retrieve AWS instance metadata: Network error: curl error: HTTP response code said error: The requested URL returned error: 404
W20260710 11:03:23.218272 10241 instance_detector.cc:116] could not retrieve Azure instance metadata: Network error: curl error: HTTP response code said error: The requested URL returned error: 404
I20260710 11:03:23.223076 10076 server_base.cc:1061] running on GCE node
W20260710 11:03:23.223027 10244 instance_detector.cc:116] could not retrieve OpenStack instance metadata: Network error: curl error: HTTP response code said error: The requested URL returned error: 404
I20260710 11:03:23.224100 10076 hybrid_clock.cc:584] initializing the hybrid clock with 'system_unsync' time source
W20260710 11:03:23.224293 10076 system_unsync_time.cc:38] NTP support is disabled. Clock error bounds will not be accurate. This configuration is not suitable for distributed clusters.
I20260710 11:03:23.224452 10076 hybrid_clock.cc:648] HybridClock initialized: now 1783681403224434 us; error 0 us; skew 500 ppm
I20260710 11:03:23.225003 10076 server_base.cc:861] Flag tcmalloc_max_total_thread_cache_bytes is not working since tcmalloc is not enabled.
I20260710 11:03:23.228274 10076 webserver.cc:533] Webserver started at http://127.9.215.2:37507/ using document root <none> and password file <none>
I20260710 11:03:23.228924 10076 fs_manager.cc:362] Metadata directory not provided
I20260710 11:03:23.229108 10076 fs_manager.cc:368] Using write-ahead log directory (fs_wal_dir) as metadata directory
I20260710 11:03:23.229323 10076 server_base.cc:909] This appears to be a new deployment of Kudu; creating new FS layout
I20260710 11:03:23.230374 10236 heartbeater.cc:344] Connected to a master server at 127.9.215.62:39079
I20260710 11:03:23.230546 10076 fs_manager.cc:1068] Generated new instance metadata in path /tmp/dist-test-taskBm2yB6/test-tmp/auto_leader_rebalancer-test.0.LeaderRebalancerTest.FunctionalTestForDivided.1783681401466434-10076-0/minicluster-data/ts-1-root/instance:
uuid: "f5a2bd12ec7346acabce4e9fe1f70f64"
format_stamp: "Formatted at 2026-07-10 11:03:23 on dist-test-slave-h1jm"
I20260710 11:03:23.230840 10236 heartbeater.cc:461] Registering TS with master...
I20260710 11:03:23.231914 10236 heartbeater.cc:507] Master 127.9.215.62:39079 requested a full tablet report, sending...
I20260710 11:03:23.235159 10108 ts_manager.cc:194] Registered new tserver with Master: 5fbcd9e0e94349eebb1cf9156f1bcbdf (127.9.215.1:38795)
I20260710 11:03:23.236620 10076 fs_manager.cc:696] Time spent creating directory manager: real 0.005s	user 0.005s	sys 0.000s
I20260710 11:03:23.237986 10108 master_service.cc:502] Signed X509 certificate for tserver {username='slave'} at 127.0.0.1:50620
I20260710 11:03:23.240916 10248 log_block_manager.cc:4127] Time spent loading block containers with low live blocks: real 0.000s	user 0.000s	sys 0.000s
I20260710 11:03:23.241789 10076 fs_manager.cc:730] Time spent opening block manager: real 0.004s	user 0.001s	sys 0.003s
I20260710 11:03:23.242094 10076 fs_manager.cc:647] Opened local filesystem: /tmp/dist-test-taskBm2yB6/test-tmp/auto_leader_rebalancer-test.0.LeaderRebalancerTest.FunctionalTestForDivided.1783681401466434-10076-0/minicluster-data/ts-1-root
uuid: "f5a2bd12ec7346acabce4e9fe1f70f64"
format_stamp: "Formatted at 2026-07-10 11:03:23 on dist-test-slave-h1jm"
I20260710 11:03:23.242336 10076 fs_report.cc:389] FS layout report
--------------------
wal directory: /tmp/dist-test-taskBm2yB6/test-tmp/auto_leader_rebalancer-test.0.LeaderRebalancerTest.FunctionalTestForDivided.1783681401466434-10076-0/minicluster-data/ts-1-root
metadata directory: /tmp/dist-test-taskBm2yB6/test-tmp/auto_leader_rebalancer-test.0.LeaderRebalancerTest.FunctionalTestForDivided.1783681401466434-10076-0/minicluster-data/ts-1-root
1 data directories: /tmp/dist-test-taskBm2yB6/test-tmp/auto_leader_rebalancer-test.0.LeaderRebalancerTest.FunctionalTestForDivided.1783681401466434-10076-0/minicluster-data/ts-1-root/data
Total live blocks: 0
Total live bytes: 0
Total live bytes (after alignment): 0
Total number of LBM containers: 0 (0 full)
Did not check for missing blocks
Did not check for orphaned blocks
Total full LBM containers with extra space: 0 (0 repaired)
Total full LBM container extra space in bytes: 0 (0 repaired)
Total incomplete LBM containers: 0 (0 repaired)
Total LBM partial records: 0 (0 repaired)
Total corrupted LBM metadata records in RocksDB: 0 (0 repaired)
I20260710 11:03:23.255092 10076 rpc_server.cc:225] running with OpenSSL 1.1.1  11 Sep 2018
I20260710 11:03:23.256183 10076 kserver.cc:163] Server-wide thread pool size limit: 3276
I20260710 11:03:23.258411 10076 txn_system_client.cc:432] TxnSystemClient initialization is disabled...
I20260710 11:03:23.261063 10076 ts_tablet_manager.cc:585] Loaded tablet metadata (0 total tablets, 0 live tablets)
I20260710 11:03:23.261252 10076 ts_tablet_manager.cc:531] Time spent load tablet metadata: real 0.000s	user 0.000s	sys 0.000s
I20260710 11:03:23.261462 10076 ts_tablet_manager.cc:616] Registered 0 tablets
I20260710 11:03:23.261605 10076 ts_tablet_manager.cc:595] Time spent register tablets: real 0.000s	user 0.000s	sys 0.000s
I20260710 11:03:23.343300 10076 rpc_server.cc:307] RPC server started. Bound to: 127.9.215.2:37699
I20260710 11:03:23.343434 10310 acceptor_pool.cc:272] collecting diagnostics on the listening RPC socket 127.9.215.2:37699 every 8 connection(s)
I20260710 11:03:23.351707 10076 file_cache.cc:504] Constructed file cache file cache with capacity 419430
W20260710 11:03:23.359505 10314 instance_detector.cc:116] could not retrieve AWS instance metadata: Network error: curl error: HTTP response code said error: The requested URL returned error: 404
W20260710 11:03:23.361446 10315 instance_detector.cc:116] could not retrieve Azure instance metadata: Network error: curl error: HTTP response code said error: The requested URL returned error: 404
I20260710 11:03:23.365577 10311 heartbeater.cc:344] Connected to a master server at 127.9.215.62:39079
I20260710 11:03:23.365903 10311 heartbeater.cc:461] Registering TS with master...
I20260710 11:03:23.367247 10311 heartbeater.cc:507] Master 127.9.215.62:39079 requested a full tablet report, sending...
W20260710 11:03:23.367486 10317 instance_detector.cc:116] could not retrieve OpenStack instance metadata: Network error: curl error: HTTP response code said error: The requested URL returned error: 404
I20260710 11:03:23.369719 10076 server_base.cc:1061] running on GCE node
I20260710 11:03:23.369652 10108 ts_manager.cc:194] Registered new tserver with Master: f5a2bd12ec7346acabce4e9fe1f70f64 (127.9.215.2:37699)
I20260710 11:03:23.370671 10076 hybrid_clock.cc:584] initializing the hybrid clock with 'system_unsync' time source
W20260710 11:03:23.370877 10076 system_unsync_time.cc:38] NTP support is disabled. Clock error bounds will not be accurate. This configuration is not suitable for distributed clusters.
I20260710 11:03:23.371047 10076 hybrid_clock.cc:648] HybridClock initialized: now 1783681403371027 us; error 0 us; skew 500 ppm
I20260710 11:03:23.371573 10076 server_base.cc:861] Flag tcmalloc_max_total_thread_cache_bytes is not working since tcmalloc is not enabled.
I20260710 11:03:23.371562 10108 master_service.cc:502] Signed X509 certificate for tserver {username='slave'} at 127.0.0.1:50628
I20260710 11:03:23.376343 10076 webserver.cc:533] Webserver started at http://127.9.215.3:46567/ using document root <none> and password file <none>
I20260710 11:03:23.376828 10076 fs_manager.cc:362] Metadata directory not provided
I20260710 11:03:23.377012 10076 fs_manager.cc:368] Using write-ahead log directory (fs_wal_dir) as metadata directory
I20260710 11:03:23.377256 10076 server_base.cc:909] This appears to be a new deployment of Kudu; creating new FS layout
I20260710 11:03:23.378244 10076 fs_manager.cc:1068] Generated new instance metadata in path /tmp/dist-test-taskBm2yB6/test-tmp/auto_leader_rebalancer-test.0.LeaderRebalancerTest.FunctionalTestForDivided.1783681401466434-10076-0/minicluster-data/ts-2-root/instance:
uuid: "a0dad8109c8a4848a9b27076ff603dce"
format_stamp: "Formatted at 2026-07-10 11:03:23 on dist-test-slave-h1jm"
I20260710 11:03:23.382682 10076 fs_manager.cc:696] Time spent creating directory manager: real 0.004s	user 0.001s	sys 0.002s
I20260710 11:03:23.386106 10322 log_block_manager.cc:4127] Time spent loading block containers with low live blocks: real 0.000s	user 0.000s	sys 0.000s
I20260710 11:03:23.386883 10076 fs_manager.cc:730] Time spent opening block manager: real 0.002s	user 0.003s	sys 0.000s
I20260710 11:03:23.387130 10076 fs_manager.cc:647] Opened local filesystem: /tmp/dist-test-taskBm2yB6/test-tmp/auto_leader_rebalancer-test.0.LeaderRebalancerTest.FunctionalTestForDivided.1783681401466434-10076-0/minicluster-data/ts-2-root
uuid: "a0dad8109c8a4848a9b27076ff603dce"
format_stamp: "Formatted at 2026-07-10 11:03:23 on dist-test-slave-h1jm"
I20260710 11:03:23.387384 10076 fs_report.cc:389] FS layout report
--------------------
wal directory: /tmp/dist-test-taskBm2yB6/test-tmp/auto_leader_rebalancer-test.0.LeaderRebalancerTest.FunctionalTestForDivided.1783681401466434-10076-0/minicluster-data/ts-2-root
metadata directory: /tmp/dist-test-taskBm2yB6/test-tmp/auto_leader_rebalancer-test.0.LeaderRebalancerTest.FunctionalTestForDivided.1783681401466434-10076-0/minicluster-data/ts-2-root
1 data directories: /tmp/dist-test-taskBm2yB6/test-tmp/auto_leader_rebalancer-test.0.LeaderRebalancerTest.FunctionalTestForDivided.1783681401466434-10076-0/minicluster-data/ts-2-root/data
Total live blocks: 0
Total live bytes: 0
Total live bytes (after alignment): 0
Total number of LBM containers: 0 (0 full)
Did not check for missing blocks
Did not check for orphaned blocks
Total full LBM containers with extra space: 0 (0 repaired)
Total full LBM container extra space in bytes: 0 (0 repaired)
Total incomplete LBM containers: 0 (0 repaired)
Total LBM partial records: 0 (0 repaired)
Total corrupted LBM metadata records in RocksDB: 0 (0 repaired)
I20260710 11:03:23.411586 10076 rpc_server.cc:225] running with OpenSSL 1.1.1  11 Sep 2018
I20260710 11:03:23.412822 10076 kserver.cc:163] Server-wide thread pool size limit: 3276
I20260710 11:03:23.415091 10076 txn_system_client.cc:432] TxnSystemClient initialization is disabled...
I20260710 11:03:23.417985 10076 ts_tablet_manager.cc:585] Loaded tablet metadata (0 total tablets, 0 live tablets)
I20260710 11:03:23.418165 10076 ts_tablet_manager.cc:531] Time spent load tablet metadata: real 0.000s	user 0.000s	sys 0.000s
I20260710 11:03:23.418407 10076 ts_tablet_manager.cc:616] Registered 0 tablets
I20260710 11:03:23.418557 10076 ts_tablet_manager.cc:595] Time spent register tablets: real 0.000s	user 0.000s	sys 0.000s
I20260710 11:03:23.503650 10076 rpc_server.cc:307] RPC server started. Bound to: 127.9.215.3:35085
I20260710 11:03:23.503795 10384 acceptor_pool.cc:272] collecting diagnostics on the listening RPC socket 127.9.215.3:35085 every 8 connection(s)
I20260710 11:03:23.519482 10385 heartbeater.cc:344] Connected to a master server at 127.9.215.62:39079
I20260710 11:03:23.519833 10385 heartbeater.cc:461] Registering TS with master...
I20260710 11:03:23.520562 10385 heartbeater.cc:507] Master 127.9.215.62:39079 requested a full tablet report, sending...
I20260710 11:03:23.522488 10108 ts_manager.cc:194] Registered new tserver with Master: a0dad8109c8a4848a9b27076ff603dce (127.9.215.3:35085)
I20260710 11:03:23.523064 10076 internal_mini_cluster.cc:371] 3 TS(s) registered with all masters after 0.013146681s
I20260710 11:03:23.524154 10108 master_service.cc:502] Signed X509 certificate for tserver {username='slave'} at 127.0.0.1:50640
I20260710 11:03:23.579553 10108 catalog_manager.cc:2283] Servicing CreateTable request from {username='slave'} at 127.0.0.1:50650:
name: "test-workload"
schema {
  columns {
    name: "key"
    type: INT32
    is_key: true
    is_nullable: false
    encoding: AUTO_ENCODING
    compression: DEFAULT_COMPRESSION
    cfile_block_size: 0
    immutable: false
  }
  columns {
    name: "int_val"
    type: INT32
    is_key: false
    is_nullable: false
    encoding: AUTO_ENCODING
    compression: DEFAULT_COMPRESSION
    cfile_block_size: 0
    immutable: false
  }
  columns {
    name: "string_val"
    type: STRING
    is_key: false
    is_nullable: true
    encoding: AUTO_ENCODING
    compression: DEFAULT_COMPRESSION
    cfile_block_size: 0
    immutable: false
  }
}
num_replicas: 3
split_rows_range_bounds {
  rows: "\004\001\000\216\3438\016\004\001\000\034\307q\034\004\001\000\252\252\252*\004\001\0008\216\3438\004\001\000\306q\034G\004\001\000TUUU\004\001\000\3428\216c\004\001\000p\034\307q""\004\001\000\216\3438\016\004\001\000\034\307q\034\004\001\000\252\252\252*\004\001\0008\216\3438\004\001\000\306q\034G\004\001\000TUUU\004\001\000\3428\216c\004\001\000p\034\307q"
  indirect_data: """"
}
partition_schema {
  range_schema {
    columns {
      name: "key"
    }
  }
}
W20260710 11:03:23.583129 10108 catalog_manager.cc:7077] The number of live tablet servers is not enough to re-replicate a tablet replica of the newly created table test-workload in case of a server failure: 4 tablet servers would be needed, 3 are available. Consider bringing up more tablet servers.
I20260710 11:03:23.656840 10200 tablet_service.cc:1511] Processing CreateTablet for tablet 7dcada9bb01f49a2aee86a4524a948a4 (DEFAULT_TABLE table=test-workload [id=a6ea306d237348e1a03127c495d80767]), partition=RANGE (key) PARTITION 238609294 <= VALUES < 477218588
I20260710 11:03:23.658339 10201 tablet_service.cc:1511] Processing CreateTablet for tablet 672c3e4b57a44212a32972adf8d3628f (DEFAULT_TABLE table=test-workload [id=a6ea306d237348e1a03127c495d80767]), partition=RANGE (key) PARTITION VALUES < 238609294
I20260710 11:03:23.657634 10199 tablet_service.cc:1511] Processing CreateTablet for tablet a8c1fa148c224e04a969def1a707e4a0 (DEFAULT_TABLE table=test-workload [id=a6ea306d237348e1a03127c495d80767]), partition=RANGE (key) PARTITION 477218588 <= VALUES < 715827882
I20260710 11:03:23.665030 10199 data_dirs.cc:400] Could only allocate 1 dirs of requested 3 for tablet a8c1fa148c224e04a969def1a707e4a0. 1 dirs total, 0 dirs full, 0 dirs failed
I20260710 11:03:23.664505 10198 tablet_service.cc:1511] Processing CreateTablet for tablet cbf8ba3cb7c848bbb0e6509a7a6f1d57 (DEFAULT_TABLE table=test-workload [id=a6ea306d237348e1a03127c495d80767]), partition=RANGE (key) PARTITION 715827882 <= VALUES < 954437176
I20260710 11:03:23.666150 10200 data_dirs.cc:400] Could only allocate 1 dirs of requested 3 for tablet 7dcada9bb01f49a2aee86a4524a948a4. 1 dirs total, 0 dirs full, 0 dirs failed
I20260710 11:03:23.668396 10201 data_dirs.cc:400] Could only allocate 1 dirs of requested 3 for tablet 672c3e4b57a44212a32972adf8d3628f. 1 dirs total, 0 dirs full, 0 dirs failed
I20260710 11:03:23.669376 10198 data_dirs.cc:400] Could only allocate 1 dirs of requested 3 for tablet cbf8ba3cb7c848bbb0e6509a7a6f1d57. 1 dirs total, 0 dirs full, 0 dirs failed
I20260710 11:03:23.672288 10197 tablet_service.cc:1511] Processing CreateTablet for tablet d6f74d4bda3448bda1ba3991a5087d74 (DEFAULT_TABLE table=test-workload [id=a6ea306d237348e1a03127c495d80767]), partition=RANGE (key) PARTITION 954437176 <= VALUES < 1193046470
I20260710 11:03:23.678841 10197 data_dirs.cc:400] Could only allocate 1 dirs of requested 3 for tablet d6f74d4bda3448bda1ba3991a5087d74. 1 dirs total, 0 dirs full, 0 dirs failed
I20260710 11:03:23.706135 10196 tablet_service.cc:1511] Processing CreateTablet for tablet 36397b73d2c34f8e83644168ad5c5dae (DEFAULT_TABLE table=test-workload [id=a6ea306d237348e1a03127c495d80767]), partition=RANGE (key) PARTITION 1193046470 <= VALUES < 1431655764
I20260710 11:03:23.709843 10196 data_dirs.cc:400] Could only allocate 1 dirs of requested 3 for tablet 36397b73d2c34f8e83644168ad5c5dae. 1 dirs total, 0 dirs full, 0 dirs failed
I20260710 11:03:23.727192 10195 tablet_service.cc:1511] Processing CreateTablet for tablet 1f395845e8ff47b2a7982afab75873a3 (DEFAULT_TABLE table=test-workload [id=a6ea306d237348e1a03127c495d80767]), partition=RANGE (key) PARTITION 1431655764 <= VALUES < 1670265058
I20260710 11:03:23.730391 10195 data_dirs.cc:400] Could only allocate 1 dirs of requested 3 for tablet 1f395845e8ff47b2a7982afab75873a3. 1 dirs total, 0 dirs full, 0 dirs failed
I20260710 11:03:23.739668 10402 tablet_bootstrap.cc:492] T 672c3e4b57a44212a32972adf8d3628f P 5fbcd9e0e94349eebb1cf9156f1bcbdf: Bootstrap starting.
I20260710 11:03:23.752050 10273 tablet_service.cc:1511] Processing CreateTablet for tablet cbf8ba3cb7c848bbb0e6509a7a6f1d57 (DEFAULT_TABLE table=test-workload [id=a6ea306d237348e1a03127c495d80767]), partition=RANGE (key) PARTITION 715827882 <= VALUES < 954437176
I20260710 11:03:23.755164 10273 data_dirs.cc:400] Could only allocate 1 dirs of requested 3 for tablet cbf8ba3cb7c848bbb0e6509a7a6f1d57. 1 dirs total, 0 dirs full, 0 dirs failed
I20260710 11:03:23.752700 10276 tablet_service.cc:1511] Processing CreateTablet for tablet 672c3e4b57a44212a32972adf8d3628f (DEFAULT_TABLE table=test-workload [id=a6ea306d237348e1a03127c495d80767]), partition=RANGE (key) PARTITION VALUES < 238609294
I20260710 11:03:23.754098 10274 tablet_service.cc:1511] Processing CreateTablet for tablet a8c1fa148c224e04a969def1a707e4a0 (DEFAULT_TABLE table=test-workload [id=a6ea306d237348e1a03127c495d80767]), partition=RANGE (key) PARTITION 477218588 <= VALUES < 715827882
I20260710 11:03:23.760727 10270 tablet_service.cc:1511] Processing CreateTablet for tablet 1f395845e8ff47b2a7982afab75873a3 (DEFAULT_TABLE table=test-workload [id=a6ea306d237348e1a03127c495d80767]), partition=RANGE (key) PARTITION 1431655764 <= VALUES < 1670265058
I20260710 11:03:23.761798 10276 data_dirs.cc:400] Could only allocate 1 dirs of requested 3 for tablet 672c3e4b57a44212a32972adf8d3628f. 1 dirs total, 0 dirs full, 0 dirs failed
I20260710 11:03:23.752121 10275 tablet_service.cc:1511] Processing CreateTablet for tablet 7dcada9bb01f49a2aee86a4524a948a4 (DEFAULT_TABLE table=test-workload [id=a6ea306d237348e1a03127c495d80767]), partition=RANGE (key) PARTITION 238609294 <= VALUES < 477218588
I20260710 11:03:23.767346 10271 tablet_service.cc:1511] Processing CreateTablet for tablet 36397b73d2c34f8e83644168ad5c5dae (DEFAULT_TABLE table=test-workload [id=a6ea306d237348e1a03127c495d80767]), partition=RANGE (key) PARTITION 1193046470 <= VALUES < 1431655764
I20260710 11:03:23.766848 10272 tablet_service.cc:1511] Processing CreateTablet for tablet d6f74d4bda3448bda1ba3991a5087d74 (DEFAULT_TABLE table=test-workload [id=a6ea306d237348e1a03127c495d80767]), partition=RANGE (key) PARTITION 954437176 <= VALUES < 1193046470
I20260710 11:03:23.769279 10200 tablet_service.cc:1511] Processing CreateTablet for tablet 8cdc12c8d7fc47e69298159d969a2ee4 (DEFAULT_TABLE table=test-workload [id=a6ea306d237348e1a03127c495d80767]), partition=RANGE (key) PARTITION 1670265058 <= VALUES < 1908874352
I20260710 11:03:23.770388 10200 data_dirs.cc:400] Could only allocate 1 dirs of requested 3 for tablet 8cdc12c8d7fc47e69298159d969a2ee4. 1 dirs total, 0 dirs full, 0 dirs failed
I20260710 11:03:23.773111 10274 data_dirs.cc:400] Could only allocate 1 dirs of requested 3 for tablet a8c1fa148c224e04a969def1a707e4a0. 1 dirs total, 0 dirs full, 0 dirs failed
I20260710 11:03:23.777808 10272 data_dirs.cc:400] Could only allocate 1 dirs of requested 3 for tablet d6f74d4bda3448bda1ba3991a5087d74. 1 dirs total, 0 dirs full, 0 dirs failed
I20260710 11:03:23.779647 10269 tablet_service.cc:1511] Processing CreateTablet for tablet 8cdc12c8d7fc47e69298159d969a2ee4 (DEFAULT_TABLE table=test-workload [id=a6ea306d237348e1a03127c495d80767]), partition=RANGE (key) PARTITION 1670265058 <= VALUES < 1908874352
I20260710 11:03:23.788029 10270 data_dirs.cc:400] Could only allocate 1 dirs of requested 3 for tablet 1f395845e8ff47b2a7982afab75873a3. 1 dirs total, 0 dirs full, 0 dirs failed
I20260710 11:03:23.793133 10275 data_dirs.cc:400] Could only allocate 1 dirs of requested 3 for tablet 7dcada9bb01f49a2aee86a4524a948a4. 1 dirs total, 0 dirs full, 0 dirs failed
I20260710 11:03:23.797622 10349 tablet_service.cc:1511] Processing CreateTablet for tablet 7dcada9bb01f49a2aee86a4524a948a4 (DEFAULT_TABLE table=test-workload [id=a6ea306d237348e1a03127c495d80767]), partition=RANGE (key) PARTITION 238609294 <= VALUES < 477218588
I20260710 11:03:23.801803 10271 data_dirs.cc:400] Could only allocate 1 dirs of requested 3 for tablet 36397b73d2c34f8e83644168ad5c5dae. 1 dirs total, 0 dirs full, 0 dirs failed
I20260710 11:03:23.805205 10199 tablet_service.cc:1511] Processing CreateTablet for tablet 432de4e856bb4b7f96a2928d93a801ff (DEFAULT_TABLE table=test-workload [id=a6ea306d237348e1a03127c495d80767]), partition=RANGE (key) PARTITION 1908874352 <= VALUES
I20260710 11:03:23.807832 10350 tablet_service.cc:1511] Processing CreateTablet for tablet 672c3e4b57a44212a32972adf8d3628f (DEFAULT_TABLE table=test-workload [id=a6ea306d237348e1a03127c495d80767]), partition=RANGE (key) PARTITION VALUES < 238609294
I20260710 11:03:23.813113 10199 data_dirs.cc:400] Could only allocate 1 dirs of requested 3 for tablet 432de4e856bb4b7f96a2928d93a801ff. 1 dirs total, 0 dirs full, 0 dirs failed
I20260710 11:03:23.813030 10344 tablet_service.cc:1511] Processing CreateTablet for tablet 1f395845e8ff47b2a7982afab75873a3 (DEFAULT_TABLE table=test-workload [id=a6ea306d237348e1a03127c495d80767]), partition=RANGE (key) PARTITION 1431655764 <= VALUES < 1670265058
I20260710 11:03:23.812333 10269 data_dirs.cc:400] Could only allocate 1 dirs of requested 3 for tablet 8cdc12c8d7fc47e69298159d969a2ee4. 1 dirs total, 0 dirs full, 0 dirs failed
I20260710 11:03:23.813807 10348 tablet_service.cc:1511] Processing CreateTablet for tablet a8c1fa148c224e04a969def1a707e4a0 (DEFAULT_TABLE table=test-workload [id=a6ea306d237348e1a03127c495d80767]), partition=RANGE (key) PARTITION 477218588 <= VALUES < 715827882
I20260710 11:03:23.819660 10349 data_dirs.cc:400] Could only allocate 1 dirs of requested 3 for tablet 7dcada9bb01f49a2aee86a4524a948a4. 1 dirs total, 0 dirs full, 0 dirs failed
I20260710 11:03:23.817596 10346 tablet_service.cc:1511] Processing CreateTablet for tablet d6f74d4bda3448bda1ba3991a5087d74 (DEFAULT_TABLE table=test-workload [id=a6ea306d237348e1a03127c495d80767]), partition=RANGE (key) PARTITION 954437176 <= VALUES < 1193046470
I20260710 11:03:23.815062 10345 tablet_service.cc:1511] Processing CreateTablet for tablet 36397b73d2c34f8e83644168ad5c5dae (DEFAULT_TABLE table=test-workload [id=a6ea306d237348e1a03127c495d80767]), partition=RANGE (key) PARTITION 1193046470 <= VALUES < 1431655764
I20260710 11:03:23.823580 10348 data_dirs.cc:400] Could only allocate 1 dirs of requested 3 for tablet a8c1fa148c224e04a969def1a707e4a0. 1 dirs total, 0 dirs full, 0 dirs failed
I20260710 11:03:23.824206 10347 tablet_service.cc:1511] Processing CreateTablet for tablet cbf8ba3cb7c848bbb0e6509a7a6f1d57 (DEFAULT_TABLE table=test-workload [id=a6ea306d237348e1a03127c495d80767]), partition=RANGE (key) PARTITION 715827882 <= VALUES < 954437176
I20260710 11:03:23.818863 10268 tablet_service.cc:1511] Processing CreateTablet for tablet 432de4e856bb4b7f96a2928d93a801ff (DEFAULT_TABLE table=test-workload [id=a6ea306d237348e1a03127c495d80767]), partition=RANGE (key) PARTITION 1908874352 <= VALUES
I20260710 11:03:23.810917 10343 tablet_service.cc:1511] Processing CreateTablet for tablet 8cdc12c8d7fc47e69298159d969a2ee4 (DEFAULT_TABLE table=test-workload [id=a6ea306d237348e1a03127c495d80767]), partition=RANGE (key) PARTITION 1670265058 <= VALUES < 1908874352
I20260710 11:03:23.828557 10268 data_dirs.cc:400] Could only allocate 1 dirs of requested 3 for tablet 432de4e856bb4b7f96a2928d93a801ff. 1 dirs total, 0 dirs full, 0 dirs failed
I20260710 11:03:23.830191 10342 tablet_service.cc:1511] Processing CreateTablet for tablet 432de4e856bb4b7f96a2928d93a801ff (DEFAULT_TABLE table=test-workload [id=a6ea306d237348e1a03127c495d80767]), partition=RANGE (key) PARTITION 1908874352 <= VALUES
I20260710 11:03:23.829891 10344 data_dirs.cc:400] Could only allocate 1 dirs of requested 3 for tablet 1f395845e8ff47b2a7982afab75873a3. 1 dirs total, 0 dirs full, 0 dirs failed
I20260710 11:03:23.835713 10345 data_dirs.cc:400] Could only allocate 1 dirs of requested 3 for tablet 36397b73d2c34f8e83644168ad5c5dae. 1 dirs total, 0 dirs full, 0 dirs failed
I20260710 11:03:23.836649 10350 data_dirs.cc:400] Could only allocate 1 dirs of requested 3 for tablet 672c3e4b57a44212a32972adf8d3628f. 1 dirs total, 0 dirs full, 0 dirs failed
I20260710 11:03:23.836766 10402 tablet_bootstrap.cc:654] T 672c3e4b57a44212a32972adf8d3628f P 5fbcd9e0e94349eebb1cf9156f1bcbdf: Neither blocks nor log segments found. Creating new log.
I20260710 11:03:23.839777 10342 data_dirs.cc:400] Could only allocate 1 dirs of requested 3 for tablet 432de4e856bb4b7f96a2928d93a801ff. 1 dirs total, 0 dirs full, 0 dirs failed
I20260710 11:03:23.840873 10343 data_dirs.cc:400] Could only allocate 1 dirs of requested 3 for tablet 8cdc12c8d7fc47e69298159d969a2ee4. 1 dirs total, 0 dirs full, 0 dirs failed
I20260710 11:03:23.842932 10347 data_dirs.cc:400] Could only allocate 1 dirs of requested 3 for tablet cbf8ba3cb7c848bbb0e6509a7a6f1d57. 1 dirs total, 0 dirs full, 0 dirs failed
I20260710 11:03:23.854274 10346 data_dirs.cc:400] Could only allocate 1 dirs of requested 3 for tablet d6f74d4bda3448bda1ba3991a5087d74. 1 dirs total, 0 dirs full, 0 dirs failed
I20260710 11:03:23.974941 10405 tablet_bootstrap.cc:492] T 672c3e4b57a44212a32972adf8d3628f P f5a2bd12ec7346acabce4e9fe1f70f64: Bootstrap starting.
W20260710 11:03:23.978365 10156 auto_rebalancer.cc:288] Could not retrieve cluster info: Service unavailable: Tablet not running
I20260710 11:03:23.987794 10404 tablet_bootstrap.cc:492] T 7dcada9bb01f49a2aee86a4524a948a4 P a0dad8109c8a4848a9b27076ff603dce: Bootstrap starting.
I20260710 11:03:23.989321 10402 tablet_bootstrap.cc:492] T 672c3e4b57a44212a32972adf8d3628f P 5fbcd9e0e94349eebb1cf9156f1bcbdf: No bootstrap required, opened a new log
I20260710 11:03:23.989770 10402 ts_tablet_manager.cc:1403] T 672c3e4b57a44212a32972adf8d3628f P 5fbcd9e0e94349eebb1cf9156f1bcbdf: Time spent bootstrapping tablet: real 0.251s	user 0.021s	sys 0.034s
I20260710 11:03:23.995224 10402 raft_consensus.cc:359] T 672c3e4b57a44212a32972adf8d3628f P 5fbcd9e0e94349eebb1cf9156f1bcbdf [term 0 FOLLOWER]: Replica starting. Triggering 0 pending ops. Active config: opid_index: -1 OBSOLETE_local: false peers { permanent_uuid: "5fbcd9e0e94349eebb1cf9156f1bcbdf" member_type: VOTER last_known_addr { host: "127.9.215.1" port: 38795 } } peers { permanent_uuid: "f5a2bd12ec7346acabce4e9fe1f70f64" member_type: VOTER last_known_addr { host: "127.9.215.2" port: 37699 } } peers { permanent_uuid: "a0dad8109c8a4848a9b27076ff603dce" member_type: VOTER last_known_addr { host: "127.9.215.3" port: 35085 } }
I20260710 11:03:23.998201 10402 raft_consensus.cc:385] T 672c3e4b57a44212a32972adf8d3628f P 5fbcd9e0e94349eebb1cf9156f1bcbdf [term 0 FOLLOWER]: Consensus starting up: Expiring failure detector timer to make a prompt election more likely
I20260710 11:03:23.998713 10402 raft_consensus.cc:740] T 672c3e4b57a44212a32972adf8d3628f P 5fbcd9e0e94349eebb1cf9156f1bcbdf [term 0 FOLLOWER]: Becoming Follower/Learner. State: Replica: 5fbcd9e0e94349eebb1cf9156f1bcbdf, State: Initialized, Role: FOLLOWER
I20260710 11:03:23.999584 10402 consensus_queue.cc:260] T 672c3e4b57a44212a32972adf8d3628f P 5fbcd9e0e94349eebb1cf9156f1bcbdf [NON_LEADER]: Queue going to NON_LEADER mode. State: All replicated index: 0, Majority replicated index: 0, Committed index: 0, Last appended: 0.0, Last appended by leader: 0, Current term: 0, Majority size: -1, State: 0, Mode: NON_LEADER, active raft config: opid_index: -1 OBSOLETE_local: false peers { permanent_uuid: "5fbcd9e0e94349eebb1cf9156f1bcbdf" member_type: VOTER last_known_addr { host: "127.9.215.1" port: 38795 } } peers { permanent_uuid: "f5a2bd12ec7346acabce4e9fe1f70f64" member_type: VOTER last_known_addr { host: "127.9.215.2" port: 37699 } } peers { permanent_uuid: "a0dad8109c8a4848a9b27076ff603dce" member_type: VOTER last_known_addr { host: "127.9.215.3" port: 35085 } }
I20260710 11:03:24.000645 10405 tablet_bootstrap.cc:654] T 672c3e4b57a44212a32972adf8d3628f P f5a2bd12ec7346acabce4e9fe1f70f64: Neither blocks nor log segments found. Creating new log.
I20260710 11:03:24.002971 10404 tablet_bootstrap.cc:654] T 7dcada9bb01f49a2aee86a4524a948a4 P a0dad8109c8a4848a9b27076ff603dce: Neither blocks nor log segments found. Creating new log.
I20260710 11:03:24.011669 10405 tablet_bootstrap.cc:492] T 672c3e4b57a44212a32972adf8d3628f P f5a2bd12ec7346acabce4e9fe1f70f64: No bootstrap required, opened a new log
I20260710 11:03:24.012161 10405 ts_tablet_manager.cc:1403] T 672c3e4b57a44212a32972adf8d3628f P f5a2bd12ec7346acabce4e9fe1f70f64: Time spent bootstrapping tablet: real 0.041s	user 0.006s	sys 0.008s
I20260710 11:03:24.015017 10405 raft_consensus.cc:359] T 672c3e4b57a44212a32972adf8d3628f P f5a2bd12ec7346acabce4e9fe1f70f64 [term 0 FOLLOWER]: Replica starting. Triggering 0 pending ops. Active config: opid_index: -1 OBSOLETE_local: false peers { permanent_uuid: "5fbcd9e0e94349eebb1cf9156f1bcbdf" member_type: VOTER last_known_addr { host: "127.9.215.1" port: 38795 } } peers { permanent_uuid: "f5a2bd12ec7346acabce4e9fe1f70f64" member_type: VOTER last_known_addr { host: "127.9.215.2" port: 37699 } } peers { permanent_uuid: "a0dad8109c8a4848a9b27076ff603dce" member_type: VOTER last_known_addr { host: "127.9.215.3" port: 35085 } }
I20260710 11:03:24.015748 10405 raft_consensus.cc:385] T 672c3e4b57a44212a32972adf8d3628f P f5a2bd12ec7346acabce4e9fe1f70f64 [term 0 FOLLOWER]: Consensus starting up: Expiring failure detector timer to make a prompt election more likely
I20260710 11:03:24.015834 10236 heartbeater.cc:499] Master 127.9.215.62:39079 was elected leader, sending a full tablet report...
I20260710 11:03:24.016132 10405 raft_consensus.cc:740] T 672c3e4b57a44212a32972adf8d3628f P f5a2bd12ec7346acabce4e9fe1f70f64 [term 0 FOLLOWER]: Becoming Follower/Learner. State: Replica: f5a2bd12ec7346acabce4e9fe1f70f64, State: Initialized, Role: FOLLOWER
I20260710 11:03:24.016966 10405 consensus_queue.cc:260] T 672c3e4b57a44212a32972adf8d3628f P f5a2bd12ec7346acabce4e9fe1f70f64 [NON_LEADER]: Queue going to NON_LEADER mode. State: All replicated index: 0, Majority replicated index: 0, Committed index: 0, Last appended: 0.0, Last appended by leader: 0, Current term: 0, Majority size: -1, State: 0, Mode: NON_LEADER, active raft config: opid_index: -1 OBSOLETE_local: false peers { permanent_uuid: "5fbcd9e0e94349eebb1cf9156f1bcbdf" member_type: VOTER last_known_addr { host: "127.9.215.1" port: 38795 } } peers { permanent_uuid: "f5a2bd12ec7346acabce4e9fe1f70f64" member_type: VOTER last_known_addr { host: "127.9.215.2" port: 37699 } } peers { permanent_uuid: "a0dad8109c8a4848a9b27076ff603dce" member_type: VOTER last_known_addr { host: "127.9.215.3" port: 35085 } }
I20260710 11:03:24.020221 10402 ts_tablet_manager.cc:1434] T 672c3e4b57a44212a32972adf8d3628f P 5fbcd9e0e94349eebb1cf9156f1bcbdf: Time spent starting tablet: real 0.030s	user 0.013s	sys 0.009s
I20260710 11:03:24.021173 10402 tablet_bootstrap.cc:492] T 7dcada9bb01f49a2aee86a4524a948a4 P 5fbcd9e0e94349eebb1cf9156f1bcbdf: Bootstrap starting.
I20260710 11:03:24.024845 10404 tablet_bootstrap.cc:492] T 7dcada9bb01f49a2aee86a4524a948a4 P a0dad8109c8a4848a9b27076ff603dce: No bootstrap required, opened a new log
I20260710 11:03:24.025287 10404 ts_tablet_manager.cc:1403] T 7dcada9bb01f49a2aee86a4524a948a4 P a0dad8109c8a4848a9b27076ff603dce: Time spent bootstrapping tablet: real 0.056s	user 0.005s	sys 0.021s
I20260710 11:03:24.027025 10402 tablet_bootstrap.cc:654] T 7dcada9bb01f49a2aee86a4524a948a4 P 5fbcd9e0e94349eebb1cf9156f1bcbdf: Neither blocks nor log segments found. Creating new log.
I20260710 11:03:24.028115 10404 raft_consensus.cc:359] T 7dcada9bb01f49a2aee86a4524a948a4 P a0dad8109c8a4848a9b27076ff603dce [term 0 FOLLOWER]: Replica starting. Triggering 0 pending ops. Active config: opid_index: -1 OBSOLETE_local: false peers { permanent_uuid: "5fbcd9e0e94349eebb1cf9156f1bcbdf" member_type: VOTER last_known_addr { host: "127.9.215.1" port: 38795 } } peers { permanent_uuid: "f5a2bd12ec7346acabce4e9fe1f70f64" member_type: VOTER last_known_addr { host: "127.9.215.2" port: 37699 } } peers { permanent_uuid: "a0dad8109c8a4848a9b27076ff603dce" member_type: VOTER last_known_addr { host: "127.9.215.3" port: 35085 } }
