I20260710 11:03:45.996119 11401 raft_consensus.cc:515] T 224334ee24104077a9f8a97fef6569a5 P 4e63de8ad148475cb3d90454698502a8 [term 0 FOLLOWER]: Starting pre-election with config: opid_index: -1 OBSOLETE_local: false peers { permanent_uuid: "4e63de8ad148475cb3d90454698502a8" member_type: VOTER last_known_addr { host: "127.9.215.1" port: 35959 } } peers { permanent_uuid: "bb72cdec3b69402685f490c0b549bff7" member_type: VOTER last_known_addr { host: "127.9.215.2" port: 39689 } } peers { permanent_uuid: "9c4d7c88e17b4c73a674627128c90ad2" member_type: VOTER last_known_addr { host: "127.9.215.3" port: 40739 } }
I20260710 11:03:46.021135 11167 tablet_service.cc:1917] Received RequestConsensusVote() RPC: tablet_id: "137f4850875c4ae081e1a33c7cc6f196" candidate_uuid: "9c4d7c88e17b4c73a674627128c90ad2" candidate_term: 1 candidate_status { last_received { term: 0 index: 0 } } ignore_live_leader: false dest_uuid: "4e63de8ad148475cb3d90454698502a8" is_pre_election: true
I20260710 11:03:46.022645 11168 raft_consensus.cc:2468] T d74c49cce12947e7ad9993abc16261ef P 4e63de8ad148475cb3d90454698502a8 [term 0 FOLLOWER]: Leader pre-election vote request: Granting yes vote for candidate 9c4d7c88e17b4c73a674627128c90ad2 in term 0.
I20260710 11:03:46.023973 11246 tablet_service.cc:1917] Received RequestConsensusVote() RPC: tablet_id: "137f4850875c4ae081e1a33c7cc6f196" candidate_uuid: "9c4d7c88e17b4c73a674627128c90ad2" candidate_term: 1 candidate_status { last_received { term: 0 index: 0 } } ignore_live_leader: false dest_uuid: "bb72cdec3b69402685f490c0b549bff7" is_pre_election: true
I20260710 11:03:46.024530 11170 tablet_service.cc:1917] Received RequestConsensusVote() RPC: tablet_id: "c500a604a45246378b1e5249c97444fd" candidate_uuid: "bb72cdec3b69402685f490c0b549bff7" candidate_term: 1 candidate_status { last_received { term: 0 index: 0 } } ignore_live_leader: false dest_uuid: "4e63de8ad148475cb3d90454698502a8" is_pre_election: true
I20260710 11:03:46.021530 11445 raft_consensus.cc:3060] T d74c49cce12947e7ad9993abc16261ef P bb72cdec3b69402685f490c0b549bff7 [term 0 FOLLOWER]: Advancing to term 1
I20260710 11:03:46.025313 11172 raft_consensus.cc:2468] T 921a45e0fc8a45e2bc472fdae95ffae4 P 4e63de8ad148475cb3d90454698502a8 [term 1 FOLLOWER]: Leader election vote request: Granting yes vote for candidate bb72cdec3b69402685f490c0b549bff7 in term 1.
I20260710 11:03:46.043152 11170 raft_consensus.cc:2468] T c500a604a45246378b1e5249c97444fd P 4e63de8ad148475cb3d90454698502a8 [term 0 FOLLOWER]: Leader pre-election vote request: Granting yes vote for candidate bb72cdec3b69402685f490c0b549bff7 in term 0.
I20260710 11:03:46.058696 11246 raft_consensus.cc:2393] T 137f4850875c4ae081e1a33c7cc6f196 P bb72cdec3b69402685f490c0b549bff7 [term 1 FOLLOWER]: Leader pre-election vote request: Denying vote to candidate 9c4d7c88e17b4c73a674627128c90ad2 in current term 1: Already voted for candidate 4e63de8ad148475cb3d90454698502a8 in this term.
I20260710 11:03:46.075287 11401 leader_election.cc:290] T 224334ee24104077a9f8a97fef6569a5 P 4e63de8ad148475cb3d90454698502a8 [CANDIDATE]: Term 1 pre-election: Requested pre-vote from peers bb72cdec3b69402685f490c0b549bff7 (127.9.215.2:39689), 9c4d7c88e17b4c73a674627128c90ad2 (127.9.215.3:40739)
I20260710 11:03:46.048229 11396 consensus_queue.cc:1048] T 32995ce9ec8749f6983c586f1ce38c0e P 9c4d7c88e17b4c73a674627128c90ad2 [LEADER]: Connected to new peer: Peer: permanent_uuid: "4e63de8ad148475cb3d90454698502a8" member_type: VOTER last_known_addr { host: "127.9.215.1" port: 35959 }, Status: LMP_MISMATCH, Last received: 0.0, Next index: 1, Last known committed idx: 0, Time since last communication: 0.030s
I20260710 11:03:46.082897 11445 raft_consensus.cc:515] T d74c49cce12947e7ad9993abc16261ef P bb72cdec3b69402685f490c0b549bff7 [term 1 FOLLOWER]: Starting leader election with config: opid_index: -1 OBSOLETE_local: false peers { permanent_uuid: "4e63de8ad148475cb3d90454698502a8" member_type: VOTER last_known_addr { host: "127.9.215.1" port: 35959 } } peers { permanent_uuid: "bb72cdec3b69402685f490c0b549bff7" member_type: VOTER last_known_addr { host: "127.9.215.2" port: 39689 } } peers { permanent_uuid: "9c4d7c88e17b4c73a674627128c90ad2" member_type: VOTER last_known_addr { host: "127.9.215.3" port: 40739 } }
I20260710 11:03:46.075906 11215 leader_election.cc:304] T 921a45e0fc8a45e2bc472fdae95ffae4 P bb72cdec3b69402685f490c0b549bff7 [CANDIDATE]: Term 1 election: Election decided. Result: candidate won. Election summary: received 3 responses out of 3 voters: 2 yes votes; 1 no votes. yes voters: 4e63de8ad148475cb3d90454698502a8, bb72cdec3b69402685f490c0b549bff7; no voters: 9c4d7c88e17b4c73a674627128c90ad2
I20260710 11:03:46.122131 11454 raft_consensus.cc:493] T d99b594afb194b89af1743d384a9baed P bb72cdec3b69402685f490c0b549bff7 [term 0 FOLLOWER]: Starting pre-election (no leader contacted us within the election timeout)
W20260710 11:03:46.126053 11215 outbound_call.cc:321] RPC callback for RPC call kudu.consensus.ConsensusService.RequestConsensusVote -> {remote=127.9.215.1:35959, user_credentials={real_user=slave}} blocked reactor thread for 61828.1us
I20260710 11:03:46.127578 11449 raft_consensus.cc:493] T d37c7b9f47824fefaab29e8afec6e716 P bb72cdec3b69402685f490c0b549bff7 [term 0 FOLLOWER]: Starting pre-election (no leader contacted us within the election timeout)
I20260710 11:03:46.128006 11449 raft_consensus.cc:515] T d37c7b9f47824fefaab29e8afec6e716 P bb72cdec3b69402685f490c0b549bff7 [term 0 FOLLOWER]: Starting pre-election with config: opid_index: -1 OBSOLETE_local: false peers { permanent_uuid: "4e63de8ad148475cb3d90454698502a8" member_type: VOTER last_known_addr { host: "127.9.215.1" port: 35959 } } peers { permanent_uuid: "bb72cdec3b69402685f490c0b549bff7" member_type: VOTER last_known_addr { host: "127.9.215.2" port: 39689 } } peers { permanent_uuid: "9c4d7c88e17b4c73a674627128c90ad2" member_type: VOTER last_known_addr { host: "127.9.215.3" port: 40739 } }
I20260710 11:03:46.128180 11215 leader_election.cc:304] T c500a604a45246378b1e5249c97444fd P bb72cdec3b69402685f490c0b549bff7 [CANDIDATE]: Term 1 pre-election: Election decided. Result: candidate won. Election summary: received 3 responses out of 3 voters: 2 yes votes; 1 no votes. yes voters: 4e63de8ad148475cb3d90454698502a8, bb72cdec3b69402685f490c0b549bff7; no voters: 9c4d7c88e17b4c73a674627128c90ad2
I20260710 11:03:46.115166 11289 leader_election.cc:304] T d74c49cce12947e7ad9993abc16261ef P 9c4d7c88e17b4c73a674627128c90ad2 [CANDIDATE]: Term 1 pre-election: Election decided. Result: candidate won. Election summary: received 2 responses out of 3 voters: 2 yes votes; 0 no votes. yes voters: 4e63de8ad148475cb3d90454698502a8, 9c4d7c88e17b4c73a674627128c90ad2; no voters: 
I20260710 11:03:46.126264 11454 raft_consensus.cc:515] T d99b594afb194b89af1743d384a9baed P bb72cdec3b69402685f490c0b549bff7 [term 0 FOLLOWER]: Starting pre-election with config: opid_index: -1 OBSOLETE_local: false peers { permanent_uuid: "4e63de8ad148475cb3d90454698502a8" member_type: VOTER last_known_addr { host: "127.9.215.1" port: 35959 } } peers { permanent_uuid: "bb72cdec3b69402685f490c0b549bff7" member_type: VOTER last_known_addr { host: "127.9.215.2" port: 39689 } } peers { permanent_uuid: "9c4d7c88e17b4c73a674627128c90ad2" member_type: VOTER last_known_addr { host: "127.9.215.3" port: 40739 } }
I20260710 11:03:46.128873 11453 raft_consensus.cc:2804] T 921a45e0fc8a45e2bc472fdae95ffae4 P bb72cdec3b69402685f490c0b549bff7 [term 1 FOLLOWER]: Leader election won for term 1
I20260710 11:03:46.135712 11246 tablet_service.cc:1917] Received RequestConsensusVote() RPC: tablet_id: "224334ee24104077a9f8a97fef6569a5" candidate_uuid: "4e63de8ad148475cb3d90454698502a8" candidate_term: 1 candidate_status { last_received { term: 0 index: 0 } } ignore_live_leader: false dest_uuid: "bb72cdec3b69402685f490c0b549bff7" is_pre_election: true
I20260710 11:03:46.130548 11392 raft_consensus.cc:2804] T c500a604a45246378b1e5249c97444fd P bb72cdec3b69402685f490c0b549bff7 [term 0 FOLLOWER]: Leader pre-election won for term 1
I20260710 11:03:46.138329 11320 raft_consensus.cc:3060] T 137f4850875c4ae081e1a33c7cc6f196 P 9c4d7c88e17b4c73a674627128c90ad2 [term 0 FOLLOWER]: Advancing to term 1
I20260710 11:03:46.136405 11419 raft_consensus.cc:2804] T d74c49cce12947e7ad9993abc16261ef P 9c4d7c88e17b4c73a674627128c90ad2 [term 0 FOLLOWER]: Leader pre-election won for term 1
I20260710 11:03:46.141382 11322 tablet_service.cc:1917] Received RequestConsensusVote() RPC: tablet_id: "224334ee24104077a9f8a97fef6569a5" candidate_uuid: "4e63de8ad148475cb3d90454698502a8" candidate_term: 1 candidate_status { last_received { term: 0 index: 0 } } ignore_live_leader: false dest_uuid: "9c4d7c88e17b4c73a674627128c90ad2" is_pre_election: true
I20260710 11:03:46.146490 11365 tablet_bootstrap.cc:654] T c78d901c1a4a45e6a7078d7f0f22413b P 4e63de8ad148475cb3d90454698502a8: Neither blocks nor log segments found. Creating new log.
I20260710 11:03:46.140087 11247 raft_consensus.cc:2393] T d74c49cce12947e7ad9993abc16261ef P bb72cdec3b69402685f490c0b549bff7 [term 1 FOLLOWER]: Leader pre-election vote request: Denying vote to candidate 9c4d7c88e17b4c73a674627128c90ad2 in current term 1: Already voted for candidate bb72cdec3b69402685f490c0b549bff7 in this term.
I20260710 11:03:46.139055 11392 raft_consensus.cc:493] T c500a604a45246378b1e5249c97444fd P bb72cdec3b69402685f490c0b549bff7 [term 0 FOLLOWER]: Starting leader election (no leader contacted us within the election timeout)
I20260710 11:03:46.149120 11322 tablet_service.cc:1917] Received RequestConsensusVote() RPC: tablet_id: "d74c49cce12947e7ad9993abc16261ef" candidate_uuid: "bb72cdec3b69402685f490c0b549bff7" candidate_term: 1 candidate_status { last_received { term: 0 index: 0 } } ignore_live_leader: false dest_uuid: "9c4d7c88e17b4c73a674627128c90ad2"
I20260710 11:03:46.145871 11445 leader_election.cc:290] T d74c49cce12947e7ad9993abc16261ef P bb72cdec3b69402685f490c0b549bff7 [CANDIDATE]: Term 1 election: Requested vote from peers 4e63de8ad148475cb3d90454698502a8 (127.9.215.1:35959), 9c4d7c88e17b4c73a674627128c90ad2 (127.9.215.3:40739)
W20260710 11:03:46.134339 11289 outbound_call.cc:321] RPC callback for RPC call kudu.consensus.ConsensusService.RequestConsensusVote -> {remote=127.9.215.1:35959, user_credentials={real_user=slave}} blocked reactor thread for 56493.2us
I20260710 11:03:46.136286 11246 raft_consensus.cc:2468] T 224334ee24104077a9f8a97fef6569a5 P bb72cdec3b69402685f490c0b549bff7 [term 0 FOLLOWER]: Leader pre-election vote request: Granting yes vote for candidate 4e63de8ad148475cb3d90454698502a8 in term 0.
I20260710 11:03:46.142354 11419 raft_consensus.cc:493] T d74c49cce12947e7ad9993abc16261ef P 9c4d7c88e17b4c73a674627128c90ad2 [term 0 FOLLOWER]: Starting leader election (no leader contacted us within the election timeout)
I20260710 11:03:46.155233 11364 tablet_bootstrap.cc:492] T 224334ee24104077a9f8a97fef6569a5 P 9c4d7c88e17b4c73a674627128c90ad2: No bootstrap required, opened a new log
I20260710 11:03:46.157477 11364 ts_tablet_manager.cc:1403] T 224334ee24104077a9f8a97fef6569a5 P 9c4d7c88e17b4c73a674627128c90ad2: Time spent bootstrapping tablet: real 0.290s	user 0.018s	sys 0.021s
I20260710 11:03:46.152773 11392 raft_consensus.cc:3060] T c500a604a45246378b1e5249c97444fd P bb72cdec3b69402685f490c0b549bff7 [term 0 FOLLOWER]: Advancing to term 1
I20260710 11:03:46.161300 11289 leader_election.cc:304] T 137f4850875c4ae081e1a33c7cc6f196 P 9c4d7c88e17b4c73a674627128c90ad2 [CANDIDATE]: Term 1 pre-election: Election decided. Result: candidate lost. Election summary: received 3 responses out of 3 voters: 1 yes votes; 2 no votes. yes voters: 9c4d7c88e17b4c73a674627128c90ad2; no voters: 4e63de8ad148475cb3d90454698502a8, bb72cdec3b69402685f490c0b549bff7
I20260710 11:03:46.157949 11419 raft_consensus.cc:3060] T d74c49cce12947e7ad9993abc16261ef P 9c4d7c88e17b4c73a674627128c90ad2 [term 0 FOLLOWER]: Advancing to term 1
I20260710 11:03:46.166457 11453 raft_consensus.cc:697] T 921a45e0fc8a45e2bc472fdae95ffae4 P bb72cdec3b69402685f490c0b549bff7 [term 1 LEADER]: Becoming Leader. State: Replica: bb72cdec3b69402685f490c0b549bff7, State: Running, Role: LEADER
I20260710 11:03:46.170063 11454 leader_election.cc:290] T d99b594afb194b89af1743d384a9baed P bb72cdec3b69402685f490c0b549bff7 [CANDIDATE]: Term 1 pre-election: Requested pre-vote from peers 4e63de8ad148475cb3d90454698502a8 (127.9.215.1:35959), 9c4d7c88e17b4c73a674627128c90ad2 (127.9.215.3:40739)
I20260710 11:03:46.171092 11453 consensus_queue.cc:237] T 921a45e0fc8a45e2bc472fdae95ffae4 P bb72cdec3b69402685f490c0b549bff7 [LEADER]: Queue going to LEADER mode. State: All replicated index: 0, Majority replicated index: 0, Committed index: 0, Last appended: 0.0, Last appended by leader: 0, Current term: 1, Majority size: 2, State: 0, Mode: LEADER, active raft config: opid_index: -1 OBSOLETE_local: false peers { permanent_uuid: "4e63de8ad148475cb3d90454698502a8" member_type: VOTER last_known_addr { host: "127.9.215.1" port: 35959 } } peers { permanent_uuid: "bb72cdec3b69402685f490c0b549bff7" member_type: VOTER last_known_addr { host: "127.9.215.2" port: 39689 } } peers { permanent_uuid: "9c4d7c88e17b4c73a674627128c90ad2" member_type: VOTER last_known_addr { host: "127.9.215.3" port: 40739 } }
I20260710 11:03:46.172153 11323 tablet_service.cc:1917] Received RequestConsensusVote() RPC: tablet_id: "d37c7b9f47824fefaab29e8afec6e716" candidate_uuid: "bb72cdec3b69402685f490c0b549bff7" candidate_term: 1 candidate_status { last_received { term: 0 index: 0 } } ignore_live_leader: false dest_uuid: "9c4d7c88e17b4c73a674627128c90ad2" is_pre_election: true
I20260710 11:03:46.172237 11321 tablet_service.cc:1917] Received RequestConsensusVote() RPC: tablet_id: "d99b594afb194b89af1743d384a9baed" candidate_uuid: "bb72cdec3b69402685f490c0b549bff7" candidate_term: 1 candidate_status { last_received { term: 0 index: 0 } } ignore_live_leader: false dest_uuid: "9c4d7c88e17b4c73a674627128c90ad2" is_pre_election: true
I20260710 11:03:46.173007 11321 raft_consensus.cc:2393] T d99b594afb194b89af1743d384a9baed P 9c4d7c88e17b4c73a674627128c90ad2 [term 1 FOLLOWER]: Leader pre-election vote request: Denying vote to candidate bb72cdec3b69402685f490c0b549bff7 in current term 1: Already voted for candidate 4e63de8ad148475cb3d90454698502a8 in this term.
I20260710 11:03:46.173779 11169 tablet_service.cc:1917] Received RequestConsensusVote() RPC: tablet_id: "d74c49cce12947e7ad9993abc16261ef" candidate_uuid: "bb72cdec3b69402685f490c0b549bff7" candidate_term: 1 candidate_status { last_received { term: 0 index: 0 } } ignore_live_leader: false dest_uuid: "4e63de8ad148475cb3d90454698502a8"
I20260710 11:03:46.174984 11169 raft_consensus.cc:3060] T d74c49cce12947e7ad9993abc16261ef P 4e63de8ad148475cb3d90454698502a8 [term 0 FOLLOWER]: Advancing to term 1
W20260710 11:03:46.175369 11212 leader_election.cc:343] T d37c7b9f47824fefaab29e8afec6e716 P bb72cdec3b69402685f490c0b549bff7 [CANDIDATE]: Term 1 pre-election: Tablet error from VoteRequest() call to peer 9c4d7c88e17b4c73a674627128c90ad2 (127.9.215.3:40739): Illegal state: must be running to vote when last-logged opid is not known
W20260710 11:03:46.175848 11139 outbound_call.cc:321] RPC callback for RPC call kudu.consensus.ConsensusService.UpdateConsensus -> {remote=127.9.215.2:39689, user_credentials={real_user=slave}} blocked reactor thread for 48137.1us
I20260710 11:03:46.183825 11364 raft_consensus.cc:359] T 224334ee24104077a9f8a97fef6569a5 P 9c4d7c88e17b4c73a674627128c90ad2 [term 0 FOLLOWER]: Replica starting. Triggering 0 pending ops. Active config: opid_index: -1 OBSOLETE_local: false peers { permanent_uuid: "4e63de8ad148475cb3d90454698502a8" member_type: VOTER last_known_addr { host: "127.9.215.1" port: 35959 } } peers { permanent_uuid: "bb72cdec3b69402685f490c0b549bff7" member_type: VOTER last_known_addr { host: "127.9.215.2" port: 39689 } } peers { permanent_uuid: "9c4d7c88e17b4c73a674627128c90ad2" member_type: VOTER last_known_addr { host: "127.9.215.3" port: 40739 } }
I20260710 11:03:46.184495 11364 raft_consensus.cc:385] T 224334ee24104077a9f8a97fef6569a5 P 9c4d7c88e17b4c73a674627128c90ad2 [term 0 FOLLOWER]: Consensus starting up: Expiring failure detector timer to make a prompt election more likely
I20260710 11:03:46.184752 11364 raft_consensus.cc:740] T 224334ee24104077a9f8a97fef6569a5 P 9c4d7c88e17b4c73a674627128c90ad2 [term 0 FOLLOWER]: Becoming Follower/Learner. State: Replica: 9c4d7c88e17b4c73a674627128c90ad2, State: Initialized, Role: FOLLOWER
I20260710 11:03:46.185352 11364 consensus_queue.cc:260] T 224334ee24104077a9f8a97fef6569a5 P 9c4d7c88e17b4c73a674627128c90ad2 [NON_LEADER]: Queue going to NON_LEADER mode. State: All replicated index: 0, Majority replicated index: 0, Committed index: 0, Last appended: 0.0, Last appended by leader: 0, Current term: 0, Majority size: -1, State: 0, Mode: NON_LEADER, active raft config: opid_index: -1 OBSOLETE_local: false peers { permanent_uuid: "4e63de8ad148475cb3d90454698502a8" member_type: VOTER last_known_addr { host: "127.9.215.1" port: 35959 } } peers { permanent_uuid: "bb72cdec3b69402685f490c0b549bff7" member_type: VOTER last_known_addr { host: "127.9.215.2" port: 39689 } } peers { permanent_uuid: "9c4d7c88e17b4c73a674627128c90ad2" member_type: VOTER last_known_addr { host: "127.9.215.3" port: 40739 } }
I20260710 11:03:46.170080 11449 leader_election.cc:290] T d37c7b9f47824fefaab29e8afec6e716 P bb72cdec3b69402685f490c0b549bff7 [CANDIDATE]: Term 1 pre-election: Requested pre-vote from peers 4e63de8ad148475cb3d90454698502a8 (127.9.215.1:35959), 9c4d7c88e17b4c73a674627128c90ad2 (127.9.215.3:40739)
I20260710 11:03:46.187692 11171 tablet_service.cc:1917] Received RequestConsensusVote() RPC: tablet_id: "d99b594afb194b89af1743d384a9baed" candidate_uuid: "bb72cdec3b69402685f490c0b549bff7" candidate_term: 1 candidate_status { last_received { term: 0 index: 0 } } ignore_live_leader: false dest_uuid: "4e63de8ad148475cb3d90454698502a8" is_pre_election: true
I20260710 11:03:46.183115 11412 raft_consensus.cc:493] T 32995ce9ec8749f6983c586f1ce38c0e P 4e63de8ad148475cb3d90454698502a8 [term 1 FOLLOWER]: Starting pre-election (no leader contacted us within the election timeout)
I20260710 11:03:46.206840 11465 consensus_queue.cc:1048] T 137f4850875c4ae081e1a33c7cc6f196 P 4e63de8ad148475cb3d90454698502a8 [LEADER]: Connected to new peer: Peer: permanent_uuid: "bb72cdec3b69402685f490c0b549bff7" member_type: VOTER last_known_addr { host: "127.9.215.2" port: 39689 }, Status: LMP_MISMATCH, Last received: 0.0, Next index: 1, Last known committed idx: 0, Time since last communication: 0.012s
I20260710 11:03:46.207369 11364 ts_tablet_manager.cc:1434] T 224334ee24104077a9f8a97fef6569a5 P 9c4d7c88e17b4c73a674627128c90ad2: Time spent starting tablet: real 0.050s	user 0.016s	sys 0.007s
I20260710 11:03:46.208284 11364 tablet_bootstrap.cc:492] T 64b3c99ed85b4963906dca08339a1b73 P 9c4d7c88e17b4c73a674627128c90ad2: Bootstrap starting.
I20260710 11:03:46.183557 11369 consensus_queue.cc:1048] T 1440aa5bafa742b6ab14824bf09371a3 P 4e63de8ad148475cb3d90454698502a8 [LEADER]: Connected to new peer: Peer: permanent_uuid: "bb72cdec3b69402685f490c0b549bff7" member_type: VOTER last_known_addr { host: "127.9.215.2" port: 39689 }, Status: LMP_MISMATCH, Last received: 0.0, Next index: 1, Last known committed idx: 0, Time since last communication: 0.017s
I20260710 11:03:46.211350 11421 raft_consensus.cc:2749] T 137f4850875c4ae081e1a33c7cc6f196 P 9c4d7c88e17b4c73a674627128c90ad2 [term 1 FOLLOWER]: Leader pre-election lost for term 1. Reason: could not achieve majority
I20260710 11:03:46.209180 11139 leader_election.cc:304] T 224334ee24104077a9f8a97fef6569a5 P 4e63de8ad148475cb3d90454698502a8 [CANDIDATE]: Term 1 pre-election: Election decided. Result: candidate won. Election summary: received 2 responses out of 3 voters: 2 yes votes; 0 no votes. yes voters: 4e63de8ad148475cb3d90454698502a8, bb72cdec3b69402685f490c0b549bff7; no voters: 
I20260710 11:03:46.221642 11170 tablet_service.cc:1917] Received RequestConsensusVote() RPC: tablet_id: "d37c7b9f47824fefaab29e8afec6e716" candidate_uuid: "bb72cdec3b69402685f490c0b549bff7" candidate_term: 1 candidate_status { last_received { term: 0 index: 0 } } ignore_live_leader: false dest_uuid: "4e63de8ad148475cb3d90454698502a8" is_pre_election: true
I20260710 11:03:46.222007 11215 leader_election.cc:304] T d99b594afb194b89af1743d384a9baed P bb72cdec3b69402685f490c0b549bff7 [CANDIDATE]: Term 1 pre-election: Election decided. Result: candidate lost. Election summary: received 3 responses out of 3 voters: 1 yes votes; 2 no votes. yes voters: bb72cdec3b69402685f490c0b549bff7; no voters: 4e63de8ad148475cb3d90454698502a8, 9c4d7c88e17b4c73a674627128c90ad2
I20260710 11:03:46.209583 11412 raft_consensus.cc:515] T 32995ce9ec8749f6983c586f1ce38c0e P 4e63de8ad148475cb3d90454698502a8 [term 1 FOLLOWER]: Starting pre-election with config: opid_index: -1 OBSOLETE_local: false peers { permanent_uuid: "4e63de8ad148475cb3d90454698502a8" member_type: VOTER last_known_addr { host: "127.9.215.1" port: 35959 } } peers { permanent_uuid: "bb72cdec3b69402685f490c0b549bff7" member_type: VOTER last_known_addr { host: "127.9.215.2" port: 39689 } } peers { permanent_uuid: "9c4d7c88e17b4c73a674627128c90ad2" member_type: VOTER last_known_addr { host: "127.9.215.3" port: 40739 } }
I20260710 11:03:46.220088 11370 leader_election.cc:290] T e264e76c98a848ee8348ec981d19cce7 P 9c4d7c88e17b4c73a674627128c90ad2 [CANDIDATE]: Term 2 pre-election: Requested pre-vote from peers 4e63de8ad148475cb3d90454698502a8 (127.9.215.1:35959), bb72cdec3b69402685f490c0b549bff7 (127.9.215.2:39689)
I20260710 11:03:46.224866 11170 raft_consensus.cc:2468] T d37c7b9f47824fefaab29e8afec6e716 P 4e63de8ad148475cb3d90454698502a8 [term 0 FOLLOWER]: Leader pre-election vote request: Granting yes vote for candidate bb72cdec3b69402685f490c0b549bff7 in term 0.
I20260710 11:03:46.228672 11412 leader_election.cc:290] T 32995ce9ec8749f6983c586f1ce38c0e P 4e63de8ad148475cb3d90454698502a8 [CANDIDATE]: Term 2 pre-election: Requested pre-vote from peers bb72cdec3b69402685f490c0b549bff7 (127.9.215.2:39689), 9c4d7c88e17b4c73a674627128c90ad2 (127.9.215.3:40739)
I20260710 11:03:46.228899 11248 tablet_service.cc:1917] Received RequestConsensusVote() RPC: tablet_id: "e264e76c98a848ee8348ec981d19cce7" candidate_uuid: "9c4d7c88e17b4c73a674627128c90ad2" candidate_term: 2 candidate_status { last_received { term: 0 index: 0 } } ignore_live_leader: false dest_uuid: "bb72cdec3b69402685f490c0b549bff7" is_pre_election: true
I20260710 11:03:46.229194 11171 tablet_service.cc:1917] Received RequestConsensusVote() RPC: tablet_id: "e264e76c98a848ee8348ec981d19cce7" candidate_uuid: "9c4d7c88e17b4c73a674627128c90ad2" candidate_term: 2 candidate_status { last_received { term: 0 index: 0 } } ignore_live_leader: false dest_uuid: "4e63de8ad148475cb3d90454698502a8" is_pre_election: true
W20260710 11:03:46.223803 11137 leader_election.cc:343] T 224334ee24104077a9f8a97fef6569a5 P 4e63de8ad148475cb3d90454698502a8 [CANDIDATE]: Term 1 pre-election: Tablet error from VoteRequest() call to peer 9c4d7c88e17b4c73a674627128c90ad2 (127.9.215.3:40739): Illegal state: must be running to vote when last-logged opid is not known
I20260710 11:03:46.233174 11456 raft_consensus.cc:493] T cf85be4224604ddf88a6344b236f64d3 P 9c4d7c88e17b4c73a674627128c90ad2 [term 0 FOLLOWER]: Starting pre-election (no leader contacted us within the election timeout)
I20260710 11:03:46.233682 11456 raft_consensus.cc:515] T cf85be4224604ddf88a6344b236f64d3 P 9c4d7c88e17b4c73a674627128c90ad2 [term 0 FOLLOWER]: Starting pre-election with config: opid_index: -1 OBSOLETE_local: false peers { permanent_uuid: "4e63de8ad148475cb3d90454698502a8" member_type: VOTER last_known_addr { host: "127.9.215.1" port: 35959 } } peers { permanent_uuid: "bb72cdec3b69402685f490c0b549bff7" member_type: VOTER last_known_addr { host: "127.9.215.2" port: 39689 } } peers { permanent_uuid: "9c4d7c88e17b4c73a674627128c90ad2" member_type: VOTER last_known_addr { host: "127.9.215.3" port: 40739 } }
I20260710 11:03:46.235044 11363 tablet_bootstrap.cc:492] T 498fb140a0ad4f33bbe1da36c8c91434 P bb72cdec3b69402685f490c0b549bff7: No bootstrap required, opened a new log
I20260710 11:03:46.235571 11363 ts_tablet_manager.cc:1403] T 498fb140a0ad4f33bbe1da36c8c91434 P bb72cdec3b69402685f490c0b549bff7: Time spent bootstrapping tablet: real 0.289s	user 0.009s	sys 0.028s
I20260710 11:03:46.226186 11465 raft_consensus.cc:2804] T 224334ee24104077a9f8a97fef6569a5 P 4e63de8ad148475cb3d90454698502a8 [term 0 FOLLOWER]: Leader pre-election won for term 1
I20260710 11:03:46.241307 11473 consensus_queue.cc:1048] T 24bac531be2548e39608dcd2cc034e1a P 9c4d7c88e17b4c73a674627128c90ad2 [LEADER]: Connected to new peer: Peer: permanent_uuid: "4e63de8ad148475cb3d90454698502a8" member_type: VOTER last_known_addr { host: "127.9.215.1" port: 35959 }, Status: LMP_MISMATCH, Last received: 0.0, Next index: 1, Last known committed idx: 0, Time since last communication: 0.002s
I20260710 11:03:46.245833 11470 raft_consensus.cc:3060] T d99b594afb194b89af1743d384a9baed P bb72cdec3b69402685f490c0b549bff7 [term 0 FOLLOWER]: Advancing to term 1
I20260710 11:03:46.238871 11465 raft_consensus.cc:493] T 224334ee24104077a9f8a97fef6569a5 P 4e63de8ad148475cb3d90454698502a8 [term 0 FOLLOWER]: Starting leader election (no leader contacted us within the election timeout)
I20260710 11:03:46.238891 11456 leader_election.cc:290] T cf85be4224604ddf88a6344b236f64d3 P 9c4d7c88e17b4c73a674627128c90ad2 [CANDIDATE]: Term 1 pre-election: Requested pre-vote from peers 4e63de8ad148475cb3d90454698502a8 (127.9.215.1:35959), bb72cdec3b69402685f490c0b549bff7 (127.9.215.2:39689)
I20260710 11:03:46.250919 11474 raft_consensus.cc:493] T 224334ee24104077a9f8a97fef6569a5 P 9c4d7c88e17b4c73a674627128c90ad2 [term 0 FOLLOWER]: Starting pre-election (no leader contacted us within the election timeout)
I20260710 11:03:46.251415 11474 raft_consensus.cc:515] T 224334ee24104077a9f8a97fef6569a5 P 9c4d7c88e17b4c73a674627128c90ad2 [term 0 FOLLOWER]: Starting pre-election with config: opid_index: -1 OBSOLETE_local: false peers { permanent_uuid: "4e63de8ad148475cb3d90454698502a8" member_type: VOTER last_known_addr { host: "127.9.215.1" port: 35959 } } peers { permanent_uuid: "bb72cdec3b69402685f490c0b549bff7" member_type: VOTER last_known_addr { host: "127.9.215.2" port: 39689 } } peers { permanent_uuid: "9c4d7c88e17b4c73a674627128c90ad2" member_type: VOTER last_known_addr { host: "127.9.215.3" port: 40739 } }
I20260710 11:03:46.253506 11474 leader_election.cc:290] T 224334ee24104077a9f8a97fef6569a5 P 9c4d7c88e17b4c73a674627128c90ad2 [CANDIDATE]: Term 1 pre-election: Requested pre-vote from peers 4e63de8ad148475cb3d90454698502a8 (127.9.215.1:35959), bb72cdec3b69402685f490c0b549bff7 (127.9.215.2:39689)
I20260710 11:03:46.257390 11289 leader_election.cc:304] T e264e76c98a848ee8348ec981d19cce7 P 9c4d7c88e17b4c73a674627128c90ad2 [CANDIDATE]: Term 2 pre-election: Election decided. Result: candidate lost. Election summary: received 3 responses out of 3 voters: 1 yes votes; 2 no votes. yes voters: 9c4d7c88e17b4c73a674627128c90ad2; no voters: 4e63de8ad148475cb3d90454698502a8, bb72cdec3b69402685f490c0b549bff7
I20260710 11:03:46.249050 11465 raft_consensus.cc:3060] T 224334ee24104077a9f8a97fef6569a5 P 4e63de8ad148475cb3d90454698502a8 [term 0 FOLLOWER]: Advancing to term 1
I20260710 11:03:46.259192 11245 tablet_service.cc:1917] Received RequestConsensusVote() RPC: tablet_id: "224334ee24104077a9f8a97fef6569a5" candidate_uuid: "9c4d7c88e17b4c73a674627128c90ad2" candidate_term: 1 candidate_status { last_received { term: 0 index: 0 } } ignore_live_leader: false dest_uuid: "bb72cdec3b69402685f490c0b549bff7" is_pre_election: true
I20260710 11:03:46.259657 11245 raft_consensus.cc:2468] T 224334ee24104077a9f8a97fef6569a5 P bb72cdec3b69402685f490c0b549bff7 [term 0 FOLLOWER]: Leader pre-election vote request: Granting yes vote for candidate 9c4d7c88e17b4c73a674627128c90ad2 in term 0.
I20260710 11:03:46.260409 11167 tablet_service.cc:1917] Received RequestConsensusVote() RPC: tablet_id: "224334ee24104077a9f8a97fef6569a5" candidate_uuid: "9c4d7c88e17b4c73a674627128c90ad2" candidate_term: 1 candidate_status { last_received { term: 0 index: 0 } } ignore_live_leader: false dest_uuid: "4e63de8ad148475cb3d90454698502a8" is_pre_election: true
I20260710 11:03:46.260612 11288 leader_election.cc:304] T 224334ee24104077a9f8a97fef6569a5 P 9c4d7c88e17b4c73a674627128c90ad2 [CANDIDATE]: Term 1 pre-election: Election decided. Result: candidate won. Election summary: received 2 responses out of 3 voters: 2 yes votes; 0 no votes. yes voters: 9c4d7c88e17b4c73a674627128c90ad2, bb72cdec3b69402685f490c0b549bff7; no voters: 
I20260710 11:03:46.257965 11170 tablet_service.cc:1917] Received RequestConsensusVote() RPC: tablet_id: "cf85be4224604ddf88a6344b236f64d3" candidate_uuid: "9c4d7c88e17b4c73a674627128c90ad2" candidate_term: 1 candidate_status { last_received { term: 0 index: 0 } } ignore_live_leader: false dest_uuid: "4e63de8ad148475cb3d90454698502a8" is_pre_election: true
I20260710 11:03:46.272109 11365 tablet_bootstrap.cc:492] T c78d901c1a4a45e6a7078d7f0f22413b P 4e63de8ad148475cb3d90454698502a8: No bootstrap required, opened a new log
I20260710 11:03:46.246678 11215 leader_election.cc:304] T d37c7b9f47824fefaab29e8afec6e716 P bb72cdec3b69402685f490c0b549bff7 [CANDIDATE]: Term 1 pre-election: Election decided. Result: candidate won. Election summary: received 3 responses out of 3 voters: 2 yes votes; 1 no votes. yes voters: 4e63de8ad148475cb3d90454698502a8, bb72cdec3b69402685f490c0b549bff7; no voters: 9c4d7c88e17b4c73a674627128c90ad2
I20260710 11:03:46.273015 11454 raft_consensus.cc:2804] T d37c7b9f47824fefaab29e8afec6e716 P bb72cdec3b69402685f490c0b549bff7 [term 0 FOLLOWER]: Leader pre-election won for term 1
I20260710 11:03:46.273379 11454 raft_consensus.cc:493] T d37c7b9f47824fefaab29e8afec6e716 P bb72cdec3b69402685f490c0b549bff7 [term 0 FOLLOWER]: Starting leader election (no leader contacted us within the election timeout)
I20260710 11:03:46.273694 11454 raft_consensus.cc:3060] T d37c7b9f47824fefaab29e8afec6e716 P bb72cdec3b69402685f490c0b549bff7 [term 0 FOLLOWER]: Advancing to term 1
I20260710 11:03:46.255187 11246 tablet_service.cc:1917] Received RequestConsensusVote() RPC: tablet_id: "cf85be4224604ddf88a6344b236f64d3" candidate_uuid: "9c4d7c88e17b4c73a674627128c90ad2" candidate_term: 1 candidate_status { last_received { term: 0 index: 0 } } ignore_live_leader: false dest_uuid: "bb72cdec3b69402685f490c0b549bff7" is_pre_election: true
I20260710 11:03:46.272541 11365 ts_tablet_manager.cc:1403] T c78d901c1a4a45e6a7078d7f0f22413b P 4e63de8ad148475cb3d90454698502a8: Time spent bootstrapping tablet: real 0.294s	user 0.005s	sys 0.014s
I20260710 11:03:46.263203 11392 raft_consensus.cc:515] T c500a604a45246378b1e5249c97444fd P bb72cdec3b69402685f490c0b549bff7 [term 1 FOLLOWER]: Starting leader election with config: opid_index: -1 OBSOLETE_local: false peers { permanent_uuid: "4e63de8ad148475cb3d90454698502a8" member_type: VOTER last_known_addr { host: "127.9.215.1" port: 35959 } } peers { permanent_uuid: "bb72cdec3b69402685f490c0b549bff7" member_type: VOTER last_known_addr { host: "127.9.215.2" port: 39689 } } peers { permanent_uuid: "9c4d7c88e17b4c73a674627128c90ad2" member_type: VOTER last_known_addr { host: "127.9.215.3" port: 40739 } }
I20260710 11:03:46.269636 11456 raft_consensus.cc:2804] T 224334ee24104077a9f8a97fef6569a5 P 9c4d7c88e17b4c73a674627128c90ad2 [term 0 FOLLOWER]: Leader pre-election won for term 1
I20260710 11:03:46.286218 11244 tablet_service.cc:1917] Received RequestConsensusVote() RPC: tablet_id: "32995ce9ec8749f6983c586f1ce38c0e" candidate_uuid: "4e63de8ad148475cb3d90454698502a8" candidate_term: 2 candidate_status { last_received { term: 0 index: 0 } } ignore_live_leader: false dest_uuid: "bb72cdec3b69402685f490c0b549bff7" is_pre_election: true
I20260710 11:03:46.285723 11456 raft_consensus.cc:493] T 224334ee24104077a9f8a97fef6569a5 P 9c4d7c88e17b4c73a674627128c90ad2 [term 0 FOLLOWER]: Starting leader election (no leader contacted us within the election timeout)
I20260710 11:03:46.293442 11456 raft_consensus.cc:3060] T 224334ee24104077a9f8a97fef6569a5 P 9c4d7c88e17b4c73a674627128c90ad2 [term 0 FOLLOWER]: Advancing to term 1
I20260710 11:03:46.301092 11364 tablet_bootstrap.cc:654] T 64b3c99ed85b4963906dca08339a1b73 P 9c4d7c88e17b4c73a674627128c90ad2: Neither blocks nor log segments found. Creating new log.
I20260710 11:03:46.307782 11363 raft_consensus.cc:359] T 498fb140a0ad4f33bbe1da36c8c91434 P bb72cdec3b69402685f490c0b549bff7 [term 0 FOLLOWER]: Replica starting. Triggering 0 pending ops. Active config: opid_index: -1 OBSOLETE_local: false peers { permanent_uuid: "4e63de8ad148475cb3d90454698502a8" member_type: VOTER last_known_addr { host: "127.9.215.1" port: 35959 } } peers { permanent_uuid: "bb72cdec3b69402685f490c0b549bff7" member_type: VOTER last_known_addr { host: "127.9.215.2" port: 39689 } } peers { permanent_uuid: "9c4d7c88e17b4c73a674627128c90ad2" member_type: VOTER last_known_addr { host: "127.9.215.3" port: 40739 } }
I20260710 11:03:46.308424 11363 raft_consensus.cc:385] T 498fb140a0ad4f33bbe1da36c8c91434 P bb72cdec3b69402685f490c0b549bff7 [term 0 FOLLOWER]: Consensus starting up: Expiring failure detector timer to make a prompt election more likely
I20260710 11:03:46.308681 11363 raft_consensus.cc:740] T 498fb140a0ad4f33bbe1da36c8c91434 P bb72cdec3b69402685f490c0b549bff7 [term 0 FOLLOWER]: Becoming Follower/Learner. State: Replica: bb72cdec3b69402685f490c0b549bff7, State: Initialized, Role: FOLLOWER
I20260710 11:03:46.298307 11474 raft_consensus.cc:2749] T e264e76c98a848ee8348ec981d19cce7 P 9c4d7c88e17b4c73a674627128c90ad2 [term 1 FOLLOWER]: Leader pre-election lost for term 2. Reason: could not achieve majority
I20260710 11:03:46.310415 11289 leader_election.cc:304] T cf85be4224604ddf88a6344b236f64d3 P 9c4d7c88e17b4c73a674627128c90ad2 [CANDIDATE]: Term 1 pre-election: Election decided. Result: candidate lost. Election summary: received 3 responses out of 3 voters: 1 yes votes; 2 no votes. yes voters: 9c4d7c88e17b4c73a674627128c90ad2; no voters: 4e63de8ad148475cb3d90454698502a8, bb72cdec3b69402685f490c0b549bff7
I20260710 11:03:46.314805 11169 raft_consensus.cc:2468] T d74c49cce12947e7ad9993abc16261ef P 4e63de8ad148475cb3d90454698502a8 [term 1 FOLLOWER]: Leader election vote request: Granting yes vote for candidate bb72cdec3b69402685f490c0b549bff7 in term 1.
I20260710 11:03:46.315052 11450 raft_consensus.cc:2749] T cf81e94d5f1f4f1c814f0af9ed48ce09 P bb72cdec3b69402685f490c0b549bff7 [term 1 FOLLOWER]: Leader pre-election lost for term 1. Reason: could not achieve majority
I20260710 11:03:46.316073 11471 consensus_queue.cc:1048] T 24f4f9c093054246ab5a0d0716c2eee7 P bb72cdec3b69402685f490c0b549bff7 [LEADER]: Connected to new peer: Peer: permanent_uuid: "4e63de8ad148475cb3d90454698502a8" member_type: VOTER last_known_addr { host: "127.9.215.1" port: 35959 }, Status: LMP_MISMATCH, Last received: 0.0, Next index: 1, Last known committed idx: 0, Time since last communication: 0.001s
I20260710 11:03:46.325217 11320 raft_consensus.cc:3060] T cf85be4224604ddf88a6344b236f64d3 P 9c4d7c88e17b4c73a674627128c90ad2 [term 0 FOLLOWER]: Advancing to term 1
I20260710 11:03:46.317221 11363 consensus_queue.cc:260] T 498fb140a0ad4f33bbe1da36c8c91434 P bb72cdec3b69402685f490c0b549bff7 [NON_LEADER]: Queue going to NON_LEADER mode. State: All replicated index: 0, Majority replicated index: 0, Committed index: 0, Last appended: 0.0, Last appended by leader: 0, Current term: 0, Majority size: -1, State: 0, Mode: NON_LEADER, active raft config: opid_index: -1 OBSOLETE_local: false peers { permanent_uuid: "4e63de8ad148475cb3d90454698502a8" member_type: VOTER last_known_addr { host: "127.9.215.1" port: 35959 } } peers { permanent_uuid: "bb72cdec3b69402685f490c0b549bff7" member_type: VOTER last_known_addr { host: "127.9.215.2" port: 39689 } } peers { permanent_uuid: "9c4d7c88e17b4c73a674627128c90ad2" member_type: VOTER last_known_addr { host: "127.9.215.3" port: 40739 } }
W20260710 11:03:46.353996 11289 outbound_call.cc:321] RPC callback for RPC call kudu.consensus.ConsensusService.RequestConsensusVote -> {remote=127.9.215.1:35959, user_credentials={real_user=slave}} blocked reactor thread for 44722.9us
I20260710 11:03:46.356298 11363 ts_tablet_manager.cc:1434] T 498fb140a0ad4f33bbe1da36c8c91434 P bb72cdec3b69402685f490c0b549bff7: Time spent starting tablet: real 0.120s	user 0.003s	sys 0.003s
I20260710 11:03:46.352625 11215 leader_election.cc:304] T d74c49cce12947e7ad9993abc16261ef P bb72cdec3b69402685f490c0b549bff7 [CANDIDATE]: Term 1 election: Election decided. Result: candidate won. Election summary: received 2 responses out of 3 voters: 2 yes votes; 0 no votes. yes voters: 4e63de8ad148475cb3d90454698502a8, bb72cdec3b69402685f490c0b549bff7; no voters: 
I20260710 11:03:46.357088 11363 tablet_bootstrap.cc:492] T 969d4bd23fcf41f79dd1e68e230ce472 P bb72cdec3b69402685f490c0b549bff7: Bootstrap starting.
I20260710 11:03:46.326114 11453 raft_consensus.cc:493] T c78d901c1a4a45e6a7078d7f0f22413b P bb72cdec3b69402685f490c0b549bff7 [term 0 FOLLOWER]: Starting pre-election (no leader contacted us within the election timeout)
I20260710 11:03:46.358920 11453 raft_consensus.cc:515] T c78d901c1a4a45e6a7078d7f0f22413b P bb72cdec3b69402685f490c0b549bff7 [term 0 FOLLOWER]: Starting pre-election with config: opid_index: -1 OBSOLETE_local: false peers { permanent_uuid: "4e63de8ad148475cb3d90454698502a8" member_type: VOTER last_known_addr { host: "127.9.215.1" port: 35959 } } peers { permanent_uuid: "bb72cdec3b69402685f490c0b549bff7" member_type: VOTER last_known_addr { host: "127.9.215.2" port: 39689 } } peers { permanent_uuid: "9c4d7c88e17b4c73a674627128c90ad2" member_type: VOTER last_known_addr { host: "127.9.215.3" port: 40739 } }
I20260710 11:03:46.362124 11450 raft_consensus.cc:2804] T d74c49cce12947e7ad9993abc16261ef P bb72cdec3b69402685f490c0b549bff7 [term 1 FOLLOWER]: Leader election won for term 1
I20260710 11:03:46.361366 11365 raft_consensus.cc:359] T c78d901c1a4a45e6a7078d7f0f22413b P 4e63de8ad148475cb3d90454698502a8 [term 0 FOLLOWER]: Replica starting. Triggering 0 pending ops. Active config: opid_index: -1 OBSOLETE_local: false peers { permanent_uuid: "4e63de8ad148475cb3d90454698502a8" member_type: VOTER last_known_addr { host: "127.9.215.1" port: 35959 } } peers { permanent_uuid: "bb72cdec3b69402685f490c0b549bff7" member_type: VOTER last_known_addr { host: "127.9.215.2" port: 39689 } } peers { permanent_uuid: "9c4d7c88e17b4c73a674627128c90ad2" member_type: VOTER last_known_addr { host: "127.9.215.3" port: 40739 } }
I20260710 11:03:46.362893 11365 raft_consensus.cc:385] T c78d901c1a4a45e6a7078d7f0f22413b P 4e63de8ad148475cb3d90454698502a8 [term 0 FOLLOWER]: Consensus starting up: Expiring failure detector timer to make a prompt election more likely
I20260710 11:03:46.363147 11365 raft_consensus.cc:740] T c78d901c1a4a45e6a7078d7f0f22413b P 4e63de8ad148475cb3d90454698502a8 [term 0 FOLLOWER]: Becoming Follower/Learner. State: Replica: 4e63de8ad148475cb3d90454698502a8, State: Initialized, Role: FOLLOWER
I20260710 11:03:46.357442 11419 raft_consensus.cc:515] T d74c49cce12947e7ad9993abc16261ef P 9c4d7c88e17b4c73a674627128c90ad2 [term 1 FOLLOWER]: Starting leader election with config: opid_index: -1 OBSOLETE_local: false peers { permanent_uuid: "4e63de8ad148475cb3d90454698502a8" member_type: VOTER last_known_addr { host: "127.9.215.1" port: 35959 } } peers { permanent_uuid: "bb72cdec3b69402685f490c0b549bff7" member_type: VOTER last_known_addr { host: "127.9.215.2" port: 39689 } } peers { permanent_uuid: "9c4d7c88e17b4c73a674627128c90ad2" member_type: VOTER last_known_addr { host: "127.9.215.3" port: 40739 } }
I20260710 11:03:46.362617 11450 raft_consensus.cc:697] T d74c49cce12947e7ad9993abc16261ef P bb72cdec3b69402685f490c0b549bff7 [term 1 LEADER]: Becoming Leader. State: Replica: bb72cdec3b69402685f490c0b549bff7, State: Running, Role: LEADER
I20260710 11:03:46.369385 11450 consensus_queue.cc:237] T d74c49cce12947e7ad9993abc16261ef P bb72cdec3b69402685f490c0b549bff7 [LEADER]: Queue going to LEADER mode. State: All replicated index: 0, Majority replicated index: 0, Committed index: 0, Last appended: 0.0, Last appended by leader: 0, Current term: 1, Majority size: 2, State: 0, Mode: LEADER, active raft config: opid_index: -1 OBSOLETE_local: false peers { permanent_uuid: "4e63de8ad148475cb3d90454698502a8" member_type: VOTER last_known_addr { host: "127.9.215.1" port: 35959 } } peers { permanent_uuid: "bb72cdec3b69402685f490c0b549bff7" member_type: VOTER last_known_addr { host: "127.9.215.2" port: 39689 } } peers { permanent_uuid: "9c4d7c88e17b4c73a674627128c90ad2" member_type: VOTER last_known_addr { host: "127.9.215.3" port: 40739 } }
I20260710 11:03:46.368489 11365 consensus_queue.cc:260] T c78d901c1a4a45e6a7078d7f0f22413b P 4e63de8ad148475cb3d90454698502a8 [NON_LEADER]: Queue going to NON_LEADER mode. State: All replicated index: 0, Majority replicated index: 0, Committed index: 0, Last appended: 0.0, Last appended by leader: 0, Current term: 0, Majority size: -1, State: 0, Mode: NON_LEADER, active raft config: opid_index: -1 OBSOLETE_local: false peers { permanent_uuid: "4e63de8ad148475cb3d90454698502a8" member_type: VOTER last_known_addr { host: "127.9.215.1" port: 35959 } } peers { permanent_uuid: "bb72cdec3b69402685f490c0b549bff7" member_type: VOTER last_known_addr { host: "127.9.215.2" port: 39689 } } peers { permanent_uuid: "9c4d7c88e17b4c73a674627128c90ad2" member_type: VOTER last_known_addr { host: "127.9.215.3" port: 40739 } }
I20260710 11:03:46.373842 11395 raft_consensus.cc:493] T 498fb140a0ad4f33bbe1da36c8c91434 P bb72cdec3b69402685f490c0b549bff7 [term 0 FOLLOWER]: Starting pre-election (no leader contacted us within the election timeout)
I20260710 11:03:46.374838 11395 raft_consensus.cc:515] T 498fb140a0ad4f33bbe1da36c8c91434 P bb72cdec3b69402685f490c0b549bff7 [term 0 FOLLOWER]: Starting pre-election with config: opid_index: -1 OBSOLETE_local: false peers { permanent_uuid: "4e63de8ad148475cb3d90454698502a8" member_type: VOTER last_known_addr { host: "127.9.215.1" port: 35959 } } peers { permanent_uuid: "bb72cdec3b69402685f490c0b549bff7" member_type: VOTER last_known_addr { host: "127.9.215.2" port: 39689 } } peers { permanent_uuid: "9c4d7c88e17b4c73a674627128c90ad2" member_type: VOTER last_known_addr { host: "127.9.215.3" port: 40739 } }
I20260710 11:03:46.377341 11365 ts_tablet_manager.cc:1434] T c78d901c1a4a45e6a7078d7f0f22413b P 4e63de8ad148475cb3d90454698502a8: Time spent starting tablet: real 0.101s	user 0.016s	sys 0.021s
I20260710 11:03:46.377950 11369 consensus_queue.cc:1048] T cf81e94d5f1f4f1c814f0af9ed48ce09 P 4e63de8ad148475cb3d90454698502a8 [LEADER]: Connected to new peer: Peer: permanent_uuid: "bb72cdec3b69402685f490c0b549bff7" member_type: VOTER last_known_addr { host: "127.9.215.2" port: 39689 }, Status: LMP_MISMATCH, Last received: 0.0, Next index: 1, Last known committed idx: 0, Time since last communication: 0.000s
I20260710 11:03:46.380959 11319 tablet_service.cc:1917] Received RequestConsensusVote() RPC: tablet_id: "c500a604a45246378b1e5249c97444fd" candidate_uuid: "bb72cdec3b69402685f490c0b549bff7" candidate_term: 1 candidate_status { last_received { term: 0 index: 0 } } ignore_live_leader: false dest_uuid: "9c4d7c88e17b4c73a674627128c90ad2"
I20260710 11:03:46.376698 11322 raft_consensus.cc:2393] T d74c49cce12947e7ad9993abc16261ef P 9c4d7c88e17b4c73a674627128c90ad2 [term 1 FOLLOWER]: Leader election vote request: Denying vote to candidate bb72cdec3b69402685f490c0b549bff7 in current term 1: Already voted for candidate 9c4d7c88e17b4c73a674627128c90ad2 in this term.
I20260710 11:03:46.379065 11365 tablet_bootstrap.cc:492] T 969d4bd23fcf41f79dd1e68e230ce472 P 4e63de8ad148475cb3d90454698502a8: Bootstrap starting.
I20260710 11:03:46.384166 11395 leader_election.cc:290] T 498fb140a0ad4f33bbe1da36c8c91434 P bb72cdec3b69402685f490c0b549bff7 [CANDIDATE]: Term 1 pre-election: Requested pre-vote from peers 4e63de8ad148475cb3d90454698502a8 (127.9.215.1:35959), 9c4d7c88e17b4c73a674627128c90ad2 (127.9.215.3:40739)
W20260710 11:03:46.385705 11212 leader_election.cc:343] T c500a604a45246378b1e5249c97444fd P bb72cdec3b69402685f490c0b549bff7 [CANDIDATE]: Term 1 election: Tablet error from VoteRequest() call to peer 9c4d7c88e17b4c73a674627128c90ad2 (127.9.215.3:40739): Illegal state: must be running to vote when last-logged opid is not known
I20260710 11:03:46.387086 11319 tablet_service.cc:1917] Received RequestConsensusVote() RPC: tablet_id: "498fb140a0ad4f33bbe1da36c8c91434" candidate_uuid: "bb72cdec3b69402685f490c0b549bff7" candidate_term: 1 candidate_status { last_received { term: 0 index: 0 } } ignore_live_leader: false dest_uuid: "9c4d7c88e17b4c73a674627128c90ad2" is_pre_election: true
W20260710 11:03:46.388267 11137 outbound_call.cc:321] RPC callback for RPC call kudu.consensus.ConsensusService.RequestConsensusVote -> {remote=127.9.215.3:40739, user_credentials={real_user=slave}} blocked reactor thread for 177505us
W20260710 11:03:46.388432 11212 leader_election.cc:343] T 498fb140a0ad4f33bbe1da36c8c91434 P bb72cdec3b69402685f490c0b549bff7 [CANDIDATE]: Term 1 pre-election: Tablet error from VoteRequest() call to peer 9c4d7c88e17b4c73a674627128c90ad2 (127.9.215.3:40739): Illegal state: must be running to vote when last-logged opid is not known
I20260710 11:03:46.393635 11169 tablet_service.cc:1917] Received RequestConsensusVote() RPC: tablet_id: "498fb140a0ad4f33bbe1da36c8c91434" candidate_uuid: "bb72cdec3b69402685f490c0b549bff7" candidate_term: 1 candidate_status { last_received { term: 0 index: 0 } } ignore_live_leader: false dest_uuid: "4e63de8ad148475cb3d90454698502a8" is_pre_election: true
I20260710 11:03:46.394721 11470 raft_consensus.cc:2749] T d99b594afb194b89af1743d384a9baed P bb72cdec3b69402685f490c0b549bff7 [term 1 FOLLOWER]: Leader pre-election lost for term 1. Reason: could not achieve majority
I20260710 11:03:46.379144 11171 tablet_service.cc:1917] Received RequestConsensusVote() RPC: tablet_id: "c500a604a45246378b1e5249c97444fd" candidate_uuid: "bb72cdec3b69402685f490c0b549bff7" candidate_term: 1 candidate_status { last_received { term: 0 index: 0 } } ignore_live_leader: false dest_uuid: "4e63de8ad148475cb3d90454698502a8"
I20260710 11:03:46.395301 11171 raft_consensus.cc:3060] T c500a604a45246378b1e5249c97444fd P 4e63de8ad148475cb3d90454698502a8 [term 0 FOLLOWER]: Advancing to term 1
I20260710 11:03:46.379613 11392 leader_election.cc:290] T c500a604a45246378b1e5249c97444fd P bb72cdec3b69402685f490c0b549bff7 [CANDIDATE]: Term 1 election: Requested vote from peers 4e63de8ad148475cb3d90454698502a8 (127.9.215.1:35959), 9c4d7c88e17b4c73a674627128c90ad2 (127.9.215.3:40739)
I20260710 11:03:46.399296 11415 consensus_queue.cc:1048] T 1440aa5bafa742b6ab14824bf09371a3 P 4e63de8ad148475cb3d90454698502a8 [LEADER]: Connected to new peer: Peer: permanent_uuid: "9c4d7c88e17b4c73a674627128c90ad2" member_type: VOTER last_known_addr { host: "127.9.215.3" port: 40739 }, Status: LMP_MISMATCH, Last received: 0.0, Next index: 1, Last known committed idx: 0, Time since last communication: 0.006s
W20260710 11:03:46.407974 11215 leader_election.cc:343] T 498fb140a0ad4f33bbe1da36c8c91434 P bb72cdec3b69402685f490c0b549bff7 [CANDIDATE]: Term 1 pre-election: Tablet error from VoteRequest() call to peer 4e63de8ad148475cb3d90454698502a8 (127.9.215.1:35959): Illegal state: must be running to vote when last-logged opid is not known
I20260710 11:03:46.408396 11215 leader_election.cc:304] T 498fb140a0ad4f33bbe1da36c8c91434 P bb72cdec3b69402685f490c0b549bff7 [CANDIDATE]: Term 1 pre-election: Election decided. Result: candidate lost. Election summary: received 3 responses out of 3 voters: 1 yes votes; 2 no votes. yes voters: bb72cdec3b69402685f490c0b549bff7; no voters: 4e63de8ad148475cb3d90454698502a8, 9c4d7c88e17b4c73a674627128c90ad2
I20260710 11:03:46.409124 11395 raft_consensus.cc:2749] T 498fb140a0ad4f33bbe1da36c8c91434 P bb72cdec3b69402685f490c0b549bff7 [term 0 FOLLOWER]: Leader pre-election lost for term 1. Reason: could not achieve majority
I20260710 11:03:46.413503 11415 consensus_queue.cc:1048] T 137f4850875c4ae081e1a33c7cc6f196 P 4e63de8ad148475cb3d90454698502a8 [LEADER]: Connected to new peer: Peer: permanent_uuid: "9c4d7c88e17b4c73a674627128c90ad2" member_type: VOTER last_known_addr { host: "127.9.215.3" port: 40739 }, Status: LMP_MISMATCH, Last received: 0.0, Next index: 1, Last known committed idx: 0, Time since last communication: 0.000s
I20260710 11:03:46.414970 11369 consensus_queue.cc:1048] T d99b594afb194b89af1743d384a9baed P 4e63de8ad148475cb3d90454698502a8 [LEADER]: Connected to new peer: Peer: permanent_uuid: "bb72cdec3b69402685f490c0b549bff7" member_type: VOTER last_known_addr { host: "127.9.215.2" port: 39689 }, Status: LMP_MISMATCH, Last received: 0.0, Next index: 1, Last known committed idx: 0, Time since last communication: 0.000s
