I20260710 10:59:59.708009  9899 tablet_service.cc:1917] Received RequestConsensusVote() RPC: tablet_id: "d146a821e4d341a7a4b3ccbcf6635ea5" candidate_uuid: "9a26bac92ba94bc0a90d0af2fa41a9aa" candidate_term: 1 candidate_status { last_received { term: 0 index: 0 } } ignore_live_leader: false dest_uuid: "90d824d771db4eeb9d2c4ad08c8c0b98" is_pre_election: true
I20260710 10:59:59.708137  9824 tablet_service.cc:1917] Received RequestConsensusVote() RPC: tablet_id: "d146a821e4d341a7a4b3ccbcf6635ea5" candidate_uuid: "9a26bac92ba94bc0a90d0af2fa41a9aa" candidate_term: 1 candidate_status { last_received { term: 0 index: 0 } } ignore_live_leader: false dest_uuid: "d6cae0102f77430d8bbbb9c5652968f6" is_pre_election: true
I20260710 10:59:59.708663  9899 raft_consensus.cc:2393] T d146a821e4d341a7a4b3ccbcf6635ea5 P 90d824d771db4eeb9d2c4ad08c8c0b98 [term 1 FOLLOWER]: Leader pre-election vote request: Denying vote to candidate 9a26bac92ba94bc0a90d0af2fa41a9aa in current term 1: Already voted for candidate d6cae0102f77430d8bbbb9c5652968f6 in this term.
I20260710 10:59:59.709589  9938 leader_election.cc:304] T d146a821e4d341a7a4b3ccbcf6635ea5 P 9a26bac92ba94bc0a90d0af2fa41a9aa [CANDIDATE]: Term 1 pre-election: Election decided. Result: candidate lost. Election summary: received 3 responses out of 3 voters: 1 yes votes; 2 no votes. yes voters: 9a26bac92ba94bc0a90d0af2fa41a9aa; no voters: 90d824d771db4eeb9d2c4ad08c8c0b98, d6cae0102f77430d8bbbb9c5652968f6
I20260710 10:59:59.710134 10037 raft_consensus.cc:3060] T d146a821e4d341a7a4b3ccbcf6635ea5 P 9a26bac92ba94bc0a90d0af2fa41a9aa [term 0 FOLLOWER]: Advancing to term 1
I20260710 10:59:59.714403 10037 raft_consensus.cc:2749] T d146a821e4d341a7a4b3ccbcf6635ea5 P 9a26bac92ba94bc0a90d0af2fa41a9aa [term 1 FOLLOWER]: Leader pre-election lost for term 1. Reason: could not achieve majority
I20260710 10:59:59.719024 10022 consensus_queue.cc:1048] T 169cac179d384959a8ff4c6dcec9ec0c P 90d824d771db4eeb9d2c4ad08c8c0b98 [LEADER]: Connected to new peer: Peer: permanent_uuid: "9a26bac92ba94bc0a90d0af2fa41a9aa" member_type: VOTER last_known_addr { host: "127.8.251.195" port: 33283 }, Status: LMP_MISMATCH, Last received: 0.0, Next index: 1, Last known committed idx: 0, Time since last communication: 0.000s
I20260710 10:59:59.721737 10037 raft_consensus.cc:493] T 29a4eb7ddbf84c649f57ebf0bb56fe37 P 9a26bac92ba94bc0a90d0af2fa41a9aa [term 0 FOLLOWER]: Starting pre-election (no leader contacted us within the election timeout)
I20260710 10:59:59.722122 10037 raft_consensus.cc:515] T 29a4eb7ddbf84c649f57ebf0bb56fe37 P 9a26bac92ba94bc0a90d0af2fa41a9aa [term 0 FOLLOWER]: Starting pre-election with config: opid_index: -1 OBSOLETE_local: false peers { permanent_uuid: "d6cae0102f77430d8bbbb9c5652968f6" member_type: VOTER last_known_addr { host: "127.8.251.193" port: 41607 } } peers { permanent_uuid: "90d824d771db4eeb9d2c4ad08c8c0b98" member_type: VOTER last_known_addr { host: "127.8.251.194" port: 43097 } } peers { permanent_uuid: "9a26bac92ba94bc0a90d0af2fa41a9aa" member_type: VOTER last_known_addr { host: "127.8.251.195" port: 33283 } }
I20260710 10:59:59.724400 10037 leader_election.cc:290] T 29a4eb7ddbf84c649f57ebf0bb56fe37 P 9a26bac92ba94bc0a90d0af2fa41a9aa [CANDIDATE]: Term 1 pre-election: Requested pre-vote from peers d6cae0102f77430d8bbbb9c5652968f6 (127.8.251.193:41607), 90d824d771db4eeb9d2c4ad08c8c0b98 (127.8.251.194:43097)
I20260710 10:59:59.724709  9824 tablet_service.cc:1917] Received RequestConsensusVote() RPC: tablet_id: "29a4eb7ddbf84c649f57ebf0bb56fe37" candidate_uuid: "9a26bac92ba94bc0a90d0af2fa41a9aa" candidate_term: 1 candidate_status { last_received { term: 0 index: 0 } } ignore_live_leader: false dest_uuid: "d6cae0102f77430d8bbbb9c5652968f6" is_pre_election: true
I20260710 10:59:59.725104  9899 tablet_service.cc:1917] Received RequestConsensusVote() RPC: tablet_id: "29a4eb7ddbf84c649f57ebf0bb56fe37" candidate_uuid: "9a26bac92ba94bc0a90d0af2fa41a9aa" candidate_term: 1 candidate_status { last_received { term: 0 index: 0 } } ignore_live_leader: false dest_uuid: "90d824d771db4eeb9d2c4ad08c8c0b98" is_pre_election: true
I20260710 10:59:59.725356  9824 raft_consensus.cc:2468] T 29a4eb7ddbf84c649f57ebf0bb56fe37 P d6cae0102f77430d8bbbb9c5652968f6 [term 0 FOLLOWER]: Leader pre-election vote request: Granting yes vote for candidate 9a26bac92ba94bc0a90d0af2fa41a9aa in term 0.
I20260710 10:59:59.725696  9899 raft_consensus.cc:2468] T 29a4eb7ddbf84c649f57ebf0bb56fe37 P 90d824d771db4eeb9d2c4ad08c8c0b98 [term 0 FOLLOWER]: Leader pre-election vote request: Granting yes vote for candidate 9a26bac92ba94bc0a90d0af2fa41a9aa in term 0.
I20260710 10:59:59.727370  9938 leader_election.cc:304] T 29a4eb7ddbf84c649f57ebf0bb56fe37 P 9a26bac92ba94bc0a90d0af2fa41a9aa [CANDIDATE]: Term 1 pre-election: Election decided. Result: candidate won. Election summary: received 2 responses out of 3 voters: 2 yes votes; 0 no votes. yes voters: 90d824d771db4eeb9d2c4ad08c8c0b98, 9a26bac92ba94bc0a90d0af2fa41a9aa; no voters: 
I20260710 10:59:59.727775  9824 raft_consensus.cc:3060] T 169cac179d384959a8ff4c6dcec9ec0c P d6cae0102f77430d8bbbb9c5652968f6 [term 0 FOLLOWER]: Advancing to term 1
I20260710 10:59:59.728191 10037 raft_consensus.cc:2804] T 29a4eb7ddbf84c649f57ebf0bb56fe37 P 9a26bac92ba94bc0a90d0af2fa41a9aa [term 0 FOLLOWER]: Leader pre-election won for term 1
I20260710 10:59:59.728595 10037 raft_consensus.cc:493] T 29a4eb7ddbf84c649f57ebf0bb56fe37 P 9a26bac92ba94bc0a90d0af2fa41a9aa [term 0 FOLLOWER]: Starting leader election (no leader contacted us within the election timeout)
I20260710 10:59:59.728958 10037 raft_consensus.cc:3060] T 29a4eb7ddbf84c649f57ebf0bb56fe37 P 9a26bac92ba94bc0a90d0af2fa41a9aa [term 0 FOLLOWER]: Advancing to term 1
I20260710 10:59:59.735611 10037 raft_consensus.cc:515] T 29a4eb7ddbf84c649f57ebf0bb56fe37 P 9a26bac92ba94bc0a90d0af2fa41a9aa [term 1 FOLLOWER]: Starting leader election with config: opid_index: -1 OBSOLETE_local: false peers { permanent_uuid: "d6cae0102f77430d8bbbb9c5652968f6" member_type: VOTER last_known_addr { host: "127.8.251.193" port: 41607 } } peers { permanent_uuid: "90d824d771db4eeb9d2c4ad08c8c0b98" member_type: VOTER last_known_addr { host: "127.8.251.194" port: 43097 } } peers { permanent_uuid: "9a26bac92ba94bc0a90d0af2fa41a9aa" member_type: VOTER last_known_addr { host: "127.8.251.195" port: 33283 } }
I20260710 10:59:59.737286 10052 consensus_queue.cc:1048] T 169cac179d384959a8ff4c6dcec9ec0c P 90d824d771db4eeb9d2c4ad08c8c0b98 [LEADER]: Connected to new peer: Peer: permanent_uuid: "d6cae0102f77430d8bbbb9c5652968f6" member_type: VOTER last_known_addr { host: "127.8.251.193" port: 41607 }, Status: LMP_MISMATCH, Last received: 0.0, Next index: 1, Last known committed idx: 0, Time since last communication: 0.000s
I20260710 10:59:59.739107  9899 tablet_service.cc:1917] Received RequestConsensusVote() RPC: tablet_id: "29a4eb7ddbf84c649f57ebf0bb56fe37" candidate_uuid: "9a26bac92ba94bc0a90d0af2fa41a9aa" candidate_term: 1 candidate_status { last_received { term: 0 index: 0 } } ignore_live_leader: false dest_uuid: "90d824d771db4eeb9d2c4ad08c8c0b98"
I20260710 10:59:59.739775  9899 raft_consensus.cc:3060] T 29a4eb7ddbf84c649f57ebf0bb56fe37 P 90d824d771db4eeb9d2c4ad08c8c0b98 [term 0 FOLLOWER]: Advancing to term 1
I20260710 10:59:59.740128  9824 tablet_service.cc:1917] Received RequestConsensusVote() RPC: tablet_id: "29a4eb7ddbf84c649f57ebf0bb56fe37" candidate_uuid: "9a26bac92ba94bc0a90d0af2fa41a9aa" candidate_term: 1 candidate_status { last_received { term: 0 index: 0 } } ignore_live_leader: false dest_uuid: "d6cae0102f77430d8bbbb9c5652968f6"
I20260710 10:59:59.740784  9824 raft_consensus.cc:3060] T 29a4eb7ddbf84c649f57ebf0bb56fe37 P d6cae0102f77430d8bbbb9c5652968f6 [term 0 FOLLOWER]: Advancing to term 1
I20260710 10:59:59.742123 10037 leader_election.cc:290] T 29a4eb7ddbf84c649f57ebf0bb56fe37 P 9a26bac92ba94bc0a90d0af2fa41a9aa [CANDIDATE]: Term 1 election: Requested vote from peers d6cae0102f77430d8bbbb9c5652968f6 (127.8.251.193:41607), 90d824d771db4eeb9d2c4ad08c8c0b98 (127.8.251.194:43097)
I20260710 10:59:59.746907  9899 raft_consensus.cc:2468] T 29a4eb7ddbf84c649f57ebf0bb56fe37 P 90d824d771db4eeb9d2c4ad08c8c0b98 [term 1 FOLLOWER]: Leader election vote request: Granting yes vote for candidate 9a26bac92ba94bc0a90d0af2fa41a9aa in term 1.
I20260710 10:59:59.747481  9824 raft_consensus.cc:2468] T 29a4eb7ddbf84c649f57ebf0bb56fe37 P d6cae0102f77430d8bbbb9c5652968f6 [term 1 FOLLOWER]: Leader election vote request: Granting yes vote for candidate 9a26bac92ba94bc0a90d0af2fa41a9aa in term 1.
I20260710 10:59:59.747994  9938 leader_election.cc:304] T 29a4eb7ddbf84c649f57ebf0bb56fe37 P 9a26bac92ba94bc0a90d0af2fa41a9aa [CANDIDATE]: Term 1 election: Election decided. Result: candidate won. Election summary: received 2 responses out of 3 voters: 2 yes votes; 0 no votes. yes voters: 90d824d771db4eeb9d2c4ad08c8c0b98, 9a26bac92ba94bc0a90d0af2fa41a9aa; no voters: 
I20260710 10:59:59.748731 10037 raft_consensus.cc:2804] T 29a4eb7ddbf84c649f57ebf0bb56fe37 P 9a26bac92ba94bc0a90d0af2fa41a9aa [term 1 FOLLOWER]: Leader election won for term 1
I20260710 10:59:59.749125 10037 raft_consensus.cc:697] T 29a4eb7ddbf84c649f57ebf0bb56fe37 P 9a26bac92ba94bc0a90d0af2fa41a9aa [term 1 LEADER]: Becoming Leader. State: Replica: 9a26bac92ba94bc0a90d0af2fa41a9aa, State: Running, Role: LEADER
I20260710 10:59:59.749902 10037 consensus_queue.cc:237] T 29a4eb7ddbf84c649f57ebf0bb56fe37 P 9a26bac92ba94bc0a90d0af2fa41a9aa [LEADER]: Queue going to LEADER mode. State: All replicated index: 0, Majority replicated index: 0, Committed index: 0, Last appended: 0.0, Last appended by leader: 0, Current term: 1, Majority size: 2, State: 0, Mode: LEADER, active raft config: opid_index: -1 OBSOLETE_local: false peers { permanent_uuid: "d6cae0102f77430d8bbbb9c5652968f6" member_type: VOTER last_known_addr { host: "127.8.251.193" port: 41607 } } peers { permanent_uuid: "90d824d771db4eeb9d2c4ad08c8c0b98" member_type: VOTER last_known_addr { host: "127.8.251.194" port: 43097 } } peers { permanent_uuid: "9a26bac92ba94bc0a90d0af2fa41a9aa" member_type: VOTER last_known_addr { host: "127.8.251.195" port: 33283 } }
I20260710 10:59:59.757612  9720 catalog_manager.cc:5697] T 29a4eb7ddbf84c649f57ebf0bb56fe37 P 9a26bac92ba94bc0a90d0af2fa41a9aa reported cstate change: term changed from 0 to 1, leader changed from <none> to 9a26bac92ba94bc0a90d0af2fa41a9aa (127.8.251.195). New cstate: current_term: 1 leader_uuid: "9a26bac92ba94bc0a90d0af2fa41a9aa" committed_config { opid_index: -1 OBSOLETE_local: false peers { permanent_uuid: "d6cae0102f77430d8bbbb9c5652968f6" member_type: VOTER last_known_addr { host: "127.8.251.193" port: 41607 } health_report { overall_health: UNKNOWN } } peers { permanent_uuid: "90d824d771db4eeb9d2c4ad08c8c0b98" member_type: VOTER last_known_addr { host: "127.8.251.194" port: 43097 } health_report { overall_health: UNKNOWN } } peers { permanent_uuid: "9a26bac92ba94bc0a90d0af2fa41a9aa" member_type: VOTER last_known_addr { host: "127.8.251.195" port: 33283 } health_report { overall_health: HEALTHY } } }
I20260710 10:59:59.768785  9899 raft_consensus.cc:3060] T 7559a0462bd34962ae2d4edbf6bde827 P 90d824d771db4eeb9d2c4ad08c8c0b98 [term 0 FOLLOWER]: Advancing to term 1
I20260710 10:59:59.774326 10039 consensus_queue.cc:1048] T 7559a0462bd34962ae2d4edbf6bde827 P d6cae0102f77430d8bbbb9c5652968f6 [LEADER]: Connected to new peer: Peer: permanent_uuid: "90d824d771db4eeb9d2c4ad08c8c0b98" member_type: VOTER last_known_addr { host: "127.8.251.194" port: 43097 }, Status: LMP_MISMATCH, Last received: 0.0, Next index: 1, Last known committed idx: 0, Time since last communication: 0.000s
I20260710 10:59:59.784101 10031 consensus_queue.cc:1048] T 7559a0462bd34962ae2d4edbf6bde827 P d6cae0102f77430d8bbbb9c5652968f6 [LEADER]: Connected to new peer: Peer: permanent_uuid: "9a26bac92ba94bc0a90d0af2fa41a9aa" member_type: VOTER last_known_addr { host: "127.8.251.195" port: 33283 }, Status: LMP_MISMATCH, Last received: 0.0, Next index: 1, Last known committed idx: 0, Time since last communication: 0.000s
I20260710 10:59:59.833004 10031 consensus_queue.cc:1048] T d146a821e4d341a7a4b3ccbcf6635ea5 P d6cae0102f77430d8bbbb9c5652968f6 [LEADER]: Connected to new peer: Peer: permanent_uuid: "90d824d771db4eeb9d2c4ad08c8c0b98" member_type: VOTER last_known_addr { host: "127.8.251.194" port: 43097 }, Status: LMP_MISMATCH, Last received: 0.0, Next index: 1, Last known committed idx: 0, Time since last communication: 0.000s
I20260710 10:59:59.842427 10018 consensus_queue.cc:1048] T d146a821e4d341a7a4b3ccbcf6635ea5 P d6cae0102f77430d8bbbb9c5652968f6 [LEADER]: Connected to new peer: Peer: permanent_uuid: "9a26bac92ba94bc0a90d0af2fa41a9aa" member_type: VOTER last_known_addr { host: "127.8.251.195" port: 33283 }, Status: LMP_MISMATCH, Last received: 0.0, Next index: 1, Last known committed idx: 0, Time since last communication: 0.000s
I20260710 10:59:59.890350 10037 raft_consensus.cc:493] T 8ee5af5e88cb4c33930303218e12553e P 9a26bac92ba94bc0a90d0af2fa41a9aa [term 0 FOLLOWER]: Starting pre-election (no leader contacted us within the election timeout)
I20260710 10:59:59.890759 10037 raft_consensus.cc:515] T 8ee5af5e88cb4c33930303218e12553e P 9a26bac92ba94bc0a90d0af2fa41a9aa [term 0 FOLLOWER]: Starting pre-election with config: opid_index: -1 OBSOLETE_local: false peers { permanent_uuid: "d6cae0102f77430d8bbbb9c5652968f6" member_type: VOTER last_known_addr { host: "127.8.251.193" port: 41607 } } peers { permanent_uuid: "90d824d771db4eeb9d2c4ad08c8c0b98" member_type: VOTER last_known_addr { host: "127.8.251.194" port: 43097 } } peers { permanent_uuid: "9a26bac92ba94bc0a90d0af2fa41a9aa" member_type: VOTER last_known_addr { host: "127.8.251.195" port: 33283 } }
I20260710 10:59:59.892314 10037 leader_election.cc:290] T 8ee5af5e88cb4c33930303218e12553e P 9a26bac92ba94bc0a90d0af2fa41a9aa [CANDIDATE]: Term 1 pre-election: Requested pre-vote from peers d6cae0102f77430d8bbbb9c5652968f6 (127.8.251.193:41607), 90d824d771db4eeb9d2c4ad08c8c0b98 (127.8.251.194:43097)
I20260710 10:59:59.893095  9824 tablet_service.cc:1917] Received RequestConsensusVote() RPC: tablet_id: "8ee5af5e88cb4c33930303218e12553e" candidate_uuid: "9a26bac92ba94bc0a90d0af2fa41a9aa" candidate_term: 1 candidate_status { last_received { term: 0 index: 0 } } ignore_live_leader: false dest_uuid: "d6cae0102f77430d8bbbb9c5652968f6" is_pre_election: true
I20260710 10:59:59.893301  9899 tablet_service.cc:1917] Received RequestConsensusVote() RPC: tablet_id: "8ee5af5e88cb4c33930303218e12553e" candidate_uuid: "9a26bac92ba94bc0a90d0af2fa41a9aa" candidate_term: 1 candidate_status { last_received { term: 0 index: 0 } } ignore_live_leader: false dest_uuid: "90d824d771db4eeb9d2c4ad08c8c0b98" is_pre_election: true
I20260710 10:59:59.893769  9824 raft_consensus.cc:2393] T 8ee5af5e88cb4c33930303218e12553e P d6cae0102f77430d8bbbb9c5652968f6 [term 1 FOLLOWER]: Leader pre-election vote request: Denying vote to candidate 9a26bac92ba94bc0a90d0af2fa41a9aa in current term 1: Already voted for candidate 90d824d771db4eeb9d2c4ad08c8c0b98 in this term.
I20260710 10:59:59.894778  9937 leader_election.cc:304] T 8ee5af5e88cb4c33930303218e12553e P 9a26bac92ba94bc0a90d0af2fa41a9aa [CANDIDATE]: Term 1 pre-election: Election decided. Result: candidate lost. Election summary: received 3 responses out of 3 voters: 1 yes votes; 2 no votes. yes voters: 9a26bac92ba94bc0a90d0af2fa41a9aa; no voters: 90d824d771db4eeb9d2c4ad08c8c0b98, d6cae0102f77430d8bbbb9c5652968f6
I20260710 10:59:59.895393 10037 raft_consensus.cc:3060] T 8ee5af5e88cb4c33930303218e12553e P 9a26bac92ba94bc0a90d0af2fa41a9aa [term 0 FOLLOWER]: Advancing to term 1
I20260710 10:59:59.899838 10037 raft_consensus.cc:2749] T 8ee5af5e88cb4c33930303218e12553e P 9a26bac92ba94bc0a90d0af2fa41a9aa [term 1 FOLLOWER]: Leader pre-election lost for term 1. Reason: could not achieve majority
I20260710 10:59:59.909823 10052 consensus_queue.cc:1048] T a8946e127a464af89762fa3e4bb6f0cb P 90d824d771db4eeb9d2c4ad08c8c0b98 [LEADER]: Connected to new peer: Peer: permanent_uuid: "d6cae0102f77430d8bbbb9c5652968f6" member_type: VOTER last_known_addr { host: "127.8.251.193" port: 41607 }, Status: LMP_MISMATCH, Last received: 0.0, Next index: 1, Last known committed idx: 0, Time since last communication: 0.000s
I20260710 10:59:59.920295 10022 consensus_queue.cc:1048] T a8946e127a464af89762fa3e4bb6f0cb P 90d824d771db4eeb9d2c4ad08c8c0b98 [LEADER]: Connected to new peer: Peer: permanent_uuid: "9a26bac92ba94bc0a90d0af2fa41a9aa" member_type: VOTER last_known_addr { host: "127.8.251.195" port: 33283 }, Status: LMP_MISMATCH, Last received: 0.0, Next index: 1, Last known committed idx: 0, Time since last communication: 0.000s
I20260710 11:00:00.008677 10022 consensus_queue.cc:1048] T 8ee5af5e88cb4c33930303218e12553e P 90d824d771db4eeb9d2c4ad08c8c0b98 [LEADER]: Connected to new peer: Peer: permanent_uuid: "d6cae0102f77430d8bbbb9c5652968f6" member_type: VOTER last_known_addr { host: "127.8.251.193" port: 41607 }, Status: LMP_MISMATCH, Last received: 0.0, Next index: 1, Last known committed idx: 0, Time since last communication: 0.000s
I20260710 11:00:00.018878 10051 consensus_queue.cc:1048] T 8ee5af5e88cb4c33930303218e12553e P 90d824d771db4eeb9d2c4ad08c8c0b98 [LEADER]: Connected to new peer: Peer: permanent_uuid: "9a26bac92ba94bc0a90d0af2fa41a9aa" member_type: VOTER last_known_addr { host: "127.8.251.195" port: 33283 }, Status: LMP_MISMATCH, Last received: 0.0, Next index: 1, Last known committed idx: 0, Time since last communication: 0.000s
I20260710 11:00:00.034837 10037 raft_consensus.cc:493] T bb22a1d218a348a1a6010ce40047eba6 P 9a26bac92ba94bc0a90d0af2fa41a9aa [term 0 FOLLOWER]: Starting pre-election (no leader contacted us within the election timeout)
I20260710 11:00:00.035264 10037 raft_consensus.cc:515] T bb22a1d218a348a1a6010ce40047eba6 P 9a26bac92ba94bc0a90d0af2fa41a9aa [term 0 FOLLOWER]: Starting pre-election with config: opid_index: -1 OBSOLETE_local: false peers { permanent_uuid: "d6cae0102f77430d8bbbb9c5652968f6" member_type: VOTER last_known_addr { host: "127.8.251.193" port: 41607 } } peers { permanent_uuid: "90d824d771db4eeb9d2c4ad08c8c0b98" member_type: VOTER last_known_addr { host: "127.8.251.194" port: 43097 } } peers { permanent_uuid: "9a26bac92ba94bc0a90d0af2fa41a9aa" member_type: VOTER last_known_addr { host: "127.8.251.195" port: 33283 } }
I20260710 11:00:00.036829 10037 leader_election.cc:290] T bb22a1d218a348a1a6010ce40047eba6 P 9a26bac92ba94bc0a90d0af2fa41a9aa [CANDIDATE]: Term 1 pre-election: Requested pre-vote from peers d6cae0102f77430d8bbbb9c5652968f6 (127.8.251.193:41607), 90d824d771db4eeb9d2c4ad08c8c0b98 (127.8.251.194:43097)
I20260710 11:00:00.037524  9824 tablet_service.cc:1917] Received RequestConsensusVote() RPC: tablet_id: "bb22a1d218a348a1a6010ce40047eba6" candidate_uuid: "9a26bac92ba94bc0a90d0af2fa41a9aa" candidate_term: 1 candidate_status { last_received { term: 0 index: 0 } } ignore_live_leader: false dest_uuid: "d6cae0102f77430d8bbbb9c5652968f6" is_pre_election: true
I20260710 11:00:00.037715  9899 tablet_service.cc:1917] Received RequestConsensusVote() RPC: tablet_id: "bb22a1d218a348a1a6010ce40047eba6" candidate_uuid: "9a26bac92ba94bc0a90d0af2fa41a9aa" candidate_term: 1 candidate_status { last_received { term: 0 index: 0 } } ignore_live_leader: false dest_uuid: "90d824d771db4eeb9d2c4ad08c8c0b98" is_pre_election: true
I20260710 11:00:00.038182  9824 raft_consensus.cc:2393] T bb22a1d218a348a1a6010ce40047eba6 P d6cae0102f77430d8bbbb9c5652968f6 [term 1 FOLLOWER]: Leader pre-election vote request: Denying vote to candidate 9a26bac92ba94bc0a90d0af2fa41a9aa in current term 1: Already voted for candidate d6cae0102f77430d8bbbb9c5652968f6 in this term.
I20260710 11:00:00.038379  9899 raft_consensus.cc:2393] T bb22a1d218a348a1a6010ce40047eba6 P 90d824d771db4eeb9d2c4ad08c8c0b98 [term 1 FOLLOWER]: Leader pre-election vote request: Denying vote to candidate 9a26bac92ba94bc0a90d0af2fa41a9aa in current term 1: Already voted for candidate 90d824d771db4eeb9d2c4ad08c8c0b98 in this term.
I20260710 11:00:00.039304  9938 leader_election.cc:304] T bb22a1d218a348a1a6010ce40047eba6 P 9a26bac92ba94bc0a90d0af2fa41a9aa [CANDIDATE]: Term 1 pre-election: Election decided. Result: candidate lost. Election summary: received 3 responses out of 3 voters: 1 yes votes; 2 no votes. yes voters: 9a26bac92ba94bc0a90d0af2fa41a9aa; no voters: 90d824d771db4eeb9d2c4ad08c8c0b98, d6cae0102f77430d8bbbb9c5652968f6
I20260710 11:00:00.039996 10037 raft_consensus.cc:3060] T bb22a1d218a348a1a6010ce40047eba6 P 9a26bac92ba94bc0a90d0af2fa41a9aa [term 0 FOLLOWER]: Advancing to term 1
I20260710 11:00:00.044396 10037 raft_consensus.cc:2749] T bb22a1d218a348a1a6010ce40047eba6 P 9a26bac92ba94bc0a90d0af2fa41a9aa [term 1 FOLLOWER]: Leader pre-election lost for term 1. Reason: could not achieve majority
I20260710 11:00:00.149619 10037 consensus_queue.cc:1048] T 0695dadc7a934f7fbd9b84c8aa5c0ed5 P 9a26bac92ba94bc0a90d0af2fa41a9aa [LEADER]: Connected to new peer: Peer: permanent_uuid: "d6cae0102f77430d8bbbb9c5652968f6" member_type: VOTER last_known_addr { host: "127.8.251.193" port: 41607 }, Status: LMP_MISMATCH, Last received: 0.0, Next index: 1, Last known committed idx: 0, Time since last communication: 0.000s
I20260710 11:00:00.161018 10088 consensus_queue.cc:1048] T 0695dadc7a934f7fbd9b84c8aa5c0ed5 P 9a26bac92ba94bc0a90d0af2fa41a9aa [LEADER]: Connected to new peer: Peer: permanent_uuid: "90d824d771db4eeb9d2c4ad08c8c0b98" member_type: VOTER last_known_addr { host: "127.8.251.194" port: 43097 }, Status: LMP_MISMATCH, Last received: 0.0, Next index: 1, Last known committed idx: 0, Time since last communication: 0.000s
I20260710 11:00:00.190800 10088 consensus_queue.cc:1048] T 4cdc483459a9441f8363e0fffc468985 P 9a26bac92ba94bc0a90d0af2fa41a9aa [LEADER]: Connected to new peer: Peer: permanent_uuid: "90d824d771db4eeb9d2c4ad08c8c0b98" member_type: VOTER last_known_addr { host: "127.8.251.194" port: 43097 }, Status: LMP_MISMATCH, Last received: 0.0, Next index: 1, Last known committed idx: 0, Time since last communication: 0.000s
I20260710 11:00:00.200744 10088 consensus_queue.cc:1048] T 4cdc483459a9441f8363e0fffc468985 P 9a26bac92ba94bc0a90d0af2fa41a9aa [LEADER]: Connected to new peer: Peer: permanent_uuid: "d6cae0102f77430d8bbbb9c5652968f6" member_type: VOTER last_known_addr { host: "127.8.251.193" port: 41607 }, Status: LMP_MISMATCH, Last received: 0.0, Next index: 1, Last known committed idx: 0, Time since last communication: 0.000s
W20260710 11:00:00.209849  9770 auto_rebalancer.cc:288] Could not retrieve cluster info: Service unavailable: Tablet not running
I20260710 11:00:00.325542 10088 consensus_queue.cc:1048] T 29a4eb7ddbf84c649f57ebf0bb56fe37 P 9a26bac92ba94bc0a90d0af2fa41a9aa [LEADER]: Connected to new peer: Peer: permanent_uuid: "90d824d771db4eeb9d2c4ad08c8c0b98" member_type: VOTER last_known_addr { host: "127.8.251.194" port: 43097 }, Status: LMP_MISMATCH, Last received: 0.0, Next index: 1, Last known committed idx: 0, Time since last communication: 0.000s
I20260710 11:00:00.338171 10064 consensus_queue.cc:1048] T 29a4eb7ddbf84c649f57ebf0bb56fe37 P 9a26bac92ba94bc0a90d0af2fa41a9aa [LEADER]: Connected to new peer: Peer: permanent_uuid: "d6cae0102f77430d8bbbb9c5652968f6" member_type: VOTER last_known_addr { host: "127.8.251.193" port: 41607 }, Status: LMP_MISMATCH, Last received: 0.0, Next index: 1, Last known committed idx: 0, Time since last communication: 0.000s
I20260710 11:00:01.094183 10039 raft_consensus.cc:493] T bb22a1d218a348a1a6010ce40047eba6 P d6cae0102f77430d8bbbb9c5652968f6 [term 1 FOLLOWER]: Starting pre-election (no leader contacted us within the election timeout)
I20260710 11:00:01.094616 10039 raft_consensus.cc:515] T bb22a1d218a348a1a6010ce40047eba6 P d6cae0102f77430d8bbbb9c5652968f6 [term 1 FOLLOWER]: Starting pre-election with config: opid_index: -1 OBSOLETE_local: false peers { permanent_uuid: "d6cae0102f77430d8bbbb9c5652968f6" member_type: VOTER last_known_addr { host: "127.8.251.193" port: 41607 } } peers { permanent_uuid: "90d824d771db4eeb9d2c4ad08c8c0b98" member_type: VOTER last_known_addr { host: "127.8.251.194" port: 43097 } } peers { permanent_uuid: "9a26bac92ba94bc0a90d0af2fa41a9aa" member_type: VOTER last_known_addr { host: "127.8.251.195" port: 33283 } }
I20260710 11:00:01.096264 10039 leader_election.cc:290] T bb22a1d218a348a1a6010ce40047eba6 P d6cae0102f77430d8bbbb9c5652968f6 [CANDIDATE]: Term 2 pre-election: Requested pre-vote from peers 90d824d771db4eeb9d2c4ad08c8c0b98 (127.8.251.194:43097), 9a26bac92ba94bc0a90d0af2fa41a9aa (127.8.251.195:33283)
I20260710 11:00:01.096910  9899 tablet_service.cc:1917] Received RequestConsensusVote() RPC: tablet_id: "bb22a1d218a348a1a6010ce40047eba6" candidate_uuid: "d6cae0102f77430d8bbbb9c5652968f6" candidate_term: 2 candidate_status { last_received { term: 0 index: 0 } } ignore_live_leader: false dest_uuid: "90d824d771db4eeb9d2c4ad08c8c0b98" is_pre_election: true
I20260710 11:00:01.097180  9972 tablet_service.cc:1917] Received RequestConsensusVote() RPC: tablet_id: "bb22a1d218a348a1a6010ce40047eba6" candidate_uuid: "d6cae0102f77430d8bbbb9c5652968f6" candidate_term: 2 candidate_status { last_received { term: 0 index: 0 } } ignore_live_leader: false dest_uuid: "9a26bac92ba94bc0a90d0af2fa41a9aa" is_pre_election: true
I20260710 11:00:01.097512  9899 raft_consensus.cc:2468] T bb22a1d218a348a1a6010ce40047eba6 P 90d824d771db4eeb9d2c4ad08c8c0b98 [term 1 FOLLOWER]: Leader pre-election vote request: Granting yes vote for candidate d6cae0102f77430d8bbbb9c5652968f6 in term 1.
I20260710 11:00:01.097801  9972 raft_consensus.cc:2468] T bb22a1d218a348a1a6010ce40047eba6 P 9a26bac92ba94bc0a90d0af2fa41a9aa [term 1 FOLLOWER]: Leader pre-election vote request: Granting yes vote for candidate d6cae0102f77430d8bbbb9c5652968f6 in term 1.
I20260710 11:00:01.098656  9789 leader_election.cc:304] T bb22a1d218a348a1a6010ce40047eba6 P d6cae0102f77430d8bbbb9c5652968f6 [CANDIDATE]: Term 2 pre-election: Election decided. Result: candidate won. Election summary: received 2 responses out of 3 voters: 2 yes votes; 0 no votes. yes voters: 90d824d771db4eeb9d2c4ad08c8c0b98, d6cae0102f77430d8bbbb9c5652968f6; no voters: 
I20260710 11:00:01.099231 10039 raft_consensus.cc:2804] T bb22a1d218a348a1a6010ce40047eba6 P d6cae0102f77430d8bbbb9c5652968f6 [term 1 FOLLOWER]: Leader pre-election won for term 2
I20260710 11:00:01.099581 10039 raft_consensus.cc:493] T bb22a1d218a348a1a6010ce40047eba6 P d6cae0102f77430d8bbbb9c5652968f6 [term 1 FOLLOWER]: Starting leader election (no leader contacted us within the election timeout)
I20260710 11:00:01.099869 10039 raft_consensus.cc:3060] T bb22a1d218a348a1a6010ce40047eba6 P d6cae0102f77430d8bbbb9c5652968f6 [term 1 FOLLOWER]: Advancing to term 2
I20260710 11:00:01.104115 10039 raft_consensus.cc:515] T bb22a1d218a348a1a6010ce40047eba6 P d6cae0102f77430d8bbbb9c5652968f6 [term 2 FOLLOWER]: Starting leader election with config: opid_index: -1 OBSOLETE_local: false peers { permanent_uuid: "d6cae0102f77430d8bbbb9c5652968f6" member_type: VOTER last_known_addr { host: "127.8.251.193" port: 41607 } } peers { permanent_uuid: "90d824d771db4eeb9d2c4ad08c8c0b98" member_type: VOTER last_known_addr { host: "127.8.251.194" port: 43097 } } peers { permanent_uuid: "9a26bac92ba94bc0a90d0af2fa41a9aa" member_type: VOTER last_known_addr { host: "127.8.251.195" port: 33283 } }
I20260710 11:00:01.105981 10039 leader_election.cc:290] T bb22a1d218a348a1a6010ce40047eba6 P d6cae0102f77430d8bbbb9c5652968f6 [CANDIDATE]: Term 2 election: Requested vote from peers 90d824d771db4eeb9d2c4ad08c8c0b98 (127.8.251.194:43097), 9a26bac92ba94bc0a90d0af2fa41a9aa (127.8.251.195:33283)
I20260710 11:00:01.106506  9898 tablet_service.cc:1917] Received RequestConsensusVote() RPC: tablet_id: "bb22a1d218a348a1a6010ce40047eba6" candidate_uuid: "d6cae0102f77430d8bbbb9c5652968f6" candidate_term: 2 candidate_status { last_received { term: 0 index: 0 } } ignore_live_leader: false dest_uuid: "90d824d771db4eeb9d2c4ad08c8c0b98"
I20260710 11:00:01.106879  9972 tablet_service.cc:1917] Received RequestConsensusVote() RPC: tablet_id: "bb22a1d218a348a1a6010ce40047eba6" candidate_uuid: "d6cae0102f77430d8bbbb9c5652968f6" candidate_term: 2 candidate_status { last_received { term: 0 index: 0 } } ignore_live_leader: false dest_uuid: "9a26bac92ba94bc0a90d0af2fa41a9aa"
I20260710 11:00:01.107075  9898 raft_consensus.cc:3060] T bb22a1d218a348a1a6010ce40047eba6 P 90d824d771db4eeb9d2c4ad08c8c0b98 [term 1 FOLLOWER]: Advancing to term 2
I20260710 11:00:01.107458  9972 raft_consensus.cc:3060] T bb22a1d218a348a1a6010ce40047eba6 P 9a26bac92ba94bc0a90d0af2fa41a9aa [term 1 FOLLOWER]: Advancing to term 2
I20260710 11:00:01.111666  9972 raft_consensus.cc:2468] T bb22a1d218a348a1a6010ce40047eba6 P 9a26bac92ba94bc0a90d0af2fa41a9aa [term 2 FOLLOWER]: Leader election vote request: Granting yes vote for candidate d6cae0102f77430d8bbbb9c5652968f6 in term 2.
I20260710 11:00:01.111637  9898 raft_consensus.cc:2468] T bb22a1d218a348a1a6010ce40047eba6 P 90d824d771db4eeb9d2c4ad08c8c0b98 [term 2 FOLLOWER]: Leader election vote request: Granting yes vote for candidate d6cae0102f77430d8bbbb9c5652968f6 in term 2.
I20260710 11:00:01.112777  9789 leader_election.cc:304] T bb22a1d218a348a1a6010ce40047eba6 P d6cae0102f77430d8bbbb9c5652968f6 [CANDIDATE]: Term 2 election: Election decided. Result: candidate won. Election summary: received 2 responses out of 3 voters: 2 yes votes; 0 no votes. yes voters: 90d824d771db4eeb9d2c4ad08c8c0b98, d6cae0102f77430d8bbbb9c5652968f6; no voters: 
I20260710 11:00:01.113384 10039 raft_consensus.cc:2804] T bb22a1d218a348a1a6010ce40047eba6 P d6cae0102f77430d8bbbb9c5652968f6 [term 2 FOLLOWER]: Leader election won for term 2
I20260710 11:00:01.114243 10039 raft_consensus.cc:697] T bb22a1d218a348a1a6010ce40047eba6 P d6cae0102f77430d8bbbb9c5652968f6 [term 2 LEADER]: Becoming Leader. State: Replica: d6cae0102f77430d8bbbb9c5652968f6, State: Running, Role: LEADER
I20260710 11:00:01.114982 10039 consensus_queue.cc:237] T bb22a1d218a348a1a6010ce40047eba6 P d6cae0102f77430d8bbbb9c5652968f6 [LEADER]: Queue going to LEADER mode. State: All replicated index: 0, Majority replicated index: 0, Committed index: 0, Last appended: 0.0, Last appended by leader: 0, Current term: 2, Majority size: 2, State: 0, Mode: LEADER, active raft config: opid_index: -1 OBSOLETE_local: false peers { permanent_uuid: "d6cae0102f77430d8bbbb9c5652968f6" member_type: VOTER last_known_addr { host: "127.8.251.193" port: 41607 } } peers { permanent_uuid: "90d824d771db4eeb9d2c4ad08c8c0b98" member_type: VOTER last_known_addr { host: "127.8.251.194" port: 43097 } } peers { permanent_uuid: "9a26bac92ba94bc0a90d0af2fa41a9aa" member_type: VOTER last_known_addr { host: "127.8.251.195" port: 33283 } }
I20260710 11:00:01.121616  9719 catalog_manager.cc:5697] T bb22a1d218a348a1a6010ce40047eba6 P d6cae0102f77430d8bbbb9c5652968f6 reported cstate change: term changed from 0 to 2, leader changed from <none> to d6cae0102f77430d8bbbb9c5652968f6 (127.8.251.193). New cstate: current_term: 2 leader_uuid: "d6cae0102f77430d8bbbb9c5652968f6" committed_config { opid_index: -1 OBSOLETE_local: false peers { permanent_uuid: "d6cae0102f77430d8bbbb9c5652968f6" member_type: VOTER last_known_addr { host: "127.8.251.193" port: 41607 } health_report { overall_health: HEALTHY } } peers { permanent_uuid: "90d824d771db4eeb9d2c4ad08c8c0b98" member_type: VOTER last_known_addr { host: "127.8.251.194" port: 43097 } health_report { overall_health: UNKNOWN } } peers { permanent_uuid: "9a26bac92ba94bc0a90d0af2fa41a9aa" member_type: VOTER last_known_addr { host: "127.8.251.195" port: 33283 } health_report { overall_health: UNKNOWN } } }
I20260710 11:00:01.310439  9898 tablet_service.cc:2072] Received LeaderStepDown RPC: tablet_id: "169cac179d384959a8ff4c6dcec9ec0c"
dest_uuid: "90d824d771db4eeb9d2c4ad08c8c0b98"
mode: GRACEFUL
new_leader_uuid: "d6cae0102f77430d8bbbb9c5652968f6"
 from {username='slave'} at 127.0.0.1:38468
I20260710 11:00:01.310952  9898 raft_consensus.cc:606] T 169cac179d384959a8ff4c6dcec9ec0c P 90d824d771db4eeb9d2c4ad08c8c0b98 [term 1 LEADER]: Received request to transfer leadership to TS d6cae0102f77430d8bbbb9c5652968f6
I20260710 11:00:01.318944  9898 tablet_service.cc:2072] Received LeaderStepDown RPC: tablet_id: "a8946e127a464af89762fa3e4bb6f0cb"
dest_uuid: "90d824d771db4eeb9d2c4ad08c8c0b98"
mode: GRACEFUL
new_leader_uuid: "d6cae0102f77430d8bbbb9c5652968f6"
 from {username='slave'} at 127.0.0.1:38468
I20260710 11:00:01.319386  9898 raft_consensus.cc:606] T a8946e127a464af89762fa3e4bb6f0cb P 90d824d771db4eeb9d2c4ad08c8c0b98 [term 1 LEADER]: Received request to transfer leadership to TS d6cae0102f77430d8bbbb9c5652968f6
I20260710 11:00:01.331622  9972 tablet_service.cc:2072] Received LeaderStepDown RPC: tablet_id: "29a4eb7ddbf84c649f57ebf0bb56fe37"
dest_uuid: "9a26bac92ba94bc0a90d0af2fa41a9aa"
mode: GRACEFUL
new_leader_uuid: "d6cae0102f77430d8bbbb9c5652968f6"
 from {username='slave'} at 127.0.0.1:35646
I20260710 11:00:01.332142  9972 raft_consensus.cc:606] T 29a4eb7ddbf84c649f57ebf0bb56fe37 P 9a26bac92ba94bc0a90d0af2fa41a9aa [term 1 LEADER]: Received request to transfer leadership to TS d6cae0102f77430d8bbbb9c5652968f6
I20260710 11:00:01.344900  9824 tablet_service.cc:2072] Received LeaderStepDown RPC: tablet_id: "bb22a1d218a348a1a6010ce40047eba6"
dest_uuid: "d6cae0102f77430d8bbbb9c5652968f6"
mode: GRACEFUL
new_leader_uuid: "90d824d771db4eeb9d2c4ad08c8c0b98"
 from {username='slave'} at 127.0.0.1:51882
I20260710 11:00:01.345522  9824 raft_consensus.cc:606] T bb22a1d218a348a1a6010ce40047eba6 P d6cae0102f77430d8bbbb9c5652968f6 [term 2 LEADER]: Received request to transfer leadership to TS 90d824d771db4eeb9d2c4ad08c8c0b98
I20260710 11:00:01.350217  9972 tablet_service.cc:2072] Received LeaderStepDown RPC: tablet_id: "4cdc483459a9441f8363e0fffc468985"
dest_uuid: "9a26bac92ba94bc0a90d0af2fa41a9aa"
mode: GRACEFUL
new_leader_uuid: "90d824d771db4eeb9d2c4ad08c8c0b98"
 from {username='slave'} at 127.0.0.1:35646
I20260710 11:00:01.350656  9972 raft_consensus.cc:606] T 4cdc483459a9441f8363e0fffc468985 P 9a26bac92ba94bc0a90d0af2fa41a9aa [term 1 LEADER]: Received request to transfer leadership to TS 90d824d771db4eeb9d2c4ad08c8c0b98
I20260710 11:00:01.355016  9972 tablet_service.cc:2072] Received LeaderStepDown RPC: tablet_id: "0695dadc7a934f7fbd9b84c8aa5c0ed5"
dest_uuid: "9a26bac92ba94bc0a90d0af2fa41a9aa"
mode: GRACEFUL
new_leader_uuid: "90d824d771db4eeb9d2c4ad08c8c0b98"
 from {username='slave'} at 127.0.0.1:35646
I20260710 11:00:01.355479  9972 raft_consensus.cc:606] T 0695dadc7a934f7fbd9b84c8aa5c0ed5 P 9a26bac92ba94bc0a90d0af2fa41a9aa [term 1 LEADER]: Received request to transfer leadership to TS 90d824d771db4eeb9d2c4ad08c8c0b98
I20260710 11:00:01.358601 10052 raft_consensus.cc:993] T a8946e127a464af89762fa3e4bb6f0cb P 90d824d771db4eeb9d2c4ad08c8c0b98: : Instructing follower d6cae0102f77430d8bbbb9c5652968f6 to start an election
I20260710 11:00:01.359033 10095 raft_consensus.cc:1081] T a8946e127a464af89762fa3e4bb6f0cb P 90d824d771db4eeb9d2c4ad08c8c0b98 [term 1 LEADER]: Signalling peer d6cae0102f77430d8bbbb9c5652968f6 to start an election
I20260710 11:00:01.360337  9824 tablet_service.cc:2072] Received LeaderStepDown RPC: tablet_id: "7559a0462bd34962ae2d4edbf6bde827"
dest_uuid: "d6cae0102f77430d8bbbb9c5652968f6"
mode: GRACEFUL
new_leader_uuid: "90d824d771db4eeb9d2c4ad08c8c0b98"
 from {username='slave'} at 127.0.0.1:51882
I20260710 11:00:01.360461  9823 tablet_service.cc:2044] Received Run Leader Election RPC: tablet_id: "a8946e127a464af89762fa3e4bb6f0cb"
dest_uuid: "d6cae0102f77430d8bbbb9c5652968f6"
 from {username='slave'} at 127.0.0.1:51872
I20260710 11:00:01.360814  9824 raft_consensus.cc:606] T 7559a0462bd34962ae2d4edbf6bde827 P d6cae0102f77430d8bbbb9c5652968f6 [term 1 LEADER]: Received request to transfer leadership to TS 90d824d771db4eeb9d2c4ad08c8c0b98
I20260710 11:00:01.360993  9823 raft_consensus.cc:493] T a8946e127a464af89762fa3e4bb6f0cb P d6cae0102f77430d8bbbb9c5652968f6 [term 1 FOLLOWER]: Starting forced leader election (received explicit request)
I20260710 11:00:01.361434  9823 raft_consensus.cc:3060] T a8946e127a464af89762fa3e4bb6f0cb P d6cae0102f77430d8bbbb9c5652968f6 [term 1 FOLLOWER]: Advancing to term 2
I20260710 11:00:01.365648  9898 tablet_service.cc:2072] Received LeaderStepDown RPC: tablet_id: "8ee5af5e88cb4c33930303218e12553e"
dest_uuid: "90d824d771db4eeb9d2c4ad08c8c0b98"
mode: GRACEFUL
new_leader_uuid: "9a26bac92ba94bc0a90d0af2fa41a9aa"
 from {username='slave'} at 127.0.0.1:38468
I20260710 11:00:01.366228  9898 raft_consensus.cc:606] T 8ee5af5e88cb4c33930303218e12553e P 90d824d771db4eeb9d2c4ad08c8c0b98 [term 1 LEADER]: Received request to transfer leadership to TS 9a26bac92ba94bc0a90d0af2fa41a9aa
I20260710 11:00:01.367367  9823 raft_consensus.cc:515] T a8946e127a464af89762fa3e4bb6f0cb P d6cae0102f77430d8bbbb9c5652968f6 [term 2 FOLLOWER]: Starting forced leader election with config: opid_index: -1 OBSOLETE_local: false peers { permanent_uuid: "d6cae0102f77430d8bbbb9c5652968f6" member_type: VOTER last_known_addr { host: "127.8.251.193" port: 41607 } } peers { permanent_uuid: "90d824d771db4eeb9d2c4ad08c8c0b98" member_type: VOTER last_known_addr { host: "127.8.251.194" port: 43097 } } peers { permanent_uuid: "9a26bac92ba94bc0a90d0af2fa41a9aa" member_type: VOTER last_known_addr { host: "127.8.251.195" port: 33283 } }
I20260710 11:00:01.368862  9823 leader_election.cc:290] T a8946e127a464af89762fa3e4bb6f0cb P d6cae0102f77430d8bbbb9c5652968f6 [CANDIDATE]: Term 2 election: Requested vote from peers 90d824d771db4eeb9d2c4ad08c8c0b98 (127.8.251.194:43097), 9a26bac92ba94bc0a90d0af2fa41a9aa (127.8.251.195:33283)
I20260710 11:00:01.369585  9898 tablet_service.cc:1917] Received RequestConsensusVote() RPC: tablet_id: "a8946e127a464af89762fa3e4bb6f0cb" candidate_uuid: "d6cae0102f77430d8bbbb9c5652968f6" candidate_term: 2 candidate_status { last_received { term: 1 index: 1 } } ignore_live_leader: true dest_uuid: "90d824d771db4eeb9d2c4ad08c8c0b98"
I20260710 11:00:01.369915  9972 tablet_service.cc:1917] Received RequestConsensusVote() RPC: tablet_id: "a8946e127a464af89762fa3e4bb6f0cb" candidate_uuid: "d6cae0102f77430d8bbbb9c5652968f6" candidate_term: 2 candidate_status { last_received { term: 1 index: 1 } } ignore_live_leader: true dest_uuid: "9a26bac92ba94bc0a90d0af2fa41a9aa"
I20260710 11:00:01.370149  9898 raft_consensus.cc:3055] T a8946e127a464af89762fa3e4bb6f0cb P 90d824d771db4eeb9d2c4ad08c8c0b98 [term 1 LEADER]: Stepping down as leader of term 1
I20260710 11:00:01.370448  9972 raft_consensus.cc:3060] T a8946e127a464af89762fa3e4bb6f0cb P 9a26bac92ba94bc0a90d0af2fa41a9aa [term 1 FOLLOWER]: Advancing to term 2
I20260710 11:00:01.370472  9898 raft_consensus.cc:740] T a8946e127a464af89762fa3e4bb6f0cb P 90d824d771db4eeb9d2c4ad08c8c0b98 [term 1 LEADER]: Becoming Follower/Learner. State: Replica: 90d824d771db4eeb9d2c4ad08c8c0b98, State: Running, Role: LEADER
I20260710 11:00:01.371264  9898 consensus_queue.cc:260] T a8946e127a464af89762fa3e4bb6f0cb P 90d824d771db4eeb9d2c4ad08c8c0b98 [NON_LEADER]: Queue going to NON_LEADER mode. State: All replicated index: 0, Majority replicated index: 1, Committed index: 1, Last appended: 1.1, Last appended by leader: 1, Current term: 1, Majority size: -1, State: 0, Mode: NON_LEADER, active raft config: opid_index: -1 OBSOLETE_local: false peers { permanent_uuid: "d6cae0102f77430d8bbbb9c5652968f6" member_type: VOTER last_known_addr { host: "127.8.251.193" port: 41607 } } peers { permanent_uuid: "90d824d771db4eeb9d2c4ad08c8c0b98" member_type: VOTER last_known_addr { host: "127.8.251.194" port: 43097 } } peers { permanent_uuid: "9a26bac92ba94bc0a90d0af2fa41a9aa" member_type: VOTER last_known_addr { host: "127.8.251.195" port: 33283 } }
I20260710 11:00:01.372162  9898 raft_consensus.cc:3060] T a8946e127a464af89762fa3e4bb6f0cb P 90d824d771db4eeb9d2c4ad08c8c0b98 [term 1 FOLLOWER]: Advancing to term 2
I20260710 11:00:01.375384  9972 raft_consensus.cc:2468] T a8946e127a464af89762fa3e4bb6f0cb P 9a26bac92ba94bc0a90d0af2fa41a9aa [term 2 FOLLOWER]: Leader election vote request: Granting yes vote for candidate d6cae0102f77430d8bbbb9c5652968f6 in term 2.
I20260710 11:00:01.376341  9789 leader_election.cc:304] T a8946e127a464af89762fa3e4bb6f0cb P d6cae0102f77430d8bbbb9c5652968f6 [CANDIDATE]: Term 2 election: Election decided. Result: candidate won. Election summary: received 2 responses out of 3 voters: 2 yes votes; 0 no votes. yes voters: 9a26bac92ba94bc0a90d0af2fa41a9aa, d6cae0102f77430d8bbbb9c5652968f6; no voters: 
I20260710 11:00:01.376818  9898 raft_consensus.cc:2468] T a8946e127a464af89762fa3e4bb6f0cb P 90d824d771db4eeb9d2c4ad08c8c0b98 [term 2 FOLLOWER]: Leader election vote request: Granting yes vote for candidate d6cae0102f77430d8bbbb9c5652968f6 in term 2.
I20260710 11:00:01.377003 10096 raft_consensus.cc:2804] T a8946e127a464af89762fa3e4bb6f0cb P d6cae0102f77430d8bbbb9c5652968f6 [term 2 FOLLOWER]: Leader election won for term 2
I20260710 11:00:01.377499 10096 raft_consensus.cc:697] T a8946e127a464af89762fa3e4bb6f0cb P d6cae0102f77430d8bbbb9c5652968f6 [term 2 LEADER]: Becoming Leader. State: Replica: d6cae0102f77430d8bbbb9c5652968f6, State: Running, Role: LEADER
I20260710 11:00:01.378379 10096 consensus_queue.cc:237] T a8946e127a464af89762fa3e4bb6f0cb P d6cae0102f77430d8bbbb9c5652968f6 [LEADER]: Queue going to LEADER mode. State: All replicated index: 0, Majority replicated index: 1, Committed index: 1, Last appended: 1.1, Last appended by leader: 1, Current term: 2, Majority size: 2, State: 0, Mode: LEADER, active raft config: opid_index: -1 OBSOLETE_local: false peers { permanent_uuid: "d6cae0102f77430d8bbbb9c5652968f6" member_type: VOTER last_known_addr { host: "127.8.251.193" port: 41607 } } peers { permanent_uuid: "90d824d771db4eeb9d2c4ad08c8c0b98" member_type: VOTER last_known_addr { host: "127.8.251.194" port: 43097 } } peers { permanent_uuid: "9a26bac92ba94bc0a90d0af2fa41a9aa" member_type: VOTER last_known_addr { host: "127.8.251.195" port: 33283 } }
I20260710 11:00:01.385001  9719 catalog_manager.cc:5697] T a8946e127a464af89762fa3e4bb6f0cb P d6cae0102f77430d8bbbb9c5652968f6 reported cstate change: term changed from 1 to 2, leader changed from 90d824d771db4eeb9d2c4ad08c8c0b98 (127.8.251.194) to d6cae0102f77430d8bbbb9c5652968f6 (127.8.251.193). New cstate: current_term: 2 leader_uuid: "d6cae0102f77430d8bbbb9c5652968f6" committed_config { opid_index: -1 OBSOLETE_local: false peers { permanent_uuid: "d6cae0102f77430d8bbbb9c5652968f6" member_type: VOTER last_known_addr { host: "127.8.251.193" port: 41607 } health_report { overall_health: HEALTHY } } peers { permanent_uuid: "90d824d771db4eeb9d2c4ad08c8c0b98" member_type: VOTER last_known_addr { host: "127.8.251.194" port: 43097 } health_report { overall_health: UNKNOWN } } peers { permanent_uuid: "9a26bac92ba94bc0a90d0af2fa41a9aa" member_type: VOTER last_known_addr { host: "127.8.251.195" port: 33283 } health_report { overall_health: UNKNOWN } } }
I20260710 11:00:01.439191 10064 raft_consensus.cc:993] T 0695dadc7a934f7fbd9b84c8aa5c0ed5 P 9a26bac92ba94bc0a90d0af2fa41a9aa: : Instructing follower 90d824d771db4eeb9d2c4ad08c8c0b98 to start an election
I20260710 11:00:01.439596 10107 raft_consensus.cc:1081] T 0695dadc7a934f7fbd9b84c8aa5c0ed5 P 9a26bac92ba94bc0a90d0af2fa41a9aa [term 1 LEADER]: Signalling peer 90d824d771db4eeb9d2c4ad08c8c0b98 to start an election
I20260710 11:00:01.440905  9898 tablet_service.cc:2044] Received Run Leader Election RPC: tablet_id: "0695dadc7a934f7fbd9b84c8aa5c0ed5"
dest_uuid: "90d824d771db4eeb9d2c4ad08c8c0b98"
 from {username='slave'} at 127.0.0.1:38466
I20260710 11:00:01.441310  9898 raft_consensus.cc:493] T 0695dadc7a934f7fbd9b84c8aa5c0ed5 P 90d824d771db4eeb9d2c4ad08c8c0b98 [term 1 FOLLOWER]: Starting forced leader election (received explicit request)
I20260710 11:00:01.441586  9898 raft_consensus.cc:3060] T 0695dadc7a934f7fbd9b84c8aa5c0ed5 P 90d824d771db4eeb9d2c4ad08c8c0b98 [term 1 FOLLOWER]: Advancing to term 2
I20260710 11:00:01.445942  9898 raft_consensus.cc:515] T 0695dadc7a934f7fbd9b84c8aa5c0ed5 P 90d824d771db4eeb9d2c4ad08c8c0b98 [term 2 FOLLOWER]: Starting forced leader election with config: opid_index: -1 OBSOLETE_local: false peers { permanent_uuid: "d6cae0102f77430d8bbbb9c5652968f6" member_type: VOTER last_known_addr { host: "127.8.251.193" port: 41607 } } peers { permanent_uuid: "90d824d771db4eeb9d2c4ad08c8c0b98" member_type: VOTER last_known_addr { host: "127.8.251.194" port: 43097 } } peers { permanent_uuid: "9a26bac92ba94bc0a90d0af2fa41a9aa" member_type: VOTER last_known_addr { host: "127.8.251.195" port: 33283 } }
I20260710 11:00:01.447621  9898 leader_election.cc:290] T 0695dadc7a934f7fbd9b84c8aa5c0ed5 P 90d824d771db4eeb9d2c4ad08c8c0b98 [CANDIDATE]: Term 2 election: Requested vote from peers d6cae0102f77430d8bbbb9c5652968f6 (127.8.251.193:41607), 9a26bac92ba94bc0a90d0af2fa41a9aa (127.8.251.195:33283)
I20260710 11:00:01.448297  9824 tablet_service.cc:1917] Received RequestConsensusVote() RPC: tablet_id: "0695dadc7a934f7fbd9b84c8aa5c0ed5" candidate_uuid: "90d824d771db4eeb9d2c4ad08c8c0b98" candidate_term: 2 candidate_status { last_received { term: 1 index: 1 } } ignore_live_leader: true dest_uuid: "d6cae0102f77430d8bbbb9c5652968f6"
I20260710 11:00:01.448689  9972 tablet_service.cc:1917] Received RequestConsensusVote() RPC: tablet_id: "0695dadc7a934f7fbd9b84c8aa5c0ed5" candidate_uuid: "90d824d771db4eeb9d2c4ad08c8c0b98" candidate_term: 2 candidate_status { last_received { term: 1 index: 1 } } ignore_live_leader: true dest_uuid: "9a26bac92ba94bc0a90d0af2fa41a9aa"
I20260710 11:00:01.448866  9824 raft_consensus.cc:3060] T 0695dadc7a934f7fbd9b84c8aa5c0ed5 P d6cae0102f77430d8bbbb9c5652968f6 [term 1 FOLLOWER]: Advancing to term 2
I20260710 11:00:01.449265  9972 raft_consensus.cc:3055] T 0695dadc7a934f7fbd9b84c8aa5c0ed5 P 9a26bac92ba94bc0a90d0af2fa41a9aa [term 1 LEADER]: Stepping down as leader of term 1
I20260710 11:00:01.449378 10064 raft_consensus.cc:993] T 29a4eb7ddbf84c649f57ebf0bb56fe37 P 9a26bac92ba94bc0a90d0af2fa41a9aa: : Instructing follower d6cae0102f77430d8bbbb9c5652968f6 to start an election
I20260710 11:00:01.449681  9972 raft_consensus.cc:740] T 0695dadc7a934f7fbd9b84c8aa5c0ed5 P 9a26bac92ba94bc0a90d0af2fa41a9aa [term 1 LEADER]: Becoming Follower/Learner. State: Replica: 9a26bac92ba94bc0a90d0af2fa41a9aa, State: Running, Role: LEADER
I20260710 11:00:01.449915 10107 raft_consensus.cc:1081] T 29a4eb7ddbf84c649f57ebf0bb56fe37 P 9a26bac92ba94bc0a90d0af2fa41a9aa [term 1 LEADER]: Signalling peer d6cae0102f77430d8bbbb9c5652968f6 to start an election
I20260710 11:00:01.450544  9972 consensus_queue.cc:260] T 0695dadc7a934f7fbd9b84c8aa5c0ed5 P 9a26bac92ba94bc0a90d0af2fa41a9aa [NON_LEADER]: Queue going to NON_LEADER mode. State: All replicated index: 0, Majority replicated index: 1, Committed index: 1, Last appended: 1.1, Last appended by leader: 1, Current term: 1, Majority size: -1, State: 0, Mode: NON_LEADER, active raft config: opid_index: -1 OBSOLETE_local: false peers { permanent_uuid: "d6cae0102f77430d8bbbb9c5652968f6" member_type: VOTER last_known_addr { host: "127.8.251.193" port: 41607 } } peers { permanent_uuid: "90d824d771db4eeb9d2c4ad08c8c0b98" member_type: VOTER last_known_addr { host: "127.8.251.194" port: 43097 } } peers { permanent_uuid: "9a26bac92ba94bc0a90d0af2fa41a9aa" member_type: VOTER last_known_addr { host: "127.8.251.195" port: 33283 } }
I20260710 11:00:01.451635  9972 raft_consensus.cc:3060] T 0695dadc7a934f7fbd9b84c8aa5c0ed5 P 9a26bac92ba94bc0a90d0af2fa41a9aa [term 1 FOLLOWER]: Advancing to term 2
I20260710 11:00:01.453685  9823 tablet_service.cc:2044] Received Run Leader Election RPC: tablet_id: "29a4eb7ddbf84c649f57ebf0bb56fe37"
dest_uuid: "d6cae0102f77430d8bbbb9c5652968f6"
 from {username='slave'} at 127.0.0.1:51866
I20260710 11:00:01.454226  9823 raft_consensus.cc:493] T 29a4eb7ddbf84c649f57ebf0bb56fe37 P d6cae0102f77430d8bbbb9c5652968f6 [term 1 FOLLOWER]: Starting forced leader election (received explicit request)
I20260710 11:00:01.454258  9824 raft_consensus.cc:2468] T 0695dadc7a934f7fbd9b84c8aa5c0ed5 P d6cae0102f77430d8bbbb9c5652968f6 [term 2 FOLLOWER]: Leader election vote request: Granting yes vote for candidate 90d824d771db4eeb9d2c4ad08c8c0b98 in term 2.
I20260710 11:00:01.454730  9823 raft_consensus.cc:3060] T 29a4eb7ddbf84c649f57ebf0bb56fe37 P d6cae0102f77430d8bbbb9c5652968f6 [term 1 FOLLOWER]: Advancing to term 2
I20260710 11:00:01.455542  9863 leader_election.cc:304] T 0695dadc7a934f7fbd9b84c8aa5c0ed5 P 90d824d771db4eeb9d2c4ad08c8c0b98 [CANDIDATE]: Term 2 election: Election decided. Result: candidate won. Election summary: received 2 responses out of 3 voters: 2 yes votes; 0 no votes. yes voters: 90d824d771db4eeb9d2c4ad08c8c0b98, d6cae0102f77430d8bbbb9c5652968f6; no voters: 
I20260710 11:00:01.456327 10095 raft_consensus.cc:2804] T 0695dadc7a934f7fbd9b84c8aa5c0ed5 P 90d824d771db4eeb9d2c4ad08c8c0b98 [term 2 FOLLOWER]: Leader election won for term 2
I20260710 11:00:01.456578  9972 raft_consensus.cc:2468] T 0695dadc7a934f7fbd9b84c8aa5c0ed5 P 9a26bac92ba94bc0a90d0af2fa41a9aa [term 2 FOLLOWER]: Leader election vote request: Granting yes vote for candidate 90d824d771db4eeb9d2c4ad08c8c0b98 in term 2.
I20260710 11:00:01.456816 10095 raft_consensus.cc:697] T 0695dadc7a934f7fbd9b84c8aa5c0ed5 P 90d824d771db4eeb9d2c4ad08c8c0b98 [term 2 LEADER]: Becoming Leader. State: Replica: 90d824d771db4eeb9d2c4ad08c8c0b98, State: Running, Role: LEADER
