I20260710 10:59:56.922427  9408 raft_consensus.cc:1275] T 8861722cfd1547998890cf1856363a1e P 49f3cc555d2b41588ce85c04dc22c776 [term 5 FOLLOWER]: Refusing update from remote peer 4232cdcb79c04e4298fd042c8727106a: Log matching property violated. Preceding OpId in replica: term: 4 index: 4. Preceding OpId from leader: term: 5 index: 5. (index mismatch)
I20260710 10:59:56.923214  9406 tablet_service.cc:1917] Received RequestConsensusVote() RPC: tablet_id: "2689319216844654a325cb4281fc8aa8" candidate_uuid: "4232cdcb79c04e4298fd042c8727106a" candidate_term: 2 candidate_status { last_received { term: 1 index: 1 } } ignore_live_leader: true dest_uuid: "49f3cc555d2b41588ce85c04dc22c776"
I20260710 10:59:56.923321  9482 tablet_service.cc:1917] Received RequestConsensusVote() RPC: tablet_id: "2689319216844654a325cb4281fc8aa8" candidate_uuid: "4232cdcb79c04e4298fd042c8727106a" candidate_term: 2 candidate_status { last_received { term: 1 index: 1 } } ignore_live_leader: true dest_uuid: "dfa7c525ff834053be900422b8ba8b7b"
I20260710 10:59:56.923780  9406 raft_consensus.cc:3055] T 2689319216844654a325cb4281fc8aa8 P 49f3cc555d2b41588ce85c04dc22c776 [term 1 LEADER]: Stepping down as leader of term 1
I20260710 10:59:56.923926  9482 raft_consensus.cc:3060] T 2689319216844654a325cb4281fc8aa8 P dfa7c525ff834053be900422b8ba8b7b [term 1 FOLLOWER]: Advancing to term 2
I20260710 10:59:56.924152  9406 raft_consensus.cc:740] T 2689319216844654a325cb4281fc8aa8 P 49f3cc555d2b41588ce85c04dc22c776 [term 1 LEADER]: Becoming Follower/Learner. State: Replica: 49f3cc555d2b41588ce85c04dc22c776, State: Running, Role: LEADER
I20260710 10:59:56.924247  9663 consensus_queue.cc:1048] T 8861722cfd1547998890cf1856363a1e P 4232cdcb79c04e4298fd042c8727106a [LEADER]: Connected to new peer: Peer: permanent_uuid: "49f3cc555d2b41588ce85c04dc22c776" member_type: VOTER last_known_addr { host: "127.8.251.194" port: 39347 }, Status: LMP_MISMATCH, Last received: 0.0, Next index: 5, Last known committed idx: 4, Time since last communication: 0.000s
I20260710 10:59:56.925072  9406 consensus_queue.cc:260] T 2689319216844654a325cb4281fc8aa8 P 49f3cc555d2b41588ce85c04dc22c776 [NON_LEADER]: Queue going to NON_LEADER mode. State: All replicated index: 0, Majority replicated index: 1, Committed index: 1, Last appended: 1.1, Last appended by leader: 1, Current term: 1, Majority size: -1, State: 0, Mode: NON_LEADER, active raft config: opid_index: -1 OBSOLETE_local: false peers { permanent_uuid: "4232cdcb79c04e4298fd042c8727106a" member_type: VOTER last_known_addr { host: "127.8.251.193" port: 34633 } } peers { permanent_uuid: "49f3cc555d2b41588ce85c04dc22c776" member_type: VOTER last_known_addr { host: "127.8.251.194" port: 39347 } } peers { permanent_uuid: "dfa7c525ff834053be900422b8ba8b7b" member_type: VOTER last_known_addr { host: "127.8.251.195" port: 45527 } }
I20260710 10:59:56.926198  9406 raft_consensus.cc:3060] T 2689319216844654a325cb4281fc8aa8 P 49f3cc555d2b41588ce85c04dc22c776 [term 1 FOLLOWER]: Advancing to term 2
I20260710 10:59:56.928767  9482 raft_consensus.cc:2468] T 2689319216844654a325cb4281fc8aa8 P dfa7c525ff834053be900422b8ba8b7b [term 2 FOLLOWER]: Leader election vote request: Granting yes vote for candidate 4232cdcb79c04e4298fd042c8727106a in term 2.
I20260710 10:59:56.929956  9300 leader_election.cc:304] T 2689319216844654a325cb4281fc8aa8 P 4232cdcb79c04e4298fd042c8727106a [CANDIDATE]: Term 2 election: Election decided. Result: candidate won. Election summary: received 2 responses out of 3 voters: 2 yes votes; 0 no votes. yes voters: 4232cdcb79c04e4298fd042c8727106a, dfa7c525ff834053be900422b8ba8b7b; no voters: 
I20260710 10:59:56.930737  9663 raft_consensus.cc:2804] T 2689319216844654a325cb4281fc8aa8 P 4232cdcb79c04e4298fd042c8727106a [term 2 FOLLOWER]: Leader election won for term 2
I20260710 10:59:56.943023  9406 raft_consensus.cc:2468] T 2689319216844654a325cb4281fc8aa8 P 49f3cc555d2b41588ce85c04dc22c776 [term 2 FOLLOWER]: Leader election vote request: Granting yes vote for candidate 4232cdcb79c04e4298fd042c8727106a in term 2.
I20260710 10:59:56.946419  9663 raft_consensus.cc:697] T 2689319216844654a325cb4281fc8aa8 P 4232cdcb79c04e4298fd042c8727106a [term 2 LEADER]: Becoming Leader. State: Replica: 4232cdcb79c04e4298fd042c8727106a, State: Running, Role: LEADER
I20260710 10:59:56.947404  9482 raft_consensus.cc:1275] T 8861722cfd1547998890cf1856363a1e P dfa7c525ff834053be900422b8ba8b7b [term 5 FOLLOWER]: Refusing update from remote peer 4232cdcb79c04e4298fd042c8727106a: Log matching property violated. Preceding OpId in replica: term: 4 index: 4. Preceding OpId from leader: term: 5 index: 5. (index mismatch)
I20260710 10:59:56.949087  9675 consensus_queue.cc:1048] T 8861722cfd1547998890cf1856363a1e P 4232cdcb79c04e4298fd042c8727106a [LEADER]: Connected to new peer: Peer: permanent_uuid: "dfa7c525ff834053be900422b8ba8b7b" member_type: VOTER last_known_addr { host: "127.8.251.195" port: 45527 }, Status: LMP_MISMATCH, Last received: 0.0, Next index: 5, Last known committed idx: 4, Time since last communication: 0.001s
I20260710 10:59:56.953428  9663 consensus_queue.cc:237] T 2689319216844654a325cb4281fc8aa8 P 4232cdcb79c04e4298fd042c8727106a [LEADER]: Queue going to LEADER mode. State: All replicated index: 0, Majority replicated index: 1, Committed index: 1, Last appended: 1.1, Last appended by leader: 1, Current term: 2, Majority size: 2, State: 0, Mode: LEADER, active raft config: opid_index: -1 OBSOLETE_local: false peers { permanent_uuid: "4232cdcb79c04e4298fd042c8727106a" member_type: VOTER last_known_addr { host: "127.8.251.193" port: 34633 } } peers { permanent_uuid: "49f3cc555d2b41588ce85c04dc22c776" member_type: VOTER last_known_addr { host: "127.8.251.194" port: 39347 } } peers { permanent_uuid: "dfa7c525ff834053be900422b8ba8b7b" member_type: VOTER last_known_addr { host: "127.8.251.195" port: 45527 } }
I20260710 10:59:56.962486  9227 catalog_manager.cc:5697] T 2689319216844654a325cb4281fc8aa8 P 4232cdcb79c04e4298fd042c8727106a reported cstate change: term changed from 1 to 2, leader changed from 49f3cc555d2b41588ce85c04dc22c776 (127.8.251.194) to 4232cdcb79c04e4298fd042c8727106a (127.8.251.193). New cstate: current_term: 2 leader_uuid: "4232cdcb79c04e4298fd042c8727106a" committed_config { opid_index: -1 OBSOLETE_local: false peers { permanent_uuid: "4232cdcb79c04e4298fd042c8727106a" member_type: VOTER last_known_addr { host: "127.8.251.193" port: 34633 } health_report { overall_health: HEALTHY } } peers { permanent_uuid: "49f3cc555d2b41588ce85c04dc22c776" member_type: VOTER last_known_addr { host: "127.8.251.194" port: 39347 } health_report { overall_health: UNKNOWN } } peers { permanent_uuid: "dfa7c525ff834053be900422b8ba8b7b" member_type: VOTER last_known_addr { host: "127.8.251.195" port: 45527 } health_report { overall_health: UNKNOWN } } }
I20260710 10:59:57.122747  9408 raft_consensus.cc:1275] T 1eab660490a64825baa41abbee2d7b75 P 49f3cc555d2b41588ce85c04dc22c776 [term 2 FOLLOWER]: Refusing update from remote peer 4232cdcb79c04e4298fd042c8727106a: Log matching property violated. Preceding OpId in replica: term: 1 index: 1. Preceding OpId from leader: term: 2 index: 2. (index mismatch)
I20260710 10:59:57.124017  9677 consensus_queue.cc:1048] T 1eab660490a64825baa41abbee2d7b75 P 4232cdcb79c04e4298fd042c8727106a [LEADER]: Connected to new peer: Peer: permanent_uuid: "49f3cc555d2b41588ce85c04dc22c776" member_type: VOTER last_known_addr { host: "127.8.251.194" port: 39347 }, Status: LMP_MISMATCH, Last received: 0.0, Next index: 2, Last known committed idx: 1, Time since last communication: 0.000s
I20260710 10:59:57.133323  9480 raft_consensus.cc:1275] T 1eab660490a64825baa41abbee2d7b75 P dfa7c525ff834053be900422b8ba8b7b [term 2 FOLLOWER]: Refusing update from remote peer 4232cdcb79c04e4298fd042c8727106a: Log matching property violated. Preceding OpId in replica: term: 1 index: 1. Preceding OpId from leader: term: 2 index: 2. (index mismatch)
I20260710 10:59:57.134824  9677 consensus_queue.cc:1048] T 1eab660490a64825baa41abbee2d7b75 P 4232cdcb79c04e4298fd042c8727106a [LEADER]: Connected to new peer: Peer: permanent_uuid: "dfa7c525ff834053be900422b8ba8b7b" member_type: VOTER last_known_addr { host: "127.8.251.195" port: 45527 }, Status: LMP_MISMATCH, Last received: 0.0, Next index: 2, Last known committed idx: 1, Time since last communication: 0.000s
I20260710 10:59:57.175885  9331 raft_consensus.cc:1275] T 837d4b1dfedd4b31b55f26df7445dc73 P 4232cdcb79c04e4298fd042c8727106a [term 4 FOLLOWER]: Refusing update from remote peer dfa7c525ff834053be900422b8ba8b7b: Log matching property violated. Preceding OpId in replica: term: 3 index: 3. Preceding OpId from leader: term: 4 index: 4. (index mismatch)
I20260710 10:59:57.177178  9614 consensus_queue.cc:1048] T 837d4b1dfedd4b31b55f26df7445dc73 P dfa7c525ff834053be900422b8ba8b7b [LEADER]: Connected to new peer: Peer: permanent_uuid: "4232cdcb79c04e4298fd042c8727106a" member_type: VOTER last_known_addr { host: "127.8.251.193" port: 34633 }, Status: LMP_MISMATCH, Last received: 0.0, Next index: 4, Last known committed idx: 3, Time since last communication: 0.000s
I20260710 10:59:57.186424  9408 raft_consensus.cc:1275] T 837d4b1dfedd4b31b55f26df7445dc73 P 49f3cc555d2b41588ce85c04dc22c776 [term 4 FOLLOWER]: Refusing update from remote peer dfa7c525ff834053be900422b8ba8b7b: Log matching property violated. Preceding OpId in replica: term: 3 index: 3. Preceding OpId from leader: term: 4 index: 4. (index mismatch)
I20260710 10:59:57.190984  9686 consensus_queue.cc:1048] T 837d4b1dfedd4b31b55f26df7445dc73 P dfa7c525ff834053be900422b8ba8b7b [LEADER]: Connected to new peer: Peer: permanent_uuid: "49f3cc555d2b41588ce85c04dc22c776" member_type: VOTER last_known_addr { host: "127.8.251.194" port: 39347 }, Status: LMP_MISMATCH, Last received: 0.0, Next index: 4, Last known committed idx: 3, Time since last communication: 0.001s
I20260710 10:59:57.298384  9408 raft_consensus.cc:1275] T 68504d5a71e6475db2c4fda7096418c7 P 49f3cc555d2b41588ce85c04dc22c776 [term 4 FOLLOWER]: Refusing update from remote peer dfa7c525ff834053be900422b8ba8b7b: Log matching property violated. Preceding OpId in replica: term: 3 index: 3. Preceding OpId from leader: term: 4 index: 4. (index mismatch)
I20260710 10:59:57.299592  9686 consensus_queue.cc:1048] T 68504d5a71e6475db2c4fda7096418c7 P dfa7c525ff834053be900422b8ba8b7b [LEADER]: Connected to new peer: Peer: permanent_uuid: "49f3cc555d2b41588ce85c04dc22c776" member_type: VOTER last_known_addr { host: "127.8.251.194" port: 39347 }, Status: LMP_MISMATCH, Last received: 0.0, Next index: 4, Last known committed idx: 3, Time since last communication: 0.000s
I20260710 10:59:57.308439  9331 raft_consensus.cc:1275] T 68504d5a71e6475db2c4fda7096418c7 P 4232cdcb79c04e4298fd042c8727106a [term 4 FOLLOWER]: Refusing update from remote peer dfa7c525ff834053be900422b8ba8b7b: Log matching property violated. Preceding OpId in replica: term: 3 index: 3. Preceding OpId from leader: term: 4 index: 4. (index mismatch)
I20260710 10:59:57.310216  9689 consensus_queue.cc:1048] T 68504d5a71e6475db2c4fda7096418c7 P dfa7c525ff834053be900422b8ba8b7b [LEADER]: Connected to new peer: Peer: permanent_uuid: "4232cdcb79c04e4298fd042c8727106a" member_type: VOTER last_known_addr { host: "127.8.251.193" port: 34633 }, Status: LMP_MISMATCH, Last received: 0.0, Next index: 4, Last known committed idx: 3, Time since last communication: 0.001s
I20260710 10:59:57.387054  9480 raft_consensus.cc:1275] T 2689319216844654a325cb4281fc8aa8 P dfa7c525ff834053be900422b8ba8b7b [term 2 FOLLOWER]: Refusing update from remote peer 4232cdcb79c04e4298fd042c8727106a: Log matching property violated. Preceding OpId in replica: term: 1 index: 1. Preceding OpId from leader: term: 2 index: 2. (index mismatch)
I20260710 10:59:57.388253  9677 consensus_queue.cc:1048] T 2689319216844654a325cb4281fc8aa8 P 4232cdcb79c04e4298fd042c8727106a [LEADER]: Connected to new peer: Peer: permanent_uuid: "dfa7c525ff834053be900422b8ba8b7b" member_type: VOTER last_known_addr { host: "127.8.251.195" port: 45527 }, Status: LMP_MISMATCH, Last received: 0.0, Next index: 2, Last known committed idx: 1, Time since last communication: 0.000s
I20260710 10:59:57.394506  9199 auto_leader_rebalancer.cc:141] leader rebalance for table test-workload
I20260710 10:59:57.399509  9408 raft_consensus.cc:1275] T 2689319216844654a325cb4281fc8aa8 P 49f3cc555d2b41588ce85c04dc22c776 [term 2 FOLLOWER]: Refusing update from remote peer 4232cdcb79c04e4298fd042c8727106a: Log matching property violated. Preceding OpId in replica: term: 1 index: 1. Preceding OpId from leader: term: 2 index: 2. (index mismatch)
I20260710 10:59:57.401741  9676 consensus_queue.cc:1048] T 2689319216844654a325cb4281fc8aa8 P 4232cdcb79c04e4298fd042c8727106a [LEADER]: Connected to new peer: Peer: permanent_uuid: "49f3cc555d2b41588ce85c04dc22c776" member_type: VOTER last_known_addr { host: "127.8.251.194" port: 39347 }, Status: LMP_MISMATCH, Last received: 0.0, Next index: 2, Last known committed idx: 1, Time since last communication: 0.001s
I20260710 10:59:57.406122  9199 tablet_server.cc:179] TabletServer@127.8.251.193:0 shutting down...
I20260710 10:59:57.446089  9199 ts_tablet_manager.cc:1507] Shutting down tablet manager...
I20260710 10:59:57.446821  9199 tablet_replica.cc:333] T 2689319216844654a325cb4281fc8aa8 P 4232cdcb79c04e4298fd042c8727106a: stopping tablet replica
I20260710 10:59:57.448060  9199 raft_consensus.cc:2243] T 2689319216844654a325cb4281fc8aa8 P 4232cdcb79c04e4298fd042c8727106a [term 2 LEADER]: Raft consensus shutting down.
I20260710 10:59:57.448814  9199 raft_consensus.cc:2272] T 2689319216844654a325cb4281fc8aa8 P 4232cdcb79c04e4298fd042c8727106a [term 2 FOLLOWER]: Raft consensus is shut down!
I20260710 10:59:57.451319  9199 tablet_replica.cc:333] T 837d4b1dfedd4b31b55f26df7445dc73 P 4232cdcb79c04e4298fd042c8727106a: stopping tablet replica
I20260710 10:59:57.451835  9199 raft_consensus.cc:2243] T 837d4b1dfedd4b31b55f26df7445dc73 P 4232cdcb79c04e4298fd042c8727106a [term 4 FOLLOWER]: Raft consensus shutting down.
I20260710 10:59:57.452275  9199 raft_consensus.cc:2272] T 837d4b1dfedd4b31b55f26df7445dc73 P 4232cdcb79c04e4298fd042c8727106a [term 4 FOLLOWER]: Raft consensus is shut down!
I20260710 10:59:57.454238  9199 tablet_replica.cc:333] T 1eab660490a64825baa41abbee2d7b75 P 4232cdcb79c04e4298fd042c8727106a: stopping tablet replica
I20260710 10:59:57.454723  9199 raft_consensus.cc:2243] T 1eab660490a64825baa41abbee2d7b75 P 4232cdcb79c04e4298fd042c8727106a [term 2 LEADER]: Raft consensus shutting down.
I20260710 10:59:57.455401  9199 raft_consensus.cc:2272] T 1eab660490a64825baa41abbee2d7b75 P 4232cdcb79c04e4298fd042c8727106a [term 2 FOLLOWER]: Raft consensus is shut down!
I20260710 10:59:57.457160  9199 tablet_replica.cc:333] T 4149596728c647969d29ac894d4ab146 P 4232cdcb79c04e4298fd042c8727106a: stopping tablet replica
I20260710 10:59:57.457732  9199 raft_consensus.cc:2243] T 4149596728c647969d29ac894d4ab146 P 4232cdcb79c04e4298fd042c8727106a [term 1 FOLLOWER]: Raft consensus shutting down.
I20260710 10:59:57.458140  9199 raft_consensus.cc:2272] T 4149596728c647969d29ac894d4ab146 P 4232cdcb79c04e4298fd042c8727106a [term 1 FOLLOWER]: Raft consensus is shut down!
I20260710 10:59:57.459619  9199 tablet_replica.cc:333] T 68504d5a71e6475db2c4fda7096418c7 P 4232cdcb79c04e4298fd042c8727106a: stopping tablet replica
I20260710 10:59:57.460086  9199 raft_consensus.cc:2243] T 68504d5a71e6475db2c4fda7096418c7 P 4232cdcb79c04e4298fd042c8727106a [term 4 FOLLOWER]: Raft consensus shutting down.
I20260710 10:59:57.460486  9199 raft_consensus.cc:2272] T 68504d5a71e6475db2c4fda7096418c7 P 4232cdcb79c04e4298fd042c8727106a [term 4 FOLLOWER]: Raft consensus is shut down!
I20260710 10:59:57.462302  9199 tablet_replica.cc:333] T 98b0a877826c49369b53facd2cc28053 P 4232cdcb79c04e4298fd042c8727106a: stopping tablet replica
I20260710 10:59:57.462744  9199 raft_consensus.cc:2243] T 98b0a877826c49369b53facd2cc28053 P 4232cdcb79c04e4298fd042c8727106a [term 4 FOLLOWER]: Raft consensus shutting down.
I20260710 10:59:57.463158  9199 raft_consensus.cc:2272] T 98b0a877826c49369b53facd2cc28053 P 4232cdcb79c04e4298fd042c8727106a [term 4 FOLLOWER]: Raft consensus is shut down!
I20260710 10:59:57.464653  9199 tablet_replica.cc:333] T 2b72767ed8ee476cbc2337a8a042af06 P 4232cdcb79c04e4298fd042c8727106a: stopping tablet replica
I20260710 10:59:57.465116  9199 raft_consensus.cc:2243] T 2b72767ed8ee476cbc2337a8a042af06 P 4232cdcb79c04e4298fd042c8727106a [term 1 FOLLOWER]: Raft consensus shutting down.
I20260710 10:59:57.465551  9199 raft_consensus.cc:2272] T 2b72767ed8ee476cbc2337a8a042af06 P 4232cdcb79c04e4298fd042c8727106a [term 1 FOLLOWER]: Raft consensus is shut down!
I20260710 10:59:57.467032  9199 tablet_replica.cc:333] T e2848f53292e44b3bfa0b29556f4bf88 P 4232cdcb79c04e4298fd042c8727106a: stopping tablet replica
I20260710 10:59:57.467482  9199 raft_consensus.cc:2243] T e2848f53292e44b3bfa0b29556f4bf88 P 4232cdcb79c04e4298fd042c8727106a [term 2 FOLLOWER]: Raft consensus shutting down.
I20260710 10:59:57.467869  9199 raft_consensus.cc:2272] T e2848f53292e44b3bfa0b29556f4bf88 P 4232cdcb79c04e4298fd042c8727106a [term 2 FOLLOWER]: Raft consensus is shut down!
I20260710 10:59:57.469285  9199 tablet_replica.cc:333] T 8861722cfd1547998890cf1856363a1e P 4232cdcb79c04e4298fd042c8727106a: stopping tablet replica
I20260710 10:59:57.469944  9199 raft_consensus.cc:2243] T 8861722cfd1547998890cf1856363a1e P 4232cdcb79c04e4298fd042c8727106a [term 5 LEADER]: Raft consensus shutting down.
I20260710 10:59:57.470587  9199 raft_consensus.cc:2272] T 8861722cfd1547998890cf1856363a1e P 4232cdcb79c04e4298fd042c8727106a [term 5 FOLLOWER]: Raft consensus is shut down!
W20260710 10:59:57.653319  9374 proxy.cc:239] Call had error, refreshing address and retrying: Network error: Client connection negotiation failed: client connection to 127.8.251.193:34633: connect: Connection refused (error 111)
W20260710 10:59:57.656847  9448 consensus_peers.cc:597] T 2b72767ed8ee476cbc2337a8a042af06 P dfa7c525ff834053be900422b8ba8b7b -> Peer 4232cdcb79c04e4298fd042c8727106a (127.8.251.193:34633): Couldn't send request to peer 4232cdcb79c04e4298fd042c8727106a. Status: Network error: Client connection negotiation failed: client connection to 127.8.251.193:34633: connect: Connection refused (error 111). This is attempt 1: this message will repeat every 5th retry.
W20260710 10:59:57.656984  9374 consensus_peers.cc:597] T 4149596728c647969d29ac894d4ab146 P 49f3cc555d2b41588ce85c04dc22c776 -> Peer 4232cdcb79c04e4298fd042c8727106a (127.8.251.193:34633): Couldn't send request to peer 4232cdcb79c04e4298fd042c8727106a. Status: Network error: Client connection negotiation failed: client connection to 127.8.251.193:34633: connect: Connection refused (error 111). This is attempt 1: this message will repeat every 5th retry.
W20260710 10:59:57.657318  9448 consensus_peers.cc:597] T 837d4b1dfedd4b31b55f26df7445dc73 P dfa7c525ff834053be900422b8ba8b7b -> Peer 4232cdcb79c04e4298fd042c8727106a (127.8.251.193:34633): Couldn't send request to peer 4232cdcb79c04e4298fd042c8727106a. Status: Network error: Client connection negotiation failed: client connection to 127.8.251.193:34633: connect: Connection refused (error 111). This is attempt 1: this message will repeat every 5th retry.
I20260710 10:59:57.665387  9199 tablet_server.cc:196] TabletServer@127.8.251.193:0 shutdown complete.
I20260710 10:59:57.684397  9199 tablet_server.cc:179] TabletServer@127.8.251.194:0 shutting down...
W20260710 10:59:57.707988  9448 consensus_peers.cc:597] T 68504d5a71e6475db2c4fda7096418c7 P dfa7c525ff834053be900422b8ba8b7b -> Peer 4232cdcb79c04e4298fd042c8727106a (127.8.251.193:34633): Couldn't send request to peer 4232cdcb79c04e4298fd042c8727106a. Status: Network error: Client connection negotiation failed: client connection to 127.8.251.193:34633: connect: Connection refused (error 111). This is attempt 1: this message will repeat every 5th retry.
I20260710 10:59:57.711539  9199 ts_tablet_manager.cc:1507] Shutting down tablet manager...
I20260710 10:59:57.712157  9199 tablet_replica.cc:333] T 1eab660490a64825baa41abbee2d7b75 P 49f3cc555d2b41588ce85c04dc22c776: stopping tablet replica
I20260710 10:59:57.712715  9199 raft_consensus.cc:2243] T 1eab660490a64825baa41abbee2d7b75 P 49f3cc555d2b41588ce85c04dc22c776 [term 2 FOLLOWER]: Raft consensus shutting down.
I20260710 10:59:57.713073  9199 raft_consensus.cc:2272] T 1eab660490a64825baa41abbee2d7b75 P 49f3cc555d2b41588ce85c04dc22c776 [term 2 FOLLOWER]: Raft consensus is shut down!
I20260710 10:59:57.715772  9199 tablet_replica.cc:333] T 4149596728c647969d29ac894d4ab146 P 49f3cc555d2b41588ce85c04dc22c776: stopping tablet replica
I20260710 10:59:57.716236  9199 raft_consensus.cc:2243] T 4149596728c647969d29ac894d4ab146 P 49f3cc555d2b41588ce85c04dc22c776 [term 1 LEADER]: Raft consensus shutting down.
I20260710 10:59:57.716822  9199 raft_consensus.cc:2272] T 4149596728c647969d29ac894d4ab146 P 49f3cc555d2b41588ce85c04dc22c776 [term 1 FOLLOWER]: Raft consensus is shut down!
I20260710 10:59:57.718417  9199 tablet_replica.cc:333] T 837d4b1dfedd4b31b55f26df7445dc73 P 49f3cc555d2b41588ce85c04dc22c776: stopping tablet replica
I20260710 10:59:57.718837  9199 raft_consensus.cc:2243] T 837d4b1dfedd4b31b55f26df7445dc73 P 49f3cc555d2b41588ce85c04dc22c776 [term 4 FOLLOWER]: Raft consensus shutting down.
I20260710 10:59:57.719223  9199 raft_consensus.cc:2272] T 837d4b1dfedd4b31b55f26df7445dc73 P 49f3cc555d2b41588ce85c04dc22c776 [term 4 FOLLOWER]: Raft consensus is shut down!
I20260710 10:59:57.721342  9199 tablet_replica.cc:333] T 2b72767ed8ee476cbc2337a8a042af06 P 49f3cc555d2b41588ce85c04dc22c776: stopping tablet replica
I20260710 10:59:57.721858  9199 raft_consensus.cc:2243] T 2b72767ed8ee476cbc2337a8a042af06 P 49f3cc555d2b41588ce85c04dc22c776 [term 1 FOLLOWER]: Raft consensus shutting down.
I20260710 10:59:57.722241  9199 raft_consensus.cc:2272] T 2b72767ed8ee476cbc2337a8a042af06 P 49f3cc555d2b41588ce85c04dc22c776 [term 1 FOLLOWER]: Raft consensus is shut down!
I20260710 10:59:57.723639  9199 tablet_replica.cc:333] T 8861722cfd1547998890cf1856363a1e P 49f3cc555d2b41588ce85c04dc22c776: stopping tablet replica
I20260710 10:59:57.724085  9199 raft_consensus.cc:2243] T 8861722cfd1547998890cf1856363a1e P 49f3cc555d2b41588ce85c04dc22c776 [term 5 FOLLOWER]: Raft consensus shutting down.
I20260710 10:59:57.724438  9199 raft_consensus.cc:2272] T 8861722cfd1547998890cf1856363a1e P 49f3cc555d2b41588ce85c04dc22c776 [term 5 FOLLOWER]: Raft consensus is shut down!
I20260710 10:59:57.726212  9199 tablet_replica.cc:333] T e2848f53292e44b3bfa0b29556f4bf88 P 49f3cc555d2b41588ce85c04dc22c776: stopping tablet replica
I20260710 10:59:57.726662  9199 raft_consensus.cc:2243] T e2848f53292e44b3bfa0b29556f4bf88 P 49f3cc555d2b41588ce85c04dc22c776 [term 2 LEADER]: Raft consensus shutting down.
I20260710 10:59:57.727322  9199 raft_consensus.cc:2272] T e2848f53292e44b3bfa0b29556f4bf88 P 49f3cc555d2b41588ce85c04dc22c776 [term 2 FOLLOWER]: Raft consensus is shut down!
I20260710 10:59:57.728771  9199 tablet_replica.cc:333] T 2689319216844654a325cb4281fc8aa8 P 49f3cc555d2b41588ce85c04dc22c776: stopping tablet replica
I20260710 10:59:57.729220  9199 raft_consensus.cc:2243] T 2689319216844654a325cb4281fc8aa8 P 49f3cc555d2b41588ce85c04dc22c776 [term 2 FOLLOWER]: Raft consensus shutting down.
I20260710 10:59:57.729605  9199 raft_consensus.cc:2272] T 2689319216844654a325cb4281fc8aa8 P 49f3cc555d2b41588ce85c04dc22c776 [term 2 FOLLOWER]: Raft consensus is shut down!
I20260710 10:59:57.731307  9199 tablet_replica.cc:333] T 68504d5a71e6475db2c4fda7096418c7 P 49f3cc555d2b41588ce85c04dc22c776: stopping tablet replica
I20260710 10:59:57.731765  9199 raft_consensus.cc:2243] T 68504d5a71e6475db2c4fda7096418c7 P 49f3cc555d2b41588ce85c04dc22c776 [term 4 FOLLOWER]: Raft consensus shutting down.
I20260710 10:59:57.732151  9199 raft_consensus.cc:2272] T 68504d5a71e6475db2c4fda7096418c7 P 49f3cc555d2b41588ce85c04dc22c776 [term 4 FOLLOWER]: Raft consensus is shut down!
I20260710 10:59:57.734118  9199 tablet_replica.cc:333] T 98b0a877826c49369b53facd2cc28053 P 49f3cc555d2b41588ce85c04dc22c776: stopping tablet replica
I20260710 10:59:57.734540  9199 raft_consensus.cc:2243] T 98b0a877826c49369b53facd2cc28053 P 49f3cc555d2b41588ce85c04dc22c776 [term 4 LEADER]: Raft consensus shutting down.
I20260710 10:59:57.735198  9199 raft_consensus.cc:2272] T 98b0a877826c49369b53facd2cc28053 P 49f3cc555d2b41588ce85c04dc22c776 [term 4 FOLLOWER]: Raft consensus is shut down!
I20260710 10:59:57.763710  9199 tablet_server.cc:196] TabletServer@127.8.251.194:0 shutdown complete.
I20260710 10:59:57.779601  9199 tablet_server.cc:179] TabletServer@127.8.251.195:0 shutting down...
I20260710 10:59:57.801924  9199 ts_tablet_manager.cc:1507] Shutting down tablet manager...
I20260710 10:59:57.802525  9199 tablet_replica.cc:333] T 837d4b1dfedd4b31b55f26df7445dc73 P dfa7c525ff834053be900422b8ba8b7b: stopping tablet replica
I20260710 10:59:57.803032  9199 raft_consensus.cc:2243] T 837d4b1dfedd4b31b55f26df7445dc73 P dfa7c525ff834053be900422b8ba8b7b [term 4 LEADER]: Raft consensus shutting down.
I20260710 10:59:57.803679  9199 raft_consensus.cc:2272] T 837d4b1dfedd4b31b55f26df7445dc73 P dfa7c525ff834053be900422b8ba8b7b [term 4 FOLLOWER]: Raft consensus is shut down!
I20260710 10:59:57.805646  9199 tablet_replica.cc:333] T 68504d5a71e6475db2c4fda7096418c7 P dfa7c525ff834053be900422b8ba8b7b: stopping tablet replica
I20260710 10:59:57.806103  9199 raft_consensus.cc:2243] T 68504d5a71e6475db2c4fda7096418c7 P dfa7c525ff834053be900422b8ba8b7b [term 4 LEADER]: Raft consensus shutting down.
I20260710 10:59:57.806713  9199 raft_consensus.cc:2272] T 68504d5a71e6475db2c4fda7096418c7 P dfa7c525ff834053be900422b8ba8b7b [term 4 FOLLOWER]: Raft consensus is shut down!
I20260710 10:59:57.808447  9199 tablet_replica.cc:333] T 98b0a877826c49369b53facd2cc28053 P dfa7c525ff834053be900422b8ba8b7b: stopping tablet replica
I20260710 10:59:57.808884  9199 raft_consensus.cc:2243] T 98b0a877826c49369b53facd2cc28053 P dfa7c525ff834053be900422b8ba8b7b [term 4 FOLLOWER]: Raft consensus shutting down.
I20260710 10:59:57.809226  9199 raft_consensus.cc:2272] T 98b0a877826c49369b53facd2cc28053 P dfa7c525ff834053be900422b8ba8b7b [term 4 FOLLOWER]: Raft consensus is shut down!
I20260710 10:59:57.810768  9199 tablet_replica.cc:333] T 1eab660490a64825baa41abbee2d7b75 P dfa7c525ff834053be900422b8ba8b7b: stopping tablet replica
I20260710 10:59:57.811187  9199 raft_consensus.cc:2243] T 1eab660490a64825baa41abbee2d7b75 P dfa7c525ff834053be900422b8ba8b7b [term 2 FOLLOWER]: Raft consensus shutting down.
I20260710 10:59:57.811502  9199 raft_consensus.cc:2272] T 1eab660490a64825baa41abbee2d7b75 P dfa7c525ff834053be900422b8ba8b7b [term 2 FOLLOWER]: Raft consensus is shut down!
I20260710 10:59:57.813103  9199 tablet_replica.cc:333] T 4149596728c647969d29ac894d4ab146 P dfa7c525ff834053be900422b8ba8b7b: stopping tablet replica
I20260710 10:59:57.813650  9199 raft_consensus.cc:2243] T 4149596728c647969d29ac894d4ab146 P dfa7c525ff834053be900422b8ba8b7b [term 1 FOLLOWER]: Raft consensus shutting down.
I20260710 10:59:57.813989  9199 raft_consensus.cc:2272] T 4149596728c647969d29ac894d4ab146 P dfa7c525ff834053be900422b8ba8b7b [term 1 FOLLOWER]: Raft consensus is shut down!
I20260710 10:59:57.815521  9199 tablet_replica.cc:333] T 2b72767ed8ee476cbc2337a8a042af06 P dfa7c525ff834053be900422b8ba8b7b: stopping tablet replica
I20260710 10:59:57.815909  9199 raft_consensus.cc:2243] T 2b72767ed8ee476cbc2337a8a042af06 P dfa7c525ff834053be900422b8ba8b7b [term 1 LEADER]: Raft consensus shutting down.
I20260710 10:59:57.816533  9199 raft_consensus.cc:2272] T 2b72767ed8ee476cbc2337a8a042af06 P dfa7c525ff834053be900422b8ba8b7b [term 1 FOLLOWER]: Raft consensus is shut down!
I20260710 10:59:57.818061  9199 tablet_replica.cc:333] T e2848f53292e44b3bfa0b29556f4bf88 P dfa7c525ff834053be900422b8ba8b7b: stopping tablet replica
I20260710 10:59:57.818470  9199 raft_consensus.cc:2243] T e2848f53292e44b3bfa0b29556f4bf88 P dfa7c525ff834053be900422b8ba8b7b [term 2 FOLLOWER]: Raft consensus shutting down.
I20260710 10:59:57.818778  9199 raft_consensus.cc:2272] T e2848f53292e44b3bfa0b29556f4bf88 P dfa7c525ff834053be900422b8ba8b7b [term 2 FOLLOWER]: Raft consensus is shut down!
I20260710 10:59:57.820271  9199 tablet_replica.cc:333] T 8861722cfd1547998890cf1856363a1e P dfa7c525ff834053be900422b8ba8b7b: stopping tablet replica
I20260710 10:59:57.820637  9199 raft_consensus.cc:2243] T 8861722cfd1547998890cf1856363a1e P dfa7c525ff834053be900422b8ba8b7b [term 5 FOLLOWER]: Raft consensus shutting down.
I20260710 10:59:57.821054  9199 raft_consensus.cc:2272] T 8861722cfd1547998890cf1856363a1e P dfa7c525ff834053be900422b8ba8b7b [term 5 FOLLOWER]: Raft consensus is shut down!
I20260710 10:59:57.822781  9199 tablet_replica.cc:333] T 2689319216844654a325cb4281fc8aa8 P dfa7c525ff834053be900422b8ba8b7b: stopping tablet replica
I20260710 10:59:57.823168  9199 raft_consensus.cc:2243] T 2689319216844654a325cb4281fc8aa8 P dfa7c525ff834053be900422b8ba8b7b [term 2 FOLLOWER]: Raft consensus shutting down.
I20260710 10:59:57.823478  9199 raft_consensus.cc:2272] T 2689319216844654a325cb4281fc8aa8 P dfa7c525ff834053be900422b8ba8b7b [term 2 FOLLOWER]: Raft consensus is shut down!
I20260710 10:59:57.871946  9199 tablet_server.cc:196] TabletServer@127.8.251.195:0 shutdown complete.
I20260710 10:59:57.888309  9199 master.cc:562] Master@127.8.251.254:39165 shutting down...
I20260710 10:59:58.008605  9199 raft_consensus.cc:2243] T 00000000000000000000000000000000 P b3f43a25f4b44267bdc98f7788f01470 [term 1 LEADER]: Raft consensus shutting down.
I20260710 10:59:58.009166  9199 raft_consensus.cc:2272] T 00000000000000000000000000000000 P b3f43a25f4b44267bdc98f7788f01470 [term 1 FOLLOWER]: Raft consensus is shut down!
I20260710 10:59:58.009547  9199 tablet_replica.cc:333] T 00000000000000000000000000000000 P b3f43a25f4b44267bdc98f7788f01470: stopping tablet replica
I20260710 10:59:58.028628  9199 master.cc:584] Master@127.8.251.254:39165 shutdown complete.
4232cdcb79c04e4298fd042c8727106a  4
49f3cc555d2b41588ce85c04dc22c776  4
dfa7c525ff834053be900422b8ba8b7b  1
[       OK ] LeaderRebalancerTest.FunctionalTestForDivided (12945 ms)
[ RUN      ] LeaderRebalancerTest.FunctionalTestForNotDivided
I20260710 10:59:58.066401  9199 internal_mini_cluster.cc:156] Creating distributed mini masters. Addrs: 127.8.251.254:35031
I20260710 10:59:58.067550  9199 file_cache.cc:504] Constructed file cache file cache with capacity 419430
W20260710 10:59:58.073338  9697 instance_detector.cc:116] could not retrieve AWS instance metadata: Network error: curl error: HTTP response code said error: The requested URL returned error: 404
W20260710 10:59:58.074129  9698 instance_detector.cc:116] could not retrieve Azure instance metadata: Network error: curl error: HTTP response code said error: The requested URL returned error: 404
W20260710 10:59:58.074851  9700 instance_detector.cc:116] could not retrieve OpenStack instance metadata: Network error: curl error: HTTP response code said error: The requested URL returned error: 404
I20260710 10:59:58.075071  9199 server_base.cc:1061] running on GCE node
I20260710 10:59:58.075982  9199 hybrid_clock.cc:584] initializing the hybrid clock with 'system_unsync' time source
W20260710 10:59:58.076159  9199 system_unsync_time.cc:38] NTP support is disabled. Clock error bounds will not be accurate. This configuration is not suitable for distributed clusters.
I20260710 10:59:58.076269  9199 hybrid_clock.cc:648] HybridClock initialized: now 1783681198076258 us; error 0 us; skew 500 ppm
I20260710 10:59:58.076727  9199 server_base.cc:861] Flag tcmalloc_max_total_thread_cache_bytes is not working since tcmalloc is not enabled.
I20260710 10:59:58.078931  9199 webserver.cc:533] Webserver started at http://127.8.251.254:38461/ using document root <none> and password file <none>
I20260710 10:59:58.079350  9199 fs_manager.cc:362] Metadata directory not provided
I20260710 10:59:58.079509  9199 fs_manager.cc:368] Using write-ahead log directory (fs_wal_dir) as metadata directory
I20260710 10:59:58.079716  9199 server_base.cc:909] This appears to be a new deployment of Kudu; creating new FS layout
I20260710 10:59:58.080754  9199 fs_manager.cc:1068] Generated new instance metadata in path /tmp/dist-test-task1Sc7WK/test-tmp/auto_leader_rebalancer-test.0.LeaderRebalancerTest.FunctionalTestForNotDivided.1783681184958030-9199-0/minicluster-data/master-0-root/instance:
uuid: "ee41cf7596744402bc03b63359d0e164"
format_stamp: "Formatted at 2026-07-10 10:59:58 on dist-test-slave-5s35"
I20260710 10:59:58.085001  9199 fs_manager.cc:696] Time spent creating directory manager: real 0.004s	user 0.006s	sys 0.000s
I20260710 10:59:58.088186  9705 log_block_manager.cc:4127] Time spent loading block containers with low live blocks: real 0.000s	user 0.000s	sys 0.000s
I20260710 10:59:58.088852  9199 fs_manager.cc:730] Time spent opening block manager: real 0.002s	user 0.002s	sys 0.000s
I20260710 10:59:58.089129  9199 fs_manager.cc:647] Opened local filesystem: /tmp/dist-test-task1Sc7WK/test-tmp/auto_leader_rebalancer-test.0.LeaderRebalancerTest.FunctionalTestForNotDivided.1783681184958030-9199-0/minicluster-data/master-0-root
uuid: "ee41cf7596744402bc03b63359d0e164"
format_stamp: "Formatted at 2026-07-10 10:59:58 on dist-test-slave-5s35"
I20260710 10:59:58.089444  9199 fs_report.cc:389] FS layout report
--------------------
wal directory: /tmp/dist-test-task1Sc7WK/test-tmp/auto_leader_rebalancer-test.0.LeaderRebalancerTest.FunctionalTestForNotDivided.1783681184958030-9199-0/minicluster-data/master-0-root
metadata directory: /tmp/dist-test-task1Sc7WK/test-tmp/auto_leader_rebalancer-test.0.LeaderRebalancerTest.FunctionalTestForNotDivided.1783681184958030-9199-0/minicluster-data/master-0-root
1 data directories: /tmp/dist-test-task1Sc7WK/test-tmp/auto_leader_rebalancer-test.0.LeaderRebalancerTest.FunctionalTestForNotDivided.1783681184958030-9199-0/minicluster-data/master-0-root/data
Total live blocks: 0
Total live bytes: 0
Total live bytes (after alignment): 0
Total number of LBM containers: 0 (0 full)
Did not check for missing blocks
Did not check for orphaned blocks
Total full LBM containers with extra space: 0 (0 repaired)
Total full LBM container extra space in bytes: 0 (0 repaired)
Total incomplete LBM containers: 0 (0 repaired)
Total LBM partial records: 0 (0 repaired)
Total corrupted LBM metadata records in RocksDB: 0 (0 repaired)
I20260710 10:59:58.110679  9199 rpc_server.cc:225] running with OpenSSL 1.1.1  11 Sep 2018
I20260710 10:59:58.111892  9199 kserver.cc:163] Server-wide thread pool size limit: 3276
I20260710 10:59:58.148357  9199 rpc_server.cc:307] RPC server started. Bound to: 127.8.251.254:35031
I20260710 10:59:58.148440  9756 acceptor_pool.cc:272] collecting diagnostics on the listening RPC socket 127.8.251.254:35031 every 8 connection(s)
I20260710 10:59:58.152163  9757 data_dirs.cc:400] Could only allocate 1 dirs of requested 3 for tablet 00000000000000000000000000000000. 1 dirs total, 0 dirs full, 0 dirs failed
I20260710 10:59:58.161229  9757 tablet_bootstrap.cc:492] T 00000000000000000000000000000000 P ee41cf7596744402bc03b63359d0e164: Bootstrap starting.
I20260710 10:59:58.165689  9757 tablet_bootstrap.cc:654] T 00000000000000000000000000000000 P ee41cf7596744402bc03b63359d0e164: Neither blocks nor log segments found. Creating new log.
I20260710 10:59:58.169616  9757 tablet_bootstrap.cc:492] T 00000000000000000000000000000000 P ee41cf7596744402bc03b63359d0e164: No bootstrap required, opened a new log
I20260710 10:59:58.171759  9757 raft_consensus.cc:359] T 00000000000000000000000000000000 P ee41cf7596744402bc03b63359d0e164 [term 0 FOLLOWER]: Replica starting. Triggering 0 pending ops. Active config: opid_index: -1 OBSOLETE_local: true peers { permanent_uuid: "ee41cf7596744402bc03b63359d0e164" member_type: VOTER }
I20260710 10:59:58.172343  9757 raft_consensus.cc:385] T 00000000000000000000000000000000 P ee41cf7596744402bc03b63359d0e164 [term 0 FOLLOWER]: Consensus starting up: Expiring failure detector timer to make a prompt election more likely
I20260710 10:59:58.172638  9757 raft_consensus.cc:740] T 00000000000000000000000000000000 P ee41cf7596744402bc03b63359d0e164 [term 0 FOLLOWER]: Becoming Follower/Learner. State: Replica: ee41cf7596744402bc03b63359d0e164, State: Initialized, Role: FOLLOWER
I20260710 10:59:58.173400  9757 consensus_queue.cc:260] T 00000000000000000000000000000000 P ee41cf7596744402bc03b63359d0e164 [NON_LEADER]: Queue going to NON_LEADER mode. State: All replicated index: 0, Majority replicated index: 0, Committed index: 0, Last appended: 0.0, Last appended by leader: 0, Current term: 0, Majority size: -1, State: 0, Mode: NON_LEADER, active raft config: opid_index: -1 OBSOLETE_local: true peers { permanent_uuid: "ee41cf7596744402bc03b63359d0e164" member_type: VOTER }
I20260710 10:59:58.174093  9757 raft_consensus.cc:399] T 00000000000000000000000000000000 P ee41cf7596744402bc03b63359d0e164 [term 0 FOLLOWER]: Only one voter in the Raft config. Triggering election immediately
I20260710 10:59:58.174335  9757 raft_consensus.cc:493] T 00000000000000000000000000000000 P ee41cf7596744402bc03b63359d0e164 [term 0 FOLLOWER]: Starting leader election (initial election of a single-replica configuration)
I20260710 10:59:58.174607  9757 raft_consensus.cc:3060] T 00000000000000000000000000000000 P ee41cf7596744402bc03b63359d0e164 [term 0 FOLLOWER]: Advancing to term 1
I20260710 10:59:58.180119  9757 raft_consensus.cc:515] T 00000000000000000000000000000000 P ee41cf7596744402bc03b63359d0e164 [term 1 FOLLOWER]: Starting leader election with config: opid_index: -1 OBSOLETE_local: true peers { permanent_uuid: "ee41cf7596744402bc03b63359d0e164" member_type: VOTER }
I20260710 10:59:58.180778  9757 leader_election.cc:304] T 00000000000000000000000000000000 P ee41cf7596744402bc03b63359d0e164 [CANDIDATE]: Term 1 election: Election decided. Result: candidate won. Election summary: received 1 responses out of 1 voters: 1 yes votes; 0 no votes. yes voters: ee41cf7596744402bc03b63359d0e164; no voters: 
I20260710 10:59:58.182271  9757 leader_election.cc:290] T 00000000000000000000000000000000 P ee41cf7596744402bc03b63359d0e164 [CANDIDATE]: Term 1 election: Requested vote from peers 
I20260710 10:59:58.182572  9760 raft_consensus.cc:2804] T 00000000000000000000000000000000 P ee41cf7596744402bc03b63359d0e164 [term 1 FOLLOWER]: Leader election won for term 1
I20260710 10:59:58.183842  9760 raft_consensus.cc:697] T 00000000000000000000000000000000 P ee41cf7596744402bc03b63359d0e164 [term 1 LEADER]: Becoming Leader. State: Replica: ee41cf7596744402bc03b63359d0e164, State: Running, Role: LEADER
I20260710 10:59:58.184449  9760 consensus_queue.cc:237] T 00000000000000000000000000000000 P ee41cf7596744402bc03b63359d0e164 [LEADER]: Queue going to LEADER mode. State: All replicated index: 0, Majority replicated index: 0, Committed index: 0, Last appended: 0.0, Last appended by leader: 0, Current term: 1, Majority size: 1, State: 0, Mode: LEADER, active raft config: opid_index: -1 OBSOLETE_local: true peers { permanent_uuid: "ee41cf7596744402bc03b63359d0e164" member_type: VOTER }
I20260710 10:59:58.185164  9757 sys_catalog.cc:565] T 00000000000000000000000000000000 P ee41cf7596744402bc03b63359d0e164 [sys.catalog]: configured and running, proceeding with master startup.
I20260710 10:59:58.188723  9761 sys_catalog.cc:455] T 00000000000000000000000000000000 P ee41cf7596744402bc03b63359d0e164 [sys.catalog]: SysCatalogTable state changed. Reason: RaftConsensus started. Latest consensus state: current_term: 1 leader_uuid: "ee41cf7596744402bc03b63359d0e164" committed_config { opid_index: -1 OBSOLETE_local: true peers { permanent_uuid: "ee41cf7596744402bc03b63359d0e164" member_type: VOTER } }
I20260710 10:59:58.189133  9762 sys_catalog.cc:455] T 00000000000000000000000000000000 P ee41cf7596744402bc03b63359d0e164 [sys.catalog]: SysCatalogTable state changed. Reason: New leader ee41cf7596744402bc03b63359d0e164. Latest consensus state: current_term: 1 leader_uuid: "ee41cf7596744402bc03b63359d0e164" committed_config { opid_index: -1 OBSOLETE_local: true peers { permanent_uuid: "ee41cf7596744402bc03b63359d0e164" member_type: VOTER } }
I20260710 10:59:58.189373  9761 sys_catalog.cc:458] T 00000000000000000000000000000000 P ee41cf7596744402bc03b63359d0e164 [sys.catalog]: This master's current role is: LEADER
I20260710 10:59:58.189684  9762 sys_catalog.cc:458] T 00000000000000000000000000000000 P ee41cf7596744402bc03b63359d0e164 [sys.catalog]: This master's current role is: LEADER
I20260710 10:59:58.192247  9767 catalog_manager.cc:1511] Loading table and tablet metadata into memory...
I20260710 10:59:58.197244  9767 catalog_manager.cc:1520] Initializing Kudu cluster ID...
I20260710 10:59:58.202620  9199 internal_mini_cluster.cc:184] Waiting to initialize catalog manager on master 0
I20260710 10:59:58.206297  9767 catalog_manager.cc:1383] Generated new cluster ID: f75eba9dfad145cbaa4e77e308b4e97a
I20260710 10:59:58.206605  9767 catalog_manager.cc:1531] Initializing Kudu internal certificate authority...
I20260710 10:59:58.223680  9767 catalog_manager.cc:1406] Generated new certificate authority record
I20260710 10:59:58.224834  9767 catalog_manager.cc:1540] Loading token signing keys...
I20260710 10:59:58.237596  9767 catalog_manager.cc:6070] T 00000000000000000000000000000000 P ee41cf7596744402bc03b63359d0e164: Generated new TSK 0
I20260710 10:59:58.238131  9767 catalog_manager.cc:1550] Initializing in-progress tserver states...
I20260710 10:59:58.269742  9199 file_cache.cc:504] Constructed file cache file cache with capacity 419430
W20260710 10:59:58.275359  9778 instance_detector.cc:116] could not retrieve AWS instance metadata: Network error: curl error: HTTP response code said error: The requested URL returned error: 404
W20260710 10:59:58.276723  9779 instance_detector.cc:116] could not retrieve Azure instance metadata: Network error: curl error: HTTP response code said error: The requested URL returned error: 404
I20260710 10:59:58.278257  9199 server_base.cc:1061] running on GCE node
W20260710 10:59:58.278287  9781 instance_detector.cc:116] could not retrieve OpenStack instance metadata: Network error: curl error: HTTP response code said error: The requested URL returned error: 404
I20260710 10:59:58.279307  9199 hybrid_clock.cc:584] initializing the hybrid clock with 'system_unsync' time source
W20260710 10:59:58.279515  9199 system_unsync_time.cc:38] NTP support is disabled. Clock error bounds will not be accurate. This configuration is not suitable for distributed clusters.
I20260710 10:59:58.279634  9199 hybrid_clock.cc:648] HybridClock initialized: now 1783681198279623 us; error 0 us; skew 500 ppm
I20260710 10:59:58.280083  9199 server_base.cc:861] Flag tcmalloc_max_total_thread_cache_bytes is not working since tcmalloc is not enabled.
I20260710 10:59:58.282142  9199 webserver.cc:533] Webserver started at http://127.8.251.193:32915/ using document root <none> and password file <none>
I20260710 10:59:58.282577  9199 fs_manager.cc:362] Metadata directory not provided
I20260710 10:59:58.282737  9199 fs_manager.cc:368] Using write-ahead log directory (fs_wal_dir) as metadata directory
I20260710 10:59:58.282932  9199 server_base.cc:909] This appears to be a new deployment of Kudu; creating new FS layout
I20260710 10:59:58.283965  9199 fs_manager.cc:1068] Generated new instance metadata in path /tmp/dist-test-task1Sc7WK/test-tmp/auto_leader_rebalancer-test.0.LeaderRebalancerTest.FunctionalTestForNotDivided.1783681184958030-9199-0/minicluster-data/ts-0-root/instance:
uuid: "d6cae0102f77430d8bbbb9c5652968f6"
format_stamp: "Formatted at 2026-07-10 10:59:58 on dist-test-slave-5s35"
I20260710 10:59:58.288051  9199 fs_manager.cc:696] Time spent creating directory manager: real 0.004s	user 0.005s	sys 0.000s
I20260710 10:59:58.291145  9786 log_block_manager.cc:4127] Time spent loading block containers with low live blocks: real 0.000s	user 0.000s	sys 0.000s
I20260710 10:59:58.291819  9199 fs_manager.cc:730] Time spent opening block manager: real 0.002s	user 0.001s	sys 0.000s
I20260710 10:59:58.292116  9199 fs_manager.cc:647] Opened local filesystem: /tmp/dist-test-task1Sc7WK/test-tmp/auto_leader_rebalancer-test.0.LeaderRebalancerTest.FunctionalTestForNotDivided.1783681184958030-9199-0/minicluster-data/ts-0-root
uuid: "d6cae0102f77430d8bbbb9c5652968f6"
format_stamp: "Formatted at 2026-07-10 10:59:58 on dist-test-slave-5s35"
I20260710 10:59:58.292376  9199 fs_report.cc:389] FS layout report
--------------------
wal directory: /tmp/dist-test-task1Sc7WK/test-tmp/auto_leader_rebalancer-test.0.LeaderRebalancerTest.FunctionalTestForNotDivided.1783681184958030-9199-0/minicluster-data/ts-0-root
metadata directory: /tmp/dist-test-task1Sc7WK/test-tmp/auto_leader_rebalancer-test.0.LeaderRebalancerTest.FunctionalTestForNotDivided.1783681184958030-9199-0/minicluster-data/ts-0-root
1 data directories: /tmp/dist-test-task1Sc7WK/test-tmp/auto_leader_rebalancer-test.0.LeaderRebalancerTest.FunctionalTestForNotDivided.1783681184958030-9199-0/minicluster-data/ts-0-root/data
Total live blocks: 0
Total live bytes: 0
Total live bytes (after alignment): 0
Total number of LBM containers: 0 (0 full)
Did not check for missing blocks
Did not check for orphaned blocks
Total full LBM containers with extra space: 0 (0 repaired)
Total full LBM container extra space in bytes: 0 (0 repaired)
Total incomplete LBM containers: 0 (0 repaired)
Total LBM partial records: 0 (0 repaired)
Total corrupted LBM metadata records in RocksDB: 0 (0 repaired)
I20260710 10:59:58.304899  9199 rpc_server.cc:225] running with OpenSSL 1.1.1  11 Sep 2018
I20260710 10:59:58.306391  9199 kserver.cc:163] Server-wide thread pool size limit: 3276
I20260710 10:59:58.307786  9199 txn_system_client.cc:432] TxnSystemClient initialization is disabled...
I20260710 10:59:58.309957  9199 ts_tablet_manager.cc:585] Loaded tablet metadata (0 total tablets, 0 live tablets)
I20260710 10:59:58.310127  9199 ts_tablet_manager.cc:531] Time spent load tablet metadata: real 0.000s	user 0.000s	sys 0.000s
I20260710 10:59:58.310407  9199 ts_tablet_manager.cc:616] Registered 0 tablets
I20260710 10:59:58.310585  9199 ts_tablet_manager.cc:595] Time spent register tablets: real 0.000s	user 0.000s	sys 0.000s
I20260710 10:59:58.348310  9199 rpc_server.cc:307] RPC server started. Bound to: 127.8.251.193:41607
I20260710 10:59:58.348400  9848 acceptor_pool.cc:272] collecting diagnostics on the listening RPC socket 127.8.251.193:41607 every 8 connection(s)
I20260710 10:59:58.353049  9199 file_cache.cc:504] Constructed file cache file cache with capacity 419430
W20260710 10:59:58.359990  9853 instance_detector.cc:116] could not retrieve AWS instance metadata: Network error: curl error: HTTP response code said error: The requested URL returned error: 404
W20260710 10:59:58.360807  9854 instance_detector.cc:116] could not retrieve Azure instance metadata: Network error: curl error: HTTP response code said error: The requested URL returned error: 404
W20260710 10:59:58.364326  9857 instance_detector.cc:116] could not retrieve OpenStack instance metadata: Network error: curl error: HTTP response code said error: The requested URL returned error: 404
I20260710 10:59:58.365360  9199 server_base.cc:1061] running on GCE node
I20260710 10:59:58.366381  9199 hybrid_clock.cc:584] initializing the hybrid clock with 'system_unsync' time source
W20260710 10:59:58.366581  9199 system_unsync_time.cc:38] NTP support is disabled. Clock error bounds will not be accurate. This configuration is not suitable for distributed clusters.
I20260710 10:59:58.366751  9199 hybrid_clock.cc:648] HybridClock initialized: now 1783681198366732 us; error 0 us; skew 500 ppm
I20260710 10:59:58.367412  9199 server_base.cc:861] Flag tcmalloc_max_total_thread_cache_bytes is not working since tcmalloc is not enabled.
I20260710 10:59:58.368991  9849 heartbeater.cc:344] Connected to a master server at 127.8.251.254:35031
I20260710 10:59:58.369323  9849 heartbeater.cc:461] Registering TS with master...
I20260710 10:59:58.370147  9199 webserver.cc:533] Webserver started at http://127.8.251.194:39577/ using document root <none> and password file <none>
I20260710 10:59:58.370220  9849 heartbeater.cc:507] Master 127.8.251.254:35031 requested a full tablet report, sending...
I20260710 10:59:58.370716  9199 fs_manager.cc:362] Metadata directory not provided
I20260710 10:59:58.370949  9199 fs_manager.cc:368] Using write-ahead log directory (fs_wal_dir) as metadata directory
I20260710 10:59:58.371253  9199 server_base.cc:909] This appears to be a new deployment of Kudu; creating new FS layout
I20260710 10:59:58.372606  9722 ts_manager.cc:194] Registered new tserver with Master: d6cae0102f77430d8bbbb9c5652968f6 (127.8.251.193:41607)
I20260710 10:59:58.372848  9199 fs_manager.cc:1068] Generated new instance metadata in path /tmp/dist-test-task1Sc7WK/test-tmp/auto_leader_rebalancer-test.0.LeaderRebalancerTest.FunctionalTestForNotDivided.1783681184958030-9199-0/minicluster-data/ts-1-root/instance:
uuid: "90d824d771db4eeb9d2c4ad08c8c0b98"
format_stamp: "Formatted at 2026-07-10 10:59:58 on dist-test-slave-5s35"
I20260710 10:59:58.374995  9722 master_service.cc:502] Signed X509 certificate for tserver {username='slave'} at 127.0.0.1:44900
I20260710 10:59:58.378098  9199 fs_manager.cc:696] Time spent creating directory manager: real 0.005s	user 0.000s	sys 0.004s
I20260710 10:59:58.381242  9861 log_block_manager.cc:4127] Time spent loading block containers with low live blocks: real 0.000s	user 0.000s	sys 0.000s
I20260710 10:59:58.381973  9199 fs_manager.cc:730] Time spent opening block manager: real 0.002s	user 0.002s	sys 0.001s
