I20260710 11:02:33.858819 20245 tablet_service.cc:1917] Received RequestConsensusVote() RPC: tablet_id: "13546c5cf5be4058b9fc9ca4732f66c1" candidate_uuid: "a6f0c8c38a5a46e89b9aa995666fa6a2" candidate_term: 3 candidate_status { last_received { term: 2 index: 2 } } ignore_live_leader: true dest_uuid: "3fd9716821174e708f22d4b6b38d3596"
I20260710 11:02:33.860213 20245 raft_consensus.cc:3055] T 13546c5cf5be4058b9fc9ca4732f66c1 P 3fd9716821174e708f22d4b6b38d3596 [term 2 LEADER]: Stepping down as leader of term 2
I20260710 11:02:33.860599 20245 raft_consensus.cc:740] T 13546c5cf5be4058b9fc9ca4732f66c1 P 3fd9716821174e708f22d4b6b38d3596 [term 2 LEADER]: Becoming Follower/Learner. State: Replica: 3fd9716821174e708f22d4b6b38d3596, State: Running, Role: LEADER
I20260710 11:02:33.861572 20245 consensus_queue.cc:260] T 13546c5cf5be4058b9fc9ca4732f66c1 P 3fd9716821174e708f22d4b6b38d3596 [NON_LEADER]: Queue going to NON_LEADER mode. State: All replicated index: 0, Majority replicated index: 2, Committed index: 2, Last appended: 2.2, Last appended by leader: 2, Current term: 2, Majority size: -1, State: 0, Mode: NON_LEADER, active raft config: opid_index: -1 OBSOLETE_local: false peers { permanent_uuid: "a6f0c8c38a5a46e89b9aa995666fa6a2" member_type: VOTER last_known_addr { host: "127.19.144.193" port: 46253 } } peers { permanent_uuid: "3fd9716821174e708f22d4b6b38d3596" member_type: VOTER last_known_addr { host: "127.19.144.194" port: 35951 } } peers { permanent_uuid: "83a845281dfc4170ad1d3ae408b92c23" member_type: VOTER last_known_addr { host: "127.19.144.195" port: 40591 } }
I20260710 11:02:33.862959 20496 raft_consensus.cc:993] T 6275579463ef42cab8f95020a668f3c9 P 3fd9716821174e708f22d4b6b38d3596: : Instructing follower 83a845281dfc4170ad1d3ae408b92c23 to start an election
I20260710 11:02:33.862921 20245 raft_consensus.cc:3060] T 13546c5cf5be4058b9fc9ca4732f66c1 P 3fd9716821174e708f22d4b6b38d3596 [term 2 FOLLOWER]: Advancing to term 3
I20260710 11:02:33.865664 20474 raft_consensus.cc:1081] T 6275579463ef42cab8f95020a668f3c9 P 3fd9716821174e708f22d4b6b38d3596 [term 2 LEADER]: Signalling peer 83a845281dfc4170ad1d3ae408b92c23 to start an election
I20260710 11:02:33.866065 20319 raft_consensus.cc:2468] T 13546c5cf5be4058b9fc9ca4732f66c1 P 83a845281dfc4170ad1d3ae408b92c23 [term 3 FOLLOWER]: Leader election vote request: Granting yes vote for candidate a6f0c8c38a5a46e89b9aa995666fa6a2 in term 3.
I20260710 11:02:33.867167 20134 leader_election.cc:304] T 13546c5cf5be4058b9fc9ca4732f66c1 P a6f0c8c38a5a46e89b9aa995666fa6a2 [CANDIDATE]: Term 3 election: Election decided. Result: candidate won. Election summary: received 2 responses out of 3 voters: 2 yes votes; 0 no votes. yes voters: 83a845281dfc4170ad1d3ae408b92c23, a6f0c8c38a5a46e89b9aa995666fa6a2; no voters: 
I20260710 11:02:33.867985 20505 raft_consensus.cc:2804] T 13546c5cf5be4058b9fc9ca4732f66c1 P a6f0c8c38a5a46e89b9aa995666fa6a2 [term 3 FOLLOWER]: Leader election won for term 3
I20260710 11:02:33.868156 20319 tablet_service.cc:2044] Received Run Leader Election RPC: tablet_id: "6275579463ef42cab8f95020a668f3c9"
dest_uuid: "83a845281dfc4170ad1d3ae408b92c23"
 from {username='slave'} at 127.0.0.1:52012
I20260710 11:02:33.868462 20505 raft_consensus.cc:697] T 13546c5cf5be4058b9fc9ca4732f66c1 P a6f0c8c38a5a46e89b9aa995666fa6a2 [term 3 LEADER]: Becoming Leader. State: Replica: a6f0c8c38a5a46e89b9aa995666fa6a2, State: Running, Role: LEADER
I20260710 11:02:33.868697 20319 raft_consensus.cc:493] T 6275579463ef42cab8f95020a668f3c9 P 83a845281dfc4170ad1d3ae408b92c23 [term 2 FOLLOWER]: Starting forced leader election (received explicit request)
I20260710 11:02:33.869057 20319 raft_consensus.cc:3060] T 6275579463ef42cab8f95020a668f3c9 P 83a845281dfc4170ad1d3ae408b92c23 [term 2 FOLLOWER]: Advancing to term 3
I20260710 11:02:33.870164 20245 raft_consensus.cc:2468] T 13546c5cf5be4058b9fc9ca4732f66c1 P 3fd9716821174e708f22d4b6b38d3596 [term 3 FOLLOWER]: Leader election vote request: Granting yes vote for candidate a6f0c8c38a5a46e89b9aa995666fa6a2 in term 3.
I20260710 11:02:33.869354 20505 consensus_queue.cc:237] T 13546c5cf5be4058b9fc9ca4732f66c1 P a6f0c8c38a5a46e89b9aa995666fa6a2 [LEADER]: Queue going to LEADER mode. State: All replicated index: 0, Majority replicated index: 2, Committed index: 2, Last appended: 2.2, Last appended by leader: 2, Current term: 3, Majority size: 2, State: 0, Mode: LEADER, active raft config: opid_index: -1 OBSOLETE_local: false peers { permanent_uuid: "a6f0c8c38a5a46e89b9aa995666fa6a2" member_type: VOTER last_known_addr { host: "127.19.144.193" port: 46253 } } peers { permanent_uuid: "3fd9716821174e708f22d4b6b38d3596" member_type: VOTER last_known_addr { host: "127.19.144.194" port: 35951 } } peers { permanent_uuid: "83a845281dfc4170ad1d3ae408b92c23" member_type: VOTER last_known_addr { host: "127.19.144.195" port: 40591 } }
I20260710 11:02:33.874892 20319 raft_consensus.cc:515] T 6275579463ef42cab8f95020a668f3c9 P 83a845281dfc4170ad1d3ae408b92c23 [term 3 FOLLOWER]: Starting forced leader election with config: opid_index: -1 OBSOLETE_local: false peers { permanent_uuid: "a6f0c8c38a5a46e89b9aa995666fa6a2" member_type: VOTER last_known_addr { host: "127.19.144.193" port: 46253 } } peers { permanent_uuid: "3fd9716821174e708f22d4b6b38d3596" member_type: VOTER last_known_addr { host: "127.19.144.194" port: 35951 } } peers { permanent_uuid: "83a845281dfc4170ad1d3ae408b92c23" member_type: VOTER last_known_addr { host: "127.19.144.195" port: 40591 } }
I20260710 11:02:33.877650 20319 leader_election.cc:290] T 6275579463ef42cab8f95020a668f3c9 P 83a845281dfc4170ad1d3ae408b92c23 [CANDIDATE]: Term 3 election: Requested vote from peers a6f0c8c38a5a46e89b9aa995666fa6a2 (127.19.144.193:46253), 3fd9716821174e708f22d4b6b38d3596 (127.19.144.194:35951)
I20260710 11:02:33.878278 20245 tablet_service.cc:1917] Received RequestConsensusVote() RPC: tablet_id: "6275579463ef42cab8f95020a668f3c9" candidate_uuid: "83a845281dfc4170ad1d3ae408b92c23" candidate_term: 3 candidate_status { last_received { term: 2 index: 2 } } ignore_live_leader: true dest_uuid: "3fd9716821174e708f22d4b6b38d3596"
I20260710 11:02:33.878847 20245 raft_consensus.cc:3055] T 6275579463ef42cab8f95020a668f3c9 P 3fd9716821174e708f22d4b6b38d3596 [term 2 LEADER]: Stepping down as leader of term 2
I20260710 11:02:33.879078 20168 tablet_service.cc:1917] Received RequestConsensusVote() RPC: tablet_id: "6275579463ef42cab8f95020a668f3c9" candidate_uuid: "83a845281dfc4170ad1d3ae408b92c23" candidate_term: 3 candidate_status { last_received { term: 2 index: 2 } } ignore_live_leader: true dest_uuid: "a6f0c8c38a5a46e89b9aa995666fa6a2"
I20260710 11:02:33.879175 20245 raft_consensus.cc:740] T 6275579463ef42cab8f95020a668f3c9 P 3fd9716821174e708f22d4b6b38d3596 [term 2 LEADER]: Becoming Follower/Learner. State: Replica: 3fd9716821174e708f22d4b6b38d3596, State: Running, Role: LEADER
I20260710 11:02:33.878688 20066 catalog_manager.cc:5697] T 13546c5cf5be4058b9fc9ca4732f66c1 P a6f0c8c38a5a46e89b9aa995666fa6a2 reported cstate change: term changed from 2 to 3, leader changed from 3fd9716821174e708f22d4b6b38d3596 (127.19.144.194) to a6f0c8c38a5a46e89b9aa995666fa6a2 (127.19.144.193). New cstate: current_term: 3 leader_uuid: "a6f0c8c38a5a46e89b9aa995666fa6a2" committed_config { opid_index: -1 OBSOLETE_local: false peers { permanent_uuid: "a6f0c8c38a5a46e89b9aa995666fa6a2" member_type: VOTER last_known_addr { host: "127.19.144.193" port: 46253 } health_report { overall_health: HEALTHY } } peers { permanent_uuid: "3fd9716821174e708f22d4b6b38d3596" member_type: VOTER last_known_addr { host: "127.19.144.194" port: 35951 } health_report { overall_health: UNKNOWN } } peers { permanent_uuid: "83a845281dfc4170ad1d3ae408b92c23" member_type: VOTER last_known_addr { host: "127.19.144.195" port: 40591 } health_report { overall_health: UNKNOWN } } }
I20260710 11:02:33.879755 20168 raft_consensus.cc:3060] T 6275579463ef42cab8f95020a668f3c9 P a6f0c8c38a5a46e89b9aa995666fa6a2 [term 2 FOLLOWER]: Advancing to term 3
I20260710 11:02:33.880275 20245 consensus_queue.cc:260] T 6275579463ef42cab8f95020a668f3c9 P 3fd9716821174e708f22d4b6b38d3596 [NON_LEADER]: Queue going to NON_LEADER mode. State: All replicated index: 0, Majority replicated index: 2, Committed index: 2, Last appended: 2.2, Last appended by leader: 2, Current term: 2, Majority size: -1, State: 0, Mode: NON_LEADER, active raft config: opid_index: -1 OBSOLETE_local: false peers { permanent_uuid: "a6f0c8c38a5a46e89b9aa995666fa6a2" member_type: VOTER last_known_addr { host: "127.19.144.193" port: 46253 } } peers { permanent_uuid: "3fd9716821174e708f22d4b6b38d3596" member_type: VOTER last_known_addr { host: "127.19.144.194" port: 35951 } } peers { permanent_uuid: "83a845281dfc4170ad1d3ae408b92c23" member_type: VOTER last_known_addr { host: "127.19.144.195" port: 40591 } }
I20260710 11:02:33.881755 20245 raft_consensus.cc:3060] T 6275579463ef42cab8f95020a668f3c9 P 3fd9716821174e708f22d4b6b38d3596 [term 2 FOLLOWER]: Advancing to term 3
I20260710 11:02:33.886426 20168 raft_consensus.cc:2468] T 6275579463ef42cab8f95020a668f3c9 P a6f0c8c38a5a46e89b9aa995666fa6a2 [term 3 FOLLOWER]: Leader election vote request: Granting yes vote for candidate 83a845281dfc4170ad1d3ae408b92c23 in term 3.
I20260710 11:02:33.888113 20284 leader_election.cc:304] T 6275579463ef42cab8f95020a668f3c9 P 83a845281dfc4170ad1d3ae408b92c23 [CANDIDATE]: Term 3 election: Election decided. Result: candidate won. Election summary: received 2 responses out of 3 voters: 2 yes votes; 0 no votes. yes voters: 83a845281dfc4170ad1d3ae408b92c23, a6f0c8c38a5a46e89b9aa995666fa6a2; no voters: 
I20260710 11:02:33.889787 20467 raft_consensus.cc:2804] T 6275579463ef42cab8f95020a668f3c9 P 83a845281dfc4170ad1d3ae408b92c23 [term 3 FOLLOWER]: Leader election won for term 3
I20260710 11:02:33.890944 20467 raft_consensus.cc:697] T 6275579463ef42cab8f95020a668f3c9 P 83a845281dfc4170ad1d3ae408b92c23 [term 3 LEADER]: Becoming Leader. State: Replica: 83a845281dfc4170ad1d3ae408b92c23, State: Running, Role: LEADER
I20260710 11:02:33.892366 20467 consensus_queue.cc:237] T 6275579463ef42cab8f95020a668f3c9 P 83a845281dfc4170ad1d3ae408b92c23 [LEADER]: Queue going to LEADER mode. State: All replicated index: 0, Majority replicated index: 2, Committed index: 2, Last appended: 2.2, Last appended by leader: 2, Current term: 3, Majority size: 2, State: 0, Mode: LEADER, active raft config: opid_index: -1 OBSOLETE_local: false peers { permanent_uuid: "a6f0c8c38a5a46e89b9aa995666fa6a2" member_type: VOTER last_known_addr { host: "127.19.144.193" port: 46253 } } peers { permanent_uuid: "3fd9716821174e708f22d4b6b38d3596" member_type: VOTER last_known_addr { host: "127.19.144.194" port: 35951 } } peers { permanent_uuid: "83a845281dfc4170ad1d3ae408b92c23" member_type: VOTER last_known_addr { host: "127.19.144.195" port: 40591 } }
I20260710 11:02:33.893318 20245 raft_consensus.cc:2468] T 6275579463ef42cab8f95020a668f3c9 P 3fd9716821174e708f22d4b6b38d3596 [term 3 FOLLOWER]: Leader election vote request: Granting yes vote for candidate 83a845281dfc4170ad1d3ae408b92c23 in term 3.
I20260710 11:02:33.901888 20066 catalog_manager.cc:5697] T 6275579463ef42cab8f95020a668f3c9 P 83a845281dfc4170ad1d3ae408b92c23 reported cstate change: term changed from 2 to 3, leader changed from 3fd9716821174e708f22d4b6b38d3596 (127.19.144.194) to 83a845281dfc4170ad1d3ae408b92c23 (127.19.144.195). New cstate: current_term: 3 leader_uuid: "83a845281dfc4170ad1d3ae408b92c23" committed_config { opid_index: -1 OBSOLETE_local: false peers { permanent_uuid: "a6f0c8c38a5a46e89b9aa995666fa6a2" member_type: VOTER last_known_addr { host: "127.19.144.193" port: 46253 } health_report { overall_health: UNKNOWN } } peers { permanent_uuid: "3fd9716821174e708f22d4b6b38d3596" member_type: VOTER last_known_addr { host: "127.19.144.194" port: 35951 } health_report { overall_health: UNKNOWN } } peers { permanent_uuid: "83a845281dfc4170ad1d3ae408b92c23" member_type: VOTER last_known_addr { host: "127.19.144.195" port: 40591 } health_report { overall_health: HEALTHY } } }
I20260710 11:02:33.984179 20496 raft_consensus.cc:993] T cf148c5faecd4bb59cb0fb23e2356215 P 3fd9716821174e708f22d4b6b38d3596: : Instructing follower a6f0c8c38a5a46e89b9aa995666fa6a2 to start an election
I20260710 11:02:33.984666 20474 raft_consensus.cc:1081] T cf148c5faecd4bb59cb0fb23e2356215 P 3fd9716821174e708f22d4b6b38d3596 [term 3 LEADER]: Signalling peer a6f0c8c38a5a46e89b9aa995666fa6a2 to start an election
I20260710 11:02:33.986092 20168 tablet_service.cc:2044] Received Run Leader Election RPC: tablet_id: "cf148c5faecd4bb59cb0fb23e2356215"
dest_uuid: "a6f0c8c38a5a46e89b9aa995666fa6a2"
 from {username='slave'} at 127.0.0.1:54962
I20260710 11:02:33.986565 20168 raft_consensus.cc:493] T cf148c5faecd4bb59cb0fb23e2356215 P a6f0c8c38a5a46e89b9aa995666fa6a2 [term 3 FOLLOWER]: Starting forced leader election (received explicit request)
I20260710 11:02:33.986858 20168 raft_consensus.cc:3060] T cf148c5faecd4bb59cb0fb23e2356215 P a6f0c8c38a5a46e89b9aa995666fa6a2 [term 3 FOLLOWER]: Advancing to term 4
I20260710 11:02:33.991217 20168 raft_consensus.cc:515] T cf148c5faecd4bb59cb0fb23e2356215 P a6f0c8c38a5a46e89b9aa995666fa6a2 [term 4 FOLLOWER]: Starting forced leader election with config: opid_index: -1 OBSOLETE_local: false peers { permanent_uuid: "a6f0c8c38a5a46e89b9aa995666fa6a2" member_type: VOTER last_known_addr { host: "127.19.144.193" port: 46253 } } peers { permanent_uuid: "3fd9716821174e708f22d4b6b38d3596" member_type: VOTER last_known_addr { host: "127.19.144.194" port: 35951 } } peers { permanent_uuid: "83a845281dfc4170ad1d3ae408b92c23" member_type: VOTER last_known_addr { host: "127.19.144.195" port: 40591 } }
I20260710 11:02:33.992771 20168 leader_election.cc:290] T cf148c5faecd4bb59cb0fb23e2356215 P a6f0c8c38a5a46e89b9aa995666fa6a2 [CANDIDATE]: Term 4 election: Requested vote from peers 3fd9716821174e708f22d4b6b38d3596 (127.19.144.194:35951), 83a845281dfc4170ad1d3ae408b92c23 (127.19.144.195:40591)
I20260710 11:02:33.993935 20245 tablet_service.cc:1917] Received RequestConsensusVote() RPC: tablet_id: "cf148c5faecd4bb59cb0fb23e2356215" candidate_uuid: "a6f0c8c38a5a46e89b9aa995666fa6a2" candidate_term: 4 candidate_status { last_received { term: 3 index: 3 } } ignore_live_leader: true dest_uuid: "3fd9716821174e708f22d4b6b38d3596"
I20260710 11:02:33.994098 20319 tablet_service.cc:1917] Received RequestConsensusVote() RPC: tablet_id: "cf148c5faecd4bb59cb0fb23e2356215" candidate_uuid: "a6f0c8c38a5a46e89b9aa995666fa6a2" candidate_term: 4 candidate_status { last_received { term: 3 index: 3 } } ignore_live_leader: true dest_uuid: "83a845281dfc4170ad1d3ae408b92c23"
I20260710 11:02:33.994454 20245 raft_consensus.cc:3055] T cf148c5faecd4bb59cb0fb23e2356215 P 3fd9716821174e708f22d4b6b38d3596 [term 3 LEADER]: Stepping down as leader of term 3
I20260710 11:02:33.994681 20319 raft_consensus.cc:3060] T cf148c5faecd4bb59cb0fb23e2356215 P 83a845281dfc4170ad1d3ae408b92c23 [term 3 FOLLOWER]: Advancing to term 4
I20260710 11:02:33.994802 20245 raft_consensus.cc:740] T cf148c5faecd4bb59cb0fb23e2356215 P 3fd9716821174e708f22d4b6b38d3596 [term 3 LEADER]: Becoming Follower/Learner. State: Replica: 3fd9716821174e708f22d4b6b38d3596, State: Running, Role: LEADER
I20260710 11:02:33.995532 20245 consensus_queue.cc:260] T cf148c5faecd4bb59cb0fb23e2356215 P 3fd9716821174e708f22d4b6b38d3596 [NON_LEADER]: Queue going to NON_LEADER mode. State: All replicated index: 0, Majority replicated index: 3, Committed index: 3, Last appended: 3.3, Last appended by leader: 3, Current term: 3, Majority size: -1, State: 0, Mode: NON_LEADER, active raft config: opid_index: -1 OBSOLETE_local: false peers { permanent_uuid: "a6f0c8c38a5a46e89b9aa995666fa6a2" member_type: VOTER last_known_addr { host: "127.19.144.193" port: 46253 } } peers { permanent_uuid: "3fd9716821174e708f22d4b6b38d3596" member_type: VOTER last_known_addr { host: "127.19.144.194" port: 35951 } } peers { permanent_uuid: "83a845281dfc4170ad1d3ae408b92c23" member_type: VOTER last_known_addr { host: "127.19.144.195" port: 40591 } }
I20260710 11:02:33.996340 20245 raft_consensus.cc:3060] T cf148c5faecd4bb59cb0fb23e2356215 P 3fd9716821174e708f22d4b6b38d3596 [term 3 FOLLOWER]: Advancing to term 4
I20260710 11:02:34.000118 20245 raft_consensus.cc:2468] T cf148c5faecd4bb59cb0fb23e2356215 P 3fd9716821174e708f22d4b6b38d3596 [term 4 FOLLOWER]: Leader election vote request: Granting yes vote for candidate a6f0c8c38a5a46e89b9aa995666fa6a2 in term 4.
I20260710 11:02:34.001014 20134 leader_election.cc:304] T cf148c5faecd4bb59cb0fb23e2356215 P a6f0c8c38a5a46e89b9aa995666fa6a2 [CANDIDATE]: Term 4 election: Election decided. Result: candidate won. Election summary: received 2 responses out of 3 voters: 2 yes votes; 0 no votes. yes voters: 3fd9716821174e708f22d4b6b38d3596, a6f0c8c38a5a46e89b9aa995666fa6a2; no voters: 
I20260710 11:02:34.001742 20505 raft_consensus.cc:2804] T cf148c5faecd4bb59cb0fb23e2356215 P a6f0c8c38a5a46e89b9aa995666fa6a2 [term 4 FOLLOWER]: Leader election won for term 4
I20260710 11:02:34.001806 20319 raft_consensus.cc:2468] T cf148c5faecd4bb59cb0fb23e2356215 P 83a845281dfc4170ad1d3ae408b92c23 [term 4 FOLLOWER]: Leader election vote request: Granting yes vote for candidate a6f0c8c38a5a46e89b9aa995666fa6a2 in term 4.
I20260710 11:02:34.002439 20505 raft_consensus.cc:697] T cf148c5faecd4bb59cb0fb23e2356215 P a6f0c8c38a5a46e89b9aa995666fa6a2 [term 4 LEADER]: Becoming Leader. State: Replica: a6f0c8c38a5a46e89b9aa995666fa6a2, State: Running, Role: LEADER
I20260710 11:02:34.003384 20505 consensus_queue.cc:237] T cf148c5faecd4bb59cb0fb23e2356215 P a6f0c8c38a5a46e89b9aa995666fa6a2 [LEADER]: Queue going to LEADER mode. State: All replicated index: 0, Majority replicated index: 3, Committed index: 3, Last appended: 3.3, Last appended by leader: 3, Current term: 4, Majority size: 2, State: 0, Mode: LEADER, active raft config: opid_index: -1 OBSOLETE_local: false peers { permanent_uuid: "a6f0c8c38a5a46e89b9aa995666fa6a2" member_type: VOTER last_known_addr { host: "127.19.144.193" port: 46253 } } peers { permanent_uuid: "3fd9716821174e708f22d4b6b38d3596" member_type: VOTER last_known_addr { host: "127.19.144.194" port: 35951 } } peers { permanent_uuid: "83a845281dfc4170ad1d3ae408b92c23" member_type: VOTER last_known_addr { host: "127.19.144.195" port: 40591 } }
I20260710 11:02:34.011096 20066 catalog_manager.cc:5697] T cf148c5faecd4bb59cb0fb23e2356215 P a6f0c8c38a5a46e89b9aa995666fa6a2 reported cstate change: term changed from 3 to 4, leader changed from 3fd9716821174e708f22d4b6b38d3596 (127.19.144.194) to a6f0c8c38a5a46e89b9aa995666fa6a2 (127.19.144.193). New cstate: current_term: 4 leader_uuid: "a6f0c8c38a5a46e89b9aa995666fa6a2" committed_config { opid_index: -1 OBSOLETE_local: false peers { permanent_uuid: "a6f0c8c38a5a46e89b9aa995666fa6a2" member_type: VOTER last_known_addr { host: "127.19.144.193" port: 46253 } health_report { overall_health: HEALTHY } } peers { permanent_uuid: "3fd9716821174e708f22d4b6b38d3596" member_type: VOTER last_known_addr { host: "127.19.144.194" port: 35951 } health_report { overall_health: UNKNOWN } } peers { permanent_uuid: "83a845281dfc4170ad1d3ae408b92c23" member_type: VOTER last_known_addr { host: "127.19.144.195" port: 40591 } health_report { overall_health: UNKNOWN } } }
I20260710 11:02:34.179914 20319 raft_consensus.cc:1275] T 280e476ca2804c2db03ef7330f89a108 P 83a845281dfc4170ad1d3ae408b92c23 [term 3 FOLLOWER]: Refusing update from remote peer a6f0c8c38a5a46e89b9aa995666fa6a2: Log matching property violated. Preceding OpId in replica: term: 2 index: 2. Preceding OpId from leader: term: 3 index: 3. (index mismatch)
I20260710 11:02:34.181408 20505 consensus_queue.cc:1048] T 280e476ca2804c2db03ef7330f89a108 P a6f0c8c38a5a46e89b9aa995666fa6a2 [LEADER]: Connected to new peer: Peer: permanent_uuid: "83a845281dfc4170ad1d3ae408b92c23" member_type: VOTER last_known_addr { host: "127.19.144.195" port: 40591 }, Status: LMP_MISMATCH, Last received: 0.0, Next index: 3, Last known committed idx: 2, Time since last communication: 0.001s
I20260710 11:02:34.201445 20245 raft_consensus.cc:1275] T 280e476ca2804c2db03ef7330f89a108 P 3fd9716821174e708f22d4b6b38d3596 [term 3 FOLLOWER]: Refusing update from remote peer a6f0c8c38a5a46e89b9aa995666fa6a2: Log matching property violated. Preceding OpId in replica: term: 2 index: 2. Preceding OpId from leader: term: 3 index: 3. (index mismatch)
I20260710 11:02:34.203034 20506 consensus_queue.cc:1048] T 280e476ca2804c2db03ef7330f89a108 P a6f0c8c38a5a46e89b9aa995666fa6a2 [LEADER]: Connected to new peer: Peer: permanent_uuid: "3fd9716821174e708f22d4b6b38d3596" member_type: VOTER last_known_addr { host: "127.19.144.194" port: 35951 }, Status: LMP_MISMATCH, Last received: 0.0, Next index: 3, Last known committed idx: 2, Time since last communication: 0.001s
I20260710 11:02:34.225350 20245 raft_consensus.cc:1275] T 893589b842ad429dbd4210f72d487f81 P 3fd9716821174e708f22d4b6b38d3596 [term 3 FOLLOWER]: Refusing update from remote peer 83a845281dfc4170ad1d3ae408b92c23: Log matching property violated. Preceding OpId in replica: term: 2 index: 2. Preceding OpId from leader: term: 3 index: 3. (index mismatch)
I20260710 11:02:34.226537 20467 consensus_queue.cc:1048] T 893589b842ad429dbd4210f72d487f81 P 83a845281dfc4170ad1d3ae408b92c23 [LEADER]: Connected to new peer: Peer: permanent_uuid: "3fd9716821174e708f22d4b6b38d3596" member_type: VOTER last_known_addr { host: "127.19.144.194" port: 35951 }, Status: LMP_MISMATCH, Last received: 0.0, Next index: 3, Last known committed idx: 2, Time since last communication: 0.000s
I20260710 11:02:34.236709 20168 raft_consensus.cc:1275] T 893589b842ad429dbd4210f72d487f81 P a6f0c8c38a5a46e89b9aa995666fa6a2 [term 3 FOLLOWER]: Refusing update from remote peer 83a845281dfc4170ad1d3ae408b92c23: Log matching property violated. Preceding OpId in replica: term: 2 index: 2. Preceding OpId from leader: term: 3 index: 3. (index mismatch)
I20260710 11:02:34.238266 20467 consensus_queue.cc:1048] T 893589b842ad429dbd4210f72d487f81 P 83a845281dfc4170ad1d3ae408b92c23 [LEADER]: Connected to new peer: Peer: permanent_uuid: "a6f0c8c38a5a46e89b9aa995666fa6a2" member_type: VOTER last_known_addr { host: "127.19.144.193" port: 46253 }, Status: LMP_MISMATCH, Last received: 0.0, Next index: 3, Last known committed idx: 2, Time since last communication: 0.000s
I20260710 11:02:34.307147 20245 raft_consensus.cc:1275] T 13546c5cf5be4058b9fc9ca4732f66c1 P 3fd9716821174e708f22d4b6b38d3596 [term 3 FOLLOWER]: Refusing update from remote peer a6f0c8c38a5a46e89b9aa995666fa6a2: Log matching property violated. Preceding OpId in replica: term: 2 index: 2. Preceding OpId from leader: term: 3 index: 3. (index mismatch)
I20260710 11:02:34.308301 20506 consensus_queue.cc:1048] T 13546c5cf5be4058b9fc9ca4732f66c1 P a6f0c8c38a5a46e89b9aa995666fa6a2 [LEADER]: Connected to new peer: Peer: permanent_uuid: "3fd9716821174e708f22d4b6b38d3596" member_type: VOTER last_known_addr { host: "127.19.144.194" port: 35951 }, Status: LMP_MISMATCH, Last received: 0.0, Next index: 3, Last known committed idx: 2, Time since last communication: 0.000s
I20260710 11:02:34.318029 20319 raft_consensus.cc:1275] T 13546c5cf5be4058b9fc9ca4732f66c1 P 83a845281dfc4170ad1d3ae408b92c23 [term 3 FOLLOWER]: Refusing update from remote peer a6f0c8c38a5a46e89b9aa995666fa6a2: Log matching property violated. Preceding OpId in replica: term: 2 index: 2. Preceding OpId from leader: term: 3 index: 3. (index mismatch)
I20260710 11:02:34.319777 20506 consensus_queue.cc:1048] T 13546c5cf5be4058b9fc9ca4732f66c1 P a6f0c8c38a5a46e89b9aa995666fa6a2 [LEADER]: Connected to new peer: Peer: permanent_uuid: "83a845281dfc4170ad1d3ae408b92c23" member_type: VOTER last_known_addr { host: "127.19.144.195" port: 40591 }, Status: LMP_MISMATCH, Last received: 0.0, Next index: 3, Last known committed idx: 2, Time since last communication: 0.001s
I20260710 11:02:34.336404 20245 raft_consensus.cc:1275] T 6275579463ef42cab8f95020a668f3c9 P 3fd9716821174e708f22d4b6b38d3596 [term 3 FOLLOWER]: Refusing update from remote peer 83a845281dfc4170ad1d3ae408b92c23: Log matching property violated. Preceding OpId in replica: term: 2 index: 2. Preceding OpId from leader: term: 3 index: 3. (index mismatch)
I20260710 11:02:34.337586 20499 consensus_queue.cc:1048] T 6275579463ef42cab8f95020a668f3c9 P 83a845281dfc4170ad1d3ae408b92c23 [LEADER]: Connected to new peer: Peer: permanent_uuid: "3fd9716821174e708f22d4b6b38d3596" member_type: VOTER last_known_addr { host: "127.19.144.194" port: 35951 }, Status: LMP_MISMATCH, Last received: 0.0, Next index: 3, Last known committed idx: 2, Time since last communication: 0.000s
I20260710 11:02:34.347164 20168 raft_consensus.cc:1275] T 6275579463ef42cab8f95020a668f3c9 P a6f0c8c38a5a46e89b9aa995666fa6a2 [term 3 FOLLOWER]: Refusing update from remote peer 83a845281dfc4170ad1d3ae408b92c23: Log matching property violated. Preceding OpId in replica: term: 2 index: 2. Preceding OpId from leader: term: 3 index: 3. (index mismatch)
I20260710 11:02:34.348662 20467 consensus_queue.cc:1048] T 6275579463ef42cab8f95020a668f3c9 P 83a845281dfc4170ad1d3ae408b92c23 [LEADER]: Connected to new peer: Peer: permanent_uuid: "a6f0c8c38a5a46e89b9aa995666fa6a2" member_type: VOTER last_known_addr { host: "127.19.144.193" port: 46253 }, Status: LMP_MISMATCH, Last received: 0.0, Next index: 3, Last known committed idx: 2, Time since last communication: 0.000s
I20260710 11:02:34.626019 20035 auto_leader_rebalancer.cc:141] leader rebalance for table test-workload
I20260710 11:02:34.635304 20035 tablet_server.cc:179] TabletServer@127.19.144.193:0 shutting down...
W20260710 11:02:34.661165 20210 proxy.cc:239] Call had error, refreshing address and retrying: Remote error: Service unavailable: service kudu.consensus.ConsensusService not registered on TabletServer
W20260710 11:02:34.676108 20210 consensus_peers.cc:597] T 4d5794d172ab45e39debab1f4202e1c2 P 3fd9716821174e708f22d4b6b38d3596 -> Peer a6f0c8c38a5a46e89b9aa995666fa6a2 (127.19.144.193:46253): Couldn't send request to peer a6f0c8c38a5a46e89b9aa995666fa6a2. Status: Remote error: Service unavailable: service kudu.consensus.ConsensusService not registered on TabletServer. This is attempt 1: this message will repeat every 5th retry.
W20260710 11:02:34.676781 20210 consensus_peers.cc:597] T 29d428e061e34654954336208bd3df96 P 3fd9716821174e708f22d4b6b38d3596 -> Peer a6f0c8c38a5a46e89b9aa995666fa6a2 (127.19.144.193:46253): Couldn't send request to peer a6f0c8c38a5a46e89b9aa995666fa6a2. Status: Remote error: Service unavailable: service kudu.consensus.ConsensusService not registered on TabletServer. This is attempt 1: this message will repeat every 5th retry.
I20260710 11:02:34.682646 20245 raft_consensus.cc:1275] T cf148c5faecd4bb59cb0fb23e2356215 P 3fd9716821174e708f22d4b6b38d3596 [term 4 FOLLOWER]: Refusing update from remote peer a6f0c8c38a5a46e89b9aa995666fa6a2: Log matching property violated. Preceding OpId in replica: term: 3 index: 3. Preceding OpId from leader: term: 4 index: 4. (index mismatch)
I20260710 11:02:34.682933 20319 raft_consensus.cc:1275] T cf148c5faecd4bb59cb0fb23e2356215 P 83a845281dfc4170ad1d3ae408b92c23 [term 4 FOLLOWER]: Refusing update from remote peer a6f0c8c38a5a46e89b9aa995666fa6a2: Log matching property violated. Preceding OpId in replica: term: 3 index: 3. Preceding OpId from leader: term: 4 index: 4. (index mismatch)
I20260710 11:02:34.684388 20505 consensus_queue.cc:1048] T cf148c5faecd4bb59cb0fb23e2356215 P a6f0c8c38a5a46e89b9aa995666fa6a2 [LEADER]: Connected to new peer: Peer: permanent_uuid: "83a845281dfc4170ad1d3ae408b92c23" member_type: VOTER last_known_addr { host: "127.19.144.195" port: 40591 }, Status: LMP_MISMATCH, Last received: 0.0, Next index: 4, Last known committed idx: 3, Time since last communication: 0.000s
I20260710 11:02:34.686417 20505 consensus_queue.cc:1048] T cf148c5faecd4bb59cb0fb23e2356215 P a6f0c8c38a5a46e89b9aa995666fa6a2 [LEADER]: Connected to new peer: Peer: permanent_uuid: "3fd9716821174e708f22d4b6b38d3596" member_type: VOTER last_known_addr { host: "127.19.144.194" port: 35951 }, Status: LMP_MISMATCH, Last received: 0.0, Next index: 4, Last known committed idx: 3, Time since last communication: 0.000s
W20260710 11:02:34.701498 20210 consensus_peers.cc:597] T 329eece5288148fa9524166738db7a34 P 3fd9716821174e708f22d4b6b38d3596 -> Peer a6f0c8c38a5a46e89b9aa995666fa6a2 (127.19.144.193:46253): Couldn't send request to peer a6f0c8c38a5a46e89b9aa995666fa6a2. Status: Remote error: Service unavailable: service kudu.consensus.ConsensusService not registered on TabletServer. This is attempt 1: this message will repeat every 5th retry.
W20260710 11:02:34.707948 20284 consensus_peers.cc:597] T fea93e9f0a8142a9a3338a4a55c88425 P 83a845281dfc4170ad1d3ae408b92c23 -> Peer a6f0c8c38a5a46e89b9aa995666fa6a2 (127.19.144.193:46253): Couldn't send request to peer a6f0c8c38a5a46e89b9aa995666fa6a2. Status: Remote error: Service unavailable: service kudu.consensus.ConsensusService not registered on TabletServer. This is attempt 1: this message will repeat every 5th retry.
I20260710 11:02:34.797796 20035 ts_tablet_manager.cc:1507] Shutting down tablet manager...
I20260710 11:02:34.798864 20035 tablet_replica.cc:333] T 4d5794d172ab45e39debab1f4202e1c2 P a6f0c8c38a5a46e89b9aa995666fa6a2: stopping tablet replica
I20260710 11:02:34.799996 20035 raft_consensus.cc:2243] T 4d5794d172ab45e39debab1f4202e1c2 P a6f0c8c38a5a46e89b9aa995666fa6a2 [term 4 FOLLOWER]: Raft consensus shutting down.
I20260710 11:02:34.800755 20035 raft_consensus.cc:2272] T 4d5794d172ab45e39debab1f4202e1c2 P a6f0c8c38a5a46e89b9aa995666fa6a2 [term 4 FOLLOWER]: Raft consensus is shut down!
I20260710 11:02:34.804006 20035 tablet_replica.cc:333] T fea93e9f0a8142a9a3338a4a55c88425 P a6f0c8c38a5a46e89b9aa995666fa6a2: stopping tablet replica
I20260710 11:02:34.804776 20035 raft_consensus.cc:2243] T fea93e9f0a8142a9a3338a4a55c88425 P a6f0c8c38a5a46e89b9aa995666fa6a2 [term 1 FOLLOWER]: Raft consensus shutting down.
I20260710 11:02:34.805298 20035 raft_consensus.cc:2272] T fea93e9f0a8142a9a3338a4a55c88425 P a6f0c8c38a5a46e89b9aa995666fa6a2 [term 1 FOLLOWER]: Raft consensus is shut down!
I20260710 11:02:34.807797 20035 tablet_replica.cc:333] T 6275579463ef42cab8f95020a668f3c9 P a6f0c8c38a5a46e89b9aa995666fa6a2: stopping tablet replica
I20260710 11:02:34.808524 20035 raft_consensus.cc:2243] T 6275579463ef42cab8f95020a668f3c9 P a6f0c8c38a5a46e89b9aa995666fa6a2 [term 3 FOLLOWER]: Raft consensus shutting down.
I20260710 11:02:34.809055 20035 raft_consensus.cc:2272] T 6275579463ef42cab8f95020a668f3c9 P a6f0c8c38a5a46e89b9aa995666fa6a2 [term 3 FOLLOWER]: Raft consensus is shut down!
I20260710 11:02:34.811647 20035 tablet_replica.cc:333] T cf148c5faecd4bb59cb0fb23e2356215 P a6f0c8c38a5a46e89b9aa995666fa6a2: stopping tablet replica
I20260710 11:02:34.812342 20035 raft_consensus.cc:2243] T cf148c5faecd4bb59cb0fb23e2356215 P a6f0c8c38a5a46e89b9aa995666fa6a2 [term 4 LEADER]: Raft consensus shutting down.
I20260710 11:02:34.813215 20035 raft_consensus.cc:2272] T cf148c5faecd4bb59cb0fb23e2356215 P a6f0c8c38a5a46e89b9aa995666fa6a2 [term 4 FOLLOWER]: Raft consensus is shut down!
I20260710 11:02:34.815603 20035 tablet_replica.cc:333] T 13546c5cf5be4058b9fc9ca4732f66c1 P a6f0c8c38a5a46e89b9aa995666fa6a2: stopping tablet replica
I20260710 11:02:34.816509 20035 raft_consensus.cc:2243] T 13546c5cf5be4058b9fc9ca4732f66c1 P a6f0c8c38a5a46e89b9aa995666fa6a2 [term 3 LEADER]: Raft consensus shutting down.
I20260710 11:02:34.817543 20035 raft_consensus.cc:2272] T 13546c5cf5be4058b9fc9ca4732f66c1 P a6f0c8c38a5a46e89b9aa995666fa6a2 [term 3 FOLLOWER]: Raft consensus is shut down!
I20260710 11:02:34.820118 20035 tablet_replica.cc:333] T 280e476ca2804c2db03ef7330f89a108 P a6f0c8c38a5a46e89b9aa995666fa6a2: stopping tablet replica
I20260710 11:02:34.820866 20035 raft_consensus.cc:2243] T 280e476ca2804c2db03ef7330f89a108 P a6f0c8c38a5a46e89b9aa995666fa6a2 [term 3 LEADER]: Raft consensus shutting down.
I20260710 11:02:34.821835 20035 raft_consensus.cc:2272] T 280e476ca2804c2db03ef7330f89a108 P a6f0c8c38a5a46e89b9aa995666fa6a2 [term 3 FOLLOWER]: Raft consensus is shut down!
I20260710 11:02:34.824298 20035 tablet_replica.cc:333] T 893589b842ad429dbd4210f72d487f81 P a6f0c8c38a5a46e89b9aa995666fa6a2: stopping tablet replica
I20260710 11:02:34.824971 20035 raft_consensus.cc:2243] T 893589b842ad429dbd4210f72d487f81 P a6f0c8c38a5a46e89b9aa995666fa6a2 [term 3 FOLLOWER]: Raft consensus shutting down.
I20260710 11:02:34.825511 20035 raft_consensus.cc:2272] T 893589b842ad429dbd4210f72d487f81 P a6f0c8c38a5a46e89b9aa995666fa6a2 [term 3 FOLLOWER]: Raft consensus is shut down!
I20260710 11:02:34.827932 20035 tablet_replica.cc:333] T 29d428e061e34654954336208bd3df96 P a6f0c8c38a5a46e89b9aa995666fa6a2: stopping tablet replica
I20260710 11:02:34.828632 20035 raft_consensus.cc:2243] T 29d428e061e34654954336208bd3df96 P a6f0c8c38a5a46e89b9aa995666fa6a2 [term 2 FOLLOWER]: Raft consensus shutting down.
I20260710 11:02:34.829140 20035 raft_consensus.cc:2272] T 29d428e061e34654954336208bd3df96 P a6f0c8c38a5a46e89b9aa995666fa6a2 [term 2 FOLLOWER]: Raft consensus is shut down!
I20260710 11:02:34.831449 20035 tablet_replica.cc:333] T 329eece5288148fa9524166738db7a34 P a6f0c8c38a5a46e89b9aa995666fa6a2: stopping tablet replica
I20260710 11:02:34.832020 20035 raft_consensus.cc:2243] T 329eece5288148fa9524166738db7a34 P a6f0c8c38a5a46e89b9aa995666fa6a2 [term 4 FOLLOWER]: Raft consensus shutting down.
I20260710 11:02:34.832528 20035 raft_consensus.cc:2272] T 329eece5288148fa9524166738db7a34 P a6f0c8c38a5a46e89b9aa995666fa6a2 [term 4 FOLLOWER]: Raft consensus is shut down!
W20260710 11:02:35.003791 20284 consensus_peers.cc:597] T 893589b842ad429dbd4210f72d487f81 P 83a845281dfc4170ad1d3ae408b92c23 -> Peer a6f0c8c38a5a46e89b9aa995666fa6a2 (127.19.144.193:46253): Couldn't send request to peer a6f0c8c38a5a46e89b9aa995666fa6a2. Status: Network error: Client connection negotiation failed: client connection to 127.19.144.193:46253: connect: Connection refused (error 111). This is attempt 1: this message will repeat every 5th retry.
W20260710 11:02:35.004385 20284 consensus_peers.cc:597] T 6275579463ef42cab8f95020a668f3c9 P 83a845281dfc4170ad1d3ae408b92c23 -> Peer a6f0c8c38a5a46e89b9aa995666fa6a2 (127.19.144.193:46253): Couldn't send request to peer a6f0c8c38a5a46e89b9aa995666fa6a2. Status: Network error: Client connection negotiation failed: client connection to 127.19.144.193:46253: connect: Connection refused (error 111). This is attempt 1: this message will repeat every 5th retry.
I20260710 11:02:35.012706 20035 tablet_server.cc:196] TabletServer@127.19.144.193:0 shutdown complete.
I20260710 11:02:35.033360 20035 tablet_server.cc:179] TabletServer@127.19.144.194:0 shutting down...
I20260710 11:02:35.062781 20035 ts_tablet_manager.cc:1507] Shutting down tablet manager...
I20260710 11:02:35.063536 20035 tablet_replica.cc:333] T fea93e9f0a8142a9a3338a4a55c88425 P 3fd9716821174e708f22d4b6b38d3596: stopping tablet replica
I20260710 11:02:35.064172 20035 raft_consensus.cc:2243] T fea93e9f0a8142a9a3338a4a55c88425 P 3fd9716821174e708f22d4b6b38d3596 [term 1 FOLLOWER]: Raft consensus shutting down.
I20260710 11:02:35.064662 20035 raft_consensus.cc:2272] T fea93e9f0a8142a9a3338a4a55c88425 P 3fd9716821174e708f22d4b6b38d3596 [term 1 FOLLOWER]: Raft consensus is shut down!
I20260710 11:02:35.066522 20035 tablet_replica.cc:333] T 6275579463ef42cab8f95020a668f3c9 P 3fd9716821174e708f22d4b6b38d3596: stopping tablet replica
I20260710 11:02:35.067018 20035 raft_consensus.cc:2243] T 6275579463ef42cab8f95020a668f3c9 P 3fd9716821174e708f22d4b6b38d3596 [term 3 FOLLOWER]: Raft consensus shutting down.
I20260710 11:02:35.067414 20035 raft_consensus.cc:2272] T 6275579463ef42cab8f95020a668f3c9 P 3fd9716821174e708f22d4b6b38d3596 [term 3 FOLLOWER]: Raft consensus is shut down!
I20260710 11:02:35.069401 20035 tablet_replica.cc:333] T cf148c5faecd4bb59cb0fb23e2356215 P 3fd9716821174e708f22d4b6b38d3596: stopping tablet replica
I20260710 11:02:35.071267 20035 raft_consensus.cc:2243] T cf148c5faecd4bb59cb0fb23e2356215 P 3fd9716821174e708f22d4b6b38d3596 [term 4 FOLLOWER]: Raft consensus shutting down.
I20260710 11:02:35.071715 20035 raft_consensus.cc:2272] T cf148c5faecd4bb59cb0fb23e2356215 P 3fd9716821174e708f22d4b6b38d3596 [term 4 FOLLOWER]: Raft consensus is shut down!
I20260710 11:02:35.074185 20035 tablet_replica.cc:333] T 29d428e061e34654954336208bd3df96 P 3fd9716821174e708f22d4b6b38d3596: stopping tablet replica
I20260710 11:02:35.074723 20035 raft_consensus.cc:2243] T 29d428e061e34654954336208bd3df96 P 3fd9716821174e708f22d4b6b38d3596 [term 2 LEADER]: Raft consensus shutting down.
I20260710 11:02:35.075491 20035 raft_consensus.cc:2272] T 29d428e061e34654954336208bd3df96 P 3fd9716821174e708f22d4b6b38d3596 [term 2 FOLLOWER]: Raft consensus is shut down!
I20260710 11:02:35.077214 20035 tablet_replica.cc:333] T 893589b842ad429dbd4210f72d487f81 P 3fd9716821174e708f22d4b6b38d3596: stopping tablet replica
I20260710 11:02:35.077675 20035 raft_consensus.cc:2243] T 893589b842ad429dbd4210f72d487f81 P 3fd9716821174e708f22d4b6b38d3596 [term 3 FOLLOWER]: Raft consensus shutting down.
I20260710 11:02:35.078094 20035 raft_consensus.cc:2272] T 893589b842ad429dbd4210f72d487f81 P 3fd9716821174e708f22d4b6b38d3596 [term 3 FOLLOWER]: Raft consensus is shut down!
I20260710 11:02:35.080284 20035 tablet_replica.cc:333] T 13546c5cf5be4058b9fc9ca4732f66c1 P 3fd9716821174e708f22d4b6b38d3596: stopping tablet replica
I20260710 11:02:35.080771 20035 raft_consensus.cc:2243] T 13546c5cf5be4058b9fc9ca4732f66c1 P 3fd9716821174e708f22d4b6b38d3596 [term 3 FOLLOWER]: Raft consensus shutting down.
I20260710 11:02:35.081157 20035 raft_consensus.cc:2272] T 13546c5cf5be4058b9fc9ca4732f66c1 P 3fd9716821174e708f22d4b6b38d3596 [term 3 FOLLOWER]: Raft consensus is shut down!
I20260710 11:02:35.083164 20035 tablet_replica.cc:333] T 280e476ca2804c2db03ef7330f89a108 P 3fd9716821174e708f22d4b6b38d3596: stopping tablet replica
I20260710 11:02:35.084189 20035 raft_consensus.cc:2243] T 280e476ca2804c2db03ef7330f89a108 P 3fd9716821174e708f22d4b6b38d3596 [term 3 FOLLOWER]: Raft consensus shutting down.
I20260710 11:02:35.084679 20035 raft_consensus.cc:2272] T 280e476ca2804c2db03ef7330f89a108 P 3fd9716821174e708f22d4b6b38d3596 [term 3 FOLLOWER]: Raft consensus is shut down!
I20260710 11:02:35.086875 20035 tablet_replica.cc:333] T 329eece5288148fa9524166738db7a34 P 3fd9716821174e708f22d4b6b38d3596: stopping tablet replica
I20260710 11:02:35.087553 20035 raft_consensus.cc:2243] T 329eece5288148fa9524166738db7a34 P 3fd9716821174e708f22d4b6b38d3596 [term 4 LEADER]: Raft consensus shutting down.
I20260710 11:02:35.088418 20035 raft_consensus.cc:2272] T 329eece5288148fa9524166738db7a34 P 3fd9716821174e708f22d4b6b38d3596 [term 4 FOLLOWER]: Raft consensus is shut down!
I20260710 11:02:35.090327 20035 tablet_replica.cc:333] T 4d5794d172ab45e39debab1f4202e1c2 P 3fd9716821174e708f22d4b6b38d3596: stopping tablet replica
I20260710 11:02:35.090835 20035 raft_consensus.cc:2243] T 4d5794d172ab45e39debab1f4202e1c2 P 3fd9716821174e708f22d4b6b38d3596 [term 4 LEADER]: Raft consensus shutting down.
I20260710 11:02:35.091562 20035 raft_consensus.cc:2272] T 4d5794d172ab45e39debab1f4202e1c2 P 3fd9716821174e708f22d4b6b38d3596 [term 4 FOLLOWER]: Raft consensus is shut down!
W20260710 11:02:35.211061 20283 consensus_peers.cc:597] T 893589b842ad429dbd4210f72d487f81 P 83a845281dfc4170ad1d3ae408b92c23 -> Peer 3fd9716821174e708f22d4b6b38d3596 (127.19.144.194:35951): Couldn't send request to peer 3fd9716821174e708f22d4b6b38d3596. Status: Network error: Client connection negotiation failed: client connection to 127.19.144.194:35951: connect: Connection refused (error 111). This is attempt 1: this message will repeat every 5th retry.
W20260710 11:02:35.244815 20283 consensus_peers.cc:597] T fea93e9f0a8142a9a3338a4a55c88425 P 83a845281dfc4170ad1d3ae408b92c23 -> Peer 3fd9716821174e708f22d4b6b38d3596 (127.19.144.194:35951): Couldn't send request to peer 3fd9716821174e708f22d4b6b38d3596. Status: Network error: Client connection negotiation failed: client connection to 127.19.144.194:35951: connect: Connection refused (error 111). This is attempt 1: this message will repeat every 5th retry.
W20260710 11:02:35.294387 20283 consensus_peers.cc:597] T 6275579463ef42cab8f95020a668f3c9 P 83a845281dfc4170ad1d3ae408b92c23 -> Peer 3fd9716821174e708f22d4b6b38d3596 (127.19.144.194:35951): Couldn't send request to peer 3fd9716821174e708f22d4b6b38d3596. Status: Network error: Client connection negotiation failed: client connection to 127.19.144.194:35951: connect: Connection refused (error 111). This is attempt 1: this message will repeat every 5th retry.
W20260710 11:02:35.727022 20340 debug-util.cc:398] Leaking SignalData structure 0x7b080016e060 after lost signal to thread 20038
W20260710 11:02:35.727771 20340 debug-util.cc:398] Leaking SignalData structure 0x7b080016e740 after lost signal to thread 20101
W20260710 11:02:35.728530 20340 debug-util.cc:398] Leaking SignalData structure 0x7b08001ee7e0 after lost signal to thread 20194
W20260710 11:02:35.729244 20340 debug-util.cc:398] Leaking SignalData structure 0x7b0800177c00 after lost signal to thread 20269
W20260710 11:02:35.729911 20340 debug-util.cc:398] Leaking SignalData structure 0x7b08001e8b20 after lost signal to thread 20343
I20260710 11:02:36.065979 20035 tablet_server.cc:196] TabletServer@127.19.144.194:0 shutdown complete.
I20260710 11:02:36.086398 20035 tablet_server.cc:179] TabletServer@127.19.144.195:0 shutting down...
I20260710 11:02:36.118163 20035 ts_tablet_manager.cc:1507] Shutting down tablet manager...
I20260710 11:02:36.118981 20035 tablet_replica.cc:333] T cf148c5faecd4bb59cb0fb23e2356215 P 83a845281dfc4170ad1d3ae408b92c23: stopping tablet replica
I20260710 11:02:36.119801 20035 raft_consensus.cc:2243] T cf148c5faecd4bb59cb0fb23e2356215 P 83a845281dfc4170ad1d3ae408b92c23 [term 4 FOLLOWER]: Raft consensus shutting down.
I20260710 11:02:36.120425 20035 raft_consensus.cc:2272] T cf148c5faecd4bb59cb0fb23e2356215 P 83a845281dfc4170ad1d3ae408b92c23 [term 4 FOLLOWER]: Raft consensus is shut down!
I20260710 11:02:36.122853 20035 tablet_replica.cc:333] T 13546c5cf5be4058b9fc9ca4732f66c1 P 83a845281dfc4170ad1d3ae408b92c23: stopping tablet replica
I20260710 11:02:36.123612 20035 raft_consensus.cc:2243] T 13546c5cf5be4058b9fc9ca4732f66c1 P 83a845281dfc4170ad1d3ae408b92c23 [term 3 FOLLOWER]: Raft consensus shutting down.
I20260710 11:02:36.124233 20035 raft_consensus.cc:2272] T 13546c5cf5be4058b9fc9ca4732f66c1 P 83a845281dfc4170ad1d3ae408b92c23 [term 3 FOLLOWER]: Raft consensus is shut down!
I20260710 11:02:36.126583 20035 tablet_replica.cc:333] T 280e476ca2804c2db03ef7330f89a108 P 83a845281dfc4170ad1d3ae408b92c23: stopping tablet replica
I20260710 11:02:36.127339 20035 raft_consensus.cc:2243] T 280e476ca2804c2db03ef7330f89a108 P 83a845281dfc4170ad1d3ae408b92c23 [term 3 FOLLOWER]: Raft consensus shutting down.
I20260710 11:02:36.127890 20035 raft_consensus.cc:2272] T 280e476ca2804c2db03ef7330f89a108 P 83a845281dfc4170ad1d3ae408b92c23 [term 3 FOLLOWER]: Raft consensus is shut down!
I20260710 11:02:36.130020 20035 tablet_replica.cc:333] T 329eece5288148fa9524166738db7a34 P 83a845281dfc4170ad1d3ae408b92c23: stopping tablet replica
I20260710 11:02:36.130774 20035 raft_consensus.cc:2243] T 329eece5288148fa9524166738db7a34 P 83a845281dfc4170ad1d3ae408b92c23 [term 4 FOLLOWER]: Raft consensus shutting down.
I20260710 11:02:36.131366 20035 raft_consensus.cc:2272] T 329eece5288148fa9524166738db7a34 P 83a845281dfc4170ad1d3ae408b92c23 [term 4 FOLLOWER]: Raft consensus is shut down!
I20260710 11:02:36.133860 20035 tablet_replica.cc:333] T 4d5794d172ab45e39debab1f4202e1c2 P 83a845281dfc4170ad1d3ae408b92c23: stopping tablet replica
I20260710 11:02:36.134611 20035 raft_consensus.cc:2243] T 4d5794d172ab45e39debab1f4202e1c2 P 83a845281dfc4170ad1d3ae408b92c23 [term 4 FOLLOWER]: Raft consensus shutting down.
I20260710 11:02:36.135167 20035 raft_consensus.cc:2272] T 4d5794d172ab45e39debab1f4202e1c2 P 83a845281dfc4170ad1d3ae408b92c23 [term 4 FOLLOWER]: Raft consensus is shut down!
I20260710 11:02:36.137693 20035 tablet_replica.cc:333] T 893589b842ad429dbd4210f72d487f81 P 83a845281dfc4170ad1d3ae408b92c23: stopping tablet replica
I20260710 11:02:36.138409 20035 raft_consensus.cc:2243] T 893589b842ad429dbd4210f72d487f81 P 83a845281dfc4170ad1d3ae408b92c23 [term 3 LEADER]: Raft consensus shutting down.
I20260710 11:02:36.139400 20035 raft_consensus.cc:2272] T 893589b842ad429dbd4210f72d487f81 P 83a845281dfc4170ad1d3ae408b92c23 [term 3 FOLLOWER]: Raft consensus is shut down!
I20260710 11:02:36.141777 20035 tablet_replica.cc:333] T 29d428e061e34654954336208bd3df96 P 83a845281dfc4170ad1d3ae408b92c23: stopping tablet replica
I20260710 11:02:36.142520 20035 raft_consensus.cc:2243] T 29d428e061e34654954336208bd3df96 P 83a845281dfc4170ad1d3ae408b92c23 [term 2 FOLLOWER]: Raft consensus shutting down.
I20260710 11:02:36.143066 20035 raft_consensus.cc:2272] T 29d428e061e34654954336208bd3df96 P 83a845281dfc4170ad1d3ae408b92c23 [term 2 FOLLOWER]: Raft consensus is shut down!
I20260710 11:02:36.145531 20035 tablet_replica.cc:333] T fea93e9f0a8142a9a3338a4a55c88425 P 83a845281dfc4170ad1d3ae408b92c23: stopping tablet replica
I20260710 11:02:36.146250 20035 raft_consensus.cc:2243] T fea93e9f0a8142a9a3338a4a55c88425 P 83a845281dfc4170ad1d3ae408b92c23 [term 1 LEADER]: Raft consensus shutting down.
I20260710 11:02:36.147212 20035 raft_consensus.cc:2272] T fea93e9f0a8142a9a3338a4a55c88425 P 83a845281dfc4170ad1d3ae408b92c23 [term 1 FOLLOWER]: Raft consensus is shut down!
I20260710 11:02:36.149600 20035 tablet_replica.cc:333] T 6275579463ef42cab8f95020a668f3c9 P 83a845281dfc4170ad1d3ae408b92c23: stopping tablet replica
I20260710 11:02:36.150280 20035 raft_consensus.cc:2243] T 6275579463ef42cab8f95020a668f3c9 P 83a845281dfc4170ad1d3ae408b92c23 [term 3 LEADER]: Raft consensus shutting down.
I20260710 11:02:36.151223 20035 raft_consensus.cc:2272] T 6275579463ef42cab8f95020a668f3c9 P 83a845281dfc4170ad1d3ae408b92c23 [term 3 FOLLOWER]: Raft consensus is shut down!
W20260710 11:02:37.173230 20035 thread.cc:527] Waited for 1000ms trying to join with diag-logger (tid 20340)
W20260710 11:02:38.173669 20035 thread.cc:527] Waited for 2000ms trying to join with diag-logger (tid 20340)
I20260710 11:02:38.337249 20035 tablet_server.cc:196] TabletServer@127.19.144.195:0 shutdown complete.
I20260710 11:02:38.353914 20035 master.cc:562] Master@127.19.144.254:45115 shutting down...
I20260710 11:02:38.480792 20035 raft_consensus.cc:2243] T 00000000000000000000000000000000 P f59c1417b73446e4b440f2d38b5d0ab1 [term 1 LEADER]: Raft consensus shutting down.
I20260710 11:02:38.481350 20035 raft_consensus.cc:2272] T 00000000000000000000000000000000 P f59c1417b73446e4b440f2d38b5d0ab1 [term 1 FOLLOWER]: Raft consensus is shut down!
I20260710 11:02:38.481695 20035 tablet_replica.cc:333] T 00000000000000000000000000000000 P f59c1417b73446e4b440f2d38b5d0ab1: stopping tablet replica
I20260710 11:02:38.500816 20035 master.cc:584] Master@127.19.144.254:45115 shutdown complete.
3fd9716821174e708f22d4b6b38d3596  4
83a845281dfc4170ad1d3ae408b92c23  1
a6f0c8c38a5a46e89b9aa995666fa6a2  4
[       OK ] LeaderRebalancerTest.FunctionalTestForDivided (15934 ms)
[ RUN      ] LeaderRebalancerTest.FunctionalTestForNotDivided
I20260710 11:02:38.540823 20035 internal_mini_cluster.cc:156] Creating distributed mini masters. Addrs: 127.19.144.254:38633
I20260710 11:02:38.541989 20035 file_cache.cc:504] Constructed file cache file cache with capacity 419430
W20260710 11:02:38.547147 20533 instance_detector.cc:116] could not retrieve AWS instance metadata: Network error: curl error: HTTP response code said error: The requested URL returned error: 404
W20260710 11:02:38.547786 20534 instance_detector.cc:116] could not retrieve Azure instance metadata: Network error: curl error: HTTP response code said error: The requested URL returned error: 404
I20260710 11:02:38.550107 20035 server_base.cc:1061] running on GCE node
W20260710 11:02:38.550110 20536 instance_detector.cc:116] could not retrieve OpenStack instance metadata: Network error: curl error: HTTP response code said error: The requested URL returned error: 404
I20260710 11:02:38.551205 20035 hybrid_clock.cc:584] initializing the hybrid clock with 'system_unsync' time source
W20260710 11:02:38.551385 20035 system_unsync_time.cc:38] NTP support is disabled. Clock error bounds will not be accurate. This configuration is not suitable for distributed clusters.
I20260710 11:02:38.551574 20035 hybrid_clock.cc:648] HybridClock initialized: now 1783681358551541 us; error 0 us; skew 500 ppm
I20260710 11:02:38.552106 20035 server_base.cc:861] Flag tcmalloc_max_total_thread_cache_bytes is not working since tcmalloc is not enabled.
I20260710 11:02:38.554777 20035 webserver.cc:533] Webserver started at http://127.19.144.254:44171/ using document root <none> and password file <none>
I20260710 11:02:38.555270 20035 fs_manager.cc:362] Metadata directory not provided
I20260710 11:02:38.555466 20035 fs_manager.cc:368] Using write-ahead log directory (fs_wal_dir) as metadata directory
I20260710 11:02:38.555732 20035 server_base.cc:909] This appears to be a new deployment of Kudu; creating new FS layout
I20260710 11:02:38.556818 20035 fs_manager.cc:1068] Generated new instance metadata in path /tmp/dist-test-task86VyJS/test-tmp/auto_leader_rebalancer-test.0.LeaderRebalancerTest.FunctionalTestForNotDivided.1783681342441183-20035-0/minicluster-data/master-0-root/instance:
uuid: "5850235280124a94a72146ea03afa354"
format_stamp: "Formatted at 2026-07-10 11:02:38 on dist-test-slave-xwkk"
I20260710 11:02:38.561084 20035 fs_manager.cc:696] Time spent creating directory manager: real 0.004s	user 0.004s	sys 0.002s
