W20260710 11:02:22.450774  1467 consensus_peers.cc:597] T 7accedb5f2fc4d2f8e14f98b9ae9273e P f46e86929a73408eb4ce9b472939515a -> Peer 107405a766f44016bd6f76fe15869a07 (127.31.255.129:36563): Couldn't send request to peer 107405a766f44016bd6f76fe15869a07. Error code: TABLET_NOT_RUNNING (12). Status: Illegal state: Tablet not RUNNING: BOOTSTRAPPING. This is attempt 1: this message will repeat every 5th retry.
I20260710 11:02:22.460531  1622 leader_election.cc:290] T 7164de881b9a4a37b6ff7dfdb2d4c977 P 107405a766f44016bd6f76fe15869a07 [CANDIDATE]: Term 1 election: Requested vote from peers f46e86929a73408eb4ce9b472939515a (127.31.255.130:45313), 3b4db18617854ab7bd48b6b2d6b23dd1 (127.31.255.131:37111)
I20260710 11:02:22.461844  1572 tablet_service.cc:1917] Received RequestConsensusVote() RPC: tablet_id: "7164de881b9a4a37b6ff7dfdb2d4c977" candidate_uuid: "107405a766f44016bd6f76fe15869a07" candidate_term: 1 candidate_status { last_received { term: 0 index: 0 } } ignore_live_leader: false dest_uuid: "3b4db18617854ab7bd48b6b2d6b23dd1"
I20260710 11:02:22.462513  1572 raft_consensus.cc:3060] T 7164de881b9a4a37b6ff7dfdb2d4c977 P 3b4db18617854ab7bd48b6b2d6b23dd1 [term 0 FOLLOWER]: Advancing to term 1
I20260710 11:02:22.464831  1690 leader_election.cc:290] T a4c1fa2371f14960bb0ee5aeb51d43e5 P f46e86929a73408eb4ce9b472939515a [CANDIDATE]: Term 1 pre-election: Requested pre-vote from peers 107405a766f44016bd6f76fe15869a07 (127.31.255.129:36563), 3b4db18617854ab7bd48b6b2d6b23dd1 (127.31.255.131:37111)
I20260710 11:02:22.455693  1650 raft_consensus.cc:515] T 72ce672717594ec785343b13ddd0bd51 P 107405a766f44016bd6f76fe15869a07 [term 0 FOLLOWER]: Starting pre-election with config: opid_index: -1 OBSOLETE_local: false peers { permanent_uuid: "107405a766f44016bd6f76fe15869a07" member_type: VOTER last_known_addr { host: "127.31.255.129" port: 36563 } } peers { permanent_uuid: "f46e86929a73408eb4ce9b472939515a" member_type: VOTER last_known_addr { host: "127.31.255.130" port: 45313 } } peers { permanent_uuid: "3b4db18617854ab7bd48b6b2d6b23dd1" member_type: VOTER last_known_addr { host: "127.31.255.131" port: 37111 } }
I20260710 11:02:22.466642  1575 tablet_service.cc:1917] Received RequestConsensusVote() RPC: tablet_id: "a4c1fa2371f14960bb0ee5aeb51d43e5" candidate_uuid: "f46e86929a73408eb4ce9b472939515a" candidate_term: 1 candidate_status { last_received { term: 0 index: 0 } } ignore_live_leader: false dest_uuid: "3b4db18617854ab7bd48b6b2d6b23dd1" is_pre_election: true
W20260710 11:02:22.468175  1466 leader_election.cc:343] T a4c1fa2371f14960bb0ee5aeb51d43e5 P f46e86929a73408eb4ce9b472939515a [CANDIDATE]: Term 1 pre-election: Tablet error from VoteRequest() call to peer 3b4db18617854ab7bd48b6b2d6b23dd1 (127.31.255.131:37111): Illegal state: must be running to vote when last-logged opid is not known
I20260710 11:02:22.468395  1650 leader_election.cc:290] T 72ce672717594ec785343b13ddd0bd51 P 107405a766f44016bd6f76fe15869a07 [CANDIDATE]: Term 1 pre-election: Requested pre-vote from peers f46e86929a73408eb4ce9b472939515a (127.31.255.130:45313), 3b4db18617854ab7bd48b6b2d6b23dd1 (127.31.255.131:37111)
I20260710 11:02:22.462561  1501 tablet_service.cc:1917] Received RequestConsensusVote() RPC: tablet_id: "7164de881b9a4a37b6ff7dfdb2d4c977" candidate_uuid: "107405a766f44016bd6f76fe15869a07" candidate_term: 1 candidate_status { last_received { term: 0 index: 0 } } ignore_live_leader: false dest_uuid: "f46e86929a73408eb4ce9b472939515a"
I20260710 11:02:22.470103  1501 raft_consensus.cc:3060] T 7164de881b9a4a37b6ff7dfdb2d4c977 P f46e86929a73408eb4ce9b472939515a [term 0 FOLLOWER]: Advancing to term 1
I20260710 11:02:22.470510  1499 tablet_service.cc:1917] Received RequestConsensusVote() RPC: tablet_id: "72ce672717594ec785343b13ddd0bd51" candidate_uuid: "107405a766f44016bd6f76fe15869a07" candidate_term: 1 candidate_status { last_received { term: 0 index: 0 } } ignore_live_leader: false dest_uuid: "f46e86929a73408eb4ce9b472939515a" is_pre_election: true
I20260710 11:02:22.471349  1499 raft_consensus.cc:2468] T 72ce672717594ec785343b13ddd0bd51 P f46e86929a73408eb4ce9b472939515a [term 0 FOLLOWER]: Leader pre-election vote request: Granting yes vote for candidate 107405a766f44016bd6f76fe15869a07 in term 0.
I20260710 11:02:22.473304  1389 leader_election.cc:304] T 72ce672717594ec785343b13ddd0bd51 P 107405a766f44016bd6f76fe15869a07 [CANDIDATE]: Term 1 pre-election: Election decided. Result: candidate won. Election summary: received 2 responses out of 3 voters: 2 yes votes; 0 no votes. yes voters: 107405a766f44016bd6f76fe15869a07, f46e86929a73408eb4ce9b472939515a; no voters: 
I20260710 11:02:22.482256  1616 tablet_bootstrap.cc:492] T 7accedb5f2fc4d2f8e14f98b9ae9273e P 107405a766f44016bd6f76fe15869a07: No bootstrap required, opened a new log
I20260710 11:02:22.482993  1616 ts_tablet_manager.cc:1403] T 7accedb5f2fc4d2f8e14f98b9ae9273e P 107405a766f44016bd6f76fe15869a07: Time spent bootstrapping tablet: real 0.308s	user 0.012s	sys 0.009s
I20260710 11:02:22.488502  1575 tablet_service.cc:1917] Received RequestConsensusVote() RPC: tablet_id: "72ce672717594ec785343b13ddd0bd51" candidate_uuid: "107405a766f44016bd6f76fe15869a07" candidate_term: 1 candidate_status { last_received { term: 0 index: 0 } } ignore_live_leader: false dest_uuid: "3b4db18617854ab7bd48b6b2d6b23dd1" is_pre_election: true
I20260710 11:02:22.480862  1650 raft_consensus.cc:2804] T 72ce672717594ec785343b13ddd0bd51 P 107405a766f44016bd6f76fe15869a07 [term 0 FOLLOWER]: Leader pre-election won for term 1
I20260710 11:02:22.494948  1650 raft_consensus.cc:493] T 72ce672717594ec785343b13ddd0bd51 P 107405a766f44016bd6f76fe15869a07 [term 0 FOLLOWER]: Starting leader election (no leader contacted us within the election timeout)
W20260710 11:02:22.503407  1391 leader_election.cc:343] T 72ce672717594ec785343b13ddd0bd51 P 107405a766f44016bd6f76fe15869a07 [CANDIDATE]: Term 1 pre-election: Tablet error from VoteRequest() call to peer 3b4db18617854ab7bd48b6b2d6b23dd1 (127.31.255.131:37111): Illegal state: must be running to vote when last-logged opid is not known
I20260710 11:02:22.506978  1615 tablet_bootstrap.cc:492] T 8cd6cf3f66984917a48d7941abbd6540 P f46e86929a73408eb4ce9b472939515a: No bootstrap required, opened a new log
I20260710 11:02:22.504042  1622 consensus_queue.cc:1048] T 58a7a4bf41a2440495b805ccb57719b5 P 107405a766f44016bd6f76fe15869a07 [LEADER]: Connected to new peer: Peer: permanent_uuid: "3b4db18617854ab7bd48b6b2d6b23dd1" member_type: VOTER last_known_addr { host: "127.31.255.131" port: 37111 }, Status: LMP_MISMATCH, Last received: 0.0, Next index: 1, Last known committed idx: 0, Time since last communication: 0.000s
I20260710 11:02:22.507470  1615 ts_tablet_manager.cc:1403] T 8cd6cf3f66984917a48d7941abbd6540 P f46e86929a73408eb4ce9b472939515a: Time spent bootstrapping tablet: real 0.098s	user 0.012s	sys 0.006s
I20260710 11:02:22.504456  1677 consensus_queue.cc:1048] T 0395e7a9946f43229b758f308fe59d5e P 107405a766f44016bd6f76fe15869a07 [LEADER]: Connected to new peer: Peer: permanent_uuid: "f46e86929a73408eb4ce9b472939515a" member_type: VOTER last_known_addr { host: "127.31.255.130" port: 45313 }, Status: LMP_MISMATCH, Last received: 0.0, Next index: 1, Last known committed idx: 0, Time since last communication: 0.001s
I20260710 11:02:22.509792  1616 raft_consensus.cc:359] T 7accedb5f2fc4d2f8e14f98b9ae9273e P 107405a766f44016bd6f76fe15869a07 [term 0 FOLLOWER]: Replica starting. Triggering 0 pending ops. Active config: opid_index: -1 OBSOLETE_local: false peers { permanent_uuid: "107405a766f44016bd6f76fe15869a07" member_type: VOTER last_known_addr { host: "127.31.255.129" port: 36563 } } peers { permanent_uuid: "f46e86929a73408eb4ce9b472939515a" member_type: VOTER last_known_addr { host: "127.31.255.130" port: 45313 } } peers { permanent_uuid: "3b4db18617854ab7bd48b6b2d6b23dd1" member_type: VOTER last_known_addr { host: "127.31.255.131" port: 37111 } }
I20260710 11:02:22.510828  1616 raft_consensus.cc:385] T 7accedb5f2fc4d2f8e14f98b9ae9273e P 107405a766f44016bd6f76fe15869a07 [term 0 FOLLOWER]: Consensus starting up: Expiring failure detector timer to make a prompt election more likely
I20260710 11:02:22.511171  1616 raft_consensus.cc:740] T 7accedb5f2fc4d2f8e14f98b9ae9273e P 107405a766f44016bd6f76fe15869a07 [term 0 FOLLOWER]: Becoming Follower/Learner. State: Replica: 107405a766f44016bd6f76fe15869a07, State: Initialized, Role: FOLLOWER
I20260710 11:02:22.512521  1426 tablet_service.cc:1917] Received RequestConsensusVote() RPC: tablet_id: "a4c1fa2371f14960bb0ee5aeb51d43e5" candidate_uuid: "f46e86929a73408eb4ce9b472939515a" candidate_term: 1 candidate_status { last_received { term: 0 index: 0 } } ignore_live_leader: false dest_uuid: "107405a766f44016bd6f76fe15869a07" is_pre_election: true
I20260710 11:02:22.509440  1650 raft_consensus.cc:3060] T 72ce672717594ec785343b13ddd0bd51 P 107405a766f44016bd6f76fe15869a07 [term 0 FOLLOWER]: Advancing to term 1
I20260710 11:02:22.514464  1615 raft_consensus.cc:359] T 8cd6cf3f66984917a48d7941abbd6540 P f46e86929a73408eb4ce9b472939515a [term 0 FOLLOWER]: Replica starting. Triggering 0 pending ops. Active config: opid_index: -1 OBSOLETE_local: false peers { permanent_uuid: "107405a766f44016bd6f76fe15869a07" member_type: VOTER last_known_addr { host: "127.31.255.129" port: 36563 } } peers { permanent_uuid: "f46e86929a73408eb4ce9b472939515a" member_type: VOTER last_known_addr { host: "127.31.255.130" port: 45313 } } peers { permanent_uuid: "3b4db18617854ab7bd48b6b2d6b23dd1" member_type: VOTER last_known_addr { host: "127.31.255.131" port: 37111 } }
I20260710 11:02:22.515231  1615 raft_consensus.cc:385] T 8cd6cf3f66984917a48d7941abbd6540 P f46e86929a73408eb4ce9b472939515a [term 0 FOLLOWER]: Consensus starting up: Expiring failure detector timer to make a prompt election more likely
I20260710 11:02:22.515600  1615 raft_consensus.cc:740] T 8cd6cf3f66984917a48d7941abbd6540 P f46e86929a73408eb4ce9b472939515a [term 0 FOLLOWER]: Becoming Follower/Learner. State: Replica: f46e86929a73408eb4ce9b472939515a, State: Initialized, Role: FOLLOWER
I20260710 11:02:22.517795  1615 consensus_queue.cc:260] T 8cd6cf3f66984917a48d7941abbd6540 P f46e86929a73408eb4ce9b472939515a [NON_LEADER]: Queue going to NON_LEADER mode. State: All replicated index: 0, Majority replicated index: 0, Committed index: 0, Last appended: 0.0, Last appended by leader: 0, Current term: 0, Majority size: -1, State: 0, Mode: NON_LEADER, active raft config: opid_index: -1 OBSOLETE_local: false peers { permanent_uuid: "107405a766f44016bd6f76fe15869a07" member_type: VOTER last_known_addr { host: "127.31.255.129" port: 36563 } } peers { permanent_uuid: "f46e86929a73408eb4ce9b472939515a" member_type: VOTER last_known_addr { host: "127.31.255.130" port: 45313 } } peers { permanent_uuid: "3b4db18617854ab7bd48b6b2d6b23dd1" member_type: VOTER last_known_addr { host: "127.31.255.131" port: 37111 } }
I20260710 11:02:22.522277  1626 raft_consensus.cc:493] T cb40e6b31c0c47cd9e648ac053d6627b P 3b4db18617854ab7bd48b6b2d6b23dd1 [term 0 FOLLOWER]: Starting pre-election (no leader contacted us within the election timeout)
I20260710 11:02:22.522783  1626 raft_consensus.cc:515] T cb40e6b31c0c47cd9e648ac053d6627b P 3b4db18617854ab7bd48b6b2d6b23dd1 [term 0 FOLLOWER]: Starting pre-election with config: opid_index: -1 OBSOLETE_local: false peers { permanent_uuid: "107405a766f44016bd6f76fe15869a07" member_type: VOTER last_known_addr { host: "127.31.255.129" port: 36563 } } peers { permanent_uuid: "f46e86929a73408eb4ce9b472939515a" member_type: VOTER last_known_addr { host: "127.31.255.130" port: 45313 } } peers { permanent_uuid: "3b4db18617854ab7bd48b6b2d6b23dd1" member_type: VOTER last_known_addr { host: "127.31.255.131" port: 37111 } }
I20260710 11:02:22.523629  1615 ts_tablet_manager.cc:1434] T 8cd6cf3f66984917a48d7941abbd6540 P f46e86929a73408eb4ce9b472939515a: Time spent starting tablet: real 0.016s	user 0.008s	sys 0.000s
I20260710 11:02:22.524515  1615 tablet_bootstrap.cc:492] T 67a13c0b0298493b9a622bc9f0f23be0 P f46e86929a73408eb4ce9b472939515a: Bootstrap starting.
I20260710 11:02:22.519830  1501 raft_consensus.cc:2468] T 7164de881b9a4a37b6ff7dfdb2d4c977 P f46e86929a73408eb4ce9b472939515a [term 1 FOLLOWER]: Leader election vote request: Granting yes vote for candidate 107405a766f44016bd6f76fe15869a07 in term 1.
W20260710 11:02:22.521440  1467 leader_election.cc:343] T a4c1fa2371f14960bb0ee5aeb51d43e5 P f46e86929a73408eb4ce9b472939515a [CANDIDATE]: Term 1 pre-election: Tablet error from VoteRequest() call to peer 107405a766f44016bd6f76fe15869a07 (127.31.255.129:36563): Illegal state: must be running to vote when last-logged opid is not known
I20260710 11:02:22.512123  1616 consensus_queue.cc:260] T 7accedb5f2fc4d2f8e14f98b9ae9273e P 107405a766f44016bd6f76fe15869a07 [NON_LEADER]: Queue going to NON_LEADER mode. State: All replicated index: 0, Majority replicated index: 0, Committed index: 0, Last appended: 0.0, Last appended by leader: 0, Current term: 0, Majority size: -1, State: 0, Mode: NON_LEADER, active raft config: opid_index: -1 OBSOLETE_local: false peers { permanent_uuid: "107405a766f44016bd6f76fe15869a07" member_type: VOTER last_known_addr { host: "127.31.255.129" port: 36563 } } peers { permanent_uuid: "f46e86929a73408eb4ce9b472939515a" member_type: VOTER last_known_addr { host: "127.31.255.130" port: 45313 } } peers { permanent_uuid: "3b4db18617854ab7bd48b6b2d6b23dd1" member_type: VOTER last_known_addr { host: "127.31.255.131" port: 37111 } }
I20260710 11:02:22.524871  1626 leader_election.cc:290] T cb40e6b31c0c47cd9e648ac053d6627b P 3b4db18617854ab7bd48b6b2d6b23dd1 [CANDIDATE]: Term 1 pre-election: Requested pre-vote from peers 107405a766f44016bd6f76fe15869a07 (127.31.255.129:36563), f46e86929a73408eb4ce9b472939515a (127.31.255.130:45313)
I20260710 11:02:22.531189  1691 consensus_queue.cc:1048] T 3ee25d8b0cab47fe97161126474181a5 P f46e86929a73408eb4ce9b472939515a [LEADER]: Connected to new peer: Peer: permanent_uuid: "107405a766f44016bd6f76fe15869a07" member_type: VOTER last_known_addr { host: "127.31.255.129" port: 36563 }, Status: LMP_MISMATCH, Last received: 0.0, Next index: 1, Last known committed idx: 0, Time since last communication: 0.001s
I20260710 11:02:22.532011  1498 tablet_service.cc:1917] Received RequestConsensusVote() RPC: tablet_id: "cb40e6b31c0c47cd9e648ac053d6627b" candidate_uuid: "3b4db18617854ab7bd48b6b2d6b23dd1" candidate_term: 1 candidate_status { last_received { term: 0 index: 0 } } ignore_live_leader: false dest_uuid: "f46e86929a73408eb4ce9b472939515a" is_pre_election: true
I20260710 11:02:22.536463  1687 raft_consensus.cc:493] T 48ab235f80ef42ae973f308bba0b7b43 P f46e86929a73408eb4ce9b472939515a [term 0 FOLLOWER]: Starting pre-election (no leader contacted us within the election timeout)
I20260710 11:02:22.540617  1467 leader_election.cc:304] T a4c1fa2371f14960bb0ee5aeb51d43e5 P f46e86929a73408eb4ce9b472939515a [CANDIDATE]: Term 1 pre-election: Election decided. Result: candidate lost. Election summary: received 3 responses out of 3 voters: 1 yes votes; 2 no votes. yes voters: f46e86929a73408eb4ce9b472939515a; no voters: 107405a766f44016bd6f76fe15869a07, 3b4db18617854ab7bd48b6b2d6b23dd1
I20260710 11:02:22.543711  1687 raft_consensus.cc:515] T 48ab235f80ef42ae973f308bba0b7b43 P f46e86929a73408eb4ce9b472939515a [term 0 FOLLOWER]: Starting pre-election with config: opid_index: -1 OBSOLETE_local: false peers { permanent_uuid: "107405a766f44016bd6f76fe15869a07" member_type: VOTER last_known_addr { host: "127.31.255.129" port: 36563 } } peers { permanent_uuid: "f46e86929a73408eb4ce9b472939515a" member_type: VOTER last_known_addr { host: "127.31.255.130" port: 45313 } } peers { permanent_uuid: "3b4db18617854ab7bd48b6b2d6b23dd1" member_type: VOTER last_known_addr { host: "127.31.255.131" port: 37111 } }
I20260710 11:02:22.544099  1426 tablet_service.cc:1917] Received RequestConsensusVote() RPC: tablet_id: "cb40e6b31c0c47cd9e648ac053d6627b" candidate_uuid: "3b4db18617854ab7bd48b6b2d6b23dd1" candidate_term: 1 candidate_status { last_received { term: 0 index: 0 } } ignore_live_leader: false dest_uuid: "107405a766f44016bd6f76fe15869a07" is_pre_election: true
I20260710 11:02:22.545609  1691 raft_consensus.cc:2749] T a4c1fa2371f14960bb0ee5aeb51d43e5 P f46e86929a73408eb4ce9b472939515a [term 0 FOLLOWER]: Leader pre-election lost for term 1. Reason: could not achieve majority
W20260710 11:02:22.546384  1538 leader_election.cc:343] T cb40e6b31c0c47cd9e648ac053d6627b P 3b4db18617854ab7bd48b6b2d6b23dd1 [CANDIDATE]: Term 1 pre-election: Tablet error from VoteRequest() call to peer f46e86929a73408eb4ce9b472939515a (127.31.255.130:45313): Illegal state: must be running to vote when last-logged opid is not known
I20260710 11:02:22.551357  1616 ts_tablet_manager.cc:1434] T 7accedb5f2fc4d2f8e14f98b9ae9273e P 107405a766f44016bd6f76fe15869a07: Time spent starting tablet: real 0.068s	user 0.007s	sys 0.001s
I20260710 11:02:22.552315  1616 tablet_bootstrap.cc:492] T a4c1fa2371f14960bb0ee5aeb51d43e5 P 107405a766f44016bd6f76fe15869a07: Bootstrap starting.
I20260710 11:02:22.554379  1389 leader_election.cc:304] T 7164de881b9a4a37b6ff7dfdb2d4c977 P 107405a766f44016bd6f76fe15869a07 [CANDIDATE]: Term 1 election: Election decided. Result: candidate won. Election summary: received 2 responses out of 3 voters: 2 yes votes; 0 no votes. yes voters: 107405a766f44016bd6f76fe15869a07, f46e86929a73408eb4ce9b472939515a; no voters: 
I20260710 11:02:22.549938  1687 leader_election.cc:290] T 48ab235f80ef42ae973f308bba0b7b43 P f46e86929a73408eb4ce9b472939515a [CANDIDATE]: Term 1 pre-election: Requested pre-vote from peers 107405a766f44016bd6f76fe15869a07 (127.31.255.129:36563), 3b4db18617854ab7bd48b6b2d6b23dd1 (127.31.255.131:37111)
I20260710 11:02:22.558861  1693 consensus_queue.cc:1048] T b174c140cc8347288f42dd0afa2e71fe P 3b4db18617854ab7bd48b6b2d6b23dd1 [LEADER]: Connected to new peer: Peer: permanent_uuid: "f46e86929a73408eb4ce9b472939515a" member_type: VOTER last_known_addr { host: "127.31.255.130" port: 45313 }, Status: LMP_MISMATCH, Last received: 0.0, Next index: 1, Last known committed idx: 0, Time since last communication: 0.019s
I20260710 11:02:22.559626  1650 raft_consensus.cc:515] T 72ce672717594ec785343b13ddd0bd51 P 107405a766f44016bd6f76fe15869a07 [term 1 FOLLOWER]: Starting leader election with config: opid_index: -1 OBSOLETE_local: false peers { permanent_uuid: "107405a766f44016bd6f76fe15869a07" member_type: VOTER last_known_addr { host: "127.31.255.129" port: 36563 } } peers { permanent_uuid: "f46e86929a73408eb4ce9b472939515a" member_type: VOTER last_known_addr { host: "127.31.255.130" port: 45313 } } peers { permanent_uuid: "3b4db18617854ab7bd48b6b2d6b23dd1" member_type: VOTER last_known_addr { host: "127.31.255.131" port: 37111 } }
W20260710 11:02:22.552229  1541 leader_election.cc:343] T cb40e6b31c0c47cd9e648ac053d6627b P 3b4db18617854ab7bd48b6b2d6b23dd1 [CANDIDATE]: Term 1 pre-election: Tablet error from VoteRequest() call to peer 107405a766f44016bd6f76fe15869a07 (127.31.255.129:36563): Illegal state: must be running to vote when last-logged opid is not known
I20260710 11:02:22.565109  1541 leader_election.cc:304] T cb40e6b31c0c47cd9e648ac053d6627b P 3b4db18617854ab7bd48b6b2d6b23dd1 [CANDIDATE]: Term 1 pre-election: Election decided. Result: candidate lost. Election summary: received 3 responses out of 3 voters: 1 yes votes; 2 no votes. yes voters: 3b4db18617854ab7bd48b6b2d6b23dd1; no voters: 107405a766f44016bd6f76fe15869a07, f46e86929a73408eb4ce9b472939515a
I20260710 11:02:22.566668  1626 raft_consensus.cc:2749] T cb40e6b31c0c47cd9e648ac053d6627b P 3b4db18617854ab7bd48b6b2d6b23dd1 [term 0 FOLLOWER]: Leader pre-election lost for term 1. Reason: could not achieve majority
I20260710 11:02:22.566818  1574 tablet_service.cc:1917] Received RequestConsensusVote() RPC: tablet_id: "48ab235f80ef42ae973f308bba0b7b43" candidate_uuid: "f46e86929a73408eb4ce9b472939515a" candidate_term: 1 candidate_status { last_received { term: 0 index: 0 } } ignore_live_leader: false dest_uuid: "3b4db18617854ab7bd48b6b2d6b23dd1" is_pre_election: true
W20260710 11:02:22.568493  1466 leader_election.cc:343] T 48ab235f80ef42ae973f308bba0b7b43 P f46e86929a73408eb4ce9b472939515a [CANDIDATE]: Term 1 pre-election: Tablet error from VoteRequest() call to peer 3b4db18617854ab7bd48b6b2d6b23dd1 (127.31.255.131:37111): Illegal state: must be running to vote when last-logged opid is not known
I20260710 11:02:22.564069  1617 tablet_bootstrap.cc:492] T af54987a778f484dad6798331755ffc6 P 3b4db18617854ab7bd48b6b2d6b23dd1: No bootstrap required, opened a new log
I20260710 11:02:22.575155  1617 ts_tablet_manager.cc:1403] T af54987a778f484dad6798331755ffc6 P 3b4db18617854ab7bd48b6b2d6b23dd1: Time spent bootstrapping tablet: real 0.249s	user 0.020s	sys 0.011s
I20260710 11:02:22.582085  1677 raft_consensus.cc:2804] T 7164de881b9a4a37b6ff7dfdb2d4c977 P 107405a766f44016bd6f76fe15869a07 [term 1 FOLLOWER]: Leader election won for term 1
I20260710 11:02:22.587587  1650 leader_election.cc:290] T 72ce672717594ec785343b13ddd0bd51 P 107405a766f44016bd6f76fe15869a07 [CANDIDATE]: Term 1 election: Requested vote from peers f46e86929a73408eb4ce9b472939515a (127.31.255.130:45313), 3b4db18617854ab7bd48b6b2d6b23dd1 (127.31.255.131:37111)
I20260710 11:02:22.591837  1687 consensus_queue.cc:1048] T 80b596f86aba4d778a53ab398ee34b65 P f46e86929a73408eb4ce9b472939515a [LEADER]: Connected to new peer: Peer: permanent_uuid: "3b4db18617854ab7bd48b6b2d6b23dd1" member_type: VOTER last_known_addr { host: "127.31.255.131" port: 37111 }, Status: LMP_MISMATCH, Last received: 0.0, Next index: 1, Last known committed idx: 0, Time since last communication: 0.000s
I20260710 11:02:22.583523  1693 consensus_queue.cc:1048] T b174c140cc8347288f42dd0afa2e71fe P 3b4db18617854ab7bd48b6b2d6b23dd1 [LEADER]: Connected to new peer: Peer: permanent_uuid: "107405a766f44016bd6f76fe15869a07" member_type: VOTER last_known_addr { host: "127.31.255.129" port: 36563 }, Status: LMP_MISMATCH, Last received: 0.0, Next index: 1, Last known committed idx: 0, Time since last communication: 0.005s
I20260710 11:02:22.594427  1573 tablet_service.cc:1917] Received RequestConsensusVote() RPC: tablet_id: "72ce672717594ec785343b13ddd0bd51" candidate_uuid: "107405a766f44016bd6f76fe15869a07" candidate_term: 1 candidate_status { last_received { term: 0 index: 0 } } ignore_live_leader: false dest_uuid: "3b4db18617854ab7bd48b6b2d6b23dd1"
I20260710 11:02:22.594302  1706 consensus_queue.cc:1048] T f2720fc61c8248bca7c77f9beb28c8ba P 107405a766f44016bd6f76fe15869a07 [LEADER]: Connected to new peer: Peer: permanent_uuid: "f46e86929a73408eb4ce9b472939515a" member_type: VOTER last_known_addr { host: "127.31.255.130" port: 45313 }, Status: LMP_MISMATCH, Last received: 0.0, Next index: 1, Last known committed idx: 0, Time since last communication: 0.001s
I20260710 11:02:22.591118  1617 raft_consensus.cc:359] T af54987a778f484dad6798331755ffc6 P 3b4db18617854ab7bd48b6b2d6b23dd1 [term 0 FOLLOWER]: Replica starting. Triggering 0 pending ops. Active config: opid_index: -1 OBSOLETE_local: false peers { permanent_uuid: "107405a766f44016bd6f76fe15869a07" member_type: VOTER last_known_addr { host: "127.31.255.129" port: 36563 } } peers { permanent_uuid: "f46e86929a73408eb4ce9b472939515a" member_type: VOTER last_known_addr { host: "127.31.255.130" port: 45313 } } peers { permanent_uuid: "3b4db18617854ab7bd48b6b2d6b23dd1" member_type: VOTER last_known_addr { host: "127.31.255.131" port: 37111 } }
I20260710 11:02:22.595398  1617 raft_consensus.cc:385] T af54987a778f484dad6798331755ffc6 P 3b4db18617854ab7bd48b6b2d6b23dd1 [term 0 FOLLOWER]: Consensus starting up: Expiring failure detector timer to make a prompt election more likely
I20260710 11:02:22.595801  1617 raft_consensus.cc:740] T af54987a778f484dad6798331755ffc6 P 3b4db18617854ab7bd48b6b2d6b23dd1 [term 0 FOLLOWER]: Becoming Follower/Learner. State: Replica: 3b4db18617854ab7bd48b6b2d6b23dd1, State: Initialized, Role: FOLLOWER
W20260710 11:02:22.595981  1391 leader_election.cc:343] T 72ce672717594ec785343b13ddd0bd51 P 107405a766f44016bd6f76fe15869a07 [CANDIDATE]: Term 1 election: Tablet error from VoteRequest() call to peer 3b4db18617854ab7bd48b6b2d6b23dd1 (127.31.255.131:37111): Illegal state: must be running to vote when last-logged opid is not known
I20260710 11:02:22.597550  1617 consensus_queue.cc:260] T af54987a778f484dad6798331755ffc6 P 3b4db18617854ab7bd48b6b2d6b23dd1 [NON_LEADER]: Queue going to NON_LEADER mode. State: All replicated index: 0, Majority replicated index: 0, Committed index: 0, Last appended: 0.0, Last appended by leader: 0, Current term: 0, Majority size: -1, State: 0, Mode: NON_LEADER, active raft config: opid_index: -1 OBSOLETE_local: false peers { permanent_uuid: "107405a766f44016bd6f76fe15869a07" member_type: VOTER last_known_addr { host: "127.31.255.129" port: 36563 } } peers { permanent_uuid: "f46e86929a73408eb4ce9b472939515a" member_type: VOTER last_known_addr { host: "127.31.255.130" port: 45313 } } peers { permanent_uuid: "3b4db18617854ab7bd48b6b2d6b23dd1" member_type: VOTER last_known_addr { host: "127.31.255.131" port: 37111 } }
I20260710 11:02:22.600155  1617 ts_tablet_manager.cc:1434] T af54987a778f484dad6798331755ffc6 P 3b4db18617854ab7bd48b6b2d6b23dd1: Time spent starting tablet: real 0.025s	user 0.005s	sys 0.001s
I20260710 11:02:22.601083  1617 tablet_bootstrap.cc:492] T f2720fc61c8248bca7c77f9beb28c8ba P 3b4db18617854ab7bd48b6b2d6b23dd1: Bootstrap starting.
I20260710 11:02:22.596491  1425 tablet_service.cc:1917] Received RequestConsensusVote() RPC: tablet_id: "48ab235f80ef42ae973f308bba0b7b43" candidate_uuid: "f46e86929a73408eb4ce9b472939515a" candidate_term: 1 candidate_status { last_received { term: 0 index: 0 } } ignore_live_leader: false dest_uuid: "107405a766f44016bd6f76fe15869a07" is_pre_election: true
I20260710 11:02:22.589499  1572 raft_consensus.cc:2468] T 7164de881b9a4a37b6ff7dfdb2d4c977 P 3b4db18617854ab7bd48b6b2d6b23dd1 [term 1 FOLLOWER]: Leader election vote request: Granting yes vote for candidate 107405a766f44016bd6f76fe15869a07 in term 1.
I20260710 11:02:22.604641  1677 raft_consensus.cc:697] T 7164de881b9a4a37b6ff7dfdb2d4c977 P 107405a766f44016bd6f76fe15869a07 [term 1 LEADER]: Becoming Leader. State: Replica: 107405a766f44016bd6f76fe15869a07, State: Running, Role: LEADER
I20260710 11:02:22.613168  1626 raft_consensus.cc:493] T af54987a778f484dad6798331755ffc6 P 3b4db18617854ab7bd48b6b2d6b23dd1 [term 0 FOLLOWER]: Starting pre-election (no leader contacted us within the election timeout)
I20260710 11:02:22.614784  1626 raft_consensus.cc:515] T af54987a778f484dad6798331755ffc6 P 3b4db18617854ab7bd48b6b2d6b23dd1 [term 0 FOLLOWER]: Starting pre-election with config: opid_index: -1 OBSOLETE_local: false peers { permanent_uuid: "107405a766f44016bd6f76fe15869a07" member_type: VOTER last_known_addr { host: "127.31.255.129" port: 36563 } } peers { permanent_uuid: "f46e86929a73408eb4ce9b472939515a" member_type: VOTER last_known_addr { host: "127.31.255.130" port: 45313 } } peers { permanent_uuid: "3b4db18617854ab7bd48b6b2d6b23dd1" member_type: VOTER last_known_addr { host: "127.31.255.131" port: 37111 } }
W20260710 11:02:22.619738  1467 leader_election.cc:343] T 48ab235f80ef42ae973f308bba0b7b43 P f46e86929a73408eb4ce9b472939515a [CANDIDATE]: Term 1 pre-election: Tablet error from VoteRequest() call to peer 107405a766f44016bd6f76fe15869a07 (127.31.255.129:36563): Illegal state: must be running to vote when last-logged opid is not known
I20260710 11:02:22.620405  1467 leader_election.cc:304] T 48ab235f80ef42ae973f308bba0b7b43 P f46e86929a73408eb4ce9b472939515a [CANDIDATE]: Term 1 pre-election: Election decided. Result: candidate lost. Election summary: received 3 responses out of 3 voters: 1 yes votes; 2 no votes. yes voters: f46e86929a73408eb4ce9b472939515a; no voters: 107405a766f44016bd6f76fe15869a07, 3b4db18617854ab7bd48b6b2d6b23dd1
W20260710 11:02:22.626421  1391 consensus_peers.cc:597] T f2720fc61c8248bca7c77f9beb28c8ba P 107405a766f44016bd6f76fe15869a07 -> Peer 3b4db18617854ab7bd48b6b2d6b23dd1 (127.31.255.131:37111): Couldn't send request to peer 3b4db18617854ab7bd48b6b2d6b23dd1. Error code: TABLET_NOT_RUNNING (12). Status: Illegal state: Tablet not RUNNING: BOOTSTRAPPING. This is attempt 1: this message will repeat every 5th retry.
I20260710 11:02:22.626960  1687 raft_consensus.cc:2749] T 48ab235f80ef42ae973f308bba0b7b43 P f46e86929a73408eb4ce9b472939515a [term 0 FOLLOWER]: Leader pre-election lost for term 1. Reason: could not achieve majority
I20260710 11:02:22.622803  1425 tablet_service.cc:1917] Received RequestConsensusVote() RPC: tablet_id: "af54987a778f484dad6798331755ffc6" candidate_uuid: "3b4db18617854ab7bd48b6b2d6b23dd1" candidate_term: 1 candidate_status { last_received { term: 0 index: 0 } } ignore_live_leader: false dest_uuid: "107405a766f44016bd6f76fe15869a07" is_pre_election: true
I20260710 11:02:22.624146  1498 tablet_service.cc:1917] Received RequestConsensusVote() RPC: tablet_id: "af54987a778f484dad6798331755ffc6" candidate_uuid: "3b4db18617854ab7bd48b6b2d6b23dd1" candidate_term: 1 candidate_status { last_received { term: 0 index: 0 } } ignore_live_leader: false dest_uuid: "f46e86929a73408eb4ce9b472939515a" is_pre_election: true
I20260710 11:02:22.625913  1616 tablet_bootstrap.cc:654] T a4c1fa2371f14960bb0ee5aeb51d43e5 P 107405a766f44016bd6f76fe15869a07: Neither blocks nor log segments found. Creating new log.
I20260710 11:02:22.629004  1615 tablet_bootstrap.cc:654] T 67a13c0b0298493b9a622bc9f0f23be0 P f46e86929a73408eb4ce9b472939515a: Neither blocks nor log segments found. Creating new log.
I20260710 11:02:22.617801  1626 leader_election.cc:290] T af54987a778f484dad6798331755ffc6 P 3b4db18617854ab7bd48b6b2d6b23dd1 [CANDIDATE]: Term 1 pre-election: Requested pre-vote from peers 107405a766f44016bd6f76fe15869a07 (127.31.255.129:36563), f46e86929a73408eb4ce9b472939515a (127.31.255.130:45313)
W20260710 11:02:22.631326  1389 outbound_call.cc:321] RPC callback for RPC call kudu.consensus.ConsensusService.UpdateConsensus -> {remote=127.31.255.130:45313, user_credentials={real_user=slave}} blocked reactor thread for 49952.4us
I20260710 11:02:22.631003  1498 raft_consensus.cc:2468] T af54987a778f484dad6798331755ffc6 P f46e86929a73408eb4ce9b472939515a [term 0 FOLLOWER]: Leader pre-election vote request: Granting yes vote for candidate 3b4db18617854ab7bd48b6b2d6b23dd1 in term 0.
W20260710 11:02:22.632141  1541 leader_election.cc:343] T af54987a778f484dad6798331755ffc6 P 3b4db18617854ab7bd48b6b2d6b23dd1 [CANDIDATE]: Term 1 pre-election: Tablet error from VoteRequest() call to peer 107405a766f44016bd6f76fe15869a07 (127.31.255.129:36563): Illegal state: must be running to vote when last-logged opid is not known
I20260710 11:02:22.633533  1498 tablet_service.cc:1917] Received RequestConsensusVote() RPC: tablet_id: "72ce672717594ec785343b13ddd0bd51" candidate_uuid: "107405a766f44016bd6f76fe15869a07" candidate_term: 1 candidate_status { last_received { term: 0 index: 0 } } ignore_live_leader: false dest_uuid: "f46e86929a73408eb4ce9b472939515a"
I20260710 11:02:22.634320  1498 raft_consensus.cc:3060] T 72ce672717594ec785343b13ddd0bd51 P f46e86929a73408eb4ce9b472939515a [term 0 FOLLOWER]: Advancing to term 1
I20260710 11:02:22.633242  1538 leader_election.cc:304] T af54987a778f484dad6798331755ffc6 P 3b4db18617854ab7bd48b6b2d6b23dd1 [CANDIDATE]: Term 1 pre-election: Election decided. Result: candidate won. Election summary: received 3 responses out of 3 voters: 2 yes votes; 1 no votes. yes voters: 3b4db18617854ab7bd48b6b2d6b23dd1, f46e86929a73408eb4ce9b472939515a; no voters: 107405a766f44016bd6f76fe15869a07
I20260710 11:02:22.618260  1677 consensus_queue.cc:237] T 7164de881b9a4a37b6ff7dfdb2d4c977 P 107405a766f44016bd6f76fe15869a07 [LEADER]: Queue going to LEADER mode. State: All replicated index: 0, Majority replicated index: 0, Committed index: 0, Last appended: 0.0, Last appended by leader: 0, Current term: 1, Majority size: 2, State: 0, Mode: LEADER, active raft config: opid_index: -1 OBSOLETE_local: false peers { permanent_uuid: "107405a766f44016bd6f76fe15869a07" member_type: VOTER last_known_addr { host: "127.31.255.129" port: 36563 } } peers { permanent_uuid: "f46e86929a73408eb4ce9b472939515a" member_type: VOTER last_known_addr { host: "127.31.255.130" port: 45313 } } peers { permanent_uuid: "3b4db18617854ab7bd48b6b2d6b23dd1" member_type: VOTER last_known_addr { host: "127.31.255.131" port: 37111 } }
I20260710 11:02:22.640574  1687 consensus_queue.cc:1048] T 80b596f86aba4d778a53ab398ee34b65 P f46e86929a73408eb4ce9b472939515a [LEADER]: Connected to new peer: Peer: permanent_uuid: "107405a766f44016bd6f76fe15869a07" member_type: VOTER last_known_addr { host: "127.31.255.129" port: 36563 }, Status: LMP_MISMATCH, Last received: 0.0, Next index: 1, Last known committed idx: 0, Time since last communication: 0.000s
I20260710 11:02:22.637454  1693 raft_consensus.cc:2804] T af54987a778f484dad6798331755ffc6 P 3b4db18617854ab7bd48b6b2d6b23dd1 [term 0 FOLLOWER]: Leader pre-election won for term 1
I20260710 11:02:22.644127  1693 raft_consensus.cc:493] T af54987a778f484dad6798331755ffc6 P 3b4db18617854ab7bd48b6b2d6b23dd1 [term 0 FOLLOWER]: Starting leader election (no leader contacted us within the election timeout)
I20260710 11:02:22.644541  1693 raft_consensus.cc:3060] T af54987a778f484dad6798331755ffc6 P 3b4db18617854ab7bd48b6b2d6b23dd1 [term 0 FOLLOWER]: Advancing to term 1
I20260710 11:02:22.644409  1708 consensus_queue.cc:1048] T 0395e7a9946f43229b758f308fe59d5e P 107405a766f44016bd6f76fe15869a07 [LEADER]: Connected to new peer: Peer: permanent_uuid: "3b4db18617854ab7bd48b6b2d6b23dd1" member_type: VOTER last_known_addr { host: "127.31.255.131" port: 37111 }, Status: LMP_MISMATCH, Last received: 0.0, Next index: 1, Last known committed idx: 0, Time since last communication: 0.001s
I20260710 11:02:22.703995  1693 raft_consensus.cc:515] T af54987a778f484dad6798331755ffc6 P 3b4db18617854ab7bd48b6b2d6b23dd1 [term 1 FOLLOWER]: Starting leader election with config: opid_index: -1 OBSOLETE_local: false peers { permanent_uuid: "107405a766f44016bd6f76fe15869a07" member_type: VOTER last_known_addr { host: "127.31.255.129" port: 36563 } } peers { permanent_uuid: "f46e86929a73408eb4ce9b472939515a" member_type: VOTER last_known_addr { host: "127.31.255.130" port: 45313 } } peers { permanent_uuid: "3b4db18617854ab7bd48b6b2d6b23dd1" member_type: VOTER last_known_addr { host: "127.31.255.131" port: 37111 } }
I20260710 11:02:22.706432  1693 leader_election.cc:290] T af54987a778f484dad6798331755ffc6 P 3b4db18617854ab7bd48b6b2d6b23dd1 [CANDIDATE]: Term 1 election: Requested vote from peers 107405a766f44016bd6f76fe15869a07 (127.31.255.129:36563), f46e86929a73408eb4ce9b472939515a (127.31.255.130:45313)
I20260710 11:02:22.706647  1617 tablet_bootstrap.cc:654] T f2720fc61c8248bca7c77f9beb28c8ba P 3b4db18617854ab7bd48b6b2d6b23dd1: Neither blocks nor log segments found. Creating new log.
I20260710 11:02:22.707749  1424 tablet_service.cc:1917] Received RequestConsensusVote() RPC: tablet_id: "af54987a778f484dad6798331755ffc6" candidate_uuid: "3b4db18617854ab7bd48b6b2d6b23dd1" candidate_term: 1 candidate_status { last_received { term: 0 index: 0 } } ignore_live_leader: false dest_uuid: "107405a766f44016bd6f76fe15869a07"
I20260710 11:02:22.709666  1501 tablet_service.cc:1917] Received RequestConsensusVote() RPC: tablet_id: "af54987a778f484dad6798331755ffc6" candidate_uuid: "3b4db18617854ab7bd48b6b2d6b23dd1" candidate_term: 1 candidate_status { last_received { term: 0 index: 0 } } ignore_live_leader: false dest_uuid: "f46e86929a73408eb4ce9b472939515a"
I20260710 11:02:22.710233  1501 raft_consensus.cc:3060] T af54987a778f484dad6798331755ffc6 P f46e86929a73408eb4ce9b472939515a [term 0 FOLLOWER]: Advancing to term 1
W20260710 11:02:22.713838  1541 leader_election.cc:343] T af54987a778f484dad6798331755ffc6 P 3b4db18617854ab7bd48b6b2d6b23dd1 [CANDIDATE]: Term 1 election: Tablet error from VoteRequest() call to peer 107405a766f44016bd6f76fe15869a07 (127.31.255.129:36563): Illegal state: must be running to vote when last-logged opid is not known
I20260710 11:02:22.719825  1498 raft_consensus.cc:2468] T 72ce672717594ec785343b13ddd0bd51 P f46e86929a73408eb4ce9b472939515a [term 1 FOLLOWER]: Leader election vote request: Granting yes vote for candidate 107405a766f44016bd6f76fe15869a07 in term 1.
I20260710 11:02:22.721060  1389 leader_election.cc:304] T 72ce672717594ec785343b13ddd0bd51 P 107405a766f44016bd6f76fe15869a07 [CANDIDATE]: Term 1 election: Election decided. Result: candidate won. Election summary: received 3 responses out of 3 voters: 2 yes votes; 1 no votes. yes voters: 107405a766f44016bd6f76fe15869a07, f46e86929a73408eb4ce9b472939515a; no voters: 3b4db18617854ab7bd48b6b2d6b23dd1
I20260710 11:02:22.723302  1705 raft_consensus.cc:2804] T 72ce672717594ec785343b13ddd0bd51 P 107405a766f44016bd6f76fe15869a07 [term 1 FOLLOWER]: Leader election won for term 1
I20260710 11:02:22.723726  1501 raft_consensus.cc:2468] T af54987a778f484dad6798331755ffc6 P f46e86929a73408eb4ce9b472939515a [term 1 FOLLOWER]: Leader election vote request: Granting yes vote for candidate 3b4db18617854ab7bd48b6b2d6b23dd1 in term 1.
I20260710 11:02:22.723927  1705 raft_consensus.cc:697] T 72ce672717594ec785343b13ddd0bd51 P 107405a766f44016bd6f76fe15869a07 [term 1 LEADER]: Becoming Leader. State: Replica: 107405a766f44016bd6f76fe15869a07, State: Running, Role: LEADER
I20260710 11:02:22.725055  1705 consensus_queue.cc:237] T 72ce672717594ec785343b13ddd0bd51 P 107405a766f44016bd6f76fe15869a07 [LEADER]: Queue going to LEADER mode. State: All replicated index: 0, Majority replicated index: 0, Committed index: 0, Last appended: 0.0, Last appended by leader: 0, Current term: 1, Majority size: 2, State: 0, Mode: LEADER, active raft config: opid_index: -1 OBSOLETE_local: false peers { permanent_uuid: "107405a766f44016bd6f76fe15869a07" member_type: VOTER last_known_addr { host: "127.31.255.129" port: 36563 } } peers { permanent_uuid: "f46e86929a73408eb4ce9b472939515a" member_type: VOTER last_known_addr { host: "127.31.255.130" port: 45313 } } peers { permanent_uuid: "3b4db18617854ab7bd48b6b2d6b23dd1" member_type: VOTER last_known_addr { host: "127.31.255.131" port: 37111 } }
I20260710 11:02:22.728775  1538 leader_election.cc:304] T af54987a778f484dad6798331755ffc6 P 3b4db18617854ab7bd48b6b2d6b23dd1 [CANDIDATE]: Term 1 election: Election decided. Result: candidate won. Election summary: received 3 responses out of 3 voters: 2 yes votes; 1 no votes. yes voters: 3b4db18617854ab7bd48b6b2d6b23dd1, f46e86929a73408eb4ce9b472939515a; no voters: 107405a766f44016bd6f76fe15869a07
I20260710 11:02:22.730370  1626 raft_consensus.cc:2804] T af54987a778f484dad6798331755ffc6 P 3b4db18617854ab7bd48b6b2d6b23dd1 [term 1 FOLLOWER]: Leader election won for term 1
I20260710 11:02:22.731079  1626 raft_consensus.cc:697] T af54987a778f484dad6798331755ffc6 P 3b4db18617854ab7bd48b6b2d6b23dd1 [term 1 LEADER]: Becoming Leader. State: Replica: 3b4db18617854ab7bd48b6b2d6b23dd1, State: Running, Role: LEADER
I20260710 11:02:22.732172  1626 consensus_queue.cc:237] T af54987a778f484dad6798331755ffc6 P 3b4db18617854ab7bd48b6b2d6b23dd1 [LEADER]: Queue going to LEADER mode. State: All replicated index: 0, Majority replicated index: 0, Committed index: 0, Last appended: 0.0, Last appended by leader: 0, Current term: 1, Majority size: 2, State: 0, Mode: LEADER, active raft config: opid_index: -1 OBSOLETE_local: false peers { permanent_uuid: "107405a766f44016bd6f76fe15869a07" member_type: VOTER last_known_addr { host: "127.31.255.129" port: 36563 } } peers { permanent_uuid: "f46e86929a73408eb4ce9b472939515a" member_type: VOTER last_known_addr { host: "127.31.255.130" port: 45313 } } peers { permanent_uuid: "3b4db18617854ab7bd48b6b2d6b23dd1" member_type: VOTER last_known_addr { host: "127.31.255.131" port: 37111 } }
I20260710 11:02:22.751296  1617 tablet_bootstrap.cc:492] T f2720fc61c8248bca7c77f9beb28c8ba P 3b4db18617854ab7bd48b6b2d6b23dd1: No bootstrap required, opened a new log
I20260710 11:02:22.753007  1617 ts_tablet_manager.cc:1403] T f2720fc61c8248bca7c77f9beb28c8ba P 3b4db18617854ab7bd48b6b2d6b23dd1: Time spent bootstrapping tablet: real 0.152s	user 0.020s	sys 0.004s
I20260710 11:02:22.751296  1615 tablet_bootstrap.cc:492] T 67a13c0b0298493b9a622bc9f0f23be0 P f46e86929a73408eb4ce9b472939515a: No bootstrap required, opened a new log
I20260710 11:02:22.756920  1617 raft_consensus.cc:359] T f2720fc61c8248bca7c77f9beb28c8ba P 3b4db18617854ab7bd48b6b2d6b23dd1 [term 0 FOLLOWER]: Replica starting. Triggering 0 pending ops. Active config: opid_index: -1 OBSOLETE_local: false peers { permanent_uuid: "107405a766f44016bd6f76fe15869a07" member_type: VOTER last_known_addr { host: "127.31.255.129" port: 36563 } } peers { permanent_uuid: "f46e86929a73408eb4ce9b472939515a" member_type: VOTER last_known_addr { host: "127.31.255.130" port: 45313 } } peers { permanent_uuid: "3b4db18617854ab7bd48b6b2d6b23dd1" member_type: VOTER last_known_addr { host: "127.31.255.131" port: 37111 } }
I20260710 11:02:22.757814  1617 raft_consensus.cc:385] T f2720fc61c8248bca7c77f9beb28c8ba P 3b4db18617854ab7bd48b6b2d6b23dd1 [term 0 FOLLOWER]: Consensus starting up: Expiring failure detector timer to make a prompt election more likely
I20260710 11:02:22.758199  1617 raft_consensus.cc:740] T f2720fc61c8248bca7c77f9beb28c8ba P 3b4db18617854ab7bd48b6b2d6b23dd1 [term 0 FOLLOWER]: Becoming Follower/Learner. State: Replica: 3b4db18617854ab7bd48b6b2d6b23dd1, State: Initialized, Role: FOLLOWER
I20260710 11:02:22.757819  1615 ts_tablet_manager.cc:1403] T 67a13c0b0298493b9a622bc9f0f23be0 P f46e86929a73408eb4ce9b472939515a: Time spent bootstrapping tablet: real 0.234s	user 0.020s	sys 0.009s
I20260710 11:02:22.759158  1617 consensus_queue.cc:260] T f2720fc61c8248bca7c77f9beb28c8ba P 3b4db18617854ab7bd48b6b2d6b23dd1 [NON_LEADER]: Queue going to NON_LEADER mode. State: All replicated index: 0, Majority replicated index: 0, Committed index: 0, Last appended: 0.0, Last appended by leader: 0, Current term: 0, Majority size: -1, State: 0, Mode: NON_LEADER, active raft config: opid_index: -1 OBSOLETE_local: false peers { permanent_uuid: "107405a766f44016bd6f76fe15869a07" member_type: VOTER last_known_addr { host: "127.31.255.129" port: 36563 } } peers { permanent_uuid: "f46e86929a73408eb4ce9b472939515a" member_type: VOTER last_known_addr { host: "127.31.255.130" port: 45313 } } peers { permanent_uuid: "3b4db18617854ab7bd48b6b2d6b23dd1" member_type: VOTER last_known_addr { host: "127.31.255.131" port: 37111 } }
I20260710 11:02:22.761313  1617 ts_tablet_manager.cc:1434] T f2720fc61c8248bca7c77f9beb28c8ba P 3b4db18617854ab7bd48b6b2d6b23dd1: Time spent starting tablet: real 0.008s	user 0.007s	sys 0.000s
I20260710 11:02:22.761428  1615 raft_consensus.cc:359] T 67a13c0b0298493b9a622bc9f0f23be0 P f46e86929a73408eb4ce9b472939515a [term 0 FOLLOWER]: Replica starting. Triggering 0 pending ops. Active config: opid_index: -1 OBSOLETE_local: false peers { permanent_uuid: "107405a766f44016bd6f76fe15869a07" member_type: VOTER last_known_addr { host: "127.31.255.129" port: 36563 } } peers { permanent_uuid: "f46e86929a73408eb4ce9b472939515a" member_type: VOTER last_known_addr { host: "127.31.255.130" port: 45313 } } peers { permanent_uuid: "3b4db18617854ab7bd48b6b2d6b23dd1" member_type: VOTER last_known_addr { host: "127.31.255.131" port: 37111 } }
I20260710 11:02:22.762063  1615 raft_consensus.cc:385] T 67a13c0b0298493b9a622bc9f0f23be0 P f46e86929a73408eb4ce9b472939515a [term 0 FOLLOWER]: Consensus starting up: Expiring failure detector timer to make a prompt election more likely
I20260710 11:02:22.762226  1617 tablet_bootstrap.cc:492] T 8cd6cf3f66984917a48d7941abbd6540 P 3b4db18617854ab7bd48b6b2d6b23dd1: Bootstrap starting.
I20260710 11:02:22.762316  1615 raft_consensus.cc:740] T 67a13c0b0298493b9a622bc9f0f23be0 P f46e86929a73408eb4ce9b472939515a [term 0 FOLLOWER]: Becoming Follower/Learner. State: Replica: f46e86929a73408eb4ce9b472939515a, State: Initialized, Role: FOLLOWER
I20260710 11:02:22.768718  1617 tablet_bootstrap.cc:654] T 8cd6cf3f66984917a48d7941abbd6540 P 3b4db18617854ab7bd48b6b2d6b23dd1: Neither blocks nor log segments found. Creating new log.
I20260710 11:02:22.770736  1321 catalog_manager.cc:5697] T af54987a778f484dad6798331755ffc6 P 3b4db18617854ab7bd48b6b2d6b23dd1 reported cstate change: term changed from 0 to 1, leader changed from <none> to 3b4db18617854ab7bd48b6b2d6b23dd1 (127.31.255.131). New cstate: current_term: 1 leader_uuid: "3b4db18617854ab7bd48b6b2d6b23dd1" committed_config { opid_index: -1 OBSOLETE_local: false peers { permanent_uuid: "107405a766f44016bd6f76fe15869a07" member_type: VOTER last_known_addr { host: "127.31.255.129" port: 36563 } health_report { overall_health: UNKNOWN } } peers { permanent_uuid: "f46e86929a73408eb4ce9b472939515a" member_type: VOTER last_known_addr { host: "127.31.255.130" port: 45313 } health_report { overall_health: UNKNOWN } } peers { permanent_uuid: "3b4db18617854ab7bd48b6b2d6b23dd1" member_type: VOTER last_known_addr { host: "127.31.255.131" port: 37111 } health_report { overall_health: HEALTHY } } }
I20260710 11:02:22.774432  1615 consensus_queue.cc:260] T 67a13c0b0298493b9a622bc9f0f23be0 P f46e86929a73408eb4ce9b472939515a [NON_LEADER]: Queue going to NON_LEADER mode. State: All replicated index: 0, Majority replicated index: 0, Committed index: 0, Last appended: 0.0, Last appended by leader: 0, Current term: 0, Majority size: -1, State: 0, Mode: NON_LEADER, active raft config: opid_index: -1 OBSOLETE_local: false peers { permanent_uuid: "107405a766f44016bd6f76fe15869a07" member_type: VOTER last_known_addr { host: "127.31.255.129" port: 36563 } } peers { permanent_uuid: "f46e86929a73408eb4ce9b472939515a" member_type: VOTER last_known_addr { host: "127.31.255.130" port: 45313 } } peers { permanent_uuid: "3b4db18617854ab7bd48b6b2d6b23dd1" member_type: VOTER last_known_addr { host: "127.31.255.131" port: 37111 } }
I20260710 11:02:22.776561  1615 ts_tablet_manager.cc:1434] T 67a13c0b0298493b9a622bc9f0f23be0 P f46e86929a73408eb4ce9b472939515a: Time spent starting tablet: real 0.017s	user 0.005s	sys 0.000s
I20260710 11:02:22.777443  1615 tablet_bootstrap.cc:492] T d7c8eb68eb814064911101c4c5dccc10 P f46e86929a73408eb4ce9b472939515a: Bootstrap starting.
I20260710 11:02:22.781144  1616 tablet_bootstrap.cc:492] T a4c1fa2371f14960bb0ee5aeb51d43e5 P 107405a766f44016bd6f76fe15869a07: No bootstrap required, opened a new log
I20260710 11:02:22.781622  1616 ts_tablet_manager.cc:1403] T a4c1fa2371f14960bb0ee5aeb51d43e5 P 107405a766f44016bd6f76fe15869a07: Time spent bootstrapping tablet: real 0.229s	user 0.025s	sys 0.026s
I20260710 11:02:22.784188  1616 raft_consensus.cc:359] T a4c1fa2371f14960bb0ee5aeb51d43e5 P 107405a766f44016bd6f76fe15869a07 [term 0 FOLLOWER]: Replica starting. Triggering 0 pending ops. Active config: opid_index: -1 OBSOLETE_local: false peers { permanent_uuid: "107405a766f44016bd6f76fe15869a07" member_type: VOTER last_known_addr { host: "127.31.255.129" port: 36563 } } peers { permanent_uuid: "f46e86929a73408eb4ce9b472939515a" member_type: VOTER last_known_addr { host: "127.31.255.130" port: 45313 } } peers { permanent_uuid: "3b4db18617854ab7bd48b6b2d6b23dd1" member_type: VOTER last_known_addr { host: "127.31.255.131" port: 37111 } }
I20260710 11:02:22.784844  1616 raft_consensus.cc:385] T a4c1fa2371f14960bb0ee5aeb51d43e5 P 107405a766f44016bd6f76fe15869a07 [term 0 FOLLOWER]: Consensus starting up: Expiring failure detector timer to make a prompt election more likely
I20260710 11:02:22.785136  1616 raft_consensus.cc:740] T a4c1fa2371f14960bb0ee5aeb51d43e5 P 107405a766f44016bd6f76fe15869a07 [term 0 FOLLOWER]: Becoming Follower/Learner. State: Replica: 107405a766f44016bd6f76fe15869a07, State: Initialized, Role: FOLLOWER
I20260710 11:02:22.785772  1616 consensus_queue.cc:260] T a4c1fa2371f14960bb0ee5aeb51d43e5 P 107405a766f44016bd6f76fe15869a07 [NON_LEADER]: Queue going to NON_LEADER mode. State: All replicated index: 0, Majority replicated index: 0, Committed index: 0, Last appended: 0.0, Last appended by leader: 0, Current term: 0, Majority size: -1, State: 0, Mode: NON_LEADER, active raft config: opid_index: -1 OBSOLETE_local: false peers { permanent_uuid: "107405a766f44016bd6f76fe15869a07" member_type: VOTER last_known_addr { host: "127.31.255.129" port: 36563 } } peers { permanent_uuid: "f46e86929a73408eb4ce9b472939515a" member_type: VOTER last_known_addr { host: "127.31.255.130" port: 45313 } } peers { permanent_uuid: "3b4db18617854ab7bd48b6b2d6b23dd1" member_type: VOTER last_known_addr { host: "127.31.255.131" port: 37111 } }
I20260710 11:02:22.786733  1617 tablet_bootstrap.cc:492] T 8cd6cf3f66984917a48d7941abbd6540 P 3b4db18617854ab7bd48b6b2d6b23dd1: No bootstrap required, opened a new log
I20260710 11:02:22.787184  1617 ts_tablet_manager.cc:1403] T 8cd6cf3f66984917a48d7941abbd6540 P 3b4db18617854ab7bd48b6b2d6b23dd1: Time spent bootstrapping tablet: real 0.025s	user 0.014s	sys 0.000s
I20260710 11:02:22.787675  1615 tablet_bootstrap.cc:654] T d7c8eb68eb814064911101c4c5dccc10 P f46e86929a73408eb4ce9b472939515a: Neither blocks nor log segments found. Creating new log.
I20260710 11:02:22.787709  1616 ts_tablet_manager.cc:1434] T a4c1fa2371f14960bb0ee5aeb51d43e5 P 107405a766f44016bd6f76fe15869a07: Time spent starting tablet: real 0.006s	user 0.004s	sys 0.004s
I20260710 11:02:22.788717  1616 tablet_bootstrap.cc:492] T 87a6929ee67f41838782daec950dd42e P 107405a766f44016bd6f76fe15869a07: Bootstrap starting.
