I20260710 11:02:24.704028 17539 consensus_queue.cc:237] T 05f76a4861b24aabac469e98e9a9a897 P 1ead685610d04cb1852bbc20478fb763 [LEADER]: Queue going to LEADER mode. State: All replicated index: 0, Majority replicated index: 3, Committed index: 3, Last appended: 1.3, Last appended by leader: 0, Current term: 1, Majority size: 2, State: 0, Mode: LEADER, active raft config: opid_index: 4 OBSOLETE_local: false peers { permanent_uuid: "21c5dedfdafb4213a41d9b42a8a3ac29" member_type: VOTER last_known_addr { host: "127.15.231.2" port: 34861 } } peers { permanent_uuid: "1ead685610d04cb1852bbc20478fb763" member_type: VOTER last_known_addr { host: "127.15.231.3" port: 35115 } } peers { permanent_uuid: "6fab4d2886174f80b3dbb57180edb358" member_type: VOTER last_known_addr { host: "127.15.231.4" port: 44993 } attrs { promote: false } }
I20260710 11:02:24.710630 17887 consensus_queue.cc:1048] T c750a95b5a664b128644e9aeeb6dc756 P 21c5dedfdafb4213a41d9b42a8a3ac29 [LEADER]: Connected to new peer: Peer: permanent_uuid: "2e5209f62d2c41a481d64a4e49244ce7" member_type: VOTER last_known_addr { host: "127.15.231.1" port: 39327 }, Status: LMP_MISMATCH, Last received: 0.0, Next index: 3, Last known committed idx: 2, Time since last communication: 0.001s
I20260710 11:02:24.716886 17377 tablet_service.cc:1558] Processing DeleteTablet for tablet ca332e1fd0f2409789d4afeb57c19962 with delete_type TABLET_DATA_TOMBSTONED (TS 2e5209f62d2c41a481d64a4e49244ce7 not found in new config with opid_index 4) from {username='slave'} at 127.0.0.1:48880
I20260710 11:02:24.721524 17813 raft_consensus.cc:1275] T 05f76a4861b24aabac469e98e9a9a897 P 6fab4d2886174f80b3dbb57180edb358 [term 1 FOLLOWER]: Refusing update from remote peer 1ead685610d04cb1852bbc20478fb763: Log matching property violated. Preceding OpId in replica: term: 1 index: 3. Preceding OpId from leader: term: 1 index: 4. (index mismatch)
I20260710 11:02:24.723687 17890 consensus_queue.cc:1048] T 05f76a4861b24aabac469e98e9a9a897 P 1ead685610d04cb1852bbc20478fb763 [LEADER]: Connected to new peer: Peer: permanent_uuid: "6fab4d2886174f80b3dbb57180edb358" member_type: VOTER last_known_addr { host: "127.15.231.4" port: 44993 } attrs { promote: false }, Status: LMP_MISMATCH, Last received: 0.0, Next index: 4, Last known committed idx: 3, Time since last communication: 0.001s
I20260710 11:02:24.738989 17913 tablet_replica.cc:333] T ca332e1fd0f2409789d4afeb57c19962 P 2e5209f62d2c41a481d64a4e49244ce7: stopping tablet replica
I20260710 11:02:24.739905 17913 raft_consensus.cc:2243] T ca332e1fd0f2409789d4afeb57c19962 P 2e5209f62d2c41a481d64a4e49244ce7 [term 2 FOLLOWER]: Raft consensus shutting down.
I20260710 11:02:24.740474 17913 raft_consensus.cc:2272] T ca332e1fd0f2409789d4afeb57c19962 P 2e5209f62d2c41a481d64a4e49244ce7 [term 2 FOLLOWER]: Raft consensus is shut down!
I20260710 11:02:24.742461 17467 raft_consensus.cc:1275] T 05f76a4861b24aabac469e98e9a9a897 P 21c5dedfdafb4213a41d9b42a8a3ac29 [term 1 FOLLOWER]: Refusing update from remote peer 1ead685610d04cb1852bbc20478fb763: Log matching property violated. Preceding OpId in replica: term: 1 index: 3. Preceding OpId from leader: term: 1 index: 4. (index mismatch)
I20260710 11:02:24.742216 17616 raft_consensus.cc:2955] T 05f76a4861b24aabac469e98e9a9a897 P 1ead685610d04cb1852bbc20478fb763 [term 1 LEADER]: Committing config change with OpId 1.4: config changed from index 3 to 4, VOTER 2e5209f62d2c41a481d64a4e49244ce7 (127.15.231.1) evicted. New config: { opid_index: 4 OBSOLETE_local: false peers { permanent_uuid: "21c5dedfdafb4213a41d9b42a8a3ac29" member_type: VOTER last_known_addr { host: "127.15.231.2" port: 34861 } } peers { permanent_uuid: "1ead685610d04cb1852bbc20478fb763" member_type: VOTER last_known_addr { host: "127.15.231.3" port: 35115 } } peers { permanent_uuid: "6fab4d2886174f80b3dbb57180edb358" member_type: VOTER last_known_addr { host: "127.15.231.4" port: 44993 } attrs { promote: false } } }
I20260710 11:02:24.745869 17913 ts_tablet_manager.cc:1916] T ca332e1fd0f2409789d4afeb57c19962 P 2e5209f62d2c41a481d64a4e49244ce7: Deleting tablet data with delete state TABLET_DATA_TOMBSTONED
I20260710 11:02:24.747325 17865 consensus_queue.cc:1048] T 05f76a4861b24aabac469e98e9a9a897 P 1ead685610d04cb1852bbc20478fb763 [LEADER]: Connected to new peer: Peer: permanent_uuid: "21c5dedfdafb4213a41d9b42a8a3ac29" member_type: VOTER last_known_addr { host: "127.15.231.2" port: 34861 }, Status: LMP_MISMATCH, Last received: 0.0, Next index: 4, Last known committed idx: 3, Time since last communication: 0.001s
I20260710 11:02:24.750025 17815 raft_consensus.cc:2955] T 05f76a4861b24aabac469e98e9a9a897 P 6fab4d2886174f80b3dbb57180edb358 [term 1 FOLLOWER]: Committing config change with OpId 1.4: config changed from index 3 to 4, VOTER 2e5209f62d2c41a481d64a4e49244ce7 (127.15.231.1) evicted. New config: { opid_index: 4 OBSOLETE_local: false peers { permanent_uuid: "21c5dedfdafb4213a41d9b42a8a3ac29" member_type: VOTER last_known_addr { host: "127.15.231.2" port: 34861 } } peers { permanent_uuid: "1ead685610d04cb1852bbc20478fb763" member_type: VOTER last_known_addr { host: "127.15.231.3" port: 35115 } } peers { permanent_uuid: "6fab4d2886174f80b3dbb57180edb358" member_type: VOTER last_known_addr { host: "127.15.231.4" port: 44993 } attrs { promote: false } } }
I20260710 11:02:24.756266 17887 raft_consensus.cc:2955] T c750a95b5a664b128644e9aeeb6dc756 P 21c5dedfdafb4213a41d9b42a8a3ac29 [term 1 LEADER]: Committing config change with OpId 1.3: config changed from index 2 to 3, 6fab4d2886174f80b3dbb57180edb358 (127.15.231.4) changed from NON_VOTER to VOTER. New config: { opid_index: 3 OBSOLETE_local: false peers { permanent_uuid: "2e5209f62d2c41a481d64a4e49244ce7" member_type: VOTER last_known_addr { host: "127.15.231.1" port: 39327 } } peers { permanent_uuid: "21c5dedfdafb4213a41d9b42a8a3ac29" member_type: VOTER last_known_addr { host: "127.15.231.2" port: 34861 } } peers { permanent_uuid: "1ead685610d04cb1852bbc20478fb763" member_type: VOTER last_known_addr { host: "127.15.231.3" port: 35115 } attrs { replace: true } } peers { permanent_uuid: "6fab4d2886174f80b3dbb57180edb358" member_type: VOTER last_known_addr { host: "127.15.231.4" port: 44993 } attrs { promote: false } } }
I20260710 11:02:24.760892 17539 raft_consensus.cc:2955] T c750a95b5a664b128644e9aeeb6dc756 P 1ead685610d04cb1852bbc20478fb763 [term 1 FOLLOWER]: Committing config change with OpId 1.3: config changed from index 2 to 3, 6fab4d2886174f80b3dbb57180edb358 (127.15.231.4) changed from NON_VOTER to VOTER. New config: { opid_index: 3 OBSOLETE_local: false peers { permanent_uuid: "2e5209f62d2c41a481d64a4e49244ce7" member_type: VOTER last_known_addr { host: "127.15.231.1" port: 39327 } } peers { permanent_uuid: "21c5dedfdafb4213a41d9b42a8a3ac29" member_type: VOTER last_known_addr { host: "127.15.231.2" port: 34861 } } peers { permanent_uuid: "1ead685610d04cb1852bbc20478fb763" member_type: VOTER last_known_addr { host: "127.15.231.3" port: 35115 } attrs { replace: true } } peers { permanent_uuid: "6fab4d2886174f80b3dbb57180edb358" member_type: VOTER last_known_addr { host: "127.15.231.4" port: 44993 } attrs { promote: false } } }
I20260710 11:02:24.757660 17467 raft_consensus.cc:2955] T 05f76a4861b24aabac469e98e9a9a897 P 21c5dedfdafb4213a41d9b42a8a3ac29 [term 1 FOLLOWER]: Committing config change with OpId 1.4: config changed from index 3 to 4, VOTER 2e5209f62d2c41a481d64a4e49244ce7 (127.15.231.1) evicted. New config: { opid_index: 4 OBSOLETE_local: false peers { permanent_uuid: "21c5dedfdafb4213a41d9b42a8a3ac29" member_type: VOTER last_known_addr { host: "127.15.231.2" port: 34861 } } peers { permanent_uuid: "1ead685610d04cb1852bbc20478fb763" member_type: VOTER last_known_addr { host: "127.15.231.3" port: 35115 } } peers { permanent_uuid: "6fab4d2886174f80b3dbb57180edb358" member_type: VOTER last_known_addr { host: "127.15.231.4" port: 44993 } attrs { promote: false } } }
W20260710 11:02:24.775568 17432 outbound_call.cc:321] RPC callback for RPC call kudu.consensus.ConsensusService.UpdateConsensus -> {remote=127.15.231.1:39327, user_credentials={real_user=slave}} blocked reactor thread for 45271.2us
I20260710 11:02:24.822268 17278 catalog_manager.cc:5210] ChangeConfig:REMOVE_PEER RPC for tablet 05f76a4861b24aabac469e98e9a9a897 with cas_config_opid_index 3: ChangeConfig:REMOVE_PEER succeeded (attempt 1)
I20260710 11:02:24.831595 17291 catalog_manager.cc:5697] T 05f76a4861b24aabac469e98e9a9a897 P 6fab4d2886174f80b3dbb57180edb358 reported cstate change: config changed from index 3 to 4, VOTER 2e5209f62d2c41a481d64a4e49244ce7 (127.15.231.1) evicted. New cstate: current_term: 1 leader_uuid: "1ead685610d04cb1852bbc20478fb763" committed_config { opid_index: 4 OBSOLETE_local: false peers { permanent_uuid: "21c5dedfdafb4213a41d9b42a8a3ac29" member_type: VOTER last_known_addr { host: "127.15.231.2" port: 34861 } } peers { permanent_uuid: "1ead685610d04cb1852bbc20478fb763" member_type: VOTER last_known_addr { host: "127.15.231.3" port: 35115 } } peers { permanent_uuid: "6fab4d2886174f80b3dbb57180edb358" member_type: VOTER last_known_addr { host: "127.15.231.4" port: 44993 } attrs { promote: false } } }
I20260710 11:02:24.841925 17392 raft_consensus.cc:2955] T c750a95b5a664b128644e9aeeb6dc756 P 2e5209f62d2c41a481d64a4e49244ce7 [term 1 FOLLOWER]: Committing config change with OpId 1.3: config changed from index 2 to 3, 6fab4d2886174f80b3dbb57180edb358 (127.15.231.4) changed from NON_VOTER to VOTER. New config: { opid_index: 3 OBSOLETE_local: false peers { permanent_uuid: "2e5209f62d2c41a481d64a4e49244ce7" member_type: VOTER last_known_addr { host: "127.15.231.1" port: 39327 } } peers { permanent_uuid: "21c5dedfdafb4213a41d9b42a8a3ac29" member_type: VOTER last_known_addr { host: "127.15.231.2" port: 34861 } } peers { permanent_uuid: "1ead685610d04cb1852bbc20478fb763" member_type: VOTER last_known_addr { host: "127.15.231.3" port: 35115 } attrs { replace: true } } peers { permanent_uuid: "6fab4d2886174f80b3dbb57180edb358" member_type: VOTER last_known_addr { host: "127.15.231.4" port: 44993 } attrs { promote: false } } }
I20260710 11:02:24.837033 17815 raft_consensus.cc:2955] T c750a95b5a664b128644e9aeeb6dc756 P 6fab4d2886174f80b3dbb57180edb358 [term 1 FOLLOWER]: Committing config change with OpId 1.3: config changed from index 2 to 3, 6fab4d2886174f80b3dbb57180edb358 (127.15.231.4) changed from NON_VOTER to VOTER. New config: { opid_index: 3 OBSOLETE_local: false peers { permanent_uuid: "2e5209f62d2c41a481d64a4e49244ce7" member_type: VOTER last_known_addr { host: "127.15.231.1" port: 39327 } } peers { permanent_uuid: "21c5dedfdafb4213a41d9b42a8a3ac29" member_type: VOTER last_known_addr { host: "127.15.231.2" port: 34861 } } peers { permanent_uuid: "1ead685610d04cb1852bbc20478fb763" member_type: VOTER last_known_addr { host: "127.15.231.3" port: 35115 } attrs { replace: true } } peers { permanent_uuid: "6fab4d2886174f80b3dbb57180edb358" member_type: VOTER last_known_addr { host: "127.15.231.4" port: 44993 } attrs { promote: false } } }
I20260710 11:02:24.868625 17391 consensus_queue.cc:237] T fc02e116373f43cfba41b54b4ad998d8 P 2e5209f62d2c41a481d64a4e49244ce7 [LEADER]: Queue going to LEADER mode. State: All replicated index: 0, Majority replicated index: 3, Committed index: 3, Last appended: 1.3, Last appended by leader: 0, Current term: 1, Majority size: 2, State: 0, Mode: LEADER, active raft config: opid_index: 4 OBSOLETE_local: false peers { permanent_uuid: "2e5209f62d2c41a481d64a4e49244ce7" member_type: VOTER last_known_addr { host: "127.15.231.1" port: 39327 } } peers { permanent_uuid: "1ead685610d04cb1852bbc20478fb763" member_type: VOTER last_known_addr { host: "127.15.231.3" port: 35115 } } peers { permanent_uuid: "6fab4d2886174f80b3dbb57180edb358" member_type: VOTER last_known_addr { host: "127.15.231.4" port: 44993 } attrs { promote: false } }
I20260710 11:02:24.881448 17813 raft_consensus.cc:1275] T fc02e116373f43cfba41b54b4ad998d8 P 6fab4d2886174f80b3dbb57180edb358 [term 1 FOLLOWER]: Refusing update from remote peer 2e5209f62d2c41a481d64a4e49244ce7: Log matching property violated. Preceding OpId in replica: term: 1 index: 3. Preceding OpId from leader: term: 1 index: 4. (index mismatch)
I20260710 11:02:24.885041 17633 consensus_queue.cc:1048] T fc02e116373f43cfba41b54b4ad998d8 P 2e5209f62d2c41a481d64a4e49244ce7 [LEADER]: Connected to new peer: Peer: permanent_uuid: "6fab4d2886174f80b3dbb57180edb358" member_type: VOTER last_known_addr { host: "127.15.231.4" port: 44993 } attrs { promote: false }, Status: LMP_MISMATCH, Last received: 0.0, Next index: 4, Last known committed idx: 3, Time since last communication: 0.001s
I20260710 11:02:24.884788 17290 catalog_manager.cc:5697] T c750a95b5a664b128644e9aeeb6dc756 P 1ead685610d04cb1852bbc20478fb763 reported cstate change: config changed from index 2 to 3, 6fab4d2886174f80b3dbb57180edb358 (127.15.231.4) changed from NON_VOTER to VOTER. New cstate: current_term: 1 leader_uuid: "21c5dedfdafb4213a41d9b42a8a3ac29" committed_config { opid_index: 3 OBSOLETE_local: false peers { permanent_uuid: "2e5209f62d2c41a481d64a4e49244ce7" member_type: VOTER last_known_addr { host: "127.15.231.1" port: 39327 } } peers { permanent_uuid: "21c5dedfdafb4213a41d9b42a8a3ac29" member_type: VOTER last_known_addr { host: "127.15.231.2" port: 34861 } } peers { permanent_uuid: "1ead685610d04cb1852bbc20478fb763" member_type: VOTER last_known_addr { host: "127.15.231.3" port: 35115 } attrs { replace: true } } peers { permanent_uuid: "6fab4d2886174f80b3dbb57180edb358" member_type: VOTER last_known_addr { host: "127.15.231.4" port: 44993 } attrs { promote: false } } }
I20260710 11:02:24.891734 17913 ts_tablet_manager.cc:1929] T ca332e1fd0f2409789d4afeb57c19962 P 2e5209f62d2c41a481d64a4e49244ce7: tablet deleted with delete type TABLET_DATA_TOMBSTONED: last-logged OpId 2.3
I20260710 11:02:24.892665 17913 log.cc:1199] T ca332e1fd0f2409789d4afeb57c19962 P 2e5209f62d2c41a481d64a4e49244ce7: Deleting WAL directory at /tmp/dist-test-taskx7tBWW/test-tmp/auto_leader_rebalancer-test.0.LeaderRebalancerTest.AddTserver.1783681314340575-16284-0/minicluster-data/ts-0-root/wals/ca332e1fd0f2409789d4afeb57c19962
I20260710 11:02:24.897647 17377 tablet_service.cc:1558] Processing DeleteTablet for tablet 05f76a4861b24aabac469e98e9a9a897 with delete_type TABLET_DATA_TOMBSTONED (TS 2e5209f62d2c41a481d64a4e49244ce7 not found in new config with opid_index 4) from {username='slave'} at 127.0.0.1:48880
I20260710 11:02:24.913934 17539 raft_consensus.cc:1275] T fc02e116373f43cfba41b54b4ad998d8 P 1ead685610d04cb1852bbc20478fb763 [term 1 FOLLOWER]: Refusing update from remote peer 2e5209f62d2c41a481d64a4e49244ce7: Log matching property violated. Preceding OpId in replica: term: 1 index: 3. Preceding OpId from leader: term: 1 index: 4. (index mismatch)
I20260710 11:02:24.916349 17662 consensus_queue.cc:1048] T fc02e116373f43cfba41b54b4ad998d8 P 2e5209f62d2c41a481d64a4e49244ce7 [LEADER]: Connected to new peer: Peer: permanent_uuid: "1ead685610d04cb1852bbc20478fb763" member_type: VOTER last_known_addr { host: "127.15.231.3" port: 35115 }, Status: LMP_MISMATCH, Last received: 0.0, Next index: 4, Last known committed idx: 3, Time since last communication: 0.001s
I20260710 11:02:24.918900 17813 raft_consensus.cc:2955] T fc02e116373f43cfba41b54b4ad998d8 P 6fab4d2886174f80b3dbb57180edb358 [term 1 FOLLOWER]: Committing config change with OpId 1.4: config changed from index 3 to 4, VOTER 21c5dedfdafb4213a41d9b42a8a3ac29 (127.15.231.2) evicted. New config: { opid_index: 4 OBSOLETE_local: false peers { permanent_uuid: "2e5209f62d2c41a481d64a4e49244ce7" member_type: VOTER last_known_addr { host: "127.15.231.1" port: 39327 } } peers { permanent_uuid: "1ead685610d04cb1852bbc20478fb763" member_type: VOTER last_known_addr { host: "127.15.231.3" port: 35115 } } peers { permanent_uuid: "6fab4d2886174f80b3dbb57180edb358" member_type: VOTER last_known_addr { host: "127.15.231.4" port: 44993 } attrs { promote: false } } }
I20260710 11:02:24.920351 17906 raft_consensus.cc:2955] T fc02e116373f43cfba41b54b4ad998d8 P 2e5209f62d2c41a481d64a4e49244ce7 [term 1 LEADER]: Committing config change with OpId 1.4: config changed from index 3 to 4, VOTER 21c5dedfdafb4213a41d9b42a8a3ac29 (127.15.231.2) evicted. New config: { opid_index: 4 OBSOLETE_local: false peers { permanent_uuid: "2e5209f62d2c41a481d64a4e49244ce7" member_type: VOTER last_known_addr { host: "127.15.231.1" port: 39327 } } peers { permanent_uuid: "1ead685610d04cb1852bbc20478fb763" member_type: VOTER last_known_addr { host: "127.15.231.3" port: 35115 } } peers { permanent_uuid: "6fab4d2886174f80b3dbb57180edb358" member_type: VOTER last_known_addr { host: "127.15.231.4" port: 44993 } attrs { promote: false } } }
I20260710 11:02:24.929831 17540 raft_consensus.cc:2955] T fc02e116373f43cfba41b54b4ad998d8 P 1ead685610d04cb1852bbc20478fb763 [term 1 FOLLOWER]: Committing config change with OpId 1.4: config changed from index 3 to 4, VOTER 21c5dedfdafb4213a41d9b42a8a3ac29 (127.15.231.2) evicted. New config: { opid_index: 4 OBSOLETE_local: false peers { permanent_uuid: "2e5209f62d2c41a481d64a4e49244ce7" member_type: VOTER last_known_addr { host: "127.15.231.1" port: 39327 } } peers { permanent_uuid: "1ead685610d04cb1852bbc20478fb763" member_type: VOTER last_known_addr { host: "127.15.231.3" port: 35115 } } peers { permanent_uuid: "6fab4d2886174f80b3dbb57180edb358" member_type: VOTER last_known_addr { host: "127.15.231.4" port: 44993 } attrs { promote: false } } }
I20260710 11:02:24.938282 17913 tablet_replica.cc:333] T 05f76a4861b24aabac469e98e9a9a897 P 2e5209f62d2c41a481d64a4e49244ce7: stopping tablet replica
I20260710 11:02:24.929723 17276 catalog_manager.cc:5028] TS 2e5209f62d2c41a481d64a4e49244ce7 (127.15.231.1:39327): tablet ca332e1fd0f2409789d4afeb57c19962 (table test-workload [id=8e5998c754794c509803c6d15349587a]) successfully deleted
I20260710 11:02:24.939810 17913 raft_consensus.cc:2243] T 05f76a4861b24aabac469e98e9a9a897 P 2e5209f62d2c41a481d64a4e49244ce7 [term 1 FOLLOWER]: Raft consensus shutting down.
I20260710 11:02:24.941201 17913 raft_consensus.cc:2272] T 05f76a4861b24aabac469e98e9a9a897 P 2e5209f62d2c41a481d64a4e49244ce7 [term 1 FOLLOWER]: Raft consensus is shut down!
I20260710 11:02:24.944123 17291 catalog_manager.cc:5697] T fc02e116373f43cfba41b54b4ad998d8 P 6fab4d2886174f80b3dbb57180edb358 reported cstate change: config changed from index 3 to 4, VOTER 21c5dedfdafb4213a41d9b42a8a3ac29 (127.15.231.2) evicted. New cstate: current_term: 1 leader_uuid: "2e5209f62d2c41a481d64a4e49244ce7" committed_config { opid_index: 4 OBSOLETE_local: false peers { permanent_uuid: "2e5209f62d2c41a481d64a4e49244ce7" member_type: VOTER last_known_addr { host: "127.15.231.1" port: 39327 } } peers { permanent_uuid: "1ead685610d04cb1852bbc20478fb763" member_type: VOTER last_known_addr { host: "127.15.231.3" port: 35115 } } peers { permanent_uuid: "6fab4d2886174f80b3dbb57180edb358" member_type: VOTER last_known_addr { host: "127.15.231.4" port: 44993 } attrs { promote: false } } }
I20260710 11:02:24.945225 17276 catalog_manager.cc:5210] ChangeConfig:REMOVE_PEER RPC for tablet fc02e116373f43cfba41b54b4ad998d8 with cas_config_opid_index 3: ChangeConfig:REMOVE_PEER succeeded (attempt 1)
I20260710 11:02:24.953941 17913 ts_tablet_manager.cc:1916] T 05f76a4861b24aabac469e98e9a9a897 P 2e5209f62d2c41a481d64a4e49244ce7: Deleting tablet data with delete state TABLET_DATA_TOMBSTONED
I20260710 11:02:24.959348 17467 consensus_queue.cc:237] T c750a95b5a664b128644e9aeeb6dc756 P 21c5dedfdafb4213a41d9b42a8a3ac29 [LEADER]: Queue going to LEADER mode. State: All replicated index: 0, Majority replicated index: 3, Committed index: 3, Last appended: 1.3, Last appended by leader: 0, Current term: 1, Majority size: 2, State: 0, Mode: LEADER, active raft config: opid_index: 4 OBSOLETE_local: false peers { permanent_uuid: "2e5209f62d2c41a481d64a4e49244ce7" member_type: VOTER last_known_addr { host: "127.15.231.1" port: 39327 } } peers { permanent_uuid: "21c5dedfdafb4213a41d9b42a8a3ac29" member_type: VOTER last_known_addr { host: "127.15.231.2" port: 34861 } } peers { permanent_uuid: "6fab4d2886174f80b3dbb57180edb358" member_type: VOTER last_known_addr { host: "127.15.231.4" port: 44993 } attrs { promote: false } }
I20260710 11:02:24.968405 17813 raft_consensus.cc:1275] T c750a95b5a664b128644e9aeeb6dc756 P 6fab4d2886174f80b3dbb57180edb358 [term 1 FOLLOWER]: Refusing update from remote peer 21c5dedfdafb4213a41d9b42a8a3ac29: Log matching property violated. Preceding OpId in replica: term: 1 index: 3. Preceding OpId from leader: term: 1 index: 4. (index mismatch)
I20260710 11:02:24.968786 17391 raft_consensus.cc:1275] T c750a95b5a664b128644e9aeeb6dc756 P 2e5209f62d2c41a481d64a4e49244ce7 [term 1 FOLLOWER]: Refusing update from remote peer 21c5dedfdafb4213a41d9b42a8a3ac29: Log matching property violated. Preceding OpId in replica: term: 1 index: 3. Preceding OpId from leader: term: 1 index: 4. (index mismatch)
I20260710 11:02:24.970350 17888 consensus_queue.cc:1048] T c750a95b5a664b128644e9aeeb6dc756 P 21c5dedfdafb4213a41d9b42a8a3ac29 [LEADER]: Connected to new peer: Peer: permanent_uuid: "6fab4d2886174f80b3dbb57180edb358" member_type: VOTER last_known_addr { host: "127.15.231.4" port: 44993 } attrs { promote: false }, Status: LMP_MISMATCH, Last received: 0.0, Next index: 4, Last known committed idx: 3, Time since last communication: 0.001s
I20260710 11:02:24.972931 17913 ts_tablet_manager.cc:1929] T 05f76a4861b24aabac469e98e9a9a897 P 2e5209f62d2c41a481d64a4e49244ce7: tablet deleted with delete type TABLET_DATA_TOMBSTONED: last-logged OpId 1.3
I20260710 11:02:24.973404 17913 log.cc:1199] T 05f76a4861b24aabac469e98e9a9a897 P 2e5209f62d2c41a481d64a4e49244ce7: Deleting WAL directory at /tmp/dist-test-taskx7tBWW/test-tmp/auto_leader_rebalancer-test.0.LeaderRebalancerTest.AddTserver.1783681314340575-16284-0/minicluster-data/ts-0-root/wals/05f76a4861b24aabac469e98e9a9a897
I20260710 11:02:24.974619 17455 tablet_service.cc:1558] Processing DeleteTablet for tablet fc02e116373f43cfba41b54b4ad998d8 with delete_type TABLET_DATA_TOMBSTONED (TS 21c5dedfdafb4213a41d9b42a8a3ac29 not found in new config with opid_index 4) from {username='slave'} at 127.0.0.1:39838
I20260710 11:02:24.974650 17910 consensus_queue.cc:1048] T c750a95b5a664b128644e9aeeb6dc756 P 21c5dedfdafb4213a41d9b42a8a3ac29 [LEADER]: Connected to new peer: Peer: permanent_uuid: "2e5209f62d2c41a481d64a4e49244ce7" member_type: VOTER last_known_addr { host: "127.15.231.1" port: 39327 }, Status: LMP_MISMATCH, Last received: 0.0, Next index: 4, Last known committed idx: 3, Time since last communication: 0.002s
I20260710 11:02:24.976742 17276 catalog_manager.cc:5028] TS 2e5209f62d2c41a481d64a4e49244ce7 (127.15.231.1:39327): tablet 05f76a4861b24aabac469e98e9a9a897 (table test-workload [id=8e5998c754794c509803c6d15349587a]) successfully deleted
I20260710 11:02:24.977349 17917 tablet_replica.cc:333] T fc02e116373f43cfba41b54b4ad998d8 P 21c5dedfdafb4213a41d9b42a8a3ac29: stopping tablet replica
I20260710 11:02:24.978750 17917 raft_consensus.cc:2243] T fc02e116373f43cfba41b54b4ad998d8 P 21c5dedfdafb4213a41d9b42a8a3ac29 [term 1 FOLLOWER]: Raft consensus shutting down.
I20260710 11:02:24.980131 17917 raft_consensus.cc:2272] T fc02e116373f43cfba41b54b4ad998d8 P 21c5dedfdafb4213a41d9b42a8a3ac29 [term 1 FOLLOWER]: Raft consensus is shut down!
I20260710 11:02:24.983273 17888 raft_consensus.cc:2955] T c750a95b5a664b128644e9aeeb6dc756 P 21c5dedfdafb4213a41d9b42a8a3ac29 [term 1 LEADER]: Committing config change with OpId 1.4: config changed from index 3 to 4, VOTER 1ead685610d04cb1852bbc20478fb763 (127.15.231.3) evicted. New config: { opid_index: 4 OBSOLETE_local: false peers { permanent_uuid: "2e5209f62d2c41a481d64a4e49244ce7" member_type: VOTER last_known_addr { host: "127.15.231.1" port: 39327 } } peers { permanent_uuid: "21c5dedfdafb4213a41d9b42a8a3ac29" member_type: VOTER last_known_addr { host: "127.15.231.2" port: 34861 } } peers { permanent_uuid: "6fab4d2886174f80b3dbb57180edb358" member_type: VOTER last_known_addr { host: "127.15.231.4" port: 44993 } attrs { promote: false } } }
I20260710 11:02:24.988822 17917 ts_tablet_manager.cc:1916] T fc02e116373f43cfba41b54b4ad998d8 P 21c5dedfdafb4213a41d9b42a8a3ac29: Deleting tablet data with delete state TABLET_DATA_TOMBSTONED
I20260710 11:02:24.993232 17813 raft_consensus.cc:2955] T c750a95b5a664b128644e9aeeb6dc756 P 6fab4d2886174f80b3dbb57180edb358 [term 1 FOLLOWER]: Committing config change with OpId 1.4: config changed from index 3 to 4, VOTER 1ead685610d04cb1852bbc20478fb763 (127.15.231.3) evicted. New config: { opid_index: 4 OBSOLETE_local: false peers { permanent_uuid: "2e5209f62d2c41a481d64a4e49244ce7" member_type: VOTER last_known_addr { host: "127.15.231.1" port: 39327 } } peers { permanent_uuid: "21c5dedfdafb4213a41d9b42a8a3ac29" member_type: VOTER last_known_addr { host: "127.15.231.2" port: 34861 } } peers { permanent_uuid: "6fab4d2886174f80b3dbb57180edb358" member_type: VOTER last_known_addr { host: "127.15.231.4" port: 44993 } attrs { promote: false } } }
I20260710 11:02:24.993233 17391 raft_consensus.cc:2955] T c750a95b5a664b128644e9aeeb6dc756 P 2e5209f62d2c41a481d64a4e49244ce7 [term 1 FOLLOWER]: Committing config change with OpId 1.4: config changed from index 3 to 4, VOTER 1ead685610d04cb1852bbc20478fb763 (127.15.231.3) evicted. New config: { opid_index: 4 OBSOLETE_local: false peers { permanent_uuid: "2e5209f62d2c41a481d64a4e49244ce7" member_type: VOTER last_known_addr { host: "127.15.231.1" port: 39327 } } peers { permanent_uuid: "21c5dedfdafb4213a41d9b42a8a3ac29" member_type: VOTER last_known_addr { host: "127.15.231.2" port: 34861 } } peers { permanent_uuid: "6fab4d2886174f80b3dbb57180edb358" member_type: VOTER last_known_addr { host: "127.15.231.4" port: 44993 } attrs { promote: false } } }
I20260710 11:02:25.009678 17917 ts_tablet_manager.cc:1929] T fc02e116373f43cfba41b54b4ad998d8 P 21c5dedfdafb4213a41d9b42a8a3ac29: tablet deleted with delete type TABLET_DATA_TOMBSTONED: last-logged OpId 1.3
I20260710 11:02:25.013023 17917 log.cc:1199] T fc02e116373f43cfba41b54b4ad998d8 P 21c5dedfdafb4213a41d9b42a8a3ac29: Deleting WAL directory at /tmp/dist-test-taskx7tBWW/test-tmp/auto_leader_rebalancer-test.0.LeaderRebalancerTest.AddTserver.1783681314340575-16284-0/minicluster-data/ts-1-root/wals/fc02e116373f43cfba41b54b4ad998d8
I20260710 11:02:25.015563 17276 catalog_manager.cc:5028] TS 21c5dedfdafb4213a41d9b42a8a3ac29 (127.15.231.2:34861): tablet fc02e116373f43cfba41b54b4ad998d8 (table test-workload [id=8e5998c754794c509803c6d15349587a]) successfully deleted
I20260710 11:02:25.015522 17288 catalog_manager.cc:5697] T c750a95b5a664b128644e9aeeb6dc756 P 6fab4d2886174f80b3dbb57180edb358 reported cstate change: config changed from index 3 to 4, VOTER 1ead685610d04cb1852bbc20478fb763 (127.15.231.3) evicted. New cstate: current_term: 1 leader_uuid: "21c5dedfdafb4213a41d9b42a8a3ac29" committed_config { opid_index: 4 OBSOLETE_local: false peers { permanent_uuid: "2e5209f62d2c41a481d64a4e49244ce7" member_type: VOTER last_known_addr { host: "127.15.231.1" port: 39327 } } peers { permanent_uuid: "21c5dedfdafb4213a41d9b42a8a3ac29" member_type: VOTER last_known_addr { host: "127.15.231.2" port: 34861 } } peers { permanent_uuid: "6fab4d2886174f80b3dbb57180edb358" member_type: VOTER last_known_addr { host: "127.15.231.4" port: 44993 } attrs { promote: false } } }
I20260710 11:02:25.019021 17276 catalog_manager.cc:5210] ChangeConfig:REMOVE_PEER RPC for tablet c750a95b5a664b128644e9aeeb6dc756 with cas_config_opid_index 3: ChangeConfig:REMOVE_PEER succeeded (attempt 1)
I20260710 11:02:25.029795 17530 tablet_service.cc:1558] Processing DeleteTablet for tablet c750a95b5a664b128644e9aeeb6dc756 with delete_type TABLET_DATA_TOMBSTONED (TS 1ead685610d04cb1852bbc20478fb763 not found in new config with opid_index 4) from {username='slave'} at 127.0.0.1:33592
I20260710 11:02:25.031790 17918 tablet_replica.cc:333] T c750a95b5a664b128644e9aeeb6dc756 P 1ead685610d04cb1852bbc20478fb763: stopping tablet replica
I20260710 11:02:25.033000 17918 raft_consensus.cc:2243] T c750a95b5a664b128644e9aeeb6dc756 P 1ead685610d04cb1852bbc20478fb763 [term 1 FOLLOWER]: Raft consensus shutting down.
I20260710 11:02:25.033942 17918 raft_consensus.cc:2272] T c750a95b5a664b128644e9aeeb6dc756 P 1ead685610d04cb1852bbc20478fb763 [term 1 FOLLOWER]: Raft consensus is shut down!
I20260710 11:02:25.036973 17918 ts_tablet_manager.cc:1916] T c750a95b5a664b128644e9aeeb6dc756 P 1ead685610d04cb1852bbc20478fb763: Deleting tablet data with delete state TABLET_DATA_TOMBSTONED
I20260710 11:02:25.049731 17918 ts_tablet_manager.cc:1929] T c750a95b5a664b128644e9aeeb6dc756 P 1ead685610d04cb1852bbc20478fb763: tablet deleted with delete type TABLET_DATA_TOMBSTONED: last-logged OpId 1.3
I20260710 11:02:25.050114 17918 log.cc:1199] T c750a95b5a664b128644e9aeeb6dc756 P 1ead685610d04cb1852bbc20478fb763: Deleting WAL directory at /tmp/dist-test-taskx7tBWW/test-tmp/auto_leader_rebalancer-test.0.LeaderRebalancerTest.AddTserver.1783681314340575-16284-0/minicluster-data/ts-2-root/wals/c750a95b5a664b128644e9aeeb6dc756
I20260710 11:02:25.051788 17278 catalog_manager.cc:5028] TS 1ead685610d04cb1852bbc20478fb763 (127.15.231.3:35115): tablet c750a95b5a664b128644e9aeeb6dc756 (table test-workload [id=8e5998c754794c509803c6d15349587a]) successfully deleted
I20260710 11:02:26.058451 17540 consensus_queue.cc:237] T a8cdd826639b47fb924de5e512851c83 P 1ead685610d04cb1852bbc20478fb763 [LEADER]: Queue going to LEADER mode. State: All replicated index: 0, Majority replicated index: 1, Committed index: 1, Last appended: 1.1, Last appended by leader: 0, Current term: 1, Majority size: 2, State: 0, Mode: LEADER, active raft config: opid_index: 2 OBSOLETE_local: false peers { permanent_uuid: "2e5209f62d2c41a481d64a4e49244ce7" member_type: VOTER last_known_addr { host: "127.15.231.1" port: 39327 } } peers { permanent_uuid: "21c5dedfdafb4213a41d9b42a8a3ac29" member_type: VOTER last_known_addr { host: "127.15.231.2" port: 34861 } attrs { replace: true } } peers { permanent_uuid: "1ead685610d04cb1852bbc20478fb763" member_type: VOTER last_known_addr { host: "127.15.231.3" port: 35115 } } peers { permanent_uuid: "6fab4d2886174f80b3dbb57180edb358" member_type: NON_VOTER last_known_addr { host: "127.15.231.4" port: 44993 } attrs { promote: true } }
I20260710 11:02:26.065282 17468 raft_consensus.cc:1275] T a8cdd826639b47fb924de5e512851c83 P 21c5dedfdafb4213a41d9b42a8a3ac29 [term 1 FOLLOWER]: Refusing update from remote peer 1ead685610d04cb1852bbc20478fb763: Log matching property violated. Preceding OpId in replica: term: 1 index: 1. Preceding OpId from leader: term: 1 index: 2. (index mismatch)
W20260710 11:02:26.065809 17507 consensus_peers.cc:597] T a8cdd826639b47fb924de5e512851c83 P 1ead685610d04cb1852bbc20478fb763 -> Peer 6fab4d2886174f80b3dbb57180edb358 (127.15.231.4:44993): Couldn't send request to peer 6fab4d2886174f80b3dbb57180edb358. Error code: TABLET_NOT_FOUND (6). Status: Not found: Tablet not found: a8cdd826639b47fb924de5e512851c83. This is attempt 1: this message will repeat every 5th retry.
I20260710 11:02:26.066460 17391 raft_consensus.cc:1275] T a8cdd826639b47fb924de5e512851c83 P 2e5209f62d2c41a481d64a4e49244ce7 [term 1 FOLLOWER]: Refusing update from remote peer 1ead685610d04cb1852bbc20478fb763: Log matching property violated. Preceding OpId in replica: term: 1 index: 1. Preceding OpId from leader: term: 1 index: 2. (index mismatch)
I20260710 11:02:26.066690 17921 consensus_queue.cc:1048] T a8cdd826639b47fb924de5e512851c83 P 1ead685610d04cb1852bbc20478fb763 [LEADER]: Connected to new peer: Peer: permanent_uuid: "21c5dedfdafb4213a41d9b42a8a3ac29" member_type: VOTER last_known_addr { host: "127.15.231.2" port: 34861 } attrs { replace: true }, Status: LMP_MISMATCH, Last received: 0.0, Next index: 2, Last known committed idx: 1, Time since last communication: 0.000s
I20260710 11:02:26.068009 17886 consensus_queue.cc:1048] T a8cdd826639b47fb924de5e512851c83 P 1ead685610d04cb1852bbc20478fb763 [LEADER]: Connected to new peer: Peer: permanent_uuid: "2e5209f62d2c41a481d64a4e49244ce7" member_type: VOTER last_known_addr { host: "127.15.231.1" port: 39327 }, Status: LMP_MISMATCH, Last received: 0.0, Next index: 2, Last known committed idx: 1, Time since last communication: 0.000s
I20260710 11:02:26.074772 17921 raft_consensus.cc:2955] T a8cdd826639b47fb924de5e512851c83 P 1ead685610d04cb1852bbc20478fb763 [term 1 LEADER]: Committing config change with OpId 1.2: config changed from index -1 to 2, NON_VOTER 6fab4d2886174f80b3dbb57180edb358 (127.15.231.4) added. New config: { opid_index: 2 OBSOLETE_local: false peers { permanent_uuid: "2e5209f62d2c41a481d64a4e49244ce7" member_type: VOTER last_known_addr { host: "127.15.231.1" port: 39327 } } peers { permanent_uuid: "21c5dedfdafb4213a41d9b42a8a3ac29" member_type: VOTER last_known_addr { host: "127.15.231.2" port: 34861 } attrs { replace: true } } peers { permanent_uuid: "1ead685610d04cb1852bbc20478fb763" member_type: VOTER last_known_addr { host: "127.15.231.3" port: 35115 } } peers { permanent_uuid: "6fab4d2886174f80b3dbb57180edb358" member_type: NON_VOTER last_known_addr { host: "127.15.231.4" port: 44993 } attrs { promote: true } } }
I20260710 11:02:26.076617 17468 raft_consensus.cc:2955] T a8cdd826639b47fb924de5e512851c83 P 21c5dedfdafb4213a41d9b42a8a3ac29 [term 1 FOLLOWER]: Committing config change with OpId 1.2: config changed from index -1 to 2, NON_VOTER 6fab4d2886174f80b3dbb57180edb358 (127.15.231.4) added. New config: { opid_index: 2 OBSOLETE_local: false peers { permanent_uuid: "2e5209f62d2c41a481d64a4e49244ce7" member_type: VOTER last_known_addr { host: "127.15.231.1" port: 39327 } } peers { permanent_uuid: "21c5dedfdafb4213a41d9b42a8a3ac29" member_type: VOTER last_known_addr { host: "127.15.231.2" port: 34861 } attrs { replace: true } } peers { permanent_uuid: "1ead685610d04cb1852bbc20478fb763" member_type: VOTER last_known_addr { host: "127.15.231.3" port: 35115 } } peers { permanent_uuid: "6fab4d2886174f80b3dbb57180edb358" member_type: NON_VOTER last_known_addr { host: "127.15.231.4" port: 44993 } attrs { promote: true } } }
I20260710 11:02:26.077337 17391 raft_consensus.cc:2955] T a8cdd826639b47fb924de5e512851c83 P 2e5209f62d2c41a481d64a4e49244ce7 [term 1 FOLLOWER]: Committing config change with OpId 1.2: config changed from index -1 to 2, NON_VOTER 6fab4d2886174f80b3dbb57180edb358 (127.15.231.4) added. New config: { opid_index: 2 OBSOLETE_local: false peers { permanent_uuid: "2e5209f62d2c41a481d64a4e49244ce7" member_type: VOTER last_known_addr { host: "127.15.231.1" port: 39327 } } peers { permanent_uuid: "21c5dedfdafb4213a41d9b42a8a3ac29" member_type: VOTER last_known_addr { host: "127.15.231.2" port: 34861 } attrs { replace: true } } peers { permanent_uuid: "1ead685610d04cb1852bbc20478fb763" member_type: VOTER last_known_addr { host: "127.15.231.3" port: 35115 } } peers { permanent_uuid: "6fab4d2886174f80b3dbb57180edb358" member_type: NON_VOTER last_known_addr { host: "127.15.231.4" port: 44993 } attrs { promote: true } } }
I20260710 11:02:26.089937 17392 consensus_queue.cc:237] T 0c572f88af9f40b7b7f6647cf137fb8b P 2e5209f62d2c41a481d64a4e49244ce7 [LEADER]: Queue going to LEADER mode. State: All replicated index: 0, Majority replicated index: 1, Committed index: 1, Last appended: 1.1, Last appended by leader: 0, Current term: 1, Majority size: 2, State: 0, Mode: LEADER, active raft config: opid_index: 2 OBSOLETE_local: false peers { permanent_uuid: "2e5209f62d2c41a481d64a4e49244ce7" member_type: VOTER last_known_addr { host: "127.15.231.1" port: 39327 } } peers { permanent_uuid: "21c5dedfdafb4213a41d9b42a8a3ac29" member_type: VOTER last_known_addr { host: "127.15.231.2" port: 34861 } } peers { permanent_uuid: "1ead685610d04cb1852bbc20478fb763" member_type: VOTER last_known_addr { host: "127.15.231.3" port: 35115 } attrs { replace: true } } peers { permanent_uuid: "6fab4d2886174f80b3dbb57180edb358" member_type: NON_VOTER last_known_addr { host: "127.15.231.4" port: 44993 } attrs { promote: true } }
I20260710 11:02:26.093474 17290 catalog_manager.cc:5697] T a8cdd826639b47fb924de5e512851c83 P 21c5dedfdafb4213a41d9b42a8a3ac29 reported cstate change: config changed from index -1 to 2, NON_VOTER 6fab4d2886174f80b3dbb57180edb358 (127.15.231.4) added. New cstate: current_term: 1 leader_uuid: "1ead685610d04cb1852bbc20478fb763" committed_config { opid_index: 2 OBSOLETE_local: false peers { permanent_uuid: "2e5209f62d2c41a481d64a4e49244ce7" member_type: VOTER last_known_addr { host: "127.15.231.1" port: 39327 } } peers { permanent_uuid: "21c5dedfdafb4213a41d9b42a8a3ac29" member_type: VOTER last_known_addr { host: "127.15.231.2" port: 34861 } attrs { replace: true } } peers { permanent_uuid: "1ead685610d04cb1852bbc20478fb763" member_type: VOTER last_known_addr { host: "127.15.231.3" port: 35115 } } peers { permanent_uuid: "6fab4d2886174f80b3dbb57180edb358" member_type: NON_VOTER last_known_addr { host: "127.15.231.4" port: 44993 } attrs { promote: true } } }
I20260710 11:02:26.100625 17540 raft_consensus.cc:1275] T 0c572f88af9f40b7b7f6647cf137fb8b P 1ead685610d04cb1852bbc20478fb763 [term 1 FOLLOWER]: Refusing update from remote peer 2e5209f62d2c41a481d64a4e49244ce7: Log matching property violated. Preceding OpId in replica: term: 1 index: 1. Preceding OpId from leader: term: 1 index: 2. (index mismatch)
W20260710 11:02:26.101270 17358 consensus_peers.cc:597] T 0c572f88af9f40b7b7f6647cf137fb8b P 2e5209f62d2c41a481d64a4e49244ce7 -> Peer 6fab4d2886174f80b3dbb57180edb358 (127.15.231.4:44993): Couldn't send request to peer 6fab4d2886174f80b3dbb57180edb358. Error code: TABLET_NOT_FOUND (6). Status: Not found: Tablet not found: 0c572f88af9f40b7b7f6647cf137fb8b. This is attempt 1: this message will repeat every 5th retry.
I20260710 11:02:26.102068 17662 consensus_queue.cc:1048] T 0c572f88af9f40b7b7f6647cf137fb8b P 2e5209f62d2c41a481d64a4e49244ce7 [LEADER]: Connected to new peer: Peer: permanent_uuid: "1ead685610d04cb1852bbc20478fb763" member_type: VOTER last_known_addr { host: "127.15.231.3" port: 35115 } attrs { replace: true }, Status: LMP_MISMATCH, Last received: 0.0, Next index: 2, Last known committed idx: 1, Time since last communication: 0.000s
I20260710 11:02:26.106035 17468 raft_consensus.cc:1275] T 0c572f88af9f40b7b7f6647cf137fb8b P 21c5dedfdafb4213a41d9b42a8a3ac29 [term 1 FOLLOWER]: Refusing update from remote peer 2e5209f62d2c41a481d64a4e49244ce7: Log matching property violated. Preceding OpId in replica: term: 1 index: 1. Preceding OpId from leader: term: 1 index: 2. (index mismatch)
I20260710 11:02:26.107941 17662 consensus_queue.cc:1048] T 0c572f88af9f40b7b7f6647cf137fb8b P 2e5209f62d2c41a481d64a4e49244ce7 [LEADER]: Connected to new peer: Peer: permanent_uuid: "21c5dedfdafb4213a41d9b42a8a3ac29" member_type: VOTER last_known_addr { host: "127.15.231.2" port: 34861 }, Status: LMP_MISMATCH, Last received: 0.0, Next index: 2, Last known committed idx: 1, Time since last communication: 0.000s
I20260710 11:02:26.117154 17919 raft_consensus.cc:2955] T 0c572f88af9f40b7b7f6647cf137fb8b P 2e5209f62d2c41a481d64a4e49244ce7 [term 1 LEADER]: Committing config change with OpId 1.2: config changed from index -1 to 2, NON_VOTER 6fab4d2886174f80b3dbb57180edb358 (127.15.231.4) added. New config: { opid_index: 2 OBSOLETE_local: false peers { permanent_uuid: "2e5209f62d2c41a481d64a4e49244ce7" member_type: VOTER last_known_addr { host: "127.15.231.1" port: 39327 } } peers { permanent_uuid: "21c5dedfdafb4213a41d9b42a8a3ac29" member_type: VOTER last_known_addr { host: "127.15.231.2" port: 34861 } } peers { permanent_uuid: "1ead685610d04cb1852bbc20478fb763" member_type: VOTER last_known_addr { host: "127.15.231.3" port: 35115 } attrs { replace: true } } peers { permanent_uuid: "6fab4d2886174f80b3dbb57180edb358" member_type: NON_VOTER last_known_addr { host: "127.15.231.4" port: 44993 } attrs { promote: true } } }
I20260710 11:02:26.118067 17540 raft_consensus.cc:2955] T 0c572f88af9f40b7b7f6647cf137fb8b P 1ead685610d04cb1852bbc20478fb763 [term 1 FOLLOWER]: Committing config change with OpId 1.2: config changed from index -1 to 2, NON_VOTER 6fab4d2886174f80b3dbb57180edb358 (127.15.231.4) added. New config: { opid_index: 2 OBSOLETE_local: false peers { permanent_uuid: "2e5209f62d2c41a481d64a4e49244ce7" member_type: VOTER last_known_addr { host: "127.15.231.1" port: 39327 } } peers { permanent_uuid: "21c5dedfdafb4213a41d9b42a8a3ac29" member_type: VOTER last_known_addr { host: "127.15.231.2" port: 34861 } } peers { permanent_uuid: "1ead685610d04cb1852bbc20478fb763" member_type: VOTER last_known_addr { host: "127.15.231.3" port: 35115 } attrs { replace: true } } peers { permanent_uuid: "6fab4d2886174f80b3dbb57180edb358" member_type: NON_VOTER last_known_addr { host: "127.15.231.4" port: 44993 } attrs { promote: true } } }
I20260710 11:02:26.130230 17468 raft_consensus.cc:2955] T 0c572f88af9f40b7b7f6647cf137fb8b P 21c5dedfdafb4213a41d9b42a8a3ac29 [term 1 FOLLOWER]: Committing config change with OpId 1.2: config changed from index -1 to 2, NON_VOTER 6fab4d2886174f80b3dbb57180edb358 (127.15.231.4) added. New config: { opid_index: 2 OBSOLETE_local: false peers { permanent_uuid: "2e5209f62d2c41a481d64a4e49244ce7" member_type: VOTER last_known_addr { host: "127.15.231.1" port: 39327 } } peers { permanent_uuid: "21c5dedfdafb4213a41d9b42a8a3ac29" member_type: VOTER last_known_addr { host: "127.15.231.2" port: 34861 } } peers { permanent_uuid: "1ead685610d04cb1852bbc20478fb763" member_type: VOTER last_known_addr { host: "127.15.231.3" port: 35115 } attrs { replace: true } } peers { permanent_uuid: "6fab4d2886174f80b3dbb57180edb358" member_type: NON_VOTER last_known_addr { host: "127.15.231.4" port: 44993 } attrs { promote: true } } }
I20260710 11:02:26.131917 17467 consensus_queue.cc:237] T 0434cd2c90244b25ad10a172ce6b96cc P 21c5dedfdafb4213a41d9b42a8a3ac29 [LEADER]: Queue going to LEADER mode. State: All replicated index: 0, Majority replicated index: 1, Committed index: 1, Last appended: 1.1, Last appended by leader: 0, Current term: 1, Majority size: 2, State: 0, Mode: LEADER, active raft config: opid_index: 2 OBSOLETE_local: false peers { permanent_uuid: "2e5209f62d2c41a481d64a4e49244ce7" member_type: VOTER last_known_addr { host: "127.15.231.1" port: 39327 } attrs { replace: true } } peers { permanent_uuid: "21c5dedfdafb4213a41d9b42a8a3ac29" member_type: VOTER last_known_addr { host: "127.15.231.2" port: 34861 } } peers { permanent_uuid: "1ead685610d04cb1852bbc20478fb763" member_type: VOTER last_known_addr { host: "127.15.231.3" port: 35115 } } peers { permanent_uuid: "6fab4d2886174f80b3dbb57180edb358" member_type: NON_VOTER last_known_addr { host: "127.15.231.4" port: 44993 } attrs { promote: true } }
I20260710 11:02:26.135792 17291 catalog_manager.cc:5697] T 0c572f88af9f40b7b7f6647cf137fb8b P 2e5209f62d2c41a481d64a4e49244ce7 reported cstate change: config changed from index -1 to 2, NON_VOTER 6fab4d2886174f80b3dbb57180edb358 (127.15.231.4) added. New cstate: current_term: 1 leader_uuid: "2e5209f62d2c41a481d64a4e49244ce7" committed_config { opid_index: 2 OBSOLETE_local: false peers { permanent_uuid: "2e5209f62d2c41a481d64a4e49244ce7" member_type: VOTER last_known_addr { host: "127.15.231.1" port: 39327 } health_report { overall_health: HEALTHY } } peers { permanent_uuid: "21c5dedfdafb4213a41d9b42a8a3ac29" member_type: VOTER last_known_addr { host: "127.15.231.2" port: 34861 } health_report { overall_health: UNKNOWN } } peers { permanent_uuid: "1ead685610d04cb1852bbc20478fb763" member_type: VOTER last_known_addr { host: "127.15.231.3" port: 35115 } attrs { replace: true } health_report { overall_health: HEALTHY } } peers { permanent_uuid: "6fab4d2886174f80b3dbb57180edb358" member_type: NON_VOTER last_known_addr { host: "127.15.231.4" port: 44993 } attrs { promote: true } health_report { overall_health: UNKNOWN } } }
I20260710 11:02:26.151759 17539 raft_consensus.cc:1275] T 0434cd2c90244b25ad10a172ce6b96cc P 1ead685610d04cb1852bbc20478fb763 [term 1 FOLLOWER]: Refusing update from remote peer 21c5dedfdafb4213a41d9b42a8a3ac29: Log matching property violated. Preceding OpId in replica: term: 1 index: 1. Preceding OpId from leader: term: 1 index: 2. (index mismatch)
I20260710 11:02:26.154178 17910 consensus_queue.cc:1048] T 0434cd2c90244b25ad10a172ce6b96cc P 21c5dedfdafb4213a41d9b42a8a3ac29 [LEADER]: Connected to new peer: Peer: permanent_uuid: "1ead685610d04cb1852bbc20478fb763" member_type: VOTER last_known_addr { host: "127.15.231.3" port: 35115 }, Status: LMP_MISMATCH, Last received: 0.0, Next index: 2, Last known committed idx: 1, Time since last communication: 0.000s
W20260710 11:02:26.157725 17433 consensus_peers.cc:597] T 0434cd2c90244b25ad10a172ce6b96cc P 21c5dedfdafb4213a41d9b42a8a3ac29 -> Peer 6fab4d2886174f80b3dbb57180edb358 (127.15.231.4:44993): Couldn't send request to peer 6fab4d2886174f80b3dbb57180edb358. Error code: TABLET_NOT_FOUND (6). Status: Not found: Tablet not found: 0434cd2c90244b25ad10a172ce6b96cc. This is attempt 1: this message will repeat every 5th retry.
I20260710 11:02:26.164808 17392 raft_consensus.cc:1275] T 0434cd2c90244b25ad10a172ce6b96cc P 2e5209f62d2c41a481d64a4e49244ce7 [term 1 FOLLOWER]: Refusing update from remote peer 21c5dedfdafb4213a41d9b42a8a3ac29: Log matching property violated. Preceding OpId in replica: term: 1 index: 1. Preceding OpId from leader: term: 1 index: 2. (index mismatch)
I20260710 11:02:26.166405 17934 consensus_queue.cc:1048] T 0434cd2c90244b25ad10a172ce6b96cc P 21c5dedfdafb4213a41d9b42a8a3ac29 [LEADER]: Connected to new peer: Peer: permanent_uuid: "2e5209f62d2c41a481d64a4e49244ce7" member_type: VOTER last_known_addr { host: "127.15.231.1" port: 39327 } attrs { replace: true }, Status: LMP_MISMATCH, Last received: 0.0, Next index: 2, Last known committed idx: 1, Time since last communication: 0.001s
I20260710 11:02:26.170397 17936 raft_consensus.cc:2955] T 0434cd2c90244b25ad10a172ce6b96cc P 21c5dedfdafb4213a41d9b42a8a3ac29 [term 1 LEADER]: Committing config change with OpId 1.2: config changed from index -1 to 2, NON_VOTER 6fab4d2886174f80b3dbb57180edb358 (127.15.231.4) added. New config: { opid_index: 2 OBSOLETE_local: false peers { permanent_uuid: "2e5209f62d2c41a481d64a4e49244ce7" member_type: VOTER last_known_addr { host: "127.15.231.1" port: 39327 } attrs { replace: true } } peers { permanent_uuid: "21c5dedfdafb4213a41d9b42a8a3ac29" member_type: VOTER last_known_addr { host: "127.15.231.2" port: 34861 } } peers { permanent_uuid: "1ead685610d04cb1852bbc20478fb763" member_type: VOTER last_known_addr { host: "127.15.231.3" port: 35115 } } peers { permanent_uuid: "6fab4d2886174f80b3dbb57180edb358" member_type: NON_VOTER last_known_addr { host: "127.15.231.4" port: 44993 } attrs { promote: true } } }
I20260710 11:02:26.172077 17539 raft_consensus.cc:2955] T 0434cd2c90244b25ad10a172ce6b96cc P 1ead685610d04cb1852bbc20478fb763 [term 1 FOLLOWER]: Committing config change with OpId 1.2: config changed from index -1 to 2, NON_VOTER 6fab4d2886174f80b3dbb57180edb358 (127.15.231.4) added. New config: { opid_index: 2 OBSOLETE_local: false peers { permanent_uuid: "2e5209f62d2c41a481d64a4e49244ce7" member_type: VOTER last_known_addr { host: "127.15.231.1" port: 39327 } attrs { replace: true } } peers { permanent_uuid: "21c5dedfdafb4213a41d9b42a8a3ac29" member_type: VOTER last_known_addr { host: "127.15.231.2" port: 34861 } } peers { permanent_uuid: "1ead685610d04cb1852bbc20478fb763" member_type: VOTER last_known_addr { host: "127.15.231.3" port: 35115 } } peers { permanent_uuid: "6fab4d2886174f80b3dbb57180edb358" member_type: NON_VOTER last_known_addr { host: "127.15.231.4" port: 44993 } attrs { promote: true } } }
I20260710 11:02:26.180158 17392 raft_consensus.cc:2955] T 0434cd2c90244b25ad10a172ce6b96cc P 2e5209f62d2c41a481d64a4e49244ce7 [term 1 FOLLOWER]: Committing config change with OpId 1.2: config changed from index -1 to 2, NON_VOTER 6fab4d2886174f80b3dbb57180edb358 (127.15.231.4) added. New config: { opid_index: 2 OBSOLETE_local: false peers { permanent_uuid: "2e5209f62d2c41a481d64a4e49244ce7" member_type: VOTER last_known_addr { host: "127.15.231.1" port: 39327 } attrs { replace: true } } peers { permanent_uuid: "21c5dedfdafb4213a41d9b42a8a3ac29" member_type: VOTER last_known_addr { host: "127.15.231.2" port: 34861 } } peers { permanent_uuid: "1ead685610d04cb1852bbc20478fb763" member_type: VOTER last_known_addr { host: "127.15.231.3" port: 35115 } } peers { permanent_uuid: "6fab4d2886174f80b3dbb57180edb358" member_type: NON_VOTER last_known_addr { host: "127.15.231.4" port: 44993 } attrs { promote: true } } }
I20260710 11:02:26.187332 17391 consensus_queue.cc:237] T c0e205458fd94f799e06f5ef2b18be79 P 2e5209f62d2c41a481d64a4e49244ce7 [LEADER]: Queue going to LEADER mode. State: All replicated index: 0, Majority replicated index: 1, Committed index: 1, Last appended: 1.1, Last appended by leader: 0, Current term: 1, Majority size: 2, State: 0, Mode: LEADER, active raft config: opid_index: 2 OBSOLETE_local: false peers { permanent_uuid: "2e5209f62d2c41a481d64a4e49244ce7" member_type: VOTER last_known_addr { host: "127.15.231.1" port: 39327 } } peers { permanent_uuid: "21c5dedfdafb4213a41d9b42a8a3ac29" member_type: VOTER last_known_addr { host: "127.15.231.2" port: 34861 } attrs { replace: true } } peers { permanent_uuid: "1ead685610d04cb1852bbc20478fb763" member_type: VOTER last_known_addr { host: "127.15.231.3" port: 35115 } } peers { permanent_uuid: "6fab4d2886174f80b3dbb57180edb358" member_type: NON_VOTER last_known_addr { host: "127.15.231.4" port: 44993 } attrs { promote: true } }
