I20260710 11:02:44.799685 18196 consensus_queue.cc:237] T 36c770a59ba546509e38658101bd6d03 P 21c5dedfdafb4213a41d9b42a8a3ac29 [LEADER]: Queue going to LEADER mode. State: All replicated index: 0, Majority replicated index: 1, Committed index: 1, Last appended: 1.1, Last appended by leader: 1, Current term: 2, Majority size: 2, State: 0, Mode: LEADER, active raft config: opid_index: -1 OBSOLETE_local: false peers { permanent_uuid: "2e5209f62d2c41a481d64a4e49244ce7" member_type: VOTER last_known_addr { host: "127.15.231.1" port: 39327 } } peers { permanent_uuid: "21c5dedfdafb4213a41d9b42a8a3ac29" member_type: VOTER last_known_addr { host: "127.15.231.2" port: 34861 } } peers { permanent_uuid: "1ead685610d04cb1852bbc20478fb763" member_type: VOTER last_known_addr { host: "127.15.231.3" port: 35115 } }
I20260710 11:02:44.807631 17287 catalog_manager.cc:5697] T 36c770a59ba546509e38658101bd6d03 P 21c5dedfdafb4213a41d9b42a8a3ac29 reported cstate change: term changed from 1 to 2, leader changed from 1ead685610d04cb1852bbc20478fb763 (127.15.231.3) to 21c5dedfdafb4213a41d9b42a8a3ac29 (127.15.231.2). New cstate: current_term: 2 leader_uuid: "21c5dedfdafb4213a41d9b42a8a3ac29" committed_config { opid_index: -1 OBSOLETE_local: false peers { permanent_uuid: "2e5209f62d2c41a481d64a4e49244ce7" member_type: VOTER last_known_addr { host: "127.15.231.1" port: 39327 } health_report { overall_health: UNKNOWN } } peers { permanent_uuid: "21c5dedfdafb4213a41d9b42a8a3ac29" member_type: VOTER last_known_addr { host: "127.15.231.2" port: 34861 } health_report { overall_health: HEALTHY } } peers { permanent_uuid: "1ead685610d04cb1852bbc20478fb763" member_type: VOTER last_known_addr { host: "127.15.231.3" port: 35115 } health_report { overall_health: UNKNOWN } } }
I20260710 11:02:45.177551 17467 raft_consensus.cc:1275] T 458c3827e520489ca361b6637109db62 P 21c5dedfdafb4213a41d9b42a8a3ac29 [term 2 FOLLOWER]: Refusing update from remote peer 6fab4d2886174f80b3dbb57180edb358: Log matching property violated. Preceding OpId in replica: term: 1 index: 4. Preceding OpId from leader: term: 2 index: 5. (index mismatch)
I20260710 11:02:45.179415 18186 consensus_queue.cc:1048] T 458c3827e520489ca361b6637109db62 P 6fab4d2886174f80b3dbb57180edb358 [LEADER]: Connected to new peer: Peer: permanent_uuid: "21c5dedfdafb4213a41d9b42a8a3ac29" member_type: VOTER last_known_addr { host: "127.15.231.2" port: 34861 }, Status: LMP_MISMATCH, Last received: 0.0, Next index: 5, Last known committed idx: 4, Time since last communication: 0.001s
I20260710 11:02:45.200343 17390 raft_consensus.cc:1275] T 458c3827e520489ca361b6637109db62 P 2e5209f62d2c41a481d64a4e49244ce7 [term 2 FOLLOWER]: Refusing update from remote peer 6fab4d2886174f80b3dbb57180edb358: Log matching property violated. Preceding OpId in replica: term: 1 index: 4. Preceding OpId from leader: term: 2 index: 5. (index mismatch)
I20260710 11:02:45.203111 18214 consensus_queue.cc:1048] T 458c3827e520489ca361b6637109db62 P 6fab4d2886174f80b3dbb57180edb358 [LEADER]: Connected to new peer: Peer: permanent_uuid: "2e5209f62d2c41a481d64a4e49244ce7" member_type: VOTER last_known_addr { host: "127.15.231.1" port: 39327 }, Status: LMP_MISMATCH, Last received: 0.0, Next index: 5, Last known committed idx: 4, Time since last communication: 0.001s
I20260710 11:02:45.206806 17467 raft_consensus.cc:1275] T 6ad3090833764d3087b206613fc00f0f P 21c5dedfdafb4213a41d9b42a8a3ac29 [term 3 FOLLOWER]: Refusing update from remote peer 1ead685610d04cb1852bbc20478fb763: Log matching property violated. Preceding OpId in replica: term: 2 index: 2. Preceding OpId from leader: term: 3 index: 3. (index mismatch)
I20260710 11:02:45.208882 18194 consensus_queue.cc:1048] T 6ad3090833764d3087b206613fc00f0f P 1ead685610d04cb1852bbc20478fb763 [LEADER]: Connected to new peer: Peer: permanent_uuid: "21c5dedfdafb4213a41d9b42a8a3ac29" member_type: VOTER last_known_addr { host: "127.15.231.2" port: 34861 }, Status: LMP_MISMATCH, Last received: 0.0, Next index: 3, Last known committed idx: 2, Time since last communication: 0.001s
I20260710 11:02:45.240897 17389 raft_consensus.cc:1275] T 6ad3090833764d3087b206613fc00f0f P 2e5209f62d2c41a481d64a4e49244ce7 [term 3 FOLLOWER]: Refusing update from remote peer 1ead685610d04cb1852bbc20478fb763: Log matching property violated. Preceding OpId in replica: term: 2 index: 2. Preceding OpId from leader: term: 3 index: 3. (index mismatch)
I20260710 11:02:45.242301 18231 consensus_queue.cc:1048] T 6ad3090833764d3087b206613fc00f0f P 1ead685610d04cb1852bbc20478fb763 [LEADER]: Connected to new peer: Peer: permanent_uuid: "2e5209f62d2c41a481d64a4e49244ce7" member_type: VOTER last_known_addr { host: "127.15.231.1" port: 39327 }, Status: LMP_MISMATCH, Last received: 0.0, Next index: 3, Last known committed idx: 2, Time since last communication: 0.000s
I20260710 11:02:45.368727 17389 raft_consensus.cc:1275] T 36c770a59ba546509e38658101bd6d03 P 2e5209f62d2c41a481d64a4e49244ce7 [term 2 FOLLOWER]: Refusing update from remote peer 21c5dedfdafb4213a41d9b42a8a3ac29: Log matching property violated. Preceding OpId in replica: term: 1 index: 1. Preceding OpId from leader: term: 2 index: 2. (index mismatch)
I20260710 11:02:45.370076 18196 consensus_queue.cc:1048] T 36c770a59ba546509e38658101bd6d03 P 21c5dedfdafb4213a41d9b42a8a3ac29 [LEADER]: Connected to new peer: Peer: permanent_uuid: "2e5209f62d2c41a481d64a4e49244ce7" member_type: VOTER last_known_addr { host: "127.15.231.1" port: 39327 }, Status: LMP_MISMATCH, Last received: 0.0, Next index: 2, Last known committed idx: 1, Time since last communication: 0.000s
I20260710 11:02:45.382553 17542 raft_consensus.cc:1275] T 36c770a59ba546509e38658101bd6d03 P 1ead685610d04cb1852bbc20478fb763 [term 2 FOLLOWER]: Refusing update from remote peer 21c5dedfdafb4213a41d9b42a8a3ac29: Log matching property violated. Preceding OpId in replica: term: 1 index: 1. Preceding OpId from leader: term: 2 index: 2. (index mismatch)
I20260710 11:02:45.384862 18235 consensus_queue.cc:1048] T 36c770a59ba546509e38658101bd6d03 P 21c5dedfdafb4213a41d9b42a8a3ac29 [LEADER]: Connected to new peer: Peer: permanent_uuid: "1ead685610d04cb1852bbc20478fb763" member_type: VOTER last_known_addr { host: "127.15.231.3" port: 35115 }, Status: LMP_MISMATCH, Last received: 0.0, Next index: 2, Last known committed idx: 1, Time since last communication: 0.001s
I20260710 11:02:45.465131 16284 auto_leader_rebalancer.cc:141] leader rebalance for table test-workload
I20260710 11:02:45.481909 16284 auto_leader_rebalancer.cc:141] leader rebalance for table test-workload
I20260710 11:02:45.498780 17465 tablet_service.cc:2072] Received LeaderStepDown RPC: tablet_id: "36c770a59ba546509e38658101bd6d03"
dest_uuid: "21c5dedfdafb4213a41d9b42a8a3ac29"
mode: GRACEFUL
new_leader_uuid: "1ead685610d04cb1852bbc20478fb763"
 from {username='slave'} at 127.0.0.1:46860
I20260710 11:02:45.499643 17465 raft_consensus.cc:606] T 36c770a59ba546509e38658101bd6d03 P 21c5dedfdafb4213a41d9b42a8a3ac29 [term 2 LEADER]: Received request to transfer leadership to TS 1ead685610d04cb1852bbc20478fb763
I20260710 11:02:45.502794 17542 tablet_service.cc:2072] Received LeaderStepDown RPC: tablet_id: "e3c577bc39eb4a91af9b81d36b3e3567"
dest_uuid: "1ead685610d04cb1852bbc20478fb763"
mode: GRACEFUL
new_leader_uuid: "6fab4d2886174f80b3dbb57180edb358"
 from {username='slave'} at 127.0.0.1:34754
I20260710 11:02:45.503427 17542 raft_consensus.cc:606] T e3c577bc39eb4a91af9b81d36b3e3567 P 1ead685610d04cb1852bbc20478fb763 [term 1 LEADER]: Received request to transfer leadership to TS 6fab4d2886174f80b3dbb57180edb358
I20260710 11:02:45.505040 16284 auto_leader_rebalancer.cc:452] table: test-workload, leader rebalance finish, leader transfer count: 2
I20260710 11:02:45.505721 16284 auto_leader_rebalancer.cc:527] All tables' leader rebalancing finished this round
I20260710 11:02:45.898350 18239 raft_consensus.cc:993] T 36c770a59ba546509e38658101bd6d03 P 21c5dedfdafb4213a41d9b42a8a3ac29: : Instructing follower 1ead685610d04cb1852bbc20478fb763 to start an election
I20260710 11:02:45.898970 18239 raft_consensus.cc:1081] T 36c770a59ba546509e38658101bd6d03 P 21c5dedfdafb4213a41d9b42a8a3ac29 [term 2 LEADER]: Signalling peer 1ead685610d04cb1852bbc20478fb763 to start an election
I20260710 11:02:45.900784 17542 tablet_service.cc:2044] Received Run Leader Election RPC: tablet_id: "36c770a59ba546509e38658101bd6d03"
dest_uuid: "1ead685610d04cb1852bbc20478fb763"
 from {username='slave'} at 127.0.0.1:33620
I20260710 11:02:45.901612 17542 raft_consensus.cc:493] T 36c770a59ba546509e38658101bd6d03 P 1ead685610d04cb1852bbc20478fb763 [term 2 FOLLOWER]: Starting forced leader election (received explicit request)
I20260710 11:02:45.901993 17542 raft_consensus.cc:3060] T 36c770a59ba546509e38658101bd6d03 P 1ead685610d04cb1852bbc20478fb763 [term 2 FOLLOWER]: Advancing to term 3
I20260710 11:02:45.908134 17542 raft_consensus.cc:515] T 36c770a59ba546509e38658101bd6d03 P 1ead685610d04cb1852bbc20478fb763 [term 3 FOLLOWER]: Starting forced leader election with config: opid_index: -1 OBSOLETE_local: false peers { permanent_uuid: "2e5209f62d2c41a481d64a4e49244ce7" member_type: VOTER last_known_addr { host: "127.15.231.1" port: 39327 } } peers { permanent_uuid: "21c5dedfdafb4213a41d9b42a8a3ac29" member_type: VOTER last_known_addr { host: "127.15.231.2" port: 34861 } } peers { permanent_uuid: "1ead685610d04cb1852bbc20478fb763" member_type: VOTER last_known_addr { host: "127.15.231.3" port: 35115 } }
I20260710 11:02:45.909785 17542 leader_election.cc:290] T 36c770a59ba546509e38658101bd6d03 P 1ead685610d04cb1852bbc20478fb763 [CANDIDATE]: Term 3 election: Requested vote from peers 2e5209f62d2c41a481d64a4e49244ce7 (127.15.231.1:39327), 21c5dedfdafb4213a41d9b42a8a3ac29 (127.15.231.2:34861)
I20260710 11:02:45.910701 17389 tablet_service.cc:1917] Received RequestConsensusVote() RPC: tablet_id: "36c770a59ba546509e38658101bd6d03" candidate_uuid: "1ead685610d04cb1852bbc20478fb763" candidate_term: 3 candidate_status { last_received { term: 2 index: 2 } } ignore_live_leader: true dest_uuid: "2e5209f62d2c41a481d64a4e49244ce7"
I20260710 11:02:45.910931 17465 tablet_service.cc:1917] Received RequestConsensusVote() RPC: tablet_id: "36c770a59ba546509e38658101bd6d03" candidate_uuid: "1ead685610d04cb1852bbc20478fb763" candidate_term: 3 candidate_status { last_received { term: 2 index: 2 } } ignore_live_leader: true dest_uuid: "21c5dedfdafb4213a41d9b42a8a3ac29"
I20260710 11:02:45.911603 17389 raft_consensus.cc:3060] T 36c770a59ba546509e38658101bd6d03 P 2e5209f62d2c41a481d64a4e49244ce7 [term 2 FOLLOWER]: Advancing to term 3
I20260710 11:02:45.911695 17465 raft_consensus.cc:3055] T 36c770a59ba546509e38658101bd6d03 P 21c5dedfdafb4213a41d9b42a8a3ac29 [term 2 LEADER]: Stepping down as leader of term 2
I20260710 11:02:45.912127 17465 raft_consensus.cc:740] T 36c770a59ba546509e38658101bd6d03 P 21c5dedfdafb4213a41d9b42a8a3ac29 [term 2 LEADER]: Becoming Follower/Learner. State: Replica: 21c5dedfdafb4213a41d9b42a8a3ac29, State: Running, Role: LEADER
I20260710 11:02:45.912999 17465 consensus_queue.cc:260] T 36c770a59ba546509e38658101bd6d03 P 21c5dedfdafb4213a41d9b42a8a3ac29 [NON_LEADER]: Queue going to NON_LEADER mode. State: All replicated index: 0, Majority replicated index: 2, Committed index: 2, Last appended: 2.2, Last appended by leader: 2, Current term: 2, Majority size: -1, State: 0, Mode: NON_LEADER, active raft config: opid_index: -1 OBSOLETE_local: false peers { permanent_uuid: "2e5209f62d2c41a481d64a4e49244ce7" member_type: VOTER last_known_addr { host: "127.15.231.1" port: 39327 } } peers { permanent_uuid: "21c5dedfdafb4213a41d9b42a8a3ac29" member_type: VOTER last_known_addr { host: "127.15.231.2" port: 34861 } } peers { permanent_uuid: "1ead685610d04cb1852bbc20478fb763" member_type: VOTER last_known_addr { host: "127.15.231.3" port: 35115 } }
I20260710 11:02:45.914376 17465 raft_consensus.cc:3060] T 36c770a59ba546509e38658101bd6d03 P 21c5dedfdafb4213a41d9b42a8a3ac29 [term 2 FOLLOWER]: Advancing to term 3
I20260710 11:02:45.919947 17389 raft_consensus.cc:2468] T 36c770a59ba546509e38658101bd6d03 P 2e5209f62d2c41a481d64a4e49244ce7 [term 3 FOLLOWER]: Leader election vote request: Granting yes vote for candidate 1ead685610d04cb1852bbc20478fb763 in term 3.
I20260710 11:02:45.919917 17465 raft_consensus.cc:2468] T 36c770a59ba546509e38658101bd6d03 P 21c5dedfdafb4213a41d9b42a8a3ac29 [term 3 FOLLOWER]: Leader election vote request: Granting yes vote for candidate 1ead685610d04cb1852bbc20478fb763 in term 3.
I20260710 11:02:45.921700 17506 leader_election.cc:304] T 36c770a59ba546509e38658101bd6d03 P 1ead685610d04cb1852bbc20478fb763 [CANDIDATE]: Term 3 election: Election decided. Result: candidate won. Election summary: received 2 responses out of 3 voters: 2 yes votes; 0 no votes. yes voters: 1ead685610d04cb1852bbc20478fb763, 2e5209f62d2c41a481d64a4e49244ce7; no voters: 
I20260710 11:02:45.922389 18231 raft_consensus.cc:2804] T 36c770a59ba546509e38658101bd6d03 P 1ead685610d04cb1852bbc20478fb763 [term 3 FOLLOWER]: Leader election won for term 3
I20260710 11:02:45.922804 18231 raft_consensus.cc:697] T 36c770a59ba546509e38658101bd6d03 P 1ead685610d04cb1852bbc20478fb763 [term 3 LEADER]: Becoming Leader. State: Replica: 1ead685610d04cb1852bbc20478fb763, State: Running, Role: LEADER
I20260710 11:02:45.923589 18231 consensus_queue.cc:237] T 36c770a59ba546509e38658101bd6d03 P 1ead685610d04cb1852bbc20478fb763 [LEADER]: Queue going to LEADER mode. State: All replicated index: 0, Majority replicated index: 2, Committed index: 2, Last appended: 2.2, Last appended by leader: 2, Current term: 3, Majority size: 2, State: 0, Mode: LEADER, active raft config: opid_index: -1 OBSOLETE_local: false peers { permanent_uuid: "2e5209f62d2c41a481d64a4e49244ce7" member_type: VOTER last_known_addr { host: "127.15.231.1" port: 39327 } } peers { permanent_uuid: "21c5dedfdafb4213a41d9b42a8a3ac29" member_type: VOTER last_known_addr { host: "127.15.231.2" port: 34861 } } peers { permanent_uuid: "1ead685610d04cb1852bbc20478fb763" member_type: VOTER last_known_addr { host: "127.15.231.3" port: 35115 } }
I20260710 11:02:45.929718 17287 catalog_manager.cc:5697] T 36c770a59ba546509e38658101bd6d03 P 1ead685610d04cb1852bbc20478fb763 reported cstate change: term changed from 2 to 3, leader changed from 21c5dedfdafb4213a41d9b42a8a3ac29 (127.15.231.2) to 1ead685610d04cb1852bbc20478fb763 (127.15.231.3). New cstate: current_term: 3 leader_uuid: "1ead685610d04cb1852bbc20478fb763" committed_config { opid_index: -1 OBSOLETE_local: false peers { permanent_uuid: "2e5209f62d2c41a481d64a4e49244ce7" member_type: VOTER last_known_addr { host: "127.15.231.1" port: 39327 } health_report { overall_health: UNKNOWN } } peers { permanent_uuid: "21c5dedfdafb4213a41d9b42a8a3ac29" member_type: VOTER last_known_addr { host: "127.15.231.2" port: 34861 } health_report { overall_health: UNKNOWN } } peers { permanent_uuid: "1ead685610d04cb1852bbc20478fb763" member_type: VOTER last_known_addr { host: "127.15.231.3" port: 35115 } health_report { overall_health: HEALTHY } } }
I20260710 11:02:45.958783 18238 raft_consensus.cc:993] T e3c577bc39eb4a91af9b81d36b3e3567 P 1ead685610d04cb1852bbc20478fb763: : Instructing follower 6fab4d2886174f80b3dbb57180edb358 to start an election
I20260710 11:02:45.959316 18231 raft_consensus.cc:1081] T e3c577bc39eb4a91af9b81d36b3e3567 P 1ead685610d04cb1852bbc20478fb763 [term 1 LEADER]: Signalling peer 6fab4d2886174f80b3dbb57180edb358 to start an election
I20260710 11:02:45.961318 17814 tablet_service.cc:2044] Received Run Leader Election RPC: tablet_id: "e3c577bc39eb4a91af9b81d36b3e3567"
dest_uuid: "6fab4d2886174f80b3dbb57180edb358"
 from {username='slave'} at 127.0.0.1:39628
I20260710 11:02:45.962015 17814 raft_consensus.cc:493] T e3c577bc39eb4a91af9b81d36b3e3567 P 6fab4d2886174f80b3dbb57180edb358 [term 1 FOLLOWER]: Starting forced leader election (received explicit request)
I20260710 11:02:45.962440 17814 raft_consensus.cc:3060] T e3c577bc39eb4a91af9b81d36b3e3567 P 6fab4d2886174f80b3dbb57180edb358 [term 1 FOLLOWER]: Advancing to term 2
I20260710 11:02:45.968163 17814 raft_consensus.cc:515] T e3c577bc39eb4a91af9b81d36b3e3567 P 6fab4d2886174f80b3dbb57180edb358 [term 2 FOLLOWER]: Starting forced leader election with config: opid_index: 4 OBSOLETE_local: false peers { permanent_uuid: "2e5209f62d2c41a481d64a4e49244ce7" member_type: VOTER last_known_addr { host: "127.15.231.1" port: 39327 } } peers { permanent_uuid: "1ead685610d04cb1852bbc20478fb763" member_type: VOTER last_known_addr { host: "127.15.231.3" port: 35115 } } peers { permanent_uuid: "6fab4d2886174f80b3dbb57180edb358" member_type: VOTER last_known_addr { host: "127.15.231.4" port: 44993 } attrs { promote: false } }
I20260710 11:02:45.969966 17814 leader_election.cc:290] T e3c577bc39eb4a91af9b81d36b3e3567 P 6fab4d2886174f80b3dbb57180edb358 [CANDIDATE]: Term 2 election: Requested vote from peers 2e5209f62d2c41a481d64a4e49244ce7 (127.15.231.1:39327), 1ead685610d04cb1852bbc20478fb763 (127.15.231.3:35115)
I20260710 11:02:45.970979 17389 tablet_service.cc:1917] Received RequestConsensusVote() RPC: tablet_id: "e3c577bc39eb4a91af9b81d36b3e3567" candidate_uuid: "6fab4d2886174f80b3dbb57180edb358" candidate_term: 2 candidate_status { last_received { term: 1 index: 4 } } ignore_live_leader: true dest_uuid: "2e5209f62d2c41a481d64a4e49244ce7"
I20260710 11:02:45.970979 17542 tablet_service.cc:1917] Received RequestConsensusVote() RPC: tablet_id: "e3c577bc39eb4a91af9b81d36b3e3567" candidate_uuid: "6fab4d2886174f80b3dbb57180edb358" candidate_term: 2 candidate_status { last_received { term: 1 index: 4 } } ignore_live_leader: true dest_uuid: "1ead685610d04cb1852bbc20478fb763"
I20260710 11:02:45.971822 17389 raft_consensus.cc:3060] T e3c577bc39eb4a91af9b81d36b3e3567 P 2e5209f62d2c41a481d64a4e49244ce7 [term 1 FOLLOWER]: Advancing to term 2
I20260710 11:02:45.971916 17542 raft_consensus.cc:3055] T e3c577bc39eb4a91af9b81d36b3e3567 P 1ead685610d04cb1852bbc20478fb763 [term 1 LEADER]: Stepping down as leader of term 1
I20260710 11:02:45.972416 17542 raft_consensus.cc:740] T e3c577bc39eb4a91af9b81d36b3e3567 P 1ead685610d04cb1852bbc20478fb763 [term 1 LEADER]: Becoming Follower/Learner. State: Replica: 1ead685610d04cb1852bbc20478fb763, State: Running, Role: LEADER
I20260710 11:02:45.973219 17542 consensus_queue.cc:260] T e3c577bc39eb4a91af9b81d36b3e3567 P 1ead685610d04cb1852bbc20478fb763 [NON_LEADER]: Queue going to NON_LEADER mode. State: All replicated index: 0, Majority replicated index: 4, Committed index: 4, Last appended: 1.4, Last appended by leader: 4, Current term: 1, Majority size: -1, State: 0, Mode: NON_LEADER, active raft config: opid_index: 4 OBSOLETE_local: false peers { permanent_uuid: "2e5209f62d2c41a481d64a4e49244ce7" member_type: VOTER last_known_addr { host: "127.15.231.1" port: 39327 } } peers { permanent_uuid: "1ead685610d04cb1852bbc20478fb763" member_type: VOTER last_known_addr { host: "127.15.231.3" port: 35115 } } peers { permanent_uuid: "6fab4d2886174f80b3dbb57180edb358" member_type: VOTER last_known_addr { host: "127.15.231.4" port: 44993 } attrs { promote: false } }
I20260710 11:02:45.974220 17542 raft_consensus.cc:3060] T e3c577bc39eb4a91af9b81d36b3e3567 P 1ead685610d04cb1852bbc20478fb763 [term 1 FOLLOWER]: Advancing to term 2
I20260710 11:02:45.976929 17389 raft_consensus.cc:2468] T e3c577bc39eb4a91af9b81d36b3e3567 P 2e5209f62d2c41a481d64a4e49244ce7 [term 2 FOLLOWER]: Leader election vote request: Granting yes vote for candidate 6fab4d2886174f80b3dbb57180edb358 in term 2.
I20260710 11:02:45.978145 17775 leader_election.cc:304] T e3c577bc39eb4a91af9b81d36b3e3567 P 6fab4d2886174f80b3dbb57180edb358 [CANDIDATE]: Term 2 election: Election decided. Result: candidate won. Election summary: received 2 responses out of 3 voters: 2 yes votes; 0 no votes. yes voters: 2e5209f62d2c41a481d64a4e49244ce7, 6fab4d2886174f80b3dbb57180edb358; no voters: 
I20260710 11:02:45.978886 18237 raft_consensus.cc:2804] T e3c577bc39eb4a91af9b81d36b3e3567 P 6fab4d2886174f80b3dbb57180edb358 [term 2 FOLLOWER]: Leader election won for term 2
I20260710 11:02:45.979427 18237 raft_consensus.cc:697] T e3c577bc39eb4a91af9b81d36b3e3567 P 6fab4d2886174f80b3dbb57180edb358 [term 2 LEADER]: Becoming Leader. State: Replica: 6fab4d2886174f80b3dbb57180edb358, State: Running, Role: LEADER
I20260710 11:02:45.979738 17542 raft_consensus.cc:2468] T e3c577bc39eb4a91af9b81d36b3e3567 P 1ead685610d04cb1852bbc20478fb763 [term 2 FOLLOWER]: Leader election vote request: Granting yes vote for candidate 6fab4d2886174f80b3dbb57180edb358 in term 2.
I20260710 11:02:45.980497 18237 consensus_queue.cc:237] T e3c577bc39eb4a91af9b81d36b3e3567 P 6fab4d2886174f80b3dbb57180edb358 [LEADER]: Queue going to LEADER mode. State: All replicated index: 0, Majority replicated index: 4, Committed index: 4, Last appended: 1.4, Last appended by leader: 4, Current term: 2, Majority size: 2, State: 0, Mode: LEADER, active raft config: opid_index: 4 OBSOLETE_local: false peers { permanent_uuid: "2e5209f62d2c41a481d64a4e49244ce7" member_type: VOTER last_known_addr { host: "127.15.231.1" port: 39327 } } peers { permanent_uuid: "1ead685610d04cb1852bbc20478fb763" member_type: VOTER last_known_addr { host: "127.15.231.3" port: 35115 } } peers { permanent_uuid: "6fab4d2886174f80b3dbb57180edb358" member_type: VOTER last_known_addr { host: "127.15.231.4" port: 44993 } attrs { promote: false } }
I20260710 11:02:45.989519 17287 catalog_manager.cc:5697] T e3c577bc39eb4a91af9b81d36b3e3567 P 6fab4d2886174f80b3dbb57180edb358 reported cstate change: term changed from 1 to 2, leader changed from 1ead685610d04cb1852bbc20478fb763 (127.15.231.3) to 6fab4d2886174f80b3dbb57180edb358 (127.15.231.4). New cstate: current_term: 2 leader_uuid: "6fab4d2886174f80b3dbb57180edb358" committed_config { opid_index: 4 OBSOLETE_local: false peers { permanent_uuid: "2e5209f62d2c41a481d64a4e49244ce7" member_type: VOTER last_known_addr { host: "127.15.231.1" port: 39327 } health_report { overall_health: UNKNOWN } } peers { permanent_uuid: "1ead685610d04cb1852bbc20478fb763" member_type: VOTER last_known_addr { host: "127.15.231.3" port: 35115 } health_report { overall_health: UNKNOWN } } peers { permanent_uuid: "6fab4d2886174f80b3dbb57180edb358" member_type: VOTER last_known_addr { host: "127.15.231.4" port: 44993 } attrs { promote: false } health_report { overall_health: HEALTHY } } }
I20260710 11:02:46.316931 17389 raft_consensus.cc:1275] T 36c770a59ba546509e38658101bd6d03 P 2e5209f62d2c41a481d64a4e49244ce7 [term 3 FOLLOWER]: Refusing update from remote peer 1ead685610d04cb1852bbc20478fb763: Log matching property violated. Preceding OpId in replica: term: 2 index: 2. Preceding OpId from leader: term: 3 index: 3. (index mismatch)
I20260710 11:02:46.318256 18231 consensus_queue.cc:1048] T 36c770a59ba546509e38658101bd6d03 P 1ead685610d04cb1852bbc20478fb763 [LEADER]: Connected to new peer: Peer: permanent_uuid: "2e5209f62d2c41a481d64a4e49244ce7" member_type: VOTER last_known_addr { host: "127.15.231.1" port: 39327 }, Status: LMP_MISMATCH, Last received: 0.0, Next index: 3, Last known committed idx: 2, Time since last communication: 0.000s
I20260710 11:02:46.328348 17467 raft_consensus.cc:1275] T 36c770a59ba546509e38658101bd6d03 P 21c5dedfdafb4213a41d9b42a8a3ac29 [term 3 FOLLOWER]: Refusing update from remote peer 1ead685610d04cb1852bbc20478fb763: Log matching property violated. Preceding OpId in replica: term: 2 index: 2. Preceding OpId from leader: term: 3 index: 3. (index mismatch)
I20260710 11:02:46.330096 18211 consensus_queue.cc:1048] T 36c770a59ba546509e38658101bd6d03 P 1ead685610d04cb1852bbc20478fb763 [LEADER]: Connected to new peer: Peer: permanent_uuid: "21c5dedfdafb4213a41d9b42a8a3ac29" member_type: VOTER last_known_addr { host: "127.15.231.2" port: 34861 }, Status: LMP_MISMATCH, Last received: 0.0, Next index: 3, Last known committed idx: 2, Time since last communication: 0.000s
I20260710 11:02:46.469585 17542 raft_consensus.cc:1275] T e3c577bc39eb4a91af9b81d36b3e3567 P 1ead685610d04cb1852bbc20478fb763 [term 2 FOLLOWER]: Refusing update from remote peer 6fab4d2886174f80b3dbb57180edb358: Log matching property violated. Preceding OpId in replica: term: 1 index: 4. Preceding OpId from leader: term: 2 index: 5. (index mismatch)
I20260710 11:02:46.470782 18237 consensus_queue.cc:1048] T e3c577bc39eb4a91af9b81d36b3e3567 P 6fab4d2886174f80b3dbb57180edb358 [LEADER]: Connected to new peer: Peer: permanent_uuid: "1ead685610d04cb1852bbc20478fb763" member_type: VOTER last_known_addr { host: "127.15.231.3" port: 35115 }, Status: LMP_MISMATCH, Last received: 0.0, Next index: 5, Last known committed idx: 4, Time since last communication: 0.000s
I20260710 11:02:46.479496 17389 raft_consensus.cc:1275] T e3c577bc39eb4a91af9b81d36b3e3567 P 2e5209f62d2c41a481d64a4e49244ce7 [term 2 FOLLOWER]: Refusing update from remote peer 6fab4d2886174f80b3dbb57180edb358: Log matching property violated. Preceding OpId in replica: term: 1 index: 4. Preceding OpId from leader: term: 2 index: 5. (index mismatch)
I20260710 11:02:46.481230 18237 consensus_queue.cc:1048] T e3c577bc39eb4a91af9b81d36b3e3567 P 6fab4d2886174f80b3dbb57180edb358 [LEADER]: Connected to new peer: Peer: permanent_uuid: "2e5209f62d2c41a481d64a4e49244ce7" member_type: VOTER last_known_addr { host: "127.15.231.1" port: 39327 }, Status: LMP_MISMATCH, Last received: 0.0, Next index: 5, Last known committed idx: 4, Time since last communication: 0.000s
I20260710 11:02:46.506573 16284 auto_leader_rebalancer.cc:141] leader rebalance for table test-workload
I20260710 11:02:46.527276 16284 auto_leader_rebalancer.cc:141] leader rebalance for table test-workload
I20260710 11:02:46.543068 17542 tablet_service.cc:2072] Received LeaderStepDown RPC: tablet_id: "6ad3090833764d3087b206613fc00f0f"
dest_uuid: "1ead685610d04cb1852bbc20478fb763"
mode: GRACEFUL
new_leader_uuid: "21c5dedfdafb4213a41d9b42a8a3ac29"
 from {username='slave'} at 127.0.0.1:34754
I20260710 11:02:46.543722 17542 raft_consensus.cc:606] T 6ad3090833764d3087b206613fc00f0f P 1ead685610d04cb1852bbc20478fb763 [term 3 LEADER]: Received request to transfer leadership to TS 21c5dedfdafb4213a41d9b42a8a3ac29
I20260710 11:02:46.545258 16284 auto_leader_rebalancer.cc:452] table: test-workload, leader rebalance finish, leader transfer count: 1
I20260710 11:02:46.546186 16284 auto_leader_rebalancer.cc:527] All tables' leader rebalancing finished this round
I20260710 11:02:46.791374 18231 raft_consensus.cc:993] T 6ad3090833764d3087b206613fc00f0f P 1ead685610d04cb1852bbc20478fb763: : Instructing follower 21c5dedfdafb4213a41d9b42a8a3ac29 to start an election
I20260710 11:02:46.791898 18211 raft_consensus.cc:1081] T 6ad3090833764d3087b206613fc00f0f P 1ead685610d04cb1852bbc20478fb763 [term 3 LEADER]: Signalling peer 21c5dedfdafb4213a41d9b42a8a3ac29 to start an election
I20260710 11:02:46.793418 17467 tablet_service.cc:2044] Received Run Leader Election RPC: tablet_id: "6ad3090833764d3087b206613fc00f0f"
dest_uuid: "21c5dedfdafb4213a41d9b42a8a3ac29"
 from {username='slave'} at 127.0.0.1:39858
I20260710 11:02:46.794024 17467 raft_consensus.cc:493] T 6ad3090833764d3087b206613fc00f0f P 21c5dedfdafb4213a41d9b42a8a3ac29 [term 3 FOLLOWER]: Starting forced leader election (received explicit request)
I20260710 11:02:46.794430 17467 raft_consensus.cc:3060] T 6ad3090833764d3087b206613fc00f0f P 21c5dedfdafb4213a41d9b42a8a3ac29 [term 3 FOLLOWER]: Advancing to term 4
I20260710 11:02:46.799711 17467 raft_consensus.cc:515] T 6ad3090833764d3087b206613fc00f0f P 21c5dedfdafb4213a41d9b42a8a3ac29 [term 4 FOLLOWER]: Starting forced leader election with config: opid_index: -1 OBSOLETE_local: false peers { permanent_uuid: "2e5209f62d2c41a481d64a4e49244ce7" member_type: VOTER last_known_addr { host: "127.15.231.1" port: 39327 } } peers { permanent_uuid: "21c5dedfdafb4213a41d9b42a8a3ac29" member_type: VOTER last_known_addr { host: "127.15.231.2" port: 34861 } } peers { permanent_uuid: "1ead685610d04cb1852bbc20478fb763" member_type: VOTER last_known_addr { host: "127.15.231.3" port: 35115 } }
I20260710 11:02:46.801167 17467 leader_election.cc:290] T 6ad3090833764d3087b206613fc00f0f P 21c5dedfdafb4213a41d9b42a8a3ac29 [CANDIDATE]: Term 4 election: Requested vote from peers 2e5209f62d2c41a481d64a4e49244ce7 (127.15.231.1:39327), 1ead685610d04cb1852bbc20478fb763 (127.15.231.3:35115)
I20260710 11:02:46.802049 17389 tablet_service.cc:1917] Received RequestConsensusVote() RPC: tablet_id: "6ad3090833764d3087b206613fc00f0f" candidate_uuid: "21c5dedfdafb4213a41d9b42a8a3ac29" candidate_term: 4 candidate_status { last_received { term: 3 index: 3 } } ignore_live_leader: true dest_uuid: "2e5209f62d2c41a481d64a4e49244ce7"
I20260710 11:02:46.802212 17540 tablet_service.cc:1917] Received RequestConsensusVote() RPC: tablet_id: "6ad3090833764d3087b206613fc00f0f" candidate_uuid: "21c5dedfdafb4213a41d9b42a8a3ac29" candidate_term: 4 candidate_status { last_received { term: 3 index: 3 } } ignore_live_leader: true dest_uuid: "1ead685610d04cb1852bbc20478fb763"
I20260710 11:02:46.802675 17389 raft_consensus.cc:3060] T 6ad3090833764d3087b206613fc00f0f P 2e5209f62d2c41a481d64a4e49244ce7 [term 3 FOLLOWER]: Advancing to term 4
I20260710 11:02:46.802742 17540 raft_consensus.cc:3055] T 6ad3090833764d3087b206613fc00f0f P 1ead685610d04cb1852bbc20478fb763 [term 3 LEADER]: Stepping down as leader of term 3
I20260710 11:02:46.803140 17540 raft_consensus.cc:740] T 6ad3090833764d3087b206613fc00f0f P 1ead685610d04cb1852bbc20478fb763 [term 3 LEADER]: Becoming Follower/Learner. State: Replica: 1ead685610d04cb1852bbc20478fb763, State: Running, Role: LEADER
I20260710 11:02:46.803869 17540 consensus_queue.cc:260] T 6ad3090833764d3087b206613fc00f0f P 1ead685610d04cb1852bbc20478fb763 [NON_LEADER]: Queue going to NON_LEADER mode. State: All replicated index: 0, Majority replicated index: 3, Committed index: 3, Last appended: 3.3, Last appended by leader: 3, Current term: 3, Majority size: -1, State: 0, Mode: NON_LEADER, active raft config: opid_index: -1 OBSOLETE_local: false peers { permanent_uuid: "2e5209f62d2c41a481d64a4e49244ce7" member_type: VOTER last_known_addr { host: "127.15.231.1" port: 39327 } } peers { permanent_uuid: "21c5dedfdafb4213a41d9b42a8a3ac29" member_type: VOTER last_known_addr { host: "127.15.231.2" port: 34861 } } peers { permanent_uuid: "1ead685610d04cb1852bbc20478fb763" member_type: VOTER last_known_addr { host: "127.15.231.3" port: 35115 } }
I20260710 11:02:46.804741 17540 raft_consensus.cc:3060] T 6ad3090833764d3087b206613fc00f0f P 1ead685610d04cb1852bbc20478fb763 [term 3 FOLLOWER]: Advancing to term 4
I20260710 11:02:46.808394 17389 raft_consensus.cc:2468] T 6ad3090833764d3087b206613fc00f0f P 2e5209f62d2c41a481d64a4e49244ce7 [term 4 FOLLOWER]: Leader election vote request: Granting yes vote for candidate 21c5dedfdafb4213a41d9b42a8a3ac29 in term 4.
I20260710 11:02:46.809384 17540 raft_consensus.cc:2468] T 6ad3090833764d3087b206613fc00f0f P 1ead685610d04cb1852bbc20478fb763 [term 4 FOLLOWER]: Leader election vote request: Granting yes vote for candidate 21c5dedfdafb4213a41d9b42a8a3ac29 in term 4.
I20260710 11:02:46.809630 17432 leader_election.cc:304] T 6ad3090833764d3087b206613fc00f0f P 21c5dedfdafb4213a41d9b42a8a3ac29 [CANDIDATE]: Term 4 election: Election decided. Result: candidate won. Election summary: received 2 responses out of 3 voters: 2 yes votes; 0 no votes. yes voters: 21c5dedfdafb4213a41d9b42a8a3ac29, 2e5209f62d2c41a481d64a4e49244ce7; no voters: 
I20260710 11:02:46.810410 18239 raft_consensus.cc:2804] T 6ad3090833764d3087b206613fc00f0f P 21c5dedfdafb4213a41d9b42a8a3ac29 [term 4 FOLLOWER]: Leader election won for term 4
I20260710 11:02:46.811725 18239 raft_consensus.cc:697] T 6ad3090833764d3087b206613fc00f0f P 21c5dedfdafb4213a41d9b42a8a3ac29 [term 4 LEADER]: Becoming Leader. State: Replica: 21c5dedfdafb4213a41d9b42a8a3ac29, State: Running, Role: LEADER
I20260710 11:02:46.812598 18239 consensus_queue.cc:237] T 6ad3090833764d3087b206613fc00f0f P 21c5dedfdafb4213a41d9b42a8a3ac29 [LEADER]: Queue going to LEADER mode. State: All replicated index: 0, Majority replicated index: 3, Committed index: 3, Last appended: 3.3, Last appended by leader: 3, Current term: 4, Majority size: 2, State: 0, Mode: LEADER, active raft config: opid_index: -1 OBSOLETE_local: false peers { permanent_uuid: "2e5209f62d2c41a481d64a4e49244ce7" member_type: VOTER last_known_addr { host: "127.15.231.1" port: 39327 } } peers { permanent_uuid: "21c5dedfdafb4213a41d9b42a8a3ac29" member_type: VOTER last_known_addr { host: "127.15.231.2" port: 34861 } } peers { permanent_uuid: "1ead685610d04cb1852bbc20478fb763" member_type: VOTER last_known_addr { host: "127.15.231.3" port: 35115 } }
I20260710 11:02:46.819594 17287 catalog_manager.cc:5697] T 6ad3090833764d3087b206613fc00f0f P 21c5dedfdafb4213a41d9b42a8a3ac29 reported cstate change: term changed from 3 to 4, leader changed from 1ead685610d04cb1852bbc20478fb763 (127.15.231.3) to 21c5dedfdafb4213a41d9b42a8a3ac29 (127.15.231.2). New cstate: current_term: 4 leader_uuid: "21c5dedfdafb4213a41d9b42a8a3ac29" committed_config { opid_index: -1 OBSOLETE_local: false peers { permanent_uuid: "2e5209f62d2c41a481d64a4e49244ce7" member_type: VOTER last_known_addr { host: "127.15.231.1" port: 39327 } health_report { overall_health: UNKNOWN } } peers { permanent_uuid: "21c5dedfdafb4213a41d9b42a8a3ac29" member_type: VOTER last_known_addr { host: "127.15.231.2" port: 34861 } health_report { overall_health: HEALTHY } } peers { permanent_uuid: "1ead685610d04cb1852bbc20478fb763" member_type: VOTER last_known_addr { host: "127.15.231.3" port: 35115 } health_report { overall_health: UNKNOWN } } }
I20260710 11:02:47.287563 17389 raft_consensus.cc:1275] T 6ad3090833764d3087b206613fc00f0f P 2e5209f62d2c41a481d64a4e49244ce7 [term 4 FOLLOWER]: Refusing update from remote peer 21c5dedfdafb4213a41d9b42a8a3ac29: Log matching property violated. Preceding OpId in replica: term: 3 index: 3. Preceding OpId from leader: term: 4 index: 4. (index mismatch)
I20260710 11:02:47.288848 18239 consensus_queue.cc:1048] T 6ad3090833764d3087b206613fc00f0f P 21c5dedfdafb4213a41d9b42a8a3ac29 [LEADER]: Connected to new peer: Peer: permanent_uuid: "2e5209f62d2c41a481d64a4e49244ce7" member_type: VOTER last_known_addr { host: "127.15.231.1" port: 39327 }, Status: LMP_MISMATCH, Last received: 0.0, Next index: 4, Last known committed idx: 3, Time since last communication: 0.000s
I20260710 11:02:47.298931 17540 raft_consensus.cc:1275] T 6ad3090833764d3087b206613fc00f0f P 1ead685610d04cb1852bbc20478fb763 [term 4 FOLLOWER]: Refusing update from remote peer 21c5dedfdafb4213a41d9b42a8a3ac29: Log matching property violated. Preceding OpId in replica: term: 3 index: 3. Preceding OpId from leader: term: 4 index: 4. (index mismatch)
I20260710 11:02:47.303941 18239 consensus_queue.cc:1048] T 6ad3090833764d3087b206613fc00f0f P 21c5dedfdafb4213a41d9b42a8a3ac29 [LEADER]: Connected to new peer: Peer: permanent_uuid: "1ead685610d04cb1852bbc20478fb763" member_type: VOTER last_known_addr { host: "127.15.231.3" port: 35115 }, Status: LMP_MISMATCH, Last received: 0.0, Next index: 4, Last known committed idx: 3, Time since last communication: 0.000s
I20260710 11:02:47.547024 16284 auto_leader_rebalancer.cc:141] leader rebalance for table test-workload
I20260710 11:02:47.568681 16284 auto_leader_rebalancer.cc:141] leader rebalance for table test-workload
I20260710 11:02:47.582938 17467 tablet_service.cc:2072] Received LeaderStepDown RPC: tablet_id: "b9d258dbe3b2416c847b6910cae48f14"
dest_uuid: "21c5dedfdafb4213a41d9b42a8a3ac29"
mode: GRACEFUL
new_leader_uuid: "6fab4d2886174f80b3dbb57180edb358"
 from {username='slave'} at 127.0.0.1:46860
I20260710 11:02:47.583500 17467 raft_consensus.cc:606] T b9d258dbe3b2416c847b6910cae48f14 P 21c5dedfdafb4213a41d9b42a8a3ac29 [term 1 LEADER]: Received request to transfer leadership to TS 6fab4d2886174f80b3dbb57180edb358
I20260710 11:02:47.584573 16284 auto_leader_rebalancer.cc:452] table: test-workload, leader rebalance finish, leader transfer count: 1
I20260710 11:02:47.585134 16284 auto_leader_rebalancer.cc:527] All tables' leader rebalancing finished this round
I20260710 11:02:47.877409 18239 raft_consensus.cc:993] T b9d258dbe3b2416c847b6910cae48f14 P 21c5dedfdafb4213a41d9b42a8a3ac29: : Instructing follower 6fab4d2886174f80b3dbb57180edb358 to start an election
I20260710 11:02:47.877982 18263 raft_consensus.cc:1081] T b9d258dbe3b2416c847b6910cae48f14 P 21c5dedfdafb4213a41d9b42a8a3ac29 [term 1 LEADER]: Signalling peer 6fab4d2886174f80b3dbb57180edb358 to start an election
I20260710 11:02:47.879428 17814 tablet_service.cc:2044] Received Run Leader Election RPC: tablet_id: "b9d258dbe3b2416c847b6910cae48f14"
dest_uuid: "6fab4d2886174f80b3dbb57180edb358"
 from {username='slave'} at 127.0.0.1:39606
I20260710 11:02:47.879861 17814 raft_consensus.cc:493] T b9d258dbe3b2416c847b6910cae48f14 P 6fab4d2886174f80b3dbb57180edb358 [term 1 FOLLOWER]: Starting forced leader election (received explicit request)
I20260710 11:02:47.880198 17814 raft_consensus.cc:3060] T b9d258dbe3b2416c847b6910cae48f14 P 6fab4d2886174f80b3dbb57180edb358 [term 1 FOLLOWER]: Advancing to term 2
I20260710 11:02:47.885452 17814 raft_consensus.cc:515] T b9d258dbe3b2416c847b6910cae48f14 P 6fab4d2886174f80b3dbb57180edb358 [term 2 FOLLOWER]: Starting forced leader election with config: opid_index: 4 OBSOLETE_local: false peers { permanent_uuid: "21c5dedfdafb4213a41d9b42a8a3ac29" member_type: VOTER last_known_addr { host: "127.15.231.2" port: 34861 } } peers { permanent_uuid: "1ead685610d04cb1852bbc20478fb763" member_type: VOTER last_known_addr { host: "127.15.231.3" port: 35115 } } peers { permanent_uuid: "6fab4d2886174f80b3dbb57180edb358" member_type: VOTER last_known_addr { host: "127.15.231.4" port: 44993 } attrs { promote: false } }
I20260710 11:02:47.886782 17814 leader_election.cc:290] T b9d258dbe3b2416c847b6910cae48f14 P 6fab4d2886174f80b3dbb57180edb358 [CANDIDATE]: Term 2 election: Requested vote from peers 21c5dedfdafb4213a41d9b42a8a3ac29 (127.15.231.2:34861), 1ead685610d04cb1852bbc20478fb763 (127.15.231.3:35115)
I20260710 11:02:47.887543 17467 tablet_service.cc:1917] Received RequestConsensusVote() RPC: tablet_id: "b9d258dbe3b2416c847b6910cae48f14" candidate_uuid: "6fab4d2886174f80b3dbb57180edb358" candidate_term: 2 candidate_status { last_received { term: 1 index: 4 } } ignore_live_leader: true dest_uuid: "21c5dedfdafb4213a41d9b42a8a3ac29"
I20260710 11:02:47.887740 17542 tablet_service.cc:1917] Received RequestConsensusVote() RPC: tablet_id: "b9d258dbe3b2416c847b6910cae48f14" candidate_uuid: "6fab4d2886174f80b3dbb57180edb358" candidate_term: 2 candidate_status { last_received { term: 1 index: 4 } } ignore_live_leader: true dest_uuid: "1ead685610d04cb1852bbc20478fb763"
I20260710 11:02:47.888093 17467 raft_consensus.cc:3055] T b9d258dbe3b2416c847b6910cae48f14 P 21c5dedfdafb4213a41d9b42a8a3ac29 [term 1 LEADER]: Stepping down as leader of term 1
I20260710 11:02:47.888217 17542 raft_consensus.cc:3060] T b9d258dbe3b2416c847b6910cae48f14 P 1ead685610d04cb1852bbc20478fb763 [term 1 FOLLOWER]: Advancing to term 2
I20260710 11:02:47.888417 17467 raft_consensus.cc:740] T b9d258dbe3b2416c847b6910cae48f14 P 21c5dedfdafb4213a41d9b42a8a3ac29 [term 1 LEADER]: Becoming Follower/Learner. State: Replica: 21c5dedfdafb4213a41d9b42a8a3ac29, State: Running, Role: LEADER
I20260710 11:02:47.889163 17467 consensus_queue.cc:260] T b9d258dbe3b2416c847b6910cae48f14 P 21c5dedfdafb4213a41d9b42a8a3ac29 [NON_LEADER]: Queue going to NON_LEADER mode. State: All replicated index: 0, Majority replicated index: 4, Committed index: 4, Last appended: 1.4, Last appended by leader: 4, Current term: 1, Majority size: -1, State: 0, Mode: NON_LEADER, active raft config: opid_index: 4 OBSOLETE_local: false peers { permanent_uuid: "21c5dedfdafb4213a41d9b42a8a3ac29" member_type: VOTER last_known_addr { host: "127.15.231.2" port: 34861 } } peers { permanent_uuid: "1ead685610d04cb1852bbc20478fb763" member_type: VOTER last_known_addr { host: "127.15.231.3" port: 35115 } } peers { permanent_uuid: "6fab4d2886174f80b3dbb57180edb358" member_type: VOTER last_known_addr { host: "127.15.231.4" port: 44993 } attrs { promote: false } }
I20260710 11:02:47.890301 17467 raft_consensus.cc:3060] T b9d258dbe3b2416c847b6910cae48f14 P 21c5dedfdafb4213a41d9b42a8a3ac29 [term 1 FOLLOWER]: Advancing to term 2
I20260710 11:02:47.894479 17542 raft_consensus.cc:2468] T b9d258dbe3b2416c847b6910cae48f14 P 1ead685610d04cb1852bbc20478fb763 [term 2 FOLLOWER]: Leader election vote request: Granting yes vote for candidate 6fab4d2886174f80b3dbb57180edb358 in term 2.
I20260710 11:02:47.895730 17777 leader_election.cc:304] T b9d258dbe3b2416c847b6910cae48f14 P 6fab4d2886174f80b3dbb57180edb358 [CANDIDATE]: Term 2 election: Election decided. Result: candidate won. Election summary: received 2 responses out of 3 voters: 2 yes votes; 0 no votes. yes voters: 1ead685610d04cb1852bbc20478fb763, 6fab4d2886174f80b3dbb57180edb358; no voters: 
I20260710 11:02:47.896335 17467 raft_consensus.cc:2468] T b9d258dbe3b2416c847b6910cae48f14 P 21c5dedfdafb4213a41d9b42a8a3ac29 [term 2 FOLLOWER]: Leader election vote request: Granting yes vote for candidate 6fab4d2886174f80b3dbb57180edb358 in term 2.
I20260710 11:02:47.896476 18258 raft_consensus.cc:2804] T b9d258dbe3b2416c847b6910cae48f14 P 6fab4d2886174f80b3dbb57180edb358 [term 2 FOLLOWER]: Leader election won for term 2
I20260710 11:02:47.897063 18258 raft_consensus.cc:697] T b9d258dbe3b2416c847b6910cae48f14 P 6fab4d2886174f80b3dbb57180edb358 [term 2 LEADER]: Becoming Leader. State: Replica: 6fab4d2886174f80b3dbb57180edb358, State: Running, Role: LEADER
I20260710 11:02:47.897825 18258 consensus_queue.cc:237] T b9d258dbe3b2416c847b6910cae48f14 P 6fab4d2886174f80b3dbb57180edb358 [LEADER]: Queue going to LEADER mode. State: All replicated index: 0, Majority replicated index: 4, Committed index: 4, Last appended: 1.4, Last appended by leader: 4, Current term: 2, Majority size: 2, State: 0, Mode: LEADER, active raft config: opid_index: 4 OBSOLETE_local: false peers { permanent_uuid: "21c5dedfdafb4213a41d9b42a8a3ac29" member_type: VOTER last_known_addr { host: "127.15.231.2" port: 34861 } } peers { permanent_uuid: "1ead685610d04cb1852bbc20478fb763" member_type: VOTER last_known_addr { host: "127.15.231.3" port: 35115 } } peers { permanent_uuid: "6fab4d2886174f80b3dbb57180edb358" member_type: VOTER last_known_addr { host: "127.15.231.4" port: 44993 } attrs { promote: false } }
I20260710 11:02:47.905057 17289 catalog_manager.cc:5697] T b9d258dbe3b2416c847b6910cae48f14 P 6fab4d2886174f80b3dbb57180edb358 reported cstate change: term changed from 1 to 2, leader changed from 21c5dedfdafb4213a41d9b42a8a3ac29 (127.15.231.2) to 6fab4d2886174f80b3dbb57180edb358 (127.15.231.4). New cstate: current_term: 2 leader_uuid: "6fab4d2886174f80b3dbb57180edb358" committed_config { opid_index: 4 OBSOLETE_local: false peers { permanent_uuid: "21c5dedfdafb4213a41d9b42a8a3ac29" member_type: VOTER last_known_addr { host: "127.15.231.2" port: 34861 } health_report { overall_health: UNKNOWN } } peers { permanent_uuid: "1ead685610d04cb1852bbc20478fb763" member_type: VOTER last_known_addr { host: "127.15.231.3" port: 35115 } health_report { overall_health: UNKNOWN } } peers { permanent_uuid: "6fab4d2886174f80b3dbb57180edb358" member_type: VOTER last_known_addr { host: "127.15.231.4" port: 44993 } attrs { promote: false } health_report { overall_health: HEALTHY } } }
I20260710 11:02:48.281190 17542 raft_consensus.cc:1275] T b9d258dbe3b2416c847b6910cae48f14 P 1ead685610d04cb1852bbc20478fb763 [term 2 FOLLOWER]: Refusing update from remote peer 6fab4d2886174f80b3dbb57180edb358: Log matching property violated. Preceding OpId in replica: term: 1 index: 4. Preceding OpId from leader: term: 2 index: 5. (index mismatch)
I20260710 11:02:48.282488 18266 consensus_queue.cc:1048] T b9d258dbe3b2416c847b6910cae48f14 P 6fab4d2886174f80b3dbb57180edb358 [LEADER]: Connected to new peer: Peer: permanent_uuid: "1ead685610d04cb1852bbc20478fb763" member_type: VOTER last_known_addr { host: "127.15.231.3" port: 35115 }, Status: LMP_MISMATCH, Last received: 0.0, Next index: 5, Last known committed idx: 4, Time since last communication: 0.000s
I20260710 11:02:48.292105 17467 raft_consensus.cc:1275] T b9d258dbe3b2416c847b6910cae48f14 P 21c5dedfdafb4213a41d9b42a8a3ac29 [term 2 FOLLOWER]: Refusing update from remote peer 6fab4d2886174f80b3dbb57180edb358: Log matching property violated. Preceding OpId in replica: term: 1 index: 4. Preceding OpId from leader: term: 2 index: 5. (index mismatch)
I20260710 11:02:48.294330 18258 consensus_queue.cc:1048] T b9d258dbe3b2416c847b6910cae48f14 P 6fab4d2886174f80b3dbb57180edb358 [LEADER]: Connected to new peer: Peer: permanent_uuid: "21c5dedfdafb4213a41d9b42a8a3ac29" member_type: VOTER last_known_addr { host: "127.15.231.2" port: 34861 }, Status: LMP_MISMATCH, Last received: 0.0, Next index: 5, Last known committed idx: 4, Time since last communication: 0.000s
I20260710 11:02:48.585870 16284 auto_leader_rebalancer.cc:141] leader rebalance for table test-workload
I20260710 11:02:48.598917 16284 tablet_server.cc:179] TabletServer@127.15.231.1:0 shutting down...
W20260710 11:02:48.610896 17506 proxy.cc:239] Call had error, refreshing address and retrying: Remote error: Service unavailable: service kudu.consensus.ConsensusService not registered on TabletServer [suppressed 4 similar messages]
W20260710 11:02:48.614807 17506 consensus_peers.cc:597] T a8cdd826639b47fb924de5e512851c83 P 1ead685610d04cb1852bbc20478fb763 -> Peer 2e5209f62d2c41a481d64a4e49244ce7 (127.15.231.1:39327): Couldn't send request to peer 2e5209f62d2c41a481d64a4e49244ce7. Status: Remote error: Service unavailable: service kudu.consensus.ConsensusService not registered on TabletServer. This is attempt 1: this message will repeat every 5th retry.
I20260710 11:02:48.631827 16284 ts_tablet_manager.cc:1507] Shutting down tablet manager...
I20260710 11:02:48.632988 16284 tablet_replica.cc:333] T eef0c76ff3aa43ed8c05369f08859849 P 2e5209f62d2c41a481d64a4e49244ce7: stopping tablet replica
I20260710 11:02:48.634208 16284 raft_consensus.cc:2243] T eef0c76ff3aa43ed8c05369f08859849 P 2e5209f62d2c41a481d64a4e49244ce7 [term 1 FOLLOWER]: Raft consensus shutting down.
I20260710 11:02:48.635268 16284 raft_consensus.cc:2272] T eef0c76ff3aa43ed8c05369f08859849 P 2e5209f62d2c41a481d64a4e49244ce7 [term 1 FOLLOWER]: Raft consensus is shut down!
I20260710 11:02:48.637319 16284 tablet_replica.cc:333] T e3c577bc39eb4a91af9b81d36b3e3567 P 2e5209f62d2c41a481d64a4e49244ce7: stopping tablet replica
I20260710 11:02:48.637846 16284 raft_consensus.cc:2243] T e3c577bc39eb4a91af9b81d36b3e3567 P 2e5209f62d2c41a481d64a4e49244ce7 [term 2 FOLLOWER]: Raft consensus shutting down.
I20260710 11:02:48.638579 16284 raft_consensus.cc:2272] T e3c577bc39eb4a91af9b81d36b3e3567 P 2e5209f62d2c41a481d64a4e49244ce7 [term 2 FOLLOWER]: Raft consensus is shut down!
I20260710 11:02:48.641100 16284 tablet_replica.cc:333] T 458c3827e520489ca361b6637109db62 P 2e5209f62d2c41a481d64a4e49244ce7: stopping tablet replica
I20260710 11:02:48.641937 16284 raft_consensus.cc:2243] T 458c3827e520489ca361b6637109db62 P 2e5209f62d2c41a481d64a4e49244ce7 [term 2 FOLLOWER]: Raft consensus shutting down.
I20260710 11:02:48.642602 16284 raft_consensus.cc:2272] T 458c3827e520489ca361b6637109db62 P 2e5209f62d2c41a481d64a4e49244ce7 [term 2 FOLLOWER]: Raft consensus is shut down!
W20260710 11:02:48.643839 17775 consensus_peers.cc:597] T 83625e3586054500bcdcebf24dc51e48 P 6fab4d2886174f80b3dbb57180edb358 -> Peer 2e5209f62d2c41a481d64a4e49244ce7 (127.15.231.1:39327): Couldn't send request to peer 2e5209f62d2c41a481d64a4e49244ce7. Status: Remote error: Service unavailable: service kudu.consensus.ConsensusService not registered on TabletServer. This is attempt 1: this message will repeat every 5th retry.
I20260710 11:02:48.644887 16284 tablet_replica.cc:333] T 0c572f88af9f40b7b7f6647cf137fb8b P 2e5209f62d2c41a481d64a4e49244ce7: stopping tablet replica
I20260710 11:02:48.645524 16284 raft_consensus.cc:2243] T 0c572f88af9f40b7b7f6647cf137fb8b P 2e5209f62d2c41a481d64a4e49244ce7 [term 1 LEADER]: Raft consensus shutting down.
I20260710 11:02:48.646346 16284 raft_consensus.cc:2272] T 0c572f88af9f40b7b7f6647cf137fb8b P 2e5209f62d2c41a481d64a4e49244ce7 [term 1 FOLLOWER]: Raft consensus is shut down!
I20260710 11:02:48.648343 16284 tablet_replica.cc:333] T c750a95b5a664b128644e9aeeb6dc756 P 2e5209f62d2c41a481d64a4e49244ce7: stopping tablet replica
I20260710 11:02:48.648902 16284 raft_consensus.cc:2243] T c750a95b5a664b128644e9aeeb6dc756 P 2e5209f62d2c41a481d64a4e49244ce7 [term 1 FOLLOWER]: Raft consensus shutting down.
I20260710 11:02:48.649549 16284 raft_consensus.cc:2272] T c750a95b5a664b128644e9aeeb6dc756 P 2e5209f62d2c41a481d64a4e49244ce7 [term 1 FOLLOWER]: Raft consensus is shut down!
I20260710 11:02:48.651407 16284 tablet_replica.cc:333] T fc02e116373f43cfba41b54b4ad998d8 P 2e5209f62d2c41a481d64a4e49244ce7: stopping tablet replica
I20260710 11:02:48.651907 16284 raft_consensus.cc:2243] T fc02e116373f43cfba41b54b4ad998d8 P 2e5209f62d2c41a481d64a4e49244ce7 [term 1 LEADER]: Raft consensus shutting down.
I20260710 11:02:48.652680 16284 raft_consensus.cc:2272] T fc02e116373f43cfba41b54b4ad998d8 P 2e5209f62d2c41a481d64a4e49244ce7 [term 1 FOLLOWER]: Raft consensus is shut down!
I20260710 11:02:48.654322 16284 tablet_replica.cc:333] T a8cdd826639b47fb924de5e512851c83 P 2e5209f62d2c41a481d64a4e49244ce7: stopping tablet replica
I20260710 11:02:48.654911 16284 raft_consensus.cc:2243] T a8cdd826639b47fb924de5e512851c83 P 2e5209f62d2c41a481d64a4e49244ce7 [term 1 FOLLOWER]: Raft consensus shutting down.
I20260710 11:02:48.655470 16284 raft_consensus.cc:2272] T a8cdd826639b47fb924de5e512851c83 P 2e5209f62d2c41a481d64a4e49244ce7 [term 1 FOLLOWER]: Raft consensus is shut down!
