I20260710 11:02:18.397663 31478 tablet_service.cc:1917] Received RequestConsensusVote() RPC: tablet_id: "227365f202ee45a292db31aae0f0e139" candidate_uuid: "103d14db8b8949f193b3d6ba37dffde1" candidate_term: 1 candidate_status { last_received { term: 0 index: 0 } } ignore_live_leader: false dest_uuid: "919cfa41f875485e858ee0b6228bee1c"
I20260710 11:02:18.398176 31478 raft_consensus.cc:3060] T 227365f202ee45a292db31aae0f0e139 P 919cfa41f875485e858ee0b6228bee1c [term 0 FOLLOWER]: Advancing to term 1
I20260710 11:02:18.400631 31593 tablet_bootstrap.cc:492] T 21b730e837094a369d061955072b1db2 P 103d14db8b8949f193b3d6ba37dffde1: No bootstrap required, opened a new log
I20260710 11:02:18.401585 31593 ts_tablet_manager.cc:1403] T 21b730e837094a369d061955072b1db2 P 103d14db8b8949f193b3d6ba37dffde1: Time spent bootstrapping tablet: real 0.091s	user 0.023s	sys 0.021s
I20260710 11:02:18.403847 31403 raft_consensus.cc:2468] T 227365f202ee45a292db31aae0f0e139 P ecbbaae028534245ac9379ad8df8bc89 [term 1 FOLLOWER]: Leader election vote request: Granting yes vote for candidate 103d14db8b8949f193b3d6ba37dffde1 in term 1.
I20260710 11:02:18.403848 31478 raft_consensus.cc:2468] T 227365f202ee45a292db31aae0f0e139 P 919cfa41f875485e858ee0b6228bee1c [term 1 FOLLOWER]: Leader election vote request: Granting yes vote for candidate 103d14db8b8949f193b3d6ba37dffde1 in term 1.
I20260710 11:02:18.404237 31593 raft_consensus.cc:359] T 21b730e837094a369d061955072b1db2 P 103d14db8b8949f193b3d6ba37dffde1 [term 0 FOLLOWER]: Replica starting. Triggering 0 pending ops. Active config: opid_index: -1 OBSOLETE_local: false peers { permanent_uuid: "ecbbaae028534245ac9379ad8df8bc89" member_type: VOTER last_known_addr { host: "127.29.154.193" port: 40621 } } peers { permanent_uuid: "919cfa41f875485e858ee0b6228bee1c" member_type: VOTER last_known_addr { host: "127.29.154.194" port: 45765 } } peers { permanent_uuid: "103d14db8b8949f193b3d6ba37dffde1" member_type: VOTER last_known_addr { host: "127.29.154.195" port: 40639 } }
I20260710 11:02:18.404901 31593 raft_consensus.cc:385] T 21b730e837094a369d061955072b1db2 P 103d14db8b8949f193b3d6ba37dffde1 [term 0 FOLLOWER]: Consensus starting up: Expiring failure detector timer to make a prompt election more likely
I20260710 11:02:18.405166 31593 raft_consensus.cc:740] T 21b730e837094a369d061955072b1db2 P 103d14db8b8949f193b3d6ba37dffde1 [term 0 FOLLOWER]: Becoming Follower/Learner. State: Replica: 103d14db8b8949f193b3d6ba37dffde1, State: Initialized, Role: FOLLOWER
I20260710 11:02:18.405483 31592 tablet_bootstrap.cc:492] T 21b730e837094a369d061955072b1db2 P ecbbaae028534245ac9379ad8df8bc89: No bootstrap required, opened a new log
I20260710 11:02:18.405310 31517 leader_election.cc:304] T 227365f202ee45a292db31aae0f0e139 P 103d14db8b8949f193b3d6ba37dffde1 [CANDIDATE]: Term 1 election: Election decided. Result: candidate won. Election summary: received 2 responses out of 3 voters: 2 yes votes; 0 no votes. yes voters: 103d14db8b8949f193b3d6ba37dffde1, 919cfa41f875485e858ee0b6228bee1c; no voters: 
I20260710 11:02:18.405860 31592 ts_tablet_manager.cc:1403] T 21b730e837094a369d061955072b1db2 P ecbbaae028534245ac9379ad8df8bc89: Time spent bootstrapping tablet: real 0.077s	user 0.005s	sys 0.037s
I20260710 11:02:18.406039 31593 consensus_queue.cc:260] T 21b730e837094a369d061955072b1db2 P 103d14db8b8949f193b3d6ba37dffde1 [NON_LEADER]: Queue going to NON_LEADER mode. State: All replicated index: 0, Majority replicated index: 0, Committed index: 0, Last appended: 0.0, Last appended by leader: 0, Current term: 0, Majority size: -1, State: 0, Mode: NON_LEADER, active raft config: opid_index: -1 OBSOLETE_local: false peers { permanent_uuid: "ecbbaae028534245ac9379ad8df8bc89" member_type: VOTER last_known_addr { host: "127.29.154.193" port: 40621 } } peers { permanent_uuid: "919cfa41f875485e858ee0b6228bee1c" member_type: VOTER last_known_addr { host: "127.29.154.194" port: 45765 } } peers { permanent_uuid: "103d14db8b8949f193b3d6ba37dffde1" member_type: VOTER last_known_addr { host: "127.29.154.195" port: 40639 } }
I20260710 11:02:18.406590 31711 raft_consensus.cc:2804] T 227365f202ee45a292db31aae0f0e139 P 103d14db8b8949f193b3d6ba37dffde1 [term 1 FOLLOWER]: Leader election won for term 1
I20260710 11:02:18.407054 31711 raft_consensus.cc:697] T 227365f202ee45a292db31aae0f0e139 P 103d14db8b8949f193b3d6ba37dffde1 [term 1 LEADER]: Becoming Leader. State: Replica: 103d14db8b8949f193b3d6ba37dffde1, State: Running, Role: LEADER
I20260710 11:02:18.407682 31594 tablet_bootstrap.cc:492] T bc08dcc2d5fe4b9f900897bb440feec1 P 919cfa41f875485e858ee0b6228bee1c: No bootstrap required, opened a new log
I20260710 11:02:18.408171 31594 ts_tablet_manager.cc:1403] T bc08dcc2d5fe4b9f900897bb440feec1 P 919cfa41f875485e858ee0b6228bee1c: Time spent bootstrapping tablet: real 0.051s	user 0.007s	sys 0.017s
I20260710 11:02:18.407867 31711 consensus_queue.cc:237] T 227365f202ee45a292db31aae0f0e139 P 103d14db8b8949f193b3d6ba37dffde1 [LEADER]: Queue going to LEADER mode. State: All replicated index: 0, Majority replicated index: 0, Committed index: 0, Last appended: 0.0, Last appended by leader: 0, Current term: 1, Majority size: 2, State: 0, Mode: LEADER, active raft config: opid_index: -1 OBSOLETE_local: false peers { permanent_uuid: "ecbbaae028534245ac9379ad8df8bc89" member_type: VOTER last_known_addr { host: "127.29.154.193" port: 40621 } } peers { permanent_uuid: "919cfa41f875485e858ee0b6228bee1c" member_type: VOTER last_known_addr { host: "127.29.154.194" port: 45765 } } peers { permanent_uuid: "103d14db8b8949f193b3d6ba37dffde1" member_type: VOTER last_known_addr { host: "127.29.154.195" port: 40639 } }
I20260710 11:02:18.408571 31593 ts_tablet_manager.cc:1434] T 21b730e837094a369d061955072b1db2 P 103d14db8b8949f193b3d6ba37dffde1: Time spent starting tablet: real 0.007s	user 0.004s	sys 0.002s
I20260710 11:02:18.409448 31593 tablet_bootstrap.cc:492] T 45b8ba4ebfb84791a2d08eeb94c63b82 P 103d14db8b8949f193b3d6ba37dffde1: Bootstrap starting.
I20260710 11:02:18.409866 31592 raft_consensus.cc:359] T 21b730e837094a369d061955072b1db2 P ecbbaae028534245ac9379ad8df8bc89 [term 0 FOLLOWER]: Replica starting. Triggering 0 pending ops. Active config: opid_index: -1 OBSOLETE_local: false peers { permanent_uuid: "ecbbaae028534245ac9379ad8df8bc89" member_type: VOTER last_known_addr { host: "127.29.154.193" port: 40621 } } peers { permanent_uuid: "919cfa41f875485e858ee0b6228bee1c" member_type: VOTER last_known_addr { host: "127.29.154.194" port: 45765 } } peers { permanent_uuid: "103d14db8b8949f193b3d6ba37dffde1" member_type: VOTER last_known_addr { host: "127.29.154.195" port: 40639 } }
I20260710 11:02:18.410480 31592 raft_consensus.cc:385] T 21b730e837094a369d061955072b1db2 P ecbbaae028534245ac9379ad8df8bc89 [term 0 FOLLOWER]: Consensus starting up: Expiring failure detector timer to make a prompt election more likely
I20260710 11:02:18.410717 31592 raft_consensus.cc:740] T 21b730e837094a369d061955072b1db2 P ecbbaae028534245ac9379ad8df8bc89 [term 0 FOLLOWER]: Becoming Follower/Learner. State: Replica: ecbbaae028534245ac9379ad8df8bc89, State: Initialized, Role: FOLLOWER
I20260710 11:02:18.411388 31592 consensus_queue.cc:260] T 21b730e837094a369d061955072b1db2 P ecbbaae028534245ac9379ad8df8bc89 [NON_LEADER]: Queue going to NON_LEADER mode. State: All replicated index: 0, Majority replicated index: 0, Committed index: 0, Last appended: 0.0, Last appended by leader: 0, Current term: 0, Majority size: -1, State: 0, Mode: NON_LEADER, active raft config: opid_index: -1 OBSOLETE_local: false peers { permanent_uuid: "ecbbaae028534245ac9379ad8df8bc89" member_type: VOTER last_known_addr { host: "127.29.154.193" port: 40621 } } peers { permanent_uuid: "919cfa41f875485e858ee0b6228bee1c" member_type: VOTER last_known_addr { host: "127.29.154.194" port: 45765 } } peers { permanent_uuid: "103d14db8b8949f193b3d6ba37dffde1" member_type: VOTER last_known_addr { host: "127.29.154.195" port: 40639 } }
I20260710 11:02:18.412779 31594 raft_consensus.cc:359] T bc08dcc2d5fe4b9f900897bb440feec1 P 919cfa41f875485e858ee0b6228bee1c [term 0 FOLLOWER]: Replica starting. Triggering 0 pending ops. Active config: opid_index: -1 OBSOLETE_local: false peers { permanent_uuid: "ecbbaae028534245ac9379ad8df8bc89" member_type: VOTER last_known_addr { host: "127.29.154.193" port: 40621 } } peers { permanent_uuid: "919cfa41f875485e858ee0b6228bee1c" member_type: VOTER last_known_addr { host: "127.29.154.194" port: 45765 } } peers { permanent_uuid: "103d14db8b8949f193b3d6ba37dffde1" member_type: VOTER last_known_addr { host: "127.29.154.195" port: 40639 } }
I20260710 11:02:18.413306 31592 ts_tablet_manager.cc:1434] T 21b730e837094a369d061955072b1db2 P ecbbaae028534245ac9379ad8df8bc89: Time spent starting tablet: real 0.007s	user 0.005s	sys 0.000s
I20260710 11:02:18.413450 31594 raft_consensus.cc:385] T bc08dcc2d5fe4b9f900897bb440feec1 P 919cfa41f875485e858ee0b6228bee1c [term 0 FOLLOWER]: Consensus starting up: Expiring failure detector timer to make a prompt election more likely
I20260710 11:02:18.413859 31594 raft_consensus.cc:740] T bc08dcc2d5fe4b9f900897bb440feec1 P 919cfa41f875485e858ee0b6228bee1c [term 0 FOLLOWER]: Becoming Follower/Learner. State: Replica: 919cfa41f875485e858ee0b6228bee1c, State: Initialized, Role: FOLLOWER
I20260710 11:02:18.414664 31594 consensus_queue.cc:260] T bc08dcc2d5fe4b9f900897bb440feec1 P 919cfa41f875485e858ee0b6228bee1c [NON_LEADER]: Queue going to NON_LEADER mode. State: All replicated index: 0, Majority replicated index: 0, Committed index: 0, Last appended: 0.0, Last appended by leader: 0, Current term: 0, Majority size: -1, State: 0, Mode: NON_LEADER, active raft config: opid_index: -1 OBSOLETE_local: false peers { permanent_uuid: "ecbbaae028534245ac9379ad8df8bc89" member_type: VOTER last_known_addr { host: "127.29.154.193" port: 40621 } } peers { permanent_uuid: "919cfa41f875485e858ee0b6228bee1c" member_type: VOTER last_known_addr { host: "127.29.154.194" port: 45765 } } peers { permanent_uuid: "103d14db8b8949f193b3d6ba37dffde1" member_type: VOTER last_known_addr { host: "127.29.154.195" port: 40639 } }
I20260710 11:02:18.418638 31592 tablet_bootstrap.cc:492] T 45b8ba4ebfb84791a2d08eeb94c63b82 P ecbbaae028534245ac9379ad8df8bc89: Bootstrap starting.
I20260710 11:02:18.419962 31594 ts_tablet_manager.cc:1434] T bc08dcc2d5fe4b9f900897bb440feec1 P 919cfa41f875485e858ee0b6228bee1c: Time spent starting tablet: real 0.011s	user 0.005s	sys 0.000s
I20260710 11:02:18.420909 31594 tablet_bootstrap.cc:492] T 21b730e837094a369d061955072b1db2 P 919cfa41f875485e858ee0b6228bee1c: Bootstrap starting.
I20260710 11:02:18.424770 31593 tablet_bootstrap.cc:654] T 45b8ba4ebfb84791a2d08eeb94c63b82 P 103d14db8b8949f193b3d6ba37dffde1: Neither blocks nor log segments found. Creating new log.
I20260710 11:02:18.426576 31594 tablet_bootstrap.cc:654] T 21b730e837094a369d061955072b1db2 P 919cfa41f875485e858ee0b6228bee1c: Neither blocks nor log segments found. Creating new log.
I20260710 11:02:18.426357 31298 catalog_manager.cc:5697] T bc08dcc2d5fe4b9f900897bb440feec1 P 103d14db8b8949f193b3d6ba37dffde1 reported cstate change: term changed from 0 to 1, leader changed from <none> to 103d14db8b8949f193b3d6ba37dffde1 (127.29.154.195). New cstate: current_term: 1 leader_uuid: "103d14db8b8949f193b3d6ba37dffde1" committed_config { opid_index: -1 OBSOLETE_local: false peers { permanent_uuid: "ecbbaae028534245ac9379ad8df8bc89" member_type: VOTER last_known_addr { host: "127.29.154.193" port: 40621 } health_report { overall_health: UNKNOWN } } peers { permanent_uuid: "919cfa41f875485e858ee0b6228bee1c" member_type: VOTER last_known_addr { host: "127.29.154.194" port: 45765 } health_report { overall_health: UNKNOWN } } peers { permanent_uuid: "103d14db8b8949f193b3d6ba37dffde1" member_type: VOTER last_known_addr { host: "127.29.154.195" port: 40639 } health_report { overall_health: HEALTHY } } }
I20260710 11:02:18.427930 31592 tablet_bootstrap.cc:654] T 45b8ba4ebfb84791a2d08eeb94c63b82 P ecbbaae028534245ac9379ad8df8bc89: Neither blocks nor log segments found. Creating new log.
I20260710 11:02:18.428581 31298 catalog_manager.cc:5697] T 227365f202ee45a292db31aae0f0e139 P 103d14db8b8949f193b3d6ba37dffde1 reported cstate change: term changed from 0 to 1, leader changed from <none> to 103d14db8b8949f193b3d6ba37dffde1 (127.29.154.195). New cstate: current_term: 1 leader_uuid: "103d14db8b8949f193b3d6ba37dffde1" committed_config { opid_index: -1 OBSOLETE_local: false peers { permanent_uuid: "ecbbaae028534245ac9379ad8df8bc89" member_type: VOTER last_known_addr { host: "127.29.154.193" port: 40621 } health_report { overall_health: UNKNOWN } } peers { permanent_uuid: "919cfa41f875485e858ee0b6228bee1c" member_type: VOTER last_known_addr { host: "127.29.154.194" port: 45765 } health_report { overall_health: UNKNOWN } } peers { permanent_uuid: "103d14db8b8949f193b3d6ba37dffde1" member_type: VOTER last_known_addr { host: "127.29.154.195" port: 40639 } health_report { overall_health: HEALTHY } } }
I20260710 11:02:18.432601 31593 tablet_bootstrap.cc:492] T 45b8ba4ebfb84791a2d08eeb94c63b82 P 103d14db8b8949f193b3d6ba37dffde1: No bootstrap required, opened a new log
I20260710 11:02:18.432991 31593 ts_tablet_manager.cc:1403] T 45b8ba4ebfb84791a2d08eeb94c63b82 P 103d14db8b8949f193b3d6ba37dffde1: Time spent bootstrapping tablet: real 0.024s	user 0.007s	sys 0.004s
I20260710 11:02:18.435600 31593 raft_consensus.cc:359] T 45b8ba4ebfb84791a2d08eeb94c63b82 P 103d14db8b8949f193b3d6ba37dffde1 [term 0 FOLLOWER]: Replica starting. Triggering 0 pending ops. Active config: opid_index: -1 OBSOLETE_local: false peers { permanent_uuid: "ecbbaae028534245ac9379ad8df8bc89" member_type: VOTER last_known_addr { host: "127.29.154.193" port: 40621 } } peers { permanent_uuid: "919cfa41f875485e858ee0b6228bee1c" member_type: VOTER last_known_addr { host: "127.29.154.194" port: 45765 } } peers { permanent_uuid: "103d14db8b8949f193b3d6ba37dffde1" member_type: VOTER last_known_addr { host: "127.29.154.195" port: 40639 } }
I20260710 11:02:18.436113 31593 raft_consensus.cc:385] T 45b8ba4ebfb84791a2d08eeb94c63b82 P 103d14db8b8949f193b3d6ba37dffde1 [term 0 FOLLOWER]: Consensus starting up: Expiring failure detector timer to make a prompt election more likely
I20260710 11:02:18.436365 31593 raft_consensus.cc:740] T 45b8ba4ebfb84791a2d08eeb94c63b82 P 103d14db8b8949f193b3d6ba37dffde1 [term 0 FOLLOWER]: Becoming Follower/Learner. State: Replica: 103d14db8b8949f193b3d6ba37dffde1, State: Initialized, Role: FOLLOWER
I20260710 11:02:18.436951 31593 consensus_queue.cc:260] T 45b8ba4ebfb84791a2d08eeb94c63b82 P 103d14db8b8949f193b3d6ba37dffde1 [NON_LEADER]: Queue going to NON_LEADER mode. State: All replicated index: 0, Majority replicated index: 0, Committed index: 0, Last appended: 0.0, Last appended by leader: 0, Current term: 0, Majority size: -1, State: 0, Mode: NON_LEADER, active raft config: opid_index: -1 OBSOLETE_local: false peers { permanent_uuid: "ecbbaae028534245ac9379ad8df8bc89" member_type: VOTER last_known_addr { host: "127.29.154.193" port: 40621 } } peers { permanent_uuid: "919cfa41f875485e858ee0b6228bee1c" member_type: VOTER last_known_addr { host: "127.29.154.194" port: 45765 } } peers { permanent_uuid: "103d14db8b8949f193b3d6ba37dffde1" member_type: VOTER last_known_addr { host: "127.29.154.195" port: 40639 } }
I20260710 11:02:18.437345 31594 tablet_bootstrap.cc:492] T 21b730e837094a369d061955072b1db2 P 919cfa41f875485e858ee0b6228bee1c: No bootstrap required, opened a new log
I20260710 11:02:18.437397 31592 tablet_bootstrap.cc:492] T 45b8ba4ebfb84791a2d08eeb94c63b82 P ecbbaae028534245ac9379ad8df8bc89: No bootstrap required, opened a new log
I20260710 11:02:18.437973 31594 ts_tablet_manager.cc:1403] T 21b730e837094a369d061955072b1db2 P 919cfa41f875485e858ee0b6228bee1c: Time spent bootstrapping tablet: real 0.017s	user 0.008s	sys 0.003s
I20260710 11:02:18.438091 31592 ts_tablet_manager.cc:1403] T 45b8ba4ebfb84791a2d08eeb94c63b82 P ecbbaae028534245ac9379ad8df8bc89: Time spent bootstrapping tablet: real 0.020s	user 0.012s	sys 0.000s
I20260710 11:02:18.439384 31593 ts_tablet_manager.cc:1434] T 45b8ba4ebfb84791a2d08eeb94c63b82 P 103d14db8b8949f193b3d6ba37dffde1: Time spent starting tablet: real 0.006s	user 0.006s	sys 0.000s
I20260710 11:02:18.440286 31593 tablet_bootstrap.cc:492] T 7149ad387a0d409bb26d761868c1c22f P 103d14db8b8949f193b3d6ba37dffde1: Bootstrap starting.
I20260710 11:02:18.440454 31594 raft_consensus.cc:359] T 21b730e837094a369d061955072b1db2 P 919cfa41f875485e858ee0b6228bee1c [term 0 FOLLOWER]: Replica starting. Triggering 0 pending ops. Active config: opid_index: -1 OBSOLETE_local: false peers { permanent_uuid: "ecbbaae028534245ac9379ad8df8bc89" member_type: VOTER last_known_addr { host: "127.29.154.193" port: 40621 } } peers { permanent_uuid: "919cfa41f875485e858ee0b6228bee1c" member_type: VOTER last_known_addr { host: "127.29.154.194" port: 45765 } } peers { permanent_uuid: "103d14db8b8949f193b3d6ba37dffde1" member_type: VOTER last_known_addr { host: "127.29.154.195" port: 40639 } }
I20260710 11:02:18.441088 31594 raft_consensus.cc:385] T 21b730e837094a369d061955072b1db2 P 919cfa41f875485e858ee0b6228bee1c [term 0 FOLLOWER]: Consensus starting up: Expiring failure detector timer to make a prompt election more likely
I20260710 11:02:18.441461 31594 raft_consensus.cc:740] T 21b730e837094a369d061955072b1db2 P 919cfa41f875485e858ee0b6228bee1c [term 0 FOLLOWER]: Becoming Follower/Learner. State: Replica: 919cfa41f875485e858ee0b6228bee1c, State: Initialized, Role: FOLLOWER
I20260710 11:02:18.440976 31592 raft_consensus.cc:359] T 45b8ba4ebfb84791a2d08eeb94c63b82 P ecbbaae028534245ac9379ad8df8bc89 [term 0 FOLLOWER]: Replica starting. Triggering 0 pending ops. Active config: opid_index: -1 OBSOLETE_local: false peers { permanent_uuid: "ecbbaae028534245ac9379ad8df8bc89" member_type: VOTER last_known_addr { host: "127.29.154.193" port: 40621 } } peers { permanent_uuid: "919cfa41f875485e858ee0b6228bee1c" member_type: VOTER last_known_addr { host: "127.29.154.194" port: 45765 } } peers { permanent_uuid: "103d14db8b8949f193b3d6ba37dffde1" member_type: VOTER last_known_addr { host: "127.29.154.195" port: 40639 } }
I20260710 11:02:18.441888 31592 raft_consensus.cc:385] T 45b8ba4ebfb84791a2d08eeb94c63b82 P ecbbaae028534245ac9379ad8df8bc89 [term 0 FOLLOWER]: Consensus starting up: Expiring failure detector timer to make a prompt election more likely
I20260710 11:02:18.442210 31592 raft_consensus.cc:740] T 45b8ba4ebfb84791a2d08eeb94c63b82 P ecbbaae028534245ac9379ad8df8bc89 [term 0 FOLLOWER]: Becoming Follower/Learner. State: Replica: ecbbaae028534245ac9379ad8df8bc89, State: Initialized, Role: FOLLOWER
I20260710 11:02:18.442278 31594 consensus_queue.cc:260] T 21b730e837094a369d061955072b1db2 P 919cfa41f875485e858ee0b6228bee1c [NON_LEADER]: Queue going to NON_LEADER mode. State: All replicated index: 0, Majority replicated index: 0, Committed index: 0, Last appended: 0.0, Last appended by leader: 0, Current term: 0, Majority size: -1, State: 0, Mode: NON_LEADER, active raft config: opid_index: -1 OBSOLETE_local: false peers { permanent_uuid: "ecbbaae028534245ac9379ad8df8bc89" member_type: VOTER last_known_addr { host: "127.29.154.193" port: 40621 } } peers { permanent_uuid: "919cfa41f875485e858ee0b6228bee1c" member_type: VOTER last_known_addr { host: "127.29.154.194" port: 45765 } } peers { permanent_uuid: "103d14db8b8949f193b3d6ba37dffde1" member_type: VOTER last_known_addr { host: "127.29.154.195" port: 40639 } }
I20260710 11:02:18.443795 31592 consensus_queue.cc:260] T 45b8ba4ebfb84791a2d08eeb94c63b82 P ecbbaae028534245ac9379ad8df8bc89 [NON_LEADER]: Queue going to NON_LEADER mode. State: All replicated index: 0, Majority replicated index: 0, Committed index: 0, Last appended: 0.0, Last appended by leader: 0, Current term: 0, Majority size: -1, State: 0, Mode: NON_LEADER, active raft config: opid_index: -1 OBSOLETE_local: false peers { permanent_uuid: "ecbbaae028534245ac9379ad8df8bc89" member_type: VOTER last_known_addr { host: "127.29.154.193" port: 40621 } } peers { permanent_uuid: "919cfa41f875485e858ee0b6228bee1c" member_type: VOTER last_known_addr { host: "127.29.154.194" port: 45765 } } peers { permanent_uuid: "103d14db8b8949f193b3d6ba37dffde1" member_type: VOTER last_known_addr { host: "127.29.154.195" port: 40639 } }
I20260710 11:02:18.444443 31594 ts_tablet_manager.cc:1434] T 21b730e837094a369d061955072b1db2 P 919cfa41f875485e858ee0b6228bee1c: Time spent starting tablet: real 0.006s	user 0.006s	sys 0.000s
I20260710 11:02:18.445283 31594 tablet_bootstrap.cc:492] T 7149ad387a0d409bb26d761868c1c22f P 919cfa41f875485e858ee0b6228bee1c: Bootstrap starting.
I20260710 11:02:18.446225 31593 tablet_bootstrap.cc:654] T 7149ad387a0d409bb26d761868c1c22f P 103d14db8b8949f193b3d6ba37dffde1: Neither blocks nor log segments found. Creating new log.
I20260710 11:02:18.447824 31630 consensus_queue.cc:1048] T f27fbd28d7c2496cb4d664dc0e02495a P 919cfa41f875485e858ee0b6228bee1c [LEADER]: Connected to new peer: Peer: permanent_uuid: "103d14db8b8949f193b3d6ba37dffde1" member_type: VOTER last_known_addr { host: "127.29.154.195" port: 40639 }, Status: LMP_MISMATCH, Last received: 0.0, Next index: 1, Last known committed idx: 0, Time since last communication: 0.000s
I20260710 11:02:18.455940 31630 consensus_queue.cc:1048] T f27fbd28d7c2496cb4d664dc0e02495a P 919cfa41f875485e858ee0b6228bee1c [LEADER]: Connected to new peer: Peer: permanent_uuid: "ecbbaae028534245ac9379ad8df8bc89" member_type: VOTER last_known_addr { host: "127.29.154.193" port: 40621 }, Status: LMP_MISMATCH, Last received: 0.0, Next index: 1, Last known committed idx: 0, Time since last communication: 0.000s
I20260710 11:02:18.456599 31594 tablet_bootstrap.cc:654] T 7149ad387a0d409bb26d761868c1c22f P 919cfa41f875485e858ee0b6228bee1c: Neither blocks nor log segments found. Creating new log.
I20260710 11:02:18.461164 31696 raft_consensus.cc:493] T 7149ad387a0d409bb26d761868c1c22f P ecbbaae028534245ac9379ad8df8bc89 [term 0 FOLLOWER]: Starting pre-election (no leader contacted us within the election timeout)
I20260710 11:02:18.461681 31696 raft_consensus.cc:515] T 7149ad387a0d409bb26d761868c1c22f P ecbbaae028534245ac9379ad8df8bc89 [term 0 FOLLOWER]: Starting pre-election with config: opid_index: -1 OBSOLETE_local: false peers { permanent_uuid: "ecbbaae028534245ac9379ad8df8bc89" member_type: VOTER last_known_addr { host: "127.29.154.193" port: 40621 } } peers { permanent_uuid: "919cfa41f875485e858ee0b6228bee1c" member_type: VOTER last_known_addr { host: "127.29.154.194" port: 45765 } } peers { permanent_uuid: "103d14db8b8949f193b3d6ba37dffde1" member_type: VOTER last_known_addr { host: "127.29.154.195" port: 40639 } }
I20260710 11:02:18.463696 31696 leader_election.cc:290] T 7149ad387a0d409bb26d761868c1c22f P ecbbaae028534245ac9379ad8df8bc89 [CANDIDATE]: Term 1 pre-election: Requested pre-vote from peers 919cfa41f875485e858ee0b6228bee1c (127.29.154.194:45765), 103d14db8b8949f193b3d6ba37dffde1 (127.29.154.195:40639)
I20260710 11:02:18.466243 31478 raft_consensus.cc:3060] T 9cd19986db8644e383fd5c23201f5336 P 919cfa41f875485e858ee0b6228bee1c [term 0 FOLLOWER]: Advancing to term 1
I20260710 11:02:18.469241 31550 tablet_service.cc:1917] Received RequestConsensusVote() RPC: tablet_id: "7149ad387a0d409bb26d761868c1c22f" candidate_uuid: "ecbbaae028534245ac9379ad8df8bc89" candidate_term: 1 candidate_status { last_received { term: 0 index: 0 } } ignore_live_leader: false dest_uuid: "103d14db8b8949f193b3d6ba37dffde1" is_pre_election: true
W20260710 11:02:18.470829 31367 leader_election.cc:343] T 7149ad387a0d409bb26d761868c1c22f P ecbbaae028534245ac9379ad8df8bc89 [CANDIDATE]: Term 1 pre-election: Tablet error from VoteRequest() call to peer 103d14db8b8949f193b3d6ba37dffde1 (127.29.154.195:40639): Illegal state: must be running to vote when last-logged opid is not known
I20260710 11:02:18.471073 31640 raft_consensus.cc:493] T fe7dd930e87749e69b1f67efc10a9e6d P 919cfa41f875485e858ee0b6228bee1c [term 0 FOLLOWER]: Starting pre-election (no leader contacted us within the election timeout)
I20260710 11:02:18.471598 31640 raft_consensus.cc:515] T fe7dd930e87749e69b1f67efc10a9e6d P 919cfa41f875485e858ee0b6228bee1c [term 0 FOLLOWER]: Starting pre-election with config: opid_index: -1 OBSOLETE_local: false peers { permanent_uuid: "ecbbaae028534245ac9379ad8df8bc89" member_type: VOTER last_known_addr { host: "127.29.154.193" port: 40621 } } peers { permanent_uuid: "919cfa41f875485e858ee0b6228bee1c" member_type: VOTER last_known_addr { host: "127.29.154.194" port: 45765 } } peers { permanent_uuid: "103d14db8b8949f193b3d6ba37dffde1" member_type: VOTER last_known_addr { host: "127.29.154.195" port: 40639 } }
I20260710 11:02:18.473642 31640 leader_election.cc:290] T fe7dd930e87749e69b1f67efc10a9e6d P 919cfa41f875485e858ee0b6228bee1c [CANDIDATE]: Term 1 pre-election: Requested pre-vote from peers ecbbaae028534245ac9379ad8df8bc89 (127.29.154.193:40621), 103d14db8b8949f193b3d6ba37dffde1 (127.29.154.195:40639)
I20260710 11:02:18.474455 31476 tablet_service.cc:1917] Received RequestConsensusVote() RPC: tablet_id: "7149ad387a0d409bb26d761868c1c22f" candidate_uuid: "ecbbaae028534245ac9379ad8df8bc89" candidate_term: 1 candidate_status { last_received { term: 0 index: 0 } } ignore_live_leader: false dest_uuid: "919cfa41f875485e858ee0b6228bee1c" is_pre_election: true
W20260710 11:02:18.478751 31368 leader_election.cc:343] T 7149ad387a0d409bb26d761868c1c22f P ecbbaae028534245ac9379ad8df8bc89 [CANDIDATE]: Term 1 pre-election: Tablet error from VoteRequest() call to peer 919cfa41f875485e858ee0b6228bee1c (127.29.154.194:45765): Illegal state: must be running to vote when last-logged opid is not known
I20260710 11:02:18.479216 31368 leader_election.cc:304] T 7149ad387a0d409bb26d761868c1c22f P ecbbaae028534245ac9379ad8df8bc89 [CANDIDATE]: Term 1 pre-election: Election decided. Result: candidate lost. Election summary: received 3 responses out of 3 voters: 1 yes votes; 2 no votes. yes voters: ecbbaae028534245ac9379ad8df8bc89; no voters: 103d14db8b8949f193b3d6ba37dffde1, 919cfa41f875485e858ee0b6228bee1c
I20260710 11:02:18.480680 31694 raft_consensus.cc:2749] T 7149ad387a0d409bb26d761868c1c22f P ecbbaae028534245ac9379ad8df8bc89 [term 0 FOLLOWER]: Leader pre-election lost for term 1. Reason: could not achieve majority
I20260710 11:02:18.482261 31401 tablet_service.cc:1917] Received RequestConsensusVote() RPC: tablet_id: "fe7dd930e87749e69b1f67efc10a9e6d" candidate_uuid: "919cfa41f875485e858ee0b6228bee1c" candidate_term: 1 candidate_status { last_received { term: 0 index: 0 } } ignore_live_leader: false dest_uuid: "ecbbaae028534245ac9379ad8df8bc89" is_pre_election: true
I20260710 11:02:18.482848 31401 raft_consensus.cc:2468] T fe7dd930e87749e69b1f67efc10a9e6d P ecbbaae028534245ac9379ad8df8bc89 [term 0 FOLLOWER]: Leader pre-election vote request: Granting yes vote for candidate 919cfa41f875485e858ee0b6228bee1c in term 0.
I20260710 11:02:18.483963 31443 leader_election.cc:304] T fe7dd930e87749e69b1f67efc10a9e6d P 919cfa41f875485e858ee0b6228bee1c [CANDIDATE]: Term 1 pre-election: Election decided. Result: candidate won. Election summary: received 2 responses out of 3 voters: 2 yes votes; 0 no votes. yes voters: 919cfa41f875485e858ee0b6228bee1c, ecbbaae028534245ac9379ad8df8bc89; no voters: 
I20260710 11:02:18.484484 31711 consensus_queue.cc:1048] T 9cd19986db8644e383fd5c23201f5336 P 103d14db8b8949f193b3d6ba37dffde1 [LEADER]: Connected to new peer: Peer: permanent_uuid: "919cfa41f875485e858ee0b6228bee1c" member_type: VOTER last_known_addr { host: "127.29.154.194" port: 45765 }, Status: LMP_MISMATCH, Last received: 0.0, Next index: 1, Last known committed idx: 0, Time since last communication: 0.000s
I20260710 11:02:18.485235 31592 ts_tablet_manager.cc:1434] T 45b8ba4ebfb84791a2d08eeb94c63b82 P ecbbaae028534245ac9379ad8df8bc89: Time spent starting tablet: real 0.047s	user 0.006s	sys 0.000s
I20260710 11:02:18.486240 31630 raft_consensus.cc:2804] T fe7dd930e87749e69b1f67efc10a9e6d P 919cfa41f875485e858ee0b6228bee1c [term 0 FOLLOWER]: Leader pre-election won for term 1
I20260710 11:02:18.486742 31630 raft_consensus.cc:493] T fe7dd930e87749e69b1f67efc10a9e6d P 919cfa41f875485e858ee0b6228bee1c [term 0 FOLLOWER]: Starting leader election (no leader contacted us within the election timeout)
I20260710 11:02:18.487138 31630 raft_consensus.cc:3060] T fe7dd930e87749e69b1f67efc10a9e6d P 919cfa41f875485e858ee0b6228bee1c [term 0 FOLLOWER]: Advancing to term 1
I20260710 11:02:18.488248 31694 consensus_queue.cc:1048] T 1a5d1391adb84322ad77f3411f4996f7 P ecbbaae028534245ac9379ad8df8bc89 [LEADER]: Connected to new peer: Peer: permanent_uuid: "103d14db8b8949f193b3d6ba37dffde1" member_type: VOTER last_known_addr { host: "127.29.154.195" port: 40639 }, Status: LMP_MISMATCH, Last received: 0.0, Next index: 1, Last known committed idx: 0, Time since last communication: 0.000s
I20260710 11:02:18.491688 31547 tablet_service.cc:1917] Received RequestConsensusVote() RPC: tablet_id: "fe7dd930e87749e69b1f67efc10a9e6d" candidate_uuid: "919cfa41f875485e858ee0b6228bee1c" candidate_term: 1 candidate_status { last_received { term: 0 index: 0 } } ignore_live_leader: false dest_uuid: "103d14db8b8949f193b3d6ba37dffde1" is_pre_election: true
I20260710 11:02:18.492303 31547 raft_consensus.cc:2468] T fe7dd930e87749e69b1f67efc10a9e6d P 103d14db8b8949f193b3d6ba37dffde1 [term 0 FOLLOWER]: Leader pre-election vote request: Granting yes vote for candidate 919cfa41f875485e858ee0b6228bee1c in term 0.
I20260710 11:02:18.494165 31630 raft_consensus.cc:515] T fe7dd930e87749e69b1f67efc10a9e6d P 919cfa41f875485e858ee0b6228bee1c [term 1 FOLLOWER]: Starting leader election with config: opid_index: -1 OBSOLETE_local: false peers { permanent_uuid: "ecbbaae028534245ac9379ad8df8bc89" member_type: VOTER last_known_addr { host: "127.29.154.193" port: 40621 } } peers { permanent_uuid: "919cfa41f875485e858ee0b6228bee1c" member_type: VOTER last_known_addr { host: "127.29.154.194" port: 45765 } } peers { permanent_uuid: "103d14db8b8949f193b3d6ba37dffde1" member_type: VOTER last_known_addr { host: "127.29.154.195" port: 40639 } }
I20260710 11:02:18.494830 31401 raft_consensus.cc:3060] T c868f7e08e9343f99a02b4a743c88ea1 P ecbbaae028534245ac9379ad8df8bc89 [term 0 FOLLOWER]: Advancing to term 1
I20260710 11:02:18.497781 31630 leader_election.cc:290] T fe7dd930e87749e69b1f67efc10a9e6d P 919cfa41f875485e858ee0b6228bee1c [CANDIDATE]: Term 1 election: Requested vote from peers ecbbaae028534245ac9379ad8df8bc89 (127.29.154.193:40621), 103d14db8b8949f193b3d6ba37dffde1 (127.29.154.195:40639)
I20260710 11:02:18.498621 31398 tablet_service.cc:1917] Received RequestConsensusVote() RPC: tablet_id: "fe7dd930e87749e69b1f67efc10a9e6d" candidate_uuid: "919cfa41f875485e858ee0b6228bee1c" candidate_term: 1 candidate_status { last_received { term: 0 index: 0 } } ignore_live_leader: false dest_uuid: "ecbbaae028534245ac9379ad8df8bc89"
I20260710 11:02:18.499835 31398 raft_consensus.cc:3060] T fe7dd930e87749e69b1f67efc10a9e6d P ecbbaae028534245ac9379ad8df8bc89 [term 0 FOLLOWER]: Advancing to term 1
I20260710 11:02:18.506486 31398 raft_consensus.cc:2468] T fe7dd930e87749e69b1f67efc10a9e6d P ecbbaae028534245ac9379ad8df8bc89 [term 1 FOLLOWER]: Leader election vote request: Granting yes vote for candidate 919cfa41f875485e858ee0b6228bee1c in term 1.
I20260710 11:02:18.507961 31443 leader_election.cc:304] T fe7dd930e87749e69b1f67efc10a9e6d P 919cfa41f875485e858ee0b6228bee1c [CANDIDATE]: Term 1 election: Election decided. Result: candidate won. Election summary: received 2 responses out of 3 voters: 2 yes votes; 0 no votes. yes voters: 919cfa41f875485e858ee0b6228bee1c, ecbbaae028534245ac9379ad8df8bc89; no voters: 
I20260710 11:02:18.508844 31600 raft_consensus.cc:2804] T fe7dd930e87749e69b1f67efc10a9e6d P 919cfa41f875485e858ee0b6228bee1c [term 1 FOLLOWER]: Leader election won for term 1
I20260710 11:02:18.510120 31600 raft_consensus.cc:697] T fe7dd930e87749e69b1f67efc10a9e6d P 919cfa41f875485e858ee0b6228bee1c [term 1 LEADER]: Becoming Leader. State: Replica: 919cfa41f875485e858ee0b6228bee1c, State: Running, Role: LEADER
I20260710 11:02:18.510990 31600 consensus_queue.cc:237] T fe7dd930e87749e69b1f67efc10a9e6d P 919cfa41f875485e858ee0b6228bee1c [LEADER]: Queue going to LEADER mode. State: All replicated index: 0, Majority replicated index: 0, Committed index: 0, Last appended: 0.0, Last appended by leader: 0, Current term: 1, Majority size: 2, State: 0, Mode: LEADER, active raft config: opid_index: -1 OBSOLETE_local: false peers { permanent_uuid: "ecbbaae028534245ac9379ad8df8bc89" member_type: VOTER last_known_addr { host: "127.29.154.193" port: 40621 } } peers { permanent_uuid: "919cfa41f875485e858ee0b6228bee1c" member_type: VOTER last_known_addr { host: "127.29.154.194" port: 45765 } } peers { permanent_uuid: "103d14db8b8949f193b3d6ba37dffde1" member_type: VOTER last_known_addr { host: "127.29.154.195" port: 40639 } }
I20260710 11:02:18.516691 31549 tablet_service.cc:1917] Received RequestConsensusVote() RPC: tablet_id: "fe7dd930e87749e69b1f67efc10a9e6d" candidate_uuid: "919cfa41f875485e858ee0b6228bee1c" candidate_term: 1 candidate_status { last_received { term: 0 index: 0 } } ignore_live_leader: false dest_uuid: "103d14db8b8949f193b3d6ba37dffde1"
I20260710 11:02:18.517256 31549 raft_consensus.cc:3060] T fe7dd930e87749e69b1f67efc10a9e6d P 103d14db8b8949f193b3d6ba37dffde1 [term 0 FOLLOWER]: Advancing to term 1
I20260710 11:02:18.529176 31593 tablet_bootstrap.cc:492] T 7149ad387a0d409bb26d761868c1c22f P 103d14db8b8949f193b3d6ba37dffde1: No bootstrap required, opened a new log
I20260710 11:02:18.529714 31593 ts_tablet_manager.cc:1403] T 7149ad387a0d409bb26d761868c1c22f P 103d14db8b8949f193b3d6ba37dffde1: Time spent bootstrapping tablet: real 0.090s	user 0.042s	sys 0.009s
I20260710 11:02:18.529624 31711 consensus_queue.cc:1048] T 82bfa63d9a394b568e824c983820c81b P 103d14db8b8949f193b3d6ba37dffde1 [LEADER]: Connected to new peer: Peer: permanent_uuid: "919cfa41f875485e858ee0b6228bee1c" member_type: VOTER last_known_addr { host: "127.29.154.194" port: 45765 }, Status: LMP_MISMATCH, Last received: 0.0, Next index: 1, Last known committed idx: 0, Time since last communication: 0.002s
I20260710 11:02:18.532984 31593 raft_consensus.cc:359] T 7149ad387a0d409bb26d761868c1c22f P 103d14db8b8949f193b3d6ba37dffde1 [term 0 FOLLOWER]: Replica starting. Triggering 0 pending ops. Active config: opid_index: -1 OBSOLETE_local: false peers { permanent_uuid: "ecbbaae028534245ac9379ad8df8bc89" member_type: VOTER last_known_addr { host: "127.29.154.193" port: 40621 } } peers { permanent_uuid: "919cfa41f875485e858ee0b6228bee1c" member_type: VOTER last_known_addr { host: "127.29.154.194" port: 45765 } } peers { permanent_uuid: "103d14db8b8949f193b3d6ba37dffde1" member_type: VOTER last_known_addr { host: "127.29.154.195" port: 40639 } }
I20260710 11:02:18.533677 31593 raft_consensus.cc:385] T 7149ad387a0d409bb26d761868c1c22f P 103d14db8b8949f193b3d6ba37dffde1 [term 0 FOLLOWER]: Consensus starting up: Expiring failure detector timer to make a prompt election more likely
I20260710 11:02:18.533941 31593 raft_consensus.cc:740] T 7149ad387a0d409bb26d761868c1c22f P 103d14db8b8949f193b3d6ba37dffde1 [term 0 FOLLOWER]: Becoming Follower/Learner. State: Replica: 103d14db8b8949f193b3d6ba37dffde1, State: Initialized, Role: FOLLOWER
I20260710 11:02:18.535020 31593 consensus_queue.cc:260] T 7149ad387a0d409bb26d761868c1c22f P 103d14db8b8949f193b3d6ba37dffde1 [NON_LEADER]: Queue going to NON_LEADER mode. State: All replicated index: 0, Majority replicated index: 0, Committed index: 0, Last appended: 0.0, Last appended by leader: 0, Current term: 0, Majority size: -1, State: 0, Mode: NON_LEADER, active raft config: opid_index: -1 OBSOLETE_local: false peers { permanent_uuid: "ecbbaae028534245ac9379ad8df8bc89" member_type: VOTER last_known_addr { host: "127.29.154.193" port: 40621 } } peers { permanent_uuid: "919cfa41f875485e858ee0b6228bee1c" member_type: VOTER last_known_addr { host: "127.29.154.194" port: 45765 } } peers { permanent_uuid: "103d14db8b8949f193b3d6ba37dffde1" member_type: VOTER last_known_addr { host: "127.29.154.195" port: 40639 } }
I20260710 11:02:18.537640 31593 ts_tablet_manager.cc:1434] T 7149ad387a0d409bb26d761868c1c22f P 103d14db8b8949f193b3d6ba37dffde1: Time spent starting tablet: real 0.008s	user 0.007s	sys 0.000s
I20260710 11:02:18.546731 31703 raft_consensus.cc:493] T 21b730e837094a369d061955072b1db2 P 919cfa41f875485e858ee0b6228bee1c [term 0 FOLLOWER]: Starting pre-election (no leader contacted us within the election timeout)
I20260710 11:02:18.547299 31703 raft_consensus.cc:515] T 21b730e837094a369d061955072b1db2 P 919cfa41f875485e858ee0b6228bee1c [term 0 FOLLOWER]: Starting pre-election with config: opid_index: -1 OBSOLETE_local: false peers { permanent_uuid: "ecbbaae028534245ac9379ad8df8bc89" member_type: VOTER last_known_addr { host: "127.29.154.193" port: 40621 } } peers { permanent_uuid: "919cfa41f875485e858ee0b6228bee1c" member_type: VOTER last_known_addr { host: "127.29.154.194" port: 45765 } } peers { permanent_uuid: "103d14db8b8949f193b3d6ba37dffde1" member_type: VOTER last_known_addr { host: "127.29.154.195" port: 40639 } }
I20260710 11:02:18.549504 31703 leader_election.cc:290] T 21b730e837094a369d061955072b1db2 P 919cfa41f875485e858ee0b6228bee1c [CANDIDATE]: Term 1 pre-election: Requested pre-vote from peers ecbbaae028534245ac9379ad8df8bc89 (127.29.154.193:40621), 103d14db8b8949f193b3d6ba37dffde1 (127.29.154.195:40639)
I20260710 11:02:18.552594 31398 tablet_service.cc:1917] Received RequestConsensusVote() RPC: tablet_id: "21b730e837094a369d061955072b1db2" candidate_uuid: "919cfa41f875485e858ee0b6228bee1c" candidate_term: 1 candidate_status { last_received { term: 0 index: 0 } } ignore_live_leader: false dest_uuid: "ecbbaae028534245ac9379ad8df8bc89" is_pre_election: true
I20260710 11:02:18.553253 31398 raft_consensus.cc:2468] T 21b730e837094a369d061955072b1db2 P ecbbaae028534245ac9379ad8df8bc89 [term 0 FOLLOWER]: Leader pre-election vote request: Granting yes vote for candidate 919cfa41f875485e858ee0b6228bee1c in term 0.
I20260710 11:02:18.552601 31547 tablet_service.cc:1917] Received RequestConsensusVote() RPC: tablet_id: "21b730e837094a369d061955072b1db2" candidate_uuid: "919cfa41f875485e858ee0b6228bee1c" candidate_term: 1 candidate_status { last_received { term: 0 index: 0 } } ignore_live_leader: false dest_uuid: "103d14db8b8949f193b3d6ba37dffde1" is_pre_election: true
I20260710 11:02:18.554430 31547 raft_consensus.cc:2468] T 21b730e837094a369d061955072b1db2 P 103d14db8b8949f193b3d6ba37dffde1 [term 0 FOLLOWER]: Leader pre-election vote request: Granting yes vote for candidate 919cfa41f875485e858ee0b6228bee1c in term 0.
I20260710 11:02:18.555859 31442 leader_election.cc:304] T 21b730e837094a369d061955072b1db2 P 919cfa41f875485e858ee0b6228bee1c [CANDIDATE]: Term 1 pre-election: Election decided. Result: candidate won. Election summary: received 2 responses out of 3 voters: 2 yes votes; 0 no votes. yes voters: 103d14db8b8949f193b3d6ba37dffde1, 919cfa41f875485e858ee0b6228bee1c; no voters: 
I20260710 11:02:18.556684 31703 raft_consensus.cc:2804] T 21b730e837094a369d061955072b1db2 P 919cfa41f875485e858ee0b6228bee1c [term 0 FOLLOWER]: Leader pre-election won for term 1
I20260710 11:02:18.557015 31703 raft_consensus.cc:493] T 21b730e837094a369d061955072b1db2 P 919cfa41f875485e858ee0b6228bee1c [term 0 FOLLOWER]: Starting leader election (no leader contacted us within the election timeout)
I20260710 11:02:18.557335 31703 raft_consensus.cc:3060] T 21b730e837094a369d061955072b1db2 P 919cfa41f875485e858ee0b6228bee1c [term 0 FOLLOWER]: Advancing to term 1
I20260710 11:02:18.560740 31549 raft_consensus.cc:2468] T fe7dd930e87749e69b1f67efc10a9e6d P 103d14db8b8949f193b3d6ba37dffde1 [term 1 FOLLOWER]: Leader election vote request: Granting yes vote for candidate 919cfa41f875485e858ee0b6228bee1c in term 1.
I20260710 11:02:18.572225 31694 consensus_queue.cc:1048] T 1a5d1391adb84322ad77f3411f4996f7 P ecbbaae028534245ac9379ad8df8bc89 [LEADER]: Connected to new peer: Peer: permanent_uuid: "919cfa41f875485e858ee0b6228bee1c" member_type: VOTER last_known_addr { host: "127.29.154.194" port: 45765 }, Status: LMP_MISMATCH, Last received: 0.0, Next index: 1, Last known committed idx: 0, Time since last communication: 0.000s
I20260710 11:02:18.573838 31703 raft_consensus.cc:515] T 21b730e837094a369d061955072b1db2 P 919cfa41f875485e858ee0b6228bee1c [term 1 FOLLOWER]: Starting leader election with config: opid_index: -1 OBSOLETE_local: false peers { permanent_uuid: "ecbbaae028534245ac9379ad8df8bc89" member_type: VOTER last_known_addr { host: "127.29.154.193" port: 40621 } } peers { permanent_uuid: "919cfa41f875485e858ee0b6228bee1c" member_type: VOTER last_known_addr { host: "127.29.154.194" port: 45765 } } peers { permanent_uuid: "103d14db8b8949f193b3d6ba37dffde1" member_type: VOTER last_known_addr { host: "127.29.154.195" port: 40639 } }
I20260710 11:02:18.576772 31594 tablet_bootstrap.cc:492] T 7149ad387a0d409bb26d761868c1c22f P 919cfa41f875485e858ee0b6228bee1c: No bootstrap required, opened a new log
I20260710 11:02:18.577353 31594 ts_tablet_manager.cc:1403] T 7149ad387a0d409bb26d761868c1c22f P 919cfa41f875485e858ee0b6228bee1c: Time spent bootstrapping tablet: real 0.132s	user 0.045s	sys 0.056s
I20260710 11:02:18.589205 31298 catalog_manager.cc:5697] T fe7dd930e87749e69b1f67efc10a9e6d P 919cfa41f875485e858ee0b6228bee1c reported cstate change: term changed from 0 to 1, leader changed from <none> to 919cfa41f875485e858ee0b6228bee1c (127.29.154.194). New cstate: current_term: 1 leader_uuid: "919cfa41f875485e858ee0b6228bee1c" committed_config { opid_index: -1 OBSOLETE_local: false peers { permanent_uuid: "ecbbaae028534245ac9379ad8df8bc89" member_type: VOTER last_known_addr { host: "127.29.154.193" port: 40621 } health_report { overall_health: UNKNOWN } } peers { permanent_uuid: "919cfa41f875485e858ee0b6228bee1c" member_type: VOTER last_known_addr { host: "127.29.154.194" port: 45765 } health_report { overall_health: HEALTHY } } peers { permanent_uuid: "103d14db8b8949f193b3d6ba37dffde1" member_type: VOTER last_known_addr { host: "127.29.154.195" port: 40639 } health_report { overall_health: UNKNOWN } } }
I20260710 11:02:18.604212 31703 leader_election.cc:290] T 21b730e837094a369d061955072b1db2 P 919cfa41f875485e858ee0b6228bee1c [CANDIDATE]: Term 1 election: Requested vote from peers ecbbaae028534245ac9379ad8df8bc89 (127.29.154.193:40621), 103d14db8b8949f193b3d6ba37dffde1 (127.29.154.195:40639)
I20260710 11:02:18.605530 31398 tablet_service.cc:1917] Received RequestConsensusVote() RPC: tablet_id: "21b730e837094a369d061955072b1db2" candidate_uuid: "919cfa41f875485e858ee0b6228bee1c" candidate_term: 1 candidate_status { last_received { term: 0 index: 0 } } ignore_live_leader: false dest_uuid: "ecbbaae028534245ac9379ad8df8bc89"
I20260710 11:02:18.606103 31398 raft_consensus.cc:3060] T 21b730e837094a369d061955072b1db2 P ecbbaae028534245ac9379ad8df8bc89 [term 0 FOLLOWER]: Advancing to term 1
I20260710 11:02:18.610723 31696 raft_consensus.cc:493] T 45b8ba4ebfb84791a2d08eeb94c63b82 P ecbbaae028534245ac9379ad8df8bc89 [term 0 FOLLOWER]: Starting pre-election (no leader contacted us within the election timeout)
I20260710 11:02:18.611255 31696 raft_consensus.cc:515] T 45b8ba4ebfb84791a2d08eeb94c63b82 P ecbbaae028534245ac9379ad8df8bc89 [term 0 FOLLOWER]: Starting pre-election with config: opid_index: -1 OBSOLETE_local: false peers { permanent_uuid: "ecbbaae028534245ac9379ad8df8bc89" member_type: VOTER last_known_addr { host: "127.29.154.193" port: 40621 } } peers { permanent_uuid: "919cfa41f875485e858ee0b6228bee1c" member_type: VOTER last_known_addr { host: "127.29.154.194" port: 45765 } } peers { permanent_uuid: "103d14db8b8949f193b3d6ba37dffde1" member_type: VOTER last_known_addr { host: "127.29.154.195" port: 40639 } }
I20260710 11:02:18.612655 31398 raft_consensus.cc:2468] T 21b730e837094a369d061955072b1db2 P ecbbaae028534245ac9379ad8df8bc89 [term 1 FOLLOWER]: Leader election vote request: Granting yes vote for candidate 919cfa41f875485e858ee0b6228bee1c in term 1.
I20260710 11:02:18.613238 31696 leader_election.cc:290] T 45b8ba4ebfb84791a2d08eeb94c63b82 P ecbbaae028534245ac9379ad8df8bc89 [CANDIDATE]: Term 1 pre-election: Requested pre-vote from peers 919cfa41f875485e858ee0b6228bee1c (127.29.154.194:45765), 103d14db8b8949f193b3d6ba37dffde1 (127.29.154.195:40639)
I20260710 11:02:18.613955 31443 leader_election.cc:304] T 21b730e837094a369d061955072b1db2 P 919cfa41f875485e858ee0b6228bee1c [CANDIDATE]: Term 1 election: Election decided. Result: candidate won. Election summary: received 2 responses out of 3 voters: 2 yes votes; 0 no votes. yes voters: 919cfa41f875485e858ee0b6228bee1c, ecbbaae028534245ac9379ad8df8bc89; no voters: 
I20260710 11:02:18.614017 31476 tablet_service.cc:1917] Received RequestConsensusVote() RPC: tablet_id: "45b8ba4ebfb84791a2d08eeb94c63b82" candidate_uuid: "ecbbaae028534245ac9379ad8df8bc89" candidate_term: 1 candidate_status { last_received { term: 0 index: 0 } } ignore_live_leader: false dest_uuid: "919cfa41f875485e858ee0b6228bee1c" is_pre_election: true
W20260710 11:02:18.615355 31368 leader_election.cc:343] T 45b8ba4ebfb84791a2d08eeb94c63b82 P ecbbaae028534245ac9379ad8df8bc89 [CANDIDATE]: Term 1 pre-election: Tablet error from VoteRequest() call to peer 919cfa41f875485e858ee0b6228bee1c (127.29.154.194:45765): Illegal state: must be running to vote when last-logged opid is not known
I20260710 11:02:18.615978 31703 raft_consensus.cc:2804] T 21b730e837094a369d061955072b1db2 P 919cfa41f875485e858ee0b6228bee1c [term 1 FOLLOWER]: Leader election won for term 1
I20260710 11:02:18.616814 31703 raft_consensus.cc:697] T 21b730e837094a369d061955072b1db2 P 919cfa41f875485e858ee0b6228bee1c [term 1 LEADER]: Becoming Leader. State: Replica: 919cfa41f875485e858ee0b6228bee1c, State: Running, Role: LEADER
I20260710 11:02:18.617347 31594 raft_consensus.cc:359] T 7149ad387a0d409bb26d761868c1c22f P 919cfa41f875485e858ee0b6228bee1c [term 0 FOLLOWER]: Replica starting. Triggering 0 pending ops. Active config: opid_index: -1 OBSOLETE_local: false peers { permanent_uuid: "ecbbaae028534245ac9379ad8df8bc89" member_type: VOTER last_known_addr { host: "127.29.154.193" port: 40621 } } peers { permanent_uuid: "919cfa41f875485e858ee0b6228bee1c" member_type: VOTER last_known_addr { host: "127.29.154.194" port: 45765 } } peers { permanent_uuid: "103d14db8b8949f193b3d6ba37dffde1" member_type: VOTER last_known_addr { host: "127.29.154.195" port: 40639 } }
I20260710 11:02:18.617996 31594 raft_consensus.cc:385] T 7149ad387a0d409bb26d761868c1c22f P 919cfa41f875485e858ee0b6228bee1c [term 0 FOLLOWER]: Consensus starting up: Expiring failure detector timer to make a prompt election more likely
I20260710 11:02:18.617646 31703 consensus_queue.cc:237] T 21b730e837094a369d061955072b1db2 P 919cfa41f875485e858ee0b6228bee1c [LEADER]: Queue going to LEADER mode. State: All replicated index: 0, Majority replicated index: 0, Committed index: 0, Last appended: 0.0, Last appended by leader: 0, Current term: 1, Majority size: 2, State: 0, Mode: LEADER, active raft config: opid_index: -1 OBSOLETE_local: false peers { permanent_uuid: "ecbbaae028534245ac9379ad8df8bc89" member_type: VOTER last_known_addr { host: "127.29.154.193" port: 40621 } } peers { permanent_uuid: "919cfa41f875485e858ee0b6228bee1c" member_type: VOTER last_known_addr { host: "127.29.154.194" port: 45765 } } peers { permanent_uuid: "103d14db8b8949f193b3d6ba37dffde1" member_type: VOTER last_known_addr { host: "127.29.154.195" port: 40639 } }
I20260710 11:02:18.618274 31594 raft_consensus.cc:740] T 7149ad387a0d409bb26d761868c1c22f P 919cfa41f875485e858ee0b6228bee1c [term 0 FOLLOWER]: Becoming Follower/Learner. State: Replica: 919cfa41f875485e858ee0b6228bee1c, State: Initialized, Role: FOLLOWER
I20260710 11:02:18.620637 31594 consensus_queue.cc:260] T 7149ad387a0d409bb26d761868c1c22f P 919cfa41f875485e858ee0b6228bee1c [NON_LEADER]: Queue going to NON_LEADER mode. State: All replicated index: 0, Majority replicated index: 0, Committed index: 0, Last appended: 0.0, Last appended by leader: 0, Current term: 0, Majority size: -1, State: 0, Mode: NON_LEADER, active raft config: opid_index: -1 OBSOLETE_local: false peers { permanent_uuid: "ecbbaae028534245ac9379ad8df8bc89" member_type: VOTER last_known_addr { host: "127.29.154.193" port: 40621 } } peers { permanent_uuid: "919cfa41f875485e858ee0b6228bee1c" member_type: VOTER last_known_addr { host: "127.29.154.194" port: 45765 } } peers { permanent_uuid: "103d14db8b8949f193b3d6ba37dffde1" member_type: VOTER last_known_addr { host: "127.29.154.195" port: 40639 } }
I20260710 11:02:18.622671 31594 ts_tablet_manager.cc:1434] T 7149ad387a0d409bb26d761868c1c22f P 919cfa41f875485e858ee0b6228bee1c: Time spent starting tablet: real 0.045s	user 0.004s	sys 0.011s
I20260710 11:02:18.623525 31594 tablet_bootstrap.cc:492] T 45b8ba4ebfb84791a2d08eeb94c63b82 P 919cfa41f875485e858ee0b6228bee1c: Bootstrap starting.
I20260710 11:02:18.625429 31551 tablet_service.cc:1917] Received RequestConsensusVote() RPC: tablet_id: "21b730e837094a369d061955072b1db2" candidate_uuid: "919cfa41f875485e858ee0b6228bee1c" candidate_term: 1 candidate_status { last_received { term: 0 index: 0 } } ignore_live_leader: false dest_uuid: "103d14db8b8949f193b3d6ba37dffde1"
I20260710 11:02:18.626025 31551 raft_consensus.cc:3060] T 21b730e837094a369d061955072b1db2 P 103d14db8b8949f193b3d6ba37dffde1 [term 0 FOLLOWER]: Advancing to term 1
