I20260710 11:02:15.473078 19230 consensus_queue.cc:260] T 173edd08c91d414cad4c24afd8d1b3ad P 04d51e5e184f4525bebed76aa5d86e2c [NON_LEADER]: Queue going to NON_LEADER mode. State: All replicated index: 0, Majority replicated index: 0, Committed index: 0, Last appended: 0.0, Last appended by leader: 0, Current term: 0, Majority size: -1, State: 0, Mode: NON_LEADER, active raft config: opid_index: -1 OBSOLETE_local: false peers { permanent_uuid: "f77bf765dfe94eb18bbaf37e1523c05b" member_type: VOTER last_known_addr { host: "127.17.129.1" port: 39609 } } peers { permanent_uuid: "a6a8b88966ef4a12944d07e5db501bc1" member_type: VOTER last_known_addr { host: "127.17.129.2" port: 45329 } } peers { permanent_uuid: "04d51e5e184f4525bebed76aa5d86e2c" member_type: VOTER last_known_addr { host: "127.17.129.3" port: 35999 } }
I20260710 11:02:15.474617 19077 leader_election.cc:304] T 173edd08c91d414cad4c24afd8d1b3ad P a6a8b88966ef4a12944d07e5db501bc1 [CANDIDATE]: Term 1 pre-election: Election decided. Result: candidate won. Election summary: received 2 responses out of 3 voters: 2 yes votes; 0 no votes. yes voters: a6a8b88966ef4a12944d07e5db501bc1, f77bf765dfe94eb18bbaf37e1523c05b; no voters: 
I20260710 11:02:15.474818 19255 consensus_queue.cc:1048] T 03a28778bf1541098cdd8180cf89d745 P 04d51e5e184f4525bebed76aa5d86e2c [LEADER]: Connected to new peer: Peer: permanent_uuid: "a6a8b88966ef4a12944d07e5db501bc1" member_type: VOTER last_known_addr { host: "127.17.129.2" port: 45329 }, Status: LMP_MISMATCH, Last received: 0.0, Next index: 1, Last known committed idx: 0, Time since last communication: 0.001s
I20260710 11:02:15.476516 19242 raft_consensus.cc:2804] T 173edd08c91d414cad4c24afd8d1b3ad P a6a8b88966ef4a12944d07e5db501bc1 [term 0 FOLLOWER]: Leader pre-election won for term 1
I20260710 11:02:15.476879 19242 raft_consensus.cc:493] T 173edd08c91d414cad4c24afd8d1b3ad P a6a8b88966ef4a12944d07e5db501bc1 [term 0 FOLLOWER]: Starting leader election (no leader contacted us within the election timeout)
I20260710 11:02:15.477115 19242 raft_consensus.cc:3060] T 173edd08c91d414cad4c24afd8d1b3ad P a6a8b88966ef4a12944d07e5db501bc1 [term 0 FOLLOWER]: Advancing to term 1
I20260710 11:02:15.467712 19299 raft_consensus.cc:697] T b0b2c5e7b0874c609b3e3b770abafdc0 P 04d51e5e184f4525bebed76aa5d86e2c [term 1 LEADER]: Becoming Leader. State: Replica: 04d51e5e184f4525bebed76aa5d86e2c, State: Running, Role: LEADER
I20260710 11:02:15.480095 19299 consensus_queue.cc:237] T b0b2c5e7b0874c609b3e3b770abafdc0 P 04d51e5e184f4525bebed76aa5d86e2c [LEADER]: Queue going to LEADER mode. State: All replicated index: 0, Majority replicated index: 0, Committed index: 0, Last appended: 0.0, Last appended by leader: 0, Current term: 1, Majority size: 2, State: 0, Mode: LEADER, active raft config: opid_index: -1 OBSOLETE_local: false peers { permanent_uuid: "f77bf765dfe94eb18bbaf37e1523c05b" member_type: VOTER last_known_addr { host: "127.17.129.1" port: 39609 } } peers { permanent_uuid: "a6a8b88966ef4a12944d07e5db501bc1" member_type: VOTER last_known_addr { host: "127.17.129.2" port: 45329 } } peers { permanent_uuid: "04d51e5e184f4525bebed76aa5d86e2c" member_type: VOTER last_known_addr { host: "127.17.129.3" port: 35999 } }
I20260710 11:02:15.482707 18937 catalog_manager.cc:5697] T 9516ea9bd5ae41e7b1a1d6886fe6ed47 P f77bf765dfe94eb18bbaf37e1523c05b reported cstate change: term changed from 0 to 1, leader changed from <none> to f77bf765dfe94eb18bbaf37e1523c05b (127.17.129.1). New cstate: current_term: 1 leader_uuid: "f77bf765dfe94eb18bbaf37e1523c05b" committed_config { opid_index: -1 OBSOLETE_local: false peers { permanent_uuid: "f77bf765dfe94eb18bbaf37e1523c05b" member_type: VOTER last_known_addr { host: "127.17.129.1" port: 39609 } health_report { overall_health: HEALTHY } } peers { permanent_uuid: "a6a8b88966ef4a12944d07e5db501bc1" member_type: VOTER last_known_addr { host: "127.17.129.2" port: 45329 } health_report { overall_health: UNKNOWN } } peers { permanent_uuid: "04d51e5e184f4525bebed76aa5d86e2c" member_type: VOTER last_known_addr { host: "127.17.129.3" port: 35999 } health_report { overall_health: UNKNOWN } } }
I20260710 11:02:15.485641 19230 ts_tablet_manager.cc:1434] T 173edd08c91d414cad4c24afd8d1b3ad P 04d51e5e184f4525bebed76aa5d86e2c: Time spent starting tablet: real 0.040s	user 0.006s	sys 0.002s
I20260710 11:02:15.486739 19187 tablet_service.cc:1917] Received RequestConsensusVote() RPC: tablet_id: "173edd08c91d414cad4c24afd8d1b3ad" candidate_uuid: "a6a8b88966ef4a12944d07e5db501bc1" candidate_term: 1 candidate_status { last_received { term: 0 index: 0 } } ignore_live_leader: false dest_uuid: "04d51e5e184f4525bebed76aa5d86e2c" is_pre_election: true
I20260710 11:02:15.487907 19187 raft_consensus.cc:2468] T 173edd08c91d414cad4c24afd8d1b3ad P 04d51e5e184f4525bebed76aa5d86e2c [term 0 FOLLOWER]: Leader pre-election vote request: Granting yes vote for candidate a6a8b88966ef4a12944d07e5db501bc1 in term 0.
I20260710 11:02:15.490227 19230 tablet_bootstrap.cc:492] T 9516ea9bd5ae41e7b1a1d6886fe6ed47 P 04d51e5e184f4525bebed76aa5d86e2c: Bootstrap starting.
I20260710 11:02:15.497743 19230 tablet_bootstrap.cc:654] T 9516ea9bd5ae41e7b1a1d6886fe6ed47 P 04d51e5e184f4525bebed76aa5d86e2c: Neither blocks nor log segments found. Creating new log.
I20260710 11:02:15.498729 19272 consensus_queue.cc:1048] T 8afca3695dcc44169f3b4717067c8f09 P f77bf765dfe94eb18bbaf37e1523c05b [LEADER]: Connected to new peer: Peer: permanent_uuid: "a6a8b88966ef4a12944d07e5db501bc1" member_type: VOTER last_known_addr { host: "127.17.129.2" port: 45329 }, Status: LMP_MISMATCH, Last received: 0.0, Next index: 1, Last known committed idx: 0, Time since last communication: 0.000s
I20260710 11:02:15.504475 19242 raft_consensus.cc:515] T 173edd08c91d414cad4c24afd8d1b3ad P a6a8b88966ef4a12944d07e5db501bc1 [term 1 FOLLOWER]: Starting leader election with config: opid_index: -1 OBSOLETE_local: false peers { permanent_uuid: "f77bf765dfe94eb18bbaf37e1523c05b" member_type: VOTER last_known_addr { host: "127.17.129.1" port: 39609 } } peers { permanent_uuid: "a6a8b88966ef4a12944d07e5db501bc1" member_type: VOTER last_known_addr { host: "127.17.129.2" port: 45329 } } peers { permanent_uuid: "04d51e5e184f4525bebed76aa5d86e2c" member_type: VOTER last_known_addr { host: "127.17.129.3" port: 35999 } }
I20260710 11:02:15.510119 19039 tablet_service.cc:1917] Received RequestConsensusVote() RPC: tablet_id: "173edd08c91d414cad4c24afd8d1b3ad" candidate_uuid: "a6a8b88966ef4a12944d07e5db501bc1" candidate_term: 1 candidate_status { last_received { term: 0 index: 0 } } ignore_live_leader: false dest_uuid: "f77bf765dfe94eb18bbaf37e1523c05b"
I20260710 11:02:15.510759 19039 raft_consensus.cc:3060] T 173edd08c91d414cad4c24afd8d1b3ad P f77bf765dfe94eb18bbaf37e1523c05b [term 0 FOLLOWER]: Advancing to term 1
I20260710 11:02:15.513931 19230 tablet_bootstrap.cc:492] T 9516ea9bd5ae41e7b1a1d6886fe6ed47 P 04d51e5e184f4525bebed76aa5d86e2c: No bootstrap required, opened a new log
I20260710 11:02:15.514711 19230 ts_tablet_manager.cc:1403] T 9516ea9bd5ae41e7b1a1d6886fe6ed47 P 04d51e5e184f4525bebed76aa5d86e2c: Time spent bootstrapping tablet: real 0.025s	user 0.004s	sys 0.016s
I20260710 11:02:15.518230 19230 raft_consensus.cc:359] T 9516ea9bd5ae41e7b1a1d6886fe6ed47 P 04d51e5e184f4525bebed76aa5d86e2c [term 0 FOLLOWER]: Replica starting. Triggering 0 pending ops. Active config: opid_index: -1 OBSOLETE_local: false peers { permanent_uuid: "f77bf765dfe94eb18bbaf37e1523c05b" member_type: VOTER last_known_addr { host: "127.17.129.1" port: 39609 } } peers { permanent_uuid: "a6a8b88966ef4a12944d07e5db501bc1" member_type: VOTER last_known_addr { host: "127.17.129.2" port: 45329 } } peers { permanent_uuid: "04d51e5e184f4525bebed76aa5d86e2c" member_type: VOTER last_known_addr { host: "127.17.129.3" port: 35999 } }
I20260710 11:02:15.519445 19230 raft_consensus.cc:385] T 9516ea9bd5ae41e7b1a1d6886fe6ed47 P 04d51e5e184f4525bebed76aa5d86e2c [term 0 FOLLOWER]: Consensus starting up: Expiring failure detector timer to make a prompt election more likely
I20260710 11:02:15.519924 19230 raft_consensus.cc:740] T 9516ea9bd5ae41e7b1a1d6886fe6ed47 P 04d51e5e184f4525bebed76aa5d86e2c [term 0 FOLLOWER]: Becoming Follower/Learner. State: Replica: 04d51e5e184f4525bebed76aa5d86e2c, State: Initialized, Role: FOLLOWER
I20260710 11:02:15.521060 19230 consensus_queue.cc:260] T 9516ea9bd5ae41e7b1a1d6886fe6ed47 P 04d51e5e184f4525bebed76aa5d86e2c [NON_LEADER]: Queue going to NON_LEADER mode. State: All replicated index: 0, Majority replicated index: 0, Committed index: 0, Last appended: 0.0, Last appended by leader: 0, Current term: 0, Majority size: -1, State: 0, Mode: NON_LEADER, active raft config: opid_index: -1 OBSOLETE_local: false peers { permanent_uuid: "f77bf765dfe94eb18bbaf37e1523c05b" member_type: VOTER last_known_addr { host: "127.17.129.1" port: 39609 } } peers { permanent_uuid: "a6a8b88966ef4a12944d07e5db501bc1" member_type: VOTER last_known_addr { host: "127.17.129.2" port: 45329 } } peers { permanent_uuid: "04d51e5e184f4525bebed76aa5d86e2c" member_type: VOTER last_known_addr { host: "127.17.129.3" port: 35999 } }
I20260710 11:02:15.525141 19230 ts_tablet_manager.cc:1434] T 9516ea9bd5ae41e7b1a1d6886fe6ed47 P 04d51e5e184f4525bebed76aa5d86e2c: Time spent starting tablet: real 0.010s	user 0.003s	sys 0.004s
I20260710 11:02:15.526537 19230 tablet_bootstrap.cc:492] T 6044e5d623fb494488b3a890a62186d7 P 04d51e5e184f4525bebed76aa5d86e2c: Bootstrap starting.
I20260710 11:02:15.535972 19230 tablet_bootstrap.cc:654] T 6044e5d623fb494488b3a890a62186d7 P 04d51e5e184f4525bebed76aa5d86e2c: Neither blocks nor log segments found. Creating new log.
I20260710 11:02:15.536459 18937 catalog_manager.cc:5697] T b0b2c5e7b0874c609b3e3b770abafdc0 P 04d51e5e184f4525bebed76aa5d86e2c reported cstate change: term changed from 0 to 1, leader changed from <none> to 04d51e5e184f4525bebed76aa5d86e2c (127.17.129.3). New cstate: current_term: 1 leader_uuid: "04d51e5e184f4525bebed76aa5d86e2c" committed_config { opid_index: -1 OBSOLETE_local: false peers { permanent_uuid: "f77bf765dfe94eb18bbaf37e1523c05b" member_type: VOTER last_known_addr { host: "127.17.129.1" port: 39609 } health_report { overall_health: UNKNOWN } } peers { permanent_uuid: "a6a8b88966ef4a12944d07e5db501bc1" member_type: VOTER last_known_addr { host: "127.17.129.2" port: 45329 } health_report { overall_health: UNKNOWN } } peers { permanent_uuid: "04d51e5e184f4525bebed76aa5d86e2c" member_type: VOTER last_known_addr { host: "127.17.129.3" port: 35999 } health_report { overall_health: HEALTHY } } }
I20260710 11:02:15.521836 19231 tablet_bootstrap.cc:492] T 6044e5d623fb494488b3a890a62186d7 P a6a8b88966ef4a12944d07e5db501bc1: No bootstrap required, opened a new log
I20260710 11:02:15.541996 19231 ts_tablet_manager.cc:1403] T 6044e5d623fb494488b3a890a62186d7 P a6a8b88966ef4a12944d07e5db501bc1: Time spent bootstrapping tablet: real 0.119s	user 0.012s	sys 0.000s
I20260710 11:02:15.544813 19231 raft_consensus.cc:359] T 6044e5d623fb494488b3a890a62186d7 P a6a8b88966ef4a12944d07e5db501bc1 [term 0 FOLLOWER]: Replica starting. Triggering 0 pending ops. Active config: opid_index: -1 OBSOLETE_local: false peers { permanent_uuid: "f77bf765dfe94eb18bbaf37e1523c05b" member_type: VOTER last_known_addr { host: "127.17.129.1" port: 39609 } } peers { permanent_uuid: "a6a8b88966ef4a12944d07e5db501bc1" member_type: VOTER last_known_addr { host: "127.17.129.2" port: 45329 } } peers { permanent_uuid: "04d51e5e184f4525bebed76aa5d86e2c" member_type: VOTER last_known_addr { host: "127.17.129.3" port: 35999 } }
I20260710 11:02:15.545519 19231 raft_consensus.cc:385] T 6044e5d623fb494488b3a890a62186d7 P a6a8b88966ef4a12944d07e5db501bc1 [term 0 FOLLOWER]: Consensus starting up: Expiring failure detector timer to make a prompt election more likely
I20260710 11:02:15.545817 19231 raft_consensus.cc:740] T 6044e5d623fb494488b3a890a62186d7 P a6a8b88966ef4a12944d07e5db501bc1 [term 0 FOLLOWER]: Becoming Follower/Learner. State: Replica: a6a8b88966ef4a12944d07e5db501bc1, State: Initialized, Role: FOLLOWER
I20260710 11:02:15.518678 19039 raft_consensus.cc:2468] T 173edd08c91d414cad4c24afd8d1b3ad P f77bf765dfe94eb18bbaf37e1523c05b [term 1 FOLLOWER]: Leader election vote request: Granting yes vote for candidate a6a8b88966ef4a12944d07e5db501bc1 in term 1.
I20260710 11:02:15.546604 19267 raft_consensus.cc:493] T 89ae2910a5b04885ac80eb402d2b559c P a6a8b88966ef4a12944d07e5db501bc1 [term 0 FOLLOWER]: Starting pre-election (no leader contacted us within the election timeout)
I20260710 11:02:15.547477 19077 leader_election.cc:304] T 173edd08c91d414cad4c24afd8d1b3ad P a6a8b88966ef4a12944d07e5db501bc1 [CANDIDATE]: Term 1 election: Election decided. Result: candidate won. Election summary: received 2 responses out of 3 voters: 2 yes votes; 0 no votes. yes voters: a6a8b88966ef4a12944d07e5db501bc1, f77bf765dfe94eb18bbaf37e1523c05b; no voters: 
I20260710 11:02:15.547245 19267 raft_consensus.cc:515] T 89ae2910a5b04885ac80eb402d2b559c P a6a8b88966ef4a12944d07e5db501bc1 [term 0 FOLLOWER]: Starting pre-election with config: opid_index: -1 OBSOLETE_local: false peers { permanent_uuid: "f77bf765dfe94eb18bbaf37e1523c05b" member_type: VOTER last_known_addr { host: "127.17.129.1" port: 39609 } } peers { permanent_uuid: "a6a8b88966ef4a12944d07e5db501bc1" member_type: VOTER last_known_addr { host: "127.17.129.2" port: 45329 } } peers { permanent_uuid: "04d51e5e184f4525bebed76aa5d86e2c" member_type: VOTER last_known_addr { host: "127.17.129.3" port: 35999 } }
I20260710 11:02:15.548697 19253 raft_consensus.cc:2804] T 173edd08c91d414cad4c24afd8d1b3ad P a6a8b88966ef4a12944d07e5db501bc1 [term 1 FOLLOWER]: Leader election won for term 1
I20260710 11:02:15.549162 19253 raft_consensus.cc:697] T 173edd08c91d414cad4c24afd8d1b3ad P a6a8b88966ef4a12944d07e5db501bc1 [term 1 LEADER]: Becoming Leader. State: Replica: a6a8b88966ef4a12944d07e5db501bc1, State: Running, Role: LEADER
I20260710 11:02:15.549852 19267 leader_election.cc:290] T 89ae2910a5b04885ac80eb402d2b559c P a6a8b88966ef4a12944d07e5db501bc1 [CANDIDATE]: Term 1 pre-election: Requested pre-vote from peers f77bf765dfe94eb18bbaf37e1523c05b (127.17.129.1:39609), 04d51e5e184f4525bebed76aa5d86e2c (127.17.129.3:35999)
I20260710 11:02:15.549991 19253 consensus_queue.cc:237] T 173edd08c91d414cad4c24afd8d1b3ad P a6a8b88966ef4a12944d07e5db501bc1 [LEADER]: Queue going to LEADER mode. State: All replicated index: 0, Majority replicated index: 0, Committed index: 0, Last appended: 0.0, Last appended by leader: 0, Current term: 1, Majority size: 2, State: 0, Mode: LEADER, active raft config: opid_index: -1 OBSOLETE_local: false peers { permanent_uuid: "f77bf765dfe94eb18bbaf37e1523c05b" member_type: VOTER last_known_addr { host: "127.17.129.1" port: 39609 } } peers { permanent_uuid: "a6a8b88966ef4a12944d07e5db501bc1" member_type: VOTER last_known_addr { host: "127.17.129.2" port: 45329 } } peers { permanent_uuid: "04d51e5e184f4525bebed76aa5d86e2c" member_type: VOTER last_known_addr { host: "127.17.129.3" port: 35999 } }
I20260710 11:02:15.552018 19230 tablet_bootstrap.cc:492] T 6044e5d623fb494488b3a890a62186d7 P 04d51e5e184f4525bebed76aa5d86e2c: No bootstrap required, opened a new log
I20260710 11:02:15.552644 19037 tablet_service.cc:1917] Received RequestConsensusVote() RPC: tablet_id: "89ae2910a5b04885ac80eb402d2b559c" candidate_uuid: "a6a8b88966ef4a12944d07e5db501bc1" candidate_term: 1 candidate_status { last_received { term: 0 index: 0 } } ignore_live_leader: false dest_uuid: "f77bf765dfe94eb18bbaf37e1523c05b" is_pre_election: true
I20260710 11:02:15.556241 19188 tablet_service.cc:1917] Received RequestConsensusVote() RPC: tablet_id: "89ae2910a5b04885ac80eb402d2b559c" candidate_uuid: "a6a8b88966ef4a12944d07e5db501bc1" candidate_term: 1 candidate_status { last_received { term: 0 index: 0 } } ignore_live_leader: false dest_uuid: "04d51e5e184f4525bebed76aa5d86e2c" is_pre_election: true
I20260710 11:02:15.560129 19285 consensus_queue.cc:1048] T ffd01b86b25243679565266dd9c94f0d P a6a8b88966ef4a12944d07e5db501bc1 [LEADER]: Connected to new peer: Peer: permanent_uuid: "f77bf765dfe94eb18bbaf37e1523c05b" member_type: VOTER last_known_addr { host: "127.17.129.1" port: 39609 }, Status: LMP_MISMATCH, Last received: 0.0, Next index: 1, Last known committed idx: 0, Time since last communication: 0.001s
I20260710 11:02:15.561952 19230 ts_tablet_manager.cc:1403] T 6044e5d623fb494488b3a890a62186d7 P 04d51e5e184f4525bebed76aa5d86e2c: Time spent bootstrapping tablet: real 0.026s	user 0.010s	sys 0.009s
I20260710 11:02:15.562255 19080 leader_election.cc:304] T 89ae2910a5b04885ac80eb402d2b559c P a6a8b88966ef4a12944d07e5db501bc1 [CANDIDATE]: Term 1 pre-election: Election decided. Result: candidate lost. Election summary: received 3 responses out of 3 voters: 1 yes votes; 2 no votes. yes voters: a6a8b88966ef4a12944d07e5db501bc1; no voters: 04d51e5e184f4525bebed76aa5d86e2c, f77bf765dfe94eb18bbaf37e1523c05b
I20260710 11:02:15.563841 19285 raft_consensus.cc:2749] T 89ae2910a5b04885ac80eb402d2b559c P a6a8b88966ef4a12944d07e5db501bc1 [term 0 FOLLOWER]: Leader pre-election lost for term 1. Reason: could not achieve majority
I20260710 11:02:15.566789 19230 raft_consensus.cc:359] T 6044e5d623fb494488b3a890a62186d7 P 04d51e5e184f4525bebed76aa5d86e2c [term 0 FOLLOWER]: Replica starting. Triggering 0 pending ops. Active config: opid_index: -1 OBSOLETE_local: false peers { permanent_uuid: "f77bf765dfe94eb18bbaf37e1523c05b" member_type: VOTER last_known_addr { host: "127.17.129.1" port: 39609 } } peers { permanent_uuid: "a6a8b88966ef4a12944d07e5db501bc1" member_type: VOTER last_known_addr { host: "127.17.129.2" port: 45329 } } peers { permanent_uuid: "04d51e5e184f4525bebed76aa5d86e2c" member_type: VOTER last_known_addr { host: "127.17.129.3" port: 35999 } }
I20260710 11:02:15.567907 19230 raft_consensus.cc:385] T 6044e5d623fb494488b3a890a62186d7 P 04d51e5e184f4525bebed76aa5d86e2c [term 0 FOLLOWER]: Consensus starting up: Expiring failure detector timer to make a prompt election more likely
I20260710 11:02:15.568351 19230 raft_consensus.cc:740] T 6044e5d623fb494488b3a890a62186d7 P 04d51e5e184f4525bebed76aa5d86e2c [term 0 FOLLOWER]: Becoming Follower/Learner. State: Replica: 04d51e5e184f4525bebed76aa5d86e2c, State: Initialized, Role: FOLLOWER
I20260710 11:02:15.569509 19230 consensus_queue.cc:260] T 6044e5d623fb494488b3a890a62186d7 P 04d51e5e184f4525bebed76aa5d86e2c [NON_LEADER]: Queue going to NON_LEADER mode. State: All replicated index: 0, Majority replicated index: 0, Committed index: 0, Last appended: 0.0, Last appended by leader: 0, Current term: 0, Majority size: -1, State: 0, Mode: NON_LEADER, active raft config: opid_index: -1 OBSOLETE_local: false peers { permanent_uuid: "f77bf765dfe94eb18bbaf37e1523c05b" member_type: VOTER last_known_addr { host: "127.17.129.1" port: 39609 } } peers { permanent_uuid: "a6a8b88966ef4a12944d07e5db501bc1" member_type: VOTER last_known_addr { host: "127.17.129.2" port: 45329 } } peers { permanent_uuid: "04d51e5e184f4525bebed76aa5d86e2c" member_type: VOTER last_known_addr { host: "127.17.129.3" port: 35999 } }
I20260710 11:02:15.572588 19230 ts_tablet_manager.cc:1434] T 6044e5d623fb494488b3a890a62186d7 P 04d51e5e184f4525bebed76aa5d86e2c: Time spent starting tablet: real 0.010s	user 0.007s	sys 0.001s
I20260710 11:02:15.583889 19285 consensus_queue.cc:1048] T ffd01b86b25243679565266dd9c94f0d P a6a8b88966ef4a12944d07e5db501bc1 [LEADER]: Connected to new peer: Peer: permanent_uuid: "04d51e5e184f4525bebed76aa5d86e2c" member_type: VOTER last_known_addr { host: "127.17.129.3" port: 35999 }, Status: LMP_MISMATCH, Last received: 0.0, Next index: 1, Last known committed idx: 0, Time since last communication: 0.000s
I20260710 11:02:15.587395 19242 leader_election.cc:290] T 173edd08c91d414cad4c24afd8d1b3ad P a6a8b88966ef4a12944d07e5db501bc1 [CANDIDATE]: Term 1 election: Requested vote from peers f77bf765dfe94eb18bbaf37e1523c05b (127.17.129.1:39609), 04d51e5e184f4525bebed76aa5d86e2c (127.17.129.3:35999)
I20260710 11:02:15.589725 19187 tablet_service.cc:1917] Received RequestConsensusVote() RPC: tablet_id: "173edd08c91d414cad4c24afd8d1b3ad" candidate_uuid: "a6a8b88966ef4a12944d07e5db501bc1" candidate_term: 1 candidate_status { last_received { term: 0 index: 0 } } ignore_live_leader: false dest_uuid: "04d51e5e184f4525bebed76aa5d86e2c"
I20260710 11:02:15.590584 19187 raft_consensus.cc:3060] T 173edd08c91d414cad4c24afd8d1b3ad P 04d51e5e184f4525bebed76aa5d86e2c [term 0 FOLLOWER]: Advancing to term 1
I20260710 11:02:15.602926 19187 raft_consensus.cc:2468] T 173edd08c91d414cad4c24afd8d1b3ad P 04d51e5e184f4525bebed76aa5d86e2c [term 1 FOLLOWER]: Leader election vote request: Granting yes vote for candidate a6a8b88966ef4a12944d07e5db501bc1 in term 1.
I20260710 11:02:15.604990 19230 tablet_bootstrap.cc:492] T a780c3a4cd6e45caaaaae0709f8234ee P 04d51e5e184f4525bebed76aa5d86e2c: Bootstrap starting.
I20260710 11:02:15.605680 19231 consensus_queue.cc:260] T 6044e5d623fb494488b3a890a62186d7 P a6a8b88966ef4a12944d07e5db501bc1 [NON_LEADER]: Queue going to NON_LEADER mode. State: All replicated index: 0, Majority replicated index: 0, Committed index: 0, Last appended: 0.0, Last appended by leader: 0, Current term: 0, Majority size: -1, State: 0, Mode: NON_LEADER, active raft config: opid_index: -1 OBSOLETE_local: false peers { permanent_uuid: "f77bf765dfe94eb18bbaf37e1523c05b" member_type: VOTER last_known_addr { host: "127.17.129.1" port: 39609 } } peers { permanent_uuid: "a6a8b88966ef4a12944d07e5db501bc1" member_type: VOTER last_known_addr { host: "127.17.129.2" port: 45329 } } peers { permanent_uuid: "04d51e5e184f4525bebed76aa5d86e2c" member_type: VOTER last_known_addr { host: "127.17.129.3" port: 35999 } }
I20260710 11:02:15.604446 19285 consensus_queue.cc:1048] T ad4e1ddce69240e1bae15e9ed5cc51b0 P a6a8b88966ef4a12944d07e5db501bc1 [LEADER]: Connected to new peer: Peer: permanent_uuid: "f77bf765dfe94eb18bbaf37e1523c05b" member_type: VOTER last_known_addr { host: "127.17.129.1" port: 39609 }, Status: LMP_MISMATCH, Last received: 0.0, Next index: 1, Last known committed idx: 0, Time since last communication: 0.004s
I20260710 11:02:15.607781 19231 ts_tablet_manager.cc:1434] T 6044e5d623fb494488b3a890a62186d7 P a6a8b88966ef4a12944d07e5db501bc1: Time spent starting tablet: real 0.065s	user 0.007s	sys 0.000s
I20260710 11:02:15.609241 19231 tablet_bootstrap.cc:492] T 1f5a24aa35e849bab25996613aad3c0f P a6a8b88966ef4a12944d07e5db501bc1: Bootstrap starting.
I20260710 11:02:15.634997 19230 tablet_bootstrap.cc:654] T a780c3a4cd6e45caaaaae0709f8234ee P 04d51e5e184f4525bebed76aa5d86e2c: Neither blocks nor log segments found. Creating new log.
I20260710 11:02:15.638305 19231 tablet_bootstrap.cc:654] T 1f5a24aa35e849bab25996613aad3c0f P a6a8b88966ef4a12944d07e5db501bc1: Neither blocks nor log segments found. Creating new log.
I20260710 11:02:15.649140 18933 catalog_manager.cc:5697] T 173edd08c91d414cad4c24afd8d1b3ad P a6a8b88966ef4a12944d07e5db501bc1 reported cstate change: term changed from 0 to 1, leader changed from <none> to a6a8b88966ef4a12944d07e5db501bc1 (127.17.129.2). New cstate: current_term: 1 leader_uuid: "a6a8b88966ef4a12944d07e5db501bc1" committed_config { opid_index: -1 OBSOLETE_local: false peers { permanent_uuid: "f77bf765dfe94eb18bbaf37e1523c05b" member_type: VOTER last_known_addr { host: "127.17.129.1" port: 39609 } health_report { overall_health: UNKNOWN } } peers { permanent_uuid: "a6a8b88966ef4a12944d07e5db501bc1" member_type: VOTER last_known_addr { host: "127.17.129.2" port: 45329 } health_report { overall_health: HEALTHY } } peers { permanent_uuid: "04d51e5e184f4525bebed76aa5d86e2c" member_type: VOTER last_known_addr { host: "127.17.129.3" port: 35999 } health_report { overall_health: UNKNOWN } } }
I20260710 11:02:15.660668 19299 raft_consensus.cc:493] T 6044e5d623fb494488b3a890a62186d7 P 04d51e5e184f4525bebed76aa5d86e2c [term 0 FOLLOWER]: Starting pre-election (no leader contacted us within the election timeout)
I20260710 11:02:15.661211 19299 raft_consensus.cc:515] T 6044e5d623fb494488b3a890a62186d7 P 04d51e5e184f4525bebed76aa5d86e2c [term 0 FOLLOWER]: Starting pre-election with config: opid_index: -1 OBSOLETE_local: false peers { permanent_uuid: "f77bf765dfe94eb18bbaf37e1523c05b" member_type: VOTER last_known_addr { host: "127.17.129.1" port: 39609 } } peers { permanent_uuid: "a6a8b88966ef4a12944d07e5db501bc1" member_type: VOTER last_known_addr { host: "127.17.129.2" port: 45329 } } peers { permanent_uuid: "04d51e5e184f4525bebed76aa5d86e2c" member_type: VOTER last_known_addr { host: "127.17.129.3" port: 35999 } }
I20260710 11:02:15.663380 19299 leader_election.cc:290] T 6044e5d623fb494488b3a890a62186d7 P 04d51e5e184f4525bebed76aa5d86e2c [CANDIDATE]: Term 1 pre-election: Requested pre-vote from peers f77bf765dfe94eb18bbaf37e1523c05b (127.17.129.1:39609), a6a8b88966ef4a12944d07e5db501bc1 (127.17.129.2:45329)
I20260710 11:02:15.667021 19113 tablet_service.cc:1917] Received RequestConsensusVote() RPC: tablet_id: "6044e5d623fb494488b3a890a62186d7" candidate_uuid: "04d51e5e184f4525bebed76aa5d86e2c" candidate_term: 1 candidate_status { last_received { term: 0 index: 0 } } ignore_live_leader: false dest_uuid: "a6a8b88966ef4a12944d07e5db501bc1" is_pre_election: true
I20260710 11:02:15.667755 19113 raft_consensus.cc:2468] T 6044e5d623fb494488b3a890a62186d7 P a6a8b88966ef4a12944d07e5db501bc1 [term 0 FOLLOWER]: Leader pre-election vote request: Granting yes vote for candidate 04d51e5e184f4525bebed76aa5d86e2c in term 0.
I20260710 11:02:15.669179 19272 raft_consensus.cc:493] T e4eeddb083ff4f078d652c2615c2c5d4 P f77bf765dfe94eb18bbaf37e1523c05b [term 0 FOLLOWER]: Starting pre-election (no leader contacted us within the election timeout)
I20260710 11:02:15.669669 19272 raft_consensus.cc:515] T e4eeddb083ff4f078d652c2615c2c5d4 P f77bf765dfe94eb18bbaf37e1523c05b [term 0 FOLLOWER]: Starting pre-election with config: opid_index: -1 OBSOLETE_local: false peers { permanent_uuid: "f77bf765dfe94eb18bbaf37e1523c05b" member_type: VOTER last_known_addr { host: "127.17.129.1" port: 39609 } } peers { permanent_uuid: "a6a8b88966ef4a12944d07e5db501bc1" member_type: VOTER last_known_addr { host: "127.17.129.2" port: 45329 } } peers { permanent_uuid: "04d51e5e184f4525bebed76aa5d86e2c" member_type: VOTER last_known_addr { host: "127.17.129.3" port: 35999 } }
I20260710 11:02:15.671240 19228 tablet_bootstrap.cc:492] T 8b015261d0294daeb9f968f4f696a567 P f77bf765dfe94eb18bbaf37e1523c05b: No bootstrap required, opened a new log
I20260710 11:02:15.671734 19228 ts_tablet_manager.cc:1403] T 8b015261d0294daeb9f968f4f696a567 P f77bf765dfe94eb18bbaf37e1523c05b: Time spent bootstrapping tablet: real 0.253s	user 0.065s	sys 0.115s
I20260710 11:02:15.671847 19272 leader_election.cc:290] T e4eeddb083ff4f078d652c2615c2c5d4 P f77bf765dfe94eb18bbaf37e1523c05b [CANDIDATE]: Term 1 pre-election: Requested pre-vote from peers a6a8b88966ef4a12944d07e5db501bc1 (127.17.129.2:45329), 04d51e5e184f4525bebed76aa5d86e2c (127.17.129.3:35999)
I20260710 11:02:15.673086 19188 tablet_service.cc:1917] Received RequestConsensusVote() RPC: tablet_id: "e4eeddb083ff4f078d652c2615c2c5d4" candidate_uuid: "f77bf765dfe94eb18bbaf37e1523c05b" candidate_term: 1 candidate_status { last_received { term: 0 index: 0 } } ignore_live_leader: false dest_uuid: "04d51e5e184f4525bebed76aa5d86e2c" is_pre_election: true
I20260710 11:02:15.674638 19228 raft_consensus.cc:359] T 8b015261d0294daeb9f968f4f696a567 P f77bf765dfe94eb18bbaf37e1523c05b [term 0 FOLLOWER]: Replica starting. Triggering 0 pending ops. Active config: opid_index: -1 OBSOLETE_local: false peers { permanent_uuid: "f77bf765dfe94eb18bbaf37e1523c05b" member_type: VOTER last_known_addr { host: "127.17.129.1" port: 39609 } } peers { permanent_uuid: "a6a8b88966ef4a12944d07e5db501bc1" member_type: VOTER last_known_addr { host: "127.17.129.2" port: 45329 } } peers { permanent_uuid: "04d51e5e184f4525bebed76aa5d86e2c" member_type: VOTER last_known_addr { host: "127.17.129.3" port: 35999 } }
I20260710 11:02:15.675478 19228 raft_consensus.cc:385] T 8b015261d0294daeb9f968f4f696a567 P f77bf765dfe94eb18bbaf37e1523c05b [term 0 FOLLOWER]: Consensus starting up: Expiring failure detector timer to make a prompt election more likely
I20260710 11:02:15.675748 19228 raft_consensus.cc:740] T 8b015261d0294daeb9f968f4f696a567 P f77bf765dfe94eb18bbaf37e1523c05b [term 0 FOLLOWER]: Becoming Follower/Learner. State: Replica: f77bf765dfe94eb18bbaf37e1523c05b, State: Initialized, Role: FOLLOWER
I20260710 11:02:15.677583 19228 consensus_queue.cc:260] T 8b015261d0294daeb9f968f4f696a567 P f77bf765dfe94eb18bbaf37e1523c05b [NON_LEADER]: Queue going to NON_LEADER mode. State: All replicated index: 0, Majority replicated index: 0, Committed index: 0, Last appended: 0.0, Last appended by leader: 0, Current term: 0, Majority size: -1, State: 0, Mode: NON_LEADER, active raft config: opid_index: -1 OBSOLETE_local: false peers { permanent_uuid: "f77bf765dfe94eb18bbaf37e1523c05b" member_type: VOTER last_known_addr { host: "127.17.129.1" port: 39609 } } peers { permanent_uuid: "a6a8b88966ef4a12944d07e5db501bc1" member_type: VOTER last_known_addr { host: "127.17.129.2" port: 45329 } } peers { permanent_uuid: "04d51e5e184f4525bebed76aa5d86e2c" member_type: VOTER last_known_addr { host: "127.17.129.3" port: 35999 } }
I20260710 11:02:15.680002 19151 leader_election.cc:304] T 6044e5d623fb494488b3a890a62186d7 P 04d51e5e184f4525bebed76aa5d86e2c [CANDIDATE]: Term 1 pre-election: Election decided. Result: candidate won. Election summary: received 2 responses out of 3 voters: 2 yes votes; 0 no votes. yes voters: 04d51e5e184f4525bebed76aa5d86e2c, a6a8b88966ef4a12944d07e5db501bc1; no voters: 
W20260710 11:02:15.681011 19005 leader_election.cc:343] T e4eeddb083ff4f078d652c2615c2c5d4 P f77bf765dfe94eb18bbaf37e1523c05b [CANDIDATE]: Term 1 pre-election: Tablet error from VoteRequest() call to peer 04d51e5e184f4525bebed76aa5d86e2c (127.17.129.3:35999): Illegal state: must be running to vote when last-logged opid is not known
I20260710 11:02:15.681661 19299 raft_consensus.cc:2804] T 6044e5d623fb494488b3a890a62186d7 P 04d51e5e184f4525bebed76aa5d86e2c [term 0 FOLLOWER]: Leader pre-election won for term 1
I20260710 11:02:15.681929 19299 raft_consensus.cc:493] T 6044e5d623fb494488b3a890a62186d7 P 04d51e5e184f4525bebed76aa5d86e2c [term 0 FOLLOWER]: Starting leader election (no leader contacted us within the election timeout)
I20260710 11:02:15.681993 19228 ts_tablet_manager.cc:1434] T 8b015261d0294daeb9f968f4f696a567 P f77bf765dfe94eb18bbaf37e1523c05b: Time spent starting tablet: real 0.010s	user 0.004s	sys 0.002s
I20260710 11:02:15.682156 19299 raft_consensus.cc:3060] T 6044e5d623fb494488b3a890a62186d7 P 04d51e5e184f4525bebed76aa5d86e2c [term 0 FOLLOWER]: Advancing to term 1
I20260710 11:02:15.682919 19228 tablet_bootstrap.cc:492] T cbb1540237a041f3a7feded24b049d18 P f77bf765dfe94eb18bbaf37e1523c05b: Bootstrap starting.
I20260710 11:02:15.683144 19230 tablet_bootstrap.cc:492] T a780c3a4cd6e45caaaaae0709f8234ee P 04d51e5e184f4525bebed76aa5d86e2c: No bootstrap required, opened a new log
I20260710 11:02:15.683627 19230 ts_tablet_manager.cc:1403] T a780c3a4cd6e45caaaaae0709f8234ee P 04d51e5e184f4525bebed76aa5d86e2c: Time spent bootstrapping tablet: real 0.079s	user 0.007s	sys 0.008s
I20260710 11:02:15.686168 19230 raft_consensus.cc:359] T a780c3a4cd6e45caaaaae0709f8234ee P 04d51e5e184f4525bebed76aa5d86e2c [term 0 FOLLOWER]: Replica starting. Triggering 0 pending ops. Active config: opid_index: -1 OBSOLETE_local: false peers { permanent_uuid: "f77bf765dfe94eb18bbaf37e1523c05b" member_type: VOTER last_known_addr { host: "127.17.129.1" port: 39609 } } peers { permanent_uuid: "a6a8b88966ef4a12944d07e5db501bc1" member_type: VOTER last_known_addr { host: "127.17.129.2" port: 45329 } } peers { permanent_uuid: "04d51e5e184f4525bebed76aa5d86e2c" member_type: VOTER last_known_addr { host: "127.17.129.3" port: 35999 } }
I20260710 11:02:15.686674 19299 raft_consensus.cc:515] T 6044e5d623fb494488b3a890a62186d7 P 04d51e5e184f4525bebed76aa5d86e2c [term 1 FOLLOWER]: Starting leader election with config: opid_index: -1 OBSOLETE_local: false peers { permanent_uuid: "f77bf765dfe94eb18bbaf37e1523c05b" member_type: VOTER last_known_addr { host: "127.17.129.1" port: 39609 } } peers { permanent_uuid: "a6a8b88966ef4a12944d07e5db501bc1" member_type: VOTER last_known_addr { host: "127.17.129.2" port: 45329 } } peers { permanent_uuid: "04d51e5e184f4525bebed76aa5d86e2c" member_type: VOTER last_known_addr { host: "127.17.129.3" port: 35999 } }
I20260710 11:02:15.688746 19113 tablet_service.cc:1917] Received RequestConsensusVote() RPC: tablet_id: "e4eeddb083ff4f078d652c2615c2c5d4" candidate_uuid: "f77bf765dfe94eb18bbaf37e1523c05b" candidate_term: 1 candidate_status { last_received { term: 0 index: 0 } } ignore_live_leader: false dest_uuid: "a6a8b88966ef4a12944d07e5db501bc1" is_pre_election: true
W20260710 11:02:15.690153 19002 leader_election.cc:343] T e4eeddb083ff4f078d652c2615c2c5d4 P f77bf765dfe94eb18bbaf37e1523c05b [CANDIDATE]: Term 1 pre-election: Tablet error from VoteRequest() call to peer a6a8b88966ef4a12944d07e5db501bc1 (127.17.129.2:45329): Illegal state: must be running to vote when last-logged opid is not known
I20260710 11:02:15.687875 19039 tablet_service.cc:1917] Received RequestConsensusVote() RPC: tablet_id: "6044e5d623fb494488b3a890a62186d7" candidate_uuid: "04d51e5e184f4525bebed76aa5d86e2c" candidate_term: 1 candidate_status { last_received { term: 0 index: 0 } } ignore_live_leader: false dest_uuid: "f77bf765dfe94eb18bbaf37e1523c05b" is_pre_election: true
I20260710 11:02:15.690598 19002 leader_election.cc:304] T e4eeddb083ff4f078d652c2615c2c5d4 P f77bf765dfe94eb18bbaf37e1523c05b [CANDIDATE]: Term 1 pre-election: Election decided. Result: candidate lost. Election summary: received 3 responses out of 3 voters: 1 yes votes; 2 no votes. yes voters: f77bf765dfe94eb18bbaf37e1523c05b; no voters: 04d51e5e184f4525bebed76aa5d86e2c, a6a8b88966ef4a12944d07e5db501bc1
I20260710 11:02:15.691146 19039 raft_consensus.cc:2468] T 6044e5d623fb494488b3a890a62186d7 P f77bf765dfe94eb18bbaf37e1523c05b [term 0 FOLLOWER]: Leader pre-election vote request: Granting yes vote for candidate 04d51e5e184f4525bebed76aa5d86e2c in term 0.
I20260710 11:02:15.691659 19272 raft_consensus.cc:2749] T e4eeddb083ff4f078d652c2615c2c5d4 P f77bf765dfe94eb18bbaf37e1523c05b [term 0 FOLLOWER]: Leader pre-election lost for term 1. Reason: could not achieve majority
I20260710 11:02:15.691980 19299 leader_election.cc:290] T 6044e5d623fb494488b3a890a62186d7 P 04d51e5e184f4525bebed76aa5d86e2c [CANDIDATE]: Term 1 election: Requested vote from peers f77bf765dfe94eb18bbaf37e1523c05b (127.17.129.1:39609), a6a8b88966ef4a12944d07e5db501bc1 (127.17.129.2:45329)
I20260710 11:02:15.680215 19231 tablet_bootstrap.cc:492] T 1f5a24aa35e849bab25996613aad3c0f P a6a8b88966ef4a12944d07e5db501bc1: No bootstrap required, opened a new log
I20260710 11:02:15.692665 19231 ts_tablet_manager.cc:1403] T 1f5a24aa35e849bab25996613aad3c0f P a6a8b88966ef4a12944d07e5db501bc1: Time spent bootstrapping tablet: real 0.084s	user 0.015s	sys 0.000s
I20260710 11:02:15.692624 19230 raft_consensus.cc:385] T a780c3a4cd6e45caaaaae0709f8234ee P 04d51e5e184f4525bebed76aa5d86e2c [term 0 FOLLOWER]: Consensus starting up: Expiring failure detector timer to make a prompt election more likely
I20260710 11:02:15.693130 19230 raft_consensus.cc:740] T a780c3a4cd6e45caaaaae0709f8234ee P 04d51e5e184f4525bebed76aa5d86e2c [term 0 FOLLOWER]: Becoming Follower/Learner. State: Replica: 04d51e5e184f4525bebed76aa5d86e2c, State: Initialized, Role: FOLLOWER
I20260710 11:02:15.693845 19230 consensus_queue.cc:260] T a780c3a4cd6e45caaaaae0709f8234ee P 04d51e5e184f4525bebed76aa5d86e2c [NON_LEADER]: Queue going to NON_LEADER mode. State: All replicated index: 0, Majority replicated index: 0, Committed index: 0, Last appended: 0.0, Last appended by leader: 0, Current term: 0, Majority size: -1, State: 0, Mode: NON_LEADER, active raft config: opid_index: -1 OBSOLETE_local: false peers { permanent_uuid: "f77bf765dfe94eb18bbaf37e1523c05b" member_type: VOTER last_known_addr { host: "127.17.129.1" port: 39609 } } peers { permanent_uuid: "a6a8b88966ef4a12944d07e5db501bc1" member_type: VOTER last_known_addr { host: "127.17.129.2" port: 45329 } } peers { permanent_uuid: "04d51e5e184f4525bebed76aa5d86e2c" member_type: VOTER last_known_addr { host: "127.17.129.3" port: 35999 } }
I20260710 11:02:15.695385 19231 raft_consensus.cc:359] T 1f5a24aa35e849bab25996613aad3c0f P a6a8b88966ef4a12944d07e5db501bc1 [term 0 FOLLOWER]: Replica starting. Triggering 0 pending ops. Active config: opid_index: -1 OBSOLETE_local: false peers { permanent_uuid: "f77bf765dfe94eb18bbaf37e1523c05b" member_type: VOTER last_known_addr { host: "127.17.129.1" port: 39609 } } peers { permanent_uuid: "a6a8b88966ef4a12944d07e5db501bc1" member_type: VOTER last_known_addr { host: "127.17.129.2" port: 45329 } } peers { permanent_uuid: "04d51e5e184f4525bebed76aa5d86e2c" member_type: VOTER last_known_addr { host: "127.17.129.3" port: 35999 } }
I20260710 11:02:15.695779 19113 tablet_service.cc:1917] Received RequestConsensusVote() RPC: tablet_id: "6044e5d623fb494488b3a890a62186d7" candidate_uuid: "04d51e5e184f4525bebed76aa5d86e2c" candidate_term: 1 candidate_status { last_received { term: 0 index: 0 } } ignore_live_leader: false dest_uuid: "a6a8b88966ef4a12944d07e5db501bc1"
I20260710 11:02:15.696221 19231 raft_consensus.cc:385] T 1f5a24aa35e849bab25996613aad3c0f P a6a8b88966ef4a12944d07e5db501bc1 [term 0 FOLLOWER]: Consensus starting up: Expiring failure detector timer to make a prompt election more likely
I20260710 11:02:15.696353 19113 raft_consensus.cc:3060] T 6044e5d623fb494488b3a890a62186d7 P a6a8b88966ef4a12944d07e5db501bc1 [term 0 FOLLOWER]: Advancing to term 1
I20260710 11:02:15.696538 19231 raft_consensus.cc:740] T 1f5a24aa35e849bab25996613aad3c0f P a6a8b88966ef4a12944d07e5db501bc1 [term 0 FOLLOWER]: Becoming Follower/Learner. State: Replica: a6a8b88966ef4a12944d07e5db501bc1, State: Initialized, Role: FOLLOWER
I20260710 11:02:15.697368 19231 consensus_queue.cc:260] T 1f5a24aa35e849bab25996613aad3c0f P a6a8b88966ef4a12944d07e5db501bc1 [NON_LEADER]: Queue going to NON_LEADER mode. State: All replicated index: 0, Majority replicated index: 0, Committed index: 0, Last appended: 0.0, Last appended by leader: 0, Current term: 0, Majority size: -1, State: 0, Mode: NON_LEADER, active raft config: opid_index: -1 OBSOLETE_local: false peers { permanent_uuid: "f77bf765dfe94eb18bbaf37e1523c05b" member_type: VOTER last_known_addr { host: "127.17.129.1" port: 39609 } } peers { permanent_uuid: "a6a8b88966ef4a12944d07e5db501bc1" member_type: VOTER last_known_addr { host: "127.17.129.2" port: 45329 } } peers { permanent_uuid: "04d51e5e184f4525bebed76aa5d86e2c" member_type: VOTER last_known_addr { host: "127.17.129.3" port: 35999 } }
I20260710 11:02:15.699911 19255 consensus_queue.cc:1048] T 8d3e0fd5d5ed4eb79d69c24b47d079c6 P 04d51e5e184f4525bebed76aa5d86e2c [LEADER]: Connected to new peer: Peer: permanent_uuid: "f77bf765dfe94eb18bbaf37e1523c05b" member_type: VOTER last_known_addr { host: "127.17.129.1" port: 39609 }, Status: LMP_MISMATCH, Last received: 0.0, Next index: 1, Last known committed idx: 0, Time since last communication: 0.000s
I20260710 11:02:15.701103 19231 ts_tablet_manager.cc:1434] T 1f5a24aa35e849bab25996613aad3c0f P a6a8b88966ef4a12944d07e5db501bc1: Time spent starting tablet: real 0.008s	user 0.006s	sys 0.000s
I20260710 11:02:15.702081 19231 tablet_bootstrap.cc:492] T ee76381791d44276b609fe16303c58b8 P a6a8b88966ef4a12944d07e5db501bc1: Bootstrap starting.
I20260710 11:02:15.703269 19113 raft_consensus.cc:2468] T 6044e5d623fb494488b3a890a62186d7 P a6a8b88966ef4a12944d07e5db501bc1 [term 1 FOLLOWER]: Leader election vote request: Granting yes vote for candidate 04d51e5e184f4525bebed76aa5d86e2c in term 1.
I20260710 11:02:15.704507 19037 tablet_service.cc:1917] Received RequestConsensusVote() RPC: tablet_id: "6044e5d623fb494488b3a890a62186d7" candidate_uuid: "04d51e5e184f4525bebed76aa5d86e2c" candidate_term: 1 candidate_status { last_received { term: 0 index: 0 } } ignore_live_leader: false dest_uuid: "f77bf765dfe94eb18bbaf37e1523c05b"
I20260710 11:02:15.705073 19037 raft_consensus.cc:3060] T 6044e5d623fb494488b3a890a62186d7 P f77bf765dfe94eb18bbaf37e1523c05b [term 0 FOLLOWER]: Advancing to term 1
I20260710 11:02:15.707387 19151 leader_election.cc:304] T 6044e5d623fb494488b3a890a62186d7 P 04d51e5e184f4525bebed76aa5d86e2c [CANDIDATE]: Term 1 election: Election decided. Result: candidate won. Election summary: received 2 responses out of 3 voters: 2 yes votes; 0 no votes. yes voters: 04d51e5e184f4525bebed76aa5d86e2c, a6a8b88966ef4a12944d07e5db501bc1; no voters: 
I20260710 11:02:15.708395 19285 consensus_queue.cc:1048] T ad4e1ddce69240e1bae15e9ed5cc51b0 P a6a8b88966ef4a12944d07e5db501bc1 [LEADER]: Connected to new peer: Peer: permanent_uuid: "04d51e5e184f4525bebed76aa5d86e2c" member_type: VOTER last_known_addr { host: "127.17.129.3" port: 35999 }, Status: LMP_MISMATCH, Last received: 0.0, Next index: 1, Last known committed idx: 0, Time since last communication: 0.000s
I20260710 11:02:15.709206 19299 raft_consensus.cc:2804] T 6044e5d623fb494488b3a890a62186d7 P 04d51e5e184f4525bebed76aa5d86e2c [term 1 FOLLOWER]: Leader election won for term 1
I20260710 11:02:15.688752 19228 tablet_bootstrap.cc:654] T cbb1540237a041f3a7feded24b049d18 P f77bf765dfe94eb18bbaf37e1523c05b: Neither blocks nor log segments found. Creating new log.
I20260710 11:02:15.712028 19230 ts_tablet_manager.cc:1434] T a780c3a4cd6e45caaaaae0709f8234ee P 04d51e5e184f4525bebed76aa5d86e2c: Time spent starting tablet: real 0.028s	user 0.004s	sys 0.001s
I20260710 11:02:15.713176 19230 tablet_bootstrap.cc:492] T ee76381791d44276b609fe16303c58b8 P 04d51e5e184f4525bebed76aa5d86e2c: Bootstrap starting.
I20260710 11:02:15.707813 19231 tablet_bootstrap.cc:654] T ee76381791d44276b609fe16303c58b8 P a6a8b88966ef4a12944d07e5db501bc1: Neither blocks nor log segments found. Creating new log.
I20260710 11:02:15.716903 19037 raft_consensus.cc:2468] T 6044e5d623fb494488b3a890a62186d7 P f77bf765dfe94eb18bbaf37e1523c05b [term 1 FOLLOWER]: Leader election vote request: Granting yes vote for candidate 04d51e5e184f4525bebed76aa5d86e2c in term 1.
I20260710 11:02:15.717141 19299 raft_consensus.cc:697] T 6044e5d623fb494488b3a890a62186d7 P 04d51e5e184f4525bebed76aa5d86e2c [term 1 LEADER]: Becoming Leader. State: Replica: 04d51e5e184f4525bebed76aa5d86e2c, State: Running, Role: LEADER
I20260710 11:02:15.719210 19230 tablet_bootstrap.cc:654] T ee76381791d44276b609fe16303c58b8 P 04d51e5e184f4525bebed76aa5d86e2c: Neither blocks nor log segments found. Creating new log.
I20260710 11:02:15.719007 19299 consensus_queue.cc:237] T 6044e5d623fb494488b3a890a62186d7 P 04d51e5e184f4525bebed76aa5d86e2c [LEADER]: Queue going to LEADER mode. State: All replicated index: 0, Majority replicated index: 0, Committed index: 0, Last appended: 0.0, Last appended by leader: 0, Current term: 1, Majority size: 2, State: 0, Mode: LEADER, active raft config: opid_index: -1 OBSOLETE_local: false peers { permanent_uuid: "f77bf765dfe94eb18bbaf37e1523c05b" member_type: VOTER last_known_addr { host: "127.17.129.1" port: 39609 } } peers { permanent_uuid: "a6a8b88966ef4a12944d07e5db501bc1" member_type: VOTER last_known_addr { host: "127.17.129.2" port: 45329 } } peers { permanent_uuid: "04d51e5e184f4525bebed76aa5d86e2c" member_type: VOTER last_known_addr { host: "127.17.129.3" port: 35999 } }
I20260710 11:02:15.730578 19228 tablet_bootstrap.cc:492] T cbb1540237a041f3a7feded24b049d18 P f77bf765dfe94eb18bbaf37e1523c05b: No bootstrap required, opened a new log
I20260710 11:02:15.730984 19228 ts_tablet_manager.cc:1403] T cbb1540237a041f3a7feded24b049d18 P f77bf765dfe94eb18bbaf37e1523c05b: Time spent bootstrapping tablet: real 0.048s	user 0.011s	sys 0.004s
I20260710 11:02:15.735152 19228 raft_consensus.cc:359] T cbb1540237a041f3a7feded24b049d18 P f77bf765dfe94eb18bbaf37e1523c05b [term 0 FOLLOWER]: Replica starting. Triggering 0 pending ops. Active config: opid_index: -1 OBSOLETE_local: false peers { permanent_uuid: "f77bf765dfe94eb18bbaf37e1523c05b" member_type: VOTER last_known_addr { host: "127.17.129.1" port: 39609 } } peers { permanent_uuid: "a6a8b88966ef4a12944d07e5db501bc1" member_type: VOTER last_known_addr { host: "127.17.129.2" port: 45329 } } peers { permanent_uuid: "04d51e5e184f4525bebed76aa5d86e2c" member_type: VOTER last_known_addr { host: "127.17.129.3" port: 35999 } }
I20260710 11:02:15.736447 19228 raft_consensus.cc:385] T cbb1540237a041f3a7feded24b049d18 P f77bf765dfe94eb18bbaf37e1523c05b [term 0 FOLLOWER]: Consensus starting up: Expiring failure detector timer to make a prompt election more likely
I20260710 11:02:15.736881 19228 raft_consensus.cc:740] T cbb1540237a041f3a7feded24b049d18 P f77bf765dfe94eb18bbaf37e1523c05b [term 0 FOLLOWER]: Becoming Follower/Learner. State: Replica: f77bf765dfe94eb18bbaf37e1523c05b, State: Initialized, Role: FOLLOWER
I20260710 11:02:15.737984 19228 consensus_queue.cc:260] T cbb1540237a041f3a7feded24b049d18 P f77bf765dfe94eb18bbaf37e1523c05b [NON_LEADER]: Queue going to NON_LEADER mode. State: All replicated index: 0, Majority replicated index: 0, Committed index: 0, Last appended: 0.0, Last appended by leader: 0, Current term: 0, Majority size: -1, State: 0, Mode: NON_LEADER, active raft config: opid_index: -1 OBSOLETE_local: false peers { permanent_uuid: "f77bf765dfe94eb18bbaf37e1523c05b" member_type: VOTER last_known_addr { host: "127.17.129.1" port: 39609 } } peers { permanent_uuid: "a6a8b88966ef4a12944d07e5db501bc1" member_type: VOTER last_known_addr { host: "127.17.129.2" port: 45329 } } peers { permanent_uuid: "04d51e5e184f4525bebed76aa5d86e2c" member_type: VOTER last_known_addr { host: "127.17.129.3" port: 35999 } }
I20260710 11:02:15.740852 19228 ts_tablet_manager.cc:1434] T cbb1540237a041f3a7feded24b049d18 P f77bf765dfe94eb18bbaf37e1523c05b: Time spent starting tablet: real 0.010s	user 0.006s	sys 0.002s
I20260710 11:02:15.742007 19228 tablet_bootstrap.cc:492] T ee76381791d44276b609fe16303c58b8 P f77bf765dfe94eb18bbaf37e1523c05b: Bootstrap starting.
I20260710 11:02:15.749092 19228 tablet_bootstrap.cc:654] T ee76381791d44276b609fe16303c58b8 P f77bf765dfe94eb18bbaf37e1523c05b: Neither blocks nor log segments found. Creating new log.
I20260710 11:02:15.752244 19230 tablet_bootstrap.cc:492] T ee76381791d44276b609fe16303c58b8 P 04d51e5e184f4525bebed76aa5d86e2c: No bootstrap required, opened a new log
I20260710 11:02:15.752704 19230 ts_tablet_manager.cc:1403] T ee76381791d44276b609fe16303c58b8 P 04d51e5e184f4525bebed76aa5d86e2c: Time spent bootstrapping tablet: real 0.040s	user 0.011s	sys 0.005s
I20260710 11:02:15.752923 19303 consensus_queue.cc:1048] T 8d3e0fd5d5ed4eb79d69c24b47d079c6 P 04d51e5e184f4525bebed76aa5d86e2c [LEADER]: Connected to new peer: Peer: permanent_uuid: "a6a8b88966ef4a12944d07e5db501bc1" member_type: VOTER last_known_addr { host: "127.17.129.2" port: 45329 }, Status: LMP_MISMATCH, Last received: 0.0, Next index: 1, Last known committed idx: 0, Time since last communication: 0.000s
I20260710 11:02:15.755339 19230 raft_consensus.cc:359] T ee76381791d44276b609fe16303c58b8 P 04d51e5e184f4525bebed76aa5d86e2c [term 0 FOLLOWER]: Replica starting. Triggering 0 pending ops. Active config: opid_index: -1 OBSOLETE_local: false peers { permanent_uuid: "f77bf765dfe94eb18bbaf37e1523c05b" member_type: VOTER last_known_addr { host: "127.17.129.1" port: 39609 } } peers { permanent_uuid: "a6a8b88966ef4a12944d07e5db501bc1" member_type: VOTER last_known_addr { host: "127.17.129.2" port: 45329 } } peers { permanent_uuid: "04d51e5e184f4525bebed76aa5d86e2c" member_type: VOTER last_known_addr { host: "127.17.129.3" port: 35999 } }
I20260710 11:02:15.756007 19230 raft_consensus.cc:385] T ee76381791d44276b609fe16303c58b8 P 04d51e5e184f4525bebed76aa5d86e2c [term 0 FOLLOWER]: Consensus starting up: Expiring failure detector timer to make a prompt election more likely
I20260710 11:02:15.756269 19230 raft_consensus.cc:740] T ee76381791d44276b609fe16303c58b8 P 04d51e5e184f4525bebed76aa5d86e2c [term 0 FOLLOWER]: Becoming Follower/Learner. State: Replica: 04d51e5e184f4525bebed76aa5d86e2c, State: Initialized, Role: FOLLOWER
I20260710 11:02:15.756930 19230 consensus_queue.cc:260] T ee76381791d44276b609fe16303c58b8 P 04d51e5e184f4525bebed76aa5d86e2c [NON_LEADER]: Queue going to NON_LEADER mode. State: All replicated index: 0, Majority replicated index: 0, Committed index: 0, Last appended: 0.0, Last appended by leader: 0, Current term: 0, Majority size: -1, State: 0, Mode: NON_LEADER, active raft config: opid_index: -1 OBSOLETE_local: false peers { permanent_uuid: "f77bf765dfe94eb18bbaf37e1523c05b" member_type: VOTER last_known_addr { host: "127.17.129.1" port: 39609 } } peers { permanent_uuid: "a6a8b88966ef4a12944d07e5db501bc1" member_type: VOTER last_known_addr { host: "127.17.129.2" port: 45329 } } peers { permanent_uuid: "04d51e5e184f4525bebed76aa5d86e2c" member_type: VOTER last_known_addr { host: "127.17.129.3" port: 35999 } }
I20260710 11:02:15.759744 19230 ts_tablet_manager.cc:1434] T ee76381791d44276b609fe16303c58b8 P 04d51e5e184f4525bebed76aa5d86e2c: Time spent starting tablet: real 0.007s	user 0.006s	sys 0.001s
I20260710 11:02:15.760589 19230 tablet_bootstrap.cc:492] T bc1f5a9b3b624a5ca038f475d2bd98d6 P 04d51e5e184f4525bebed76aa5d86e2c: Bootstrap starting.
I20260710 11:02:15.769341 19230 tablet_bootstrap.cc:654] T bc1f5a9b3b624a5ca038f475d2bd98d6 P 04d51e5e184f4525bebed76aa5d86e2c: Neither blocks nor log segments found. Creating new log.
I20260710 11:02:15.771694 19228 tablet_bootstrap.cc:492] T ee76381791d44276b609fe16303c58b8 P f77bf765dfe94eb18bbaf37e1523c05b: No bootstrap required, opened a new log
