I20260710 11:01:52.790480 11873 ts_tablet_manager.cc:1403] T f1cf3ec0937747babd7a5ab10e1794b9 P e759967d70b1448c91c644e597209414: Time spent bootstrapping tablet: real 0.067s	user 0.008s	sys 0.009s
I20260710 11:01:52.793726 11873 raft_consensus.cc:359] T f1cf3ec0937747babd7a5ab10e1794b9 P e759967d70b1448c91c644e597209414 [term 0 FOLLOWER]: Replica starting. Triggering 0 pending ops. Active config: opid_index: -1 OBSOLETE_local: false peers { permanent_uuid: "bd28d12ddb2c49578456517e936f3f57" member_type: VOTER last_known_addr { host: "127.11.70.129" port: 39159 } } peers { permanent_uuid: "c6cc5eccac6048caa1e38c6aac44758c" member_type: VOTER last_known_addr { host: "127.11.70.130" port: 43145 } } peers { permanent_uuid: "e759967d70b1448c91c644e597209414" member_type: VOTER last_known_addr { host: "127.11.70.131" port: 45281 } }
I20260710 11:01:52.794409 11873 raft_consensus.cc:385] T f1cf3ec0937747babd7a5ab10e1794b9 P e759967d70b1448c91c644e597209414 [term 0 FOLLOWER]: Consensus starting up: Expiring failure detector timer to make a prompt election more likely
I20260710 11:01:52.794507 11577 catalog_manager.cc:5697] T de57a8b9882b43ddb89a36a113e39f54 P bd28d12ddb2c49578456517e936f3f57 reported cstate change: term changed from 0 to 1, leader changed from <none> to bd28d12ddb2c49578456517e936f3f57 (127.11.70.129). New cstate: current_term: 1 leader_uuid: "bd28d12ddb2c49578456517e936f3f57" committed_config { opid_index: -1 OBSOLETE_local: false peers { permanent_uuid: "bd28d12ddb2c49578456517e936f3f57" member_type: VOTER last_known_addr { host: "127.11.70.129" port: 39159 } health_report { overall_health: HEALTHY } } peers { permanent_uuid: "c6cc5eccac6048caa1e38c6aac44758c" member_type: VOTER last_known_addr { host: "127.11.70.130" port: 43145 } health_report { overall_health: UNKNOWN } } peers { permanent_uuid: "e759967d70b1448c91c644e597209414" member_type: VOTER last_known_addr { host: "127.11.70.131" port: 45281 } health_report { overall_health: UNKNOWN } } }
I20260710 11:01:52.794700 11873 raft_consensus.cc:740] T f1cf3ec0937747babd7a5ab10e1794b9 P e759967d70b1448c91c644e597209414 [term 0 FOLLOWER]: Becoming Follower/Learner. State: Replica: e759967d70b1448c91c644e597209414, State: Initialized, Role: FOLLOWER
I20260710 11:01:52.796747 11873 consensus_queue.cc:260] T f1cf3ec0937747babd7a5ab10e1794b9 P e759967d70b1448c91c644e597209414 [NON_LEADER]: Queue going to NON_LEADER mode. State: All replicated index: 0, Majority replicated index: 0, Committed index: 0, Last appended: 0.0, Last appended by leader: 0, Current term: 0, Majority size: -1, State: 0, Mode: NON_LEADER, active raft config: opid_index: -1 OBSOLETE_local: false peers { permanent_uuid: "bd28d12ddb2c49578456517e936f3f57" member_type: VOTER last_known_addr { host: "127.11.70.129" port: 39159 } } peers { permanent_uuid: "c6cc5eccac6048caa1e38c6aac44758c" member_type: VOTER last_known_addr { host: "127.11.70.130" port: 43145 } } peers { permanent_uuid: "e759967d70b1448c91c644e597209414" member_type: VOTER last_known_addr { host: "127.11.70.131" port: 45281 } }
I20260710 11:01:52.799155 11873 ts_tablet_manager.cc:1434] T f1cf3ec0937747babd7a5ab10e1794b9 P e759967d70b1448c91c644e597209414: Time spent starting tablet: real 0.008s	user 0.006s	sys 0.001s
I20260710 11:01:52.800094 11873 tablet_bootstrap.cc:492] T 908493594339405bb7133a363cb1157b P e759967d70b1448c91c644e597209414: Bootstrap starting.
I20260710 11:01:52.803998 11874 tablet_bootstrap.cc:492] T 7817259417e44e7181595fc71b013152 P c6cc5eccac6048caa1e38c6aac44758c: No bootstrap required, opened a new log
I20260710 11:01:52.804598 11874 ts_tablet_manager.cc:1403] T 7817259417e44e7181595fc71b013152 P c6cc5eccac6048caa1e38c6aac44758c: Time spent bootstrapping tablet: real 0.086s	user 0.023s	sys 0.021s
I20260710 11:01:52.808679 11874 raft_consensus.cc:359] T 7817259417e44e7181595fc71b013152 P c6cc5eccac6048caa1e38c6aac44758c [term 0 FOLLOWER]: Replica starting. Triggering 0 pending ops. Active config: opid_index: -1 OBSOLETE_local: false peers { permanent_uuid: "bd28d12ddb2c49578456517e936f3f57" member_type: VOTER last_known_addr { host: "127.11.70.129" port: 39159 } } peers { permanent_uuid: "c6cc5eccac6048caa1e38c6aac44758c" member_type: VOTER last_known_addr { host: "127.11.70.130" port: 43145 } } peers { permanent_uuid: "e759967d70b1448c91c644e597209414" member_type: VOTER last_known_addr { host: "127.11.70.131" port: 45281 } }
I20260710 11:01:52.809384 11874 raft_consensus.cc:385] T 7817259417e44e7181595fc71b013152 P c6cc5eccac6048caa1e38c6aac44758c [term 0 FOLLOWER]: Consensus starting up: Expiring failure detector timer to make a prompt election more likely
I20260710 11:01:52.809669 11874 raft_consensus.cc:740] T 7817259417e44e7181595fc71b013152 P c6cc5eccac6048caa1e38c6aac44758c [term 0 FOLLOWER]: Becoming Follower/Learner. State: Replica: c6cc5eccac6048caa1e38c6aac44758c, State: Initialized, Role: FOLLOWER
I20260710 11:01:52.810374 11874 consensus_queue.cc:260] T 7817259417e44e7181595fc71b013152 P c6cc5eccac6048caa1e38c6aac44758c [NON_LEADER]: Queue going to NON_LEADER mode. State: All replicated index: 0, Majority replicated index: 0, Committed index: 0, Last appended: 0.0, Last appended by leader: 0, Current term: 0, Majority size: -1, State: 0, Mode: NON_LEADER, active raft config: opid_index: -1 OBSOLETE_local: false peers { permanent_uuid: "bd28d12ddb2c49578456517e936f3f57" member_type: VOTER last_known_addr { host: "127.11.70.129" port: 39159 } } peers { permanent_uuid: "c6cc5eccac6048caa1e38c6aac44758c" member_type: VOTER last_known_addr { host: "127.11.70.130" port: 43145 } } peers { permanent_uuid: "e759967d70b1448c91c644e597209414" member_type: VOTER last_known_addr { host: "127.11.70.131" port: 45281 } }
I20260710 11:01:52.813902 11873 tablet_bootstrap.cc:654] T 908493594339405bb7133a363cb1157b P e759967d70b1448c91c644e597209414: Neither blocks nor log segments found. Creating new log.
I20260710 11:01:52.823818 11874 ts_tablet_manager.cc:1434] T 7817259417e44e7181595fc71b013152 P c6cc5eccac6048caa1e38c6aac44758c: Time spent starting tablet: real 0.019s	user 0.006s	sys 0.000s
I20260710 11:01:52.825946 11873 tablet_bootstrap.cc:492] T 908493594339405bb7133a363cb1157b P e759967d70b1448c91c644e597209414: No bootstrap required, opened a new log
I20260710 11:01:52.826382 11873 ts_tablet_manager.cc:1403] T 908493594339405bb7133a363cb1157b P e759967d70b1448c91c644e597209414: Time spent bootstrapping tablet: real 0.026s	user 0.013s	sys 0.004s
I20260710 11:01:52.828825 11873 raft_consensus.cc:359] T 908493594339405bb7133a363cb1157b P e759967d70b1448c91c644e597209414 [term 0 FOLLOWER]: Replica starting. Triggering 0 pending ops. Active config: opid_index: -1 OBSOLETE_local: false peers { permanent_uuid: "bd28d12ddb2c49578456517e936f3f57" member_type: VOTER last_known_addr { host: "127.11.70.129" port: 39159 } } peers { permanent_uuid: "c6cc5eccac6048caa1e38c6aac44758c" member_type: VOTER last_known_addr { host: "127.11.70.130" port: 43145 } } peers { permanent_uuid: "e759967d70b1448c91c644e597209414" member_type: VOTER last_known_addr { host: "127.11.70.131" port: 45281 } }
I20260710 11:01:52.829798 11873 raft_consensus.cc:385] T 908493594339405bb7133a363cb1157b P e759967d70b1448c91c644e597209414 [term 0 FOLLOWER]: Consensus starting up: Expiring failure detector timer to make a prompt election more likely
I20260710 11:01:52.830060 11873 raft_consensus.cc:740] T 908493594339405bb7133a363cb1157b P e759967d70b1448c91c644e597209414 [term 0 FOLLOWER]: Becoming Follower/Learner. State: Replica: e759967d70b1448c91c644e597209414, State: Initialized, Role: FOLLOWER
I20260710 11:01:52.830791 11873 consensus_queue.cc:260] T 908493594339405bb7133a363cb1157b P e759967d70b1448c91c644e597209414 [NON_LEADER]: Queue going to NON_LEADER mode. State: All replicated index: 0, Majority replicated index: 0, Committed index: 0, Last appended: 0.0, Last appended by leader: 0, Current term: 0, Majority size: -1, State: 0, Mode: NON_LEADER, active raft config: opid_index: -1 OBSOLETE_local: false peers { permanent_uuid: "bd28d12ddb2c49578456517e936f3f57" member_type: VOTER last_known_addr { host: "127.11.70.129" port: 39159 } } peers { permanent_uuid: "c6cc5eccac6048caa1e38c6aac44758c" member_type: VOTER last_known_addr { host: "127.11.70.130" port: 43145 } } peers { permanent_uuid: "e759967d70b1448c91c644e597209414" member_type: VOTER last_known_addr { host: "127.11.70.131" port: 45281 } }
I20260710 11:01:52.833024 11874 tablet_bootstrap.cc:492] T f1cf3ec0937747babd7a5ab10e1794b9 P c6cc5eccac6048caa1e38c6aac44758c: Bootstrap starting.
I20260710 11:01:52.835513 11873 ts_tablet_manager.cc:1434] T 908493594339405bb7133a363cb1157b P e759967d70b1448c91c644e597209414: Time spent starting tablet: real 0.009s	user 0.006s	sys 0.000s
I20260710 11:01:52.836386 11873 tablet_bootstrap.cc:492] T 3eed8ec8b7f54e3f806c2125fdd09925 P e759967d70b1448c91c644e597209414: Bootstrap starting.
I20260710 11:01:52.841475 11873 tablet_bootstrap.cc:654] T 3eed8ec8b7f54e3f806c2125fdd09925 P e759967d70b1448c91c644e597209414: Neither blocks nor log segments found. Creating new log.
I20260710 11:01:52.846829 11874 tablet_bootstrap.cc:654] T f1cf3ec0937747babd7a5ab10e1794b9 P c6cc5eccac6048caa1e38c6aac44758c: Neither blocks nor log segments found. Creating new log.
I20260710 11:01:52.847193 11875 tablet_bootstrap.cc:492] T 908493594339405bb7133a363cb1157b P bd28d12ddb2c49578456517e936f3f57: No bootstrap required, opened a new log
I20260710 11:01:52.847685 11875 ts_tablet_manager.cc:1403] T 908493594339405bb7133a363cb1157b P bd28d12ddb2c49578456517e936f3f57: Time spent bootstrapping tablet: real 0.072s	user 0.024s	sys 0.020s
I20260710 11:01:52.850973 11875 raft_consensus.cc:359] T 908493594339405bb7133a363cb1157b P bd28d12ddb2c49578456517e936f3f57 [term 0 FOLLOWER]: Replica starting. Triggering 0 pending ops. Active config: opid_index: -1 OBSOLETE_local: false peers { permanent_uuid: "bd28d12ddb2c49578456517e936f3f57" member_type: VOTER last_known_addr { host: "127.11.70.129" port: 39159 } } peers { permanent_uuid: "c6cc5eccac6048caa1e38c6aac44758c" member_type: VOTER last_known_addr { host: "127.11.70.130" port: 43145 } } peers { permanent_uuid: "e759967d70b1448c91c644e597209414" member_type: VOTER last_known_addr { host: "127.11.70.131" port: 45281 } }
I20260710 11:01:52.852957 11875 raft_consensus.cc:385] T 908493594339405bb7133a363cb1157b P bd28d12ddb2c49578456517e936f3f57 [term 0 FOLLOWER]: Consensus starting up: Expiring failure detector timer to make a prompt election more likely
I20260710 11:01:52.853386 11875 raft_consensus.cc:740] T 908493594339405bb7133a363cb1157b P bd28d12ddb2c49578456517e936f3f57 [term 0 FOLLOWER]: Becoming Follower/Learner. State: Replica: bd28d12ddb2c49578456517e936f3f57, State: Initialized, Role: FOLLOWER
I20260710 11:01:52.854302 11875 consensus_queue.cc:260] T 908493594339405bb7133a363cb1157b P bd28d12ddb2c49578456517e936f3f57 [NON_LEADER]: Queue going to NON_LEADER mode. State: All replicated index: 0, Majority replicated index: 0, Committed index: 0, Last appended: 0.0, Last appended by leader: 0, Current term: 0, Majority size: -1, State: 0, Mode: NON_LEADER, active raft config: opid_index: -1 OBSOLETE_local: false peers { permanent_uuid: "bd28d12ddb2c49578456517e936f3f57" member_type: VOTER last_known_addr { host: "127.11.70.129" port: 39159 } } peers { permanent_uuid: "c6cc5eccac6048caa1e38c6aac44758c" member_type: VOTER last_known_addr { host: "127.11.70.130" port: 43145 } } peers { permanent_uuid: "e759967d70b1448c91c644e597209414" member_type: VOTER last_known_addr { host: "127.11.70.131" port: 45281 } }
I20260710 11:01:52.859481 11875 ts_tablet_manager.cc:1434] T 908493594339405bb7133a363cb1157b P bd28d12ddb2c49578456517e936f3f57: Time spent starting tablet: real 0.011s	user 0.007s	sys 0.000s
I20260710 11:01:52.859740 11873 tablet_bootstrap.cc:492] T 3eed8ec8b7f54e3f806c2125fdd09925 P e759967d70b1448c91c644e597209414: No bootstrap required, opened a new log
I20260710 11:01:52.860229 11873 ts_tablet_manager.cc:1403] T 3eed8ec8b7f54e3f806c2125fdd09925 P e759967d70b1448c91c644e597209414: Time spent bootstrapping tablet: real 0.024s	user 0.005s	sys 0.009s
I20260710 11:01:52.862576 11874 tablet_bootstrap.cc:492] T f1cf3ec0937747babd7a5ab10e1794b9 P c6cc5eccac6048caa1e38c6aac44758c: No bootstrap required, opened a new log
I20260710 11:01:52.862982 11874 ts_tablet_manager.cc:1403] T f1cf3ec0937747babd7a5ab10e1794b9 P c6cc5eccac6048caa1e38c6aac44758c: Time spent bootstrapping tablet: real 0.030s	user 0.006s	sys 0.017s
I20260710 11:01:52.862883 11873 raft_consensus.cc:359] T 3eed8ec8b7f54e3f806c2125fdd09925 P e759967d70b1448c91c644e597209414 [term 0 FOLLOWER]: Replica starting. Triggering 0 pending ops. Active config: opid_index: -1 OBSOLETE_local: false peers { permanent_uuid: "bd28d12ddb2c49578456517e936f3f57" member_type: VOTER last_known_addr { host: "127.11.70.129" port: 39159 } } peers { permanent_uuid: "c6cc5eccac6048caa1e38c6aac44758c" member_type: VOTER last_known_addr { host: "127.11.70.130" port: 43145 } } peers { permanent_uuid: "e759967d70b1448c91c644e597209414" member_type: VOTER last_known_addr { host: "127.11.70.131" port: 45281 } }
I20260710 11:01:52.863695 11873 raft_consensus.cc:385] T 3eed8ec8b7f54e3f806c2125fdd09925 P e759967d70b1448c91c644e597209414 [term 0 FOLLOWER]: Consensus starting up: Expiring failure detector timer to make a prompt election more likely
I20260710 11:01:52.864070 11873 raft_consensus.cc:740] T 3eed8ec8b7f54e3f806c2125fdd09925 P e759967d70b1448c91c644e597209414 [term 0 FOLLOWER]: Becoming Follower/Learner. State: Replica: e759967d70b1448c91c644e597209414, State: Initialized, Role: FOLLOWER
I20260710 11:01:52.865191 11873 consensus_queue.cc:260] T 3eed8ec8b7f54e3f806c2125fdd09925 P e759967d70b1448c91c644e597209414 [NON_LEADER]: Queue going to NON_LEADER mode. State: All replicated index: 0, Majority replicated index: 0, Committed index: 0, Last appended: 0.0, Last appended by leader: 0, Current term: 0, Majority size: -1, State: 0, Mode: NON_LEADER, active raft config: opid_index: -1 OBSOLETE_local: false peers { permanent_uuid: "bd28d12ddb2c49578456517e936f3f57" member_type: VOTER last_known_addr { host: "127.11.70.129" port: 39159 } } peers { permanent_uuid: "c6cc5eccac6048caa1e38c6aac44758c" member_type: VOTER last_known_addr { host: "127.11.70.130" port: 43145 } } peers { permanent_uuid: "e759967d70b1448c91c644e597209414" member_type: VOTER last_known_addr { host: "127.11.70.131" port: 45281 } }
I20260710 11:01:52.866580 11874 raft_consensus.cc:359] T f1cf3ec0937747babd7a5ab10e1794b9 P c6cc5eccac6048caa1e38c6aac44758c [term 0 FOLLOWER]: Replica starting. Triggering 0 pending ops. Active config: opid_index: -1 OBSOLETE_local: false peers { permanent_uuid: "bd28d12ddb2c49578456517e936f3f57" member_type: VOTER last_known_addr { host: "127.11.70.129" port: 39159 } } peers { permanent_uuid: "c6cc5eccac6048caa1e38c6aac44758c" member_type: VOTER last_known_addr { host: "127.11.70.130" port: 43145 } } peers { permanent_uuid: "e759967d70b1448c91c644e597209414" member_type: VOTER last_known_addr { host: "127.11.70.131" port: 45281 } }
I20260710 11:01:52.867990 11874 raft_consensus.cc:385] T f1cf3ec0937747babd7a5ab10e1794b9 P c6cc5eccac6048caa1e38c6aac44758c [term 0 FOLLOWER]: Consensus starting up: Expiring failure detector timer to make a prompt election more likely
I20260710 11:01:52.868355 11874 raft_consensus.cc:740] T f1cf3ec0937747babd7a5ab10e1794b9 P c6cc5eccac6048caa1e38c6aac44758c [term 0 FOLLOWER]: Becoming Follower/Learner. State: Replica: c6cc5eccac6048caa1e38c6aac44758c, State: Initialized, Role: FOLLOWER
I20260710 11:01:52.868841 11873 ts_tablet_manager.cc:1434] T 3eed8ec8b7f54e3f806c2125fdd09925 P e759967d70b1448c91c644e597209414: Time spent starting tablet: real 0.008s	user 0.008s	sys 0.001s
I20260710 11:01:52.869179 11874 consensus_queue.cc:260] T f1cf3ec0937747babd7a5ab10e1794b9 P c6cc5eccac6048caa1e38c6aac44758c [NON_LEADER]: Queue going to NON_LEADER mode. State: All replicated index: 0, Majority replicated index: 0, Committed index: 0, Last appended: 0.0, Last appended by leader: 0, Current term: 0, Majority size: -1, State: 0, Mode: NON_LEADER, active raft config: opid_index: -1 OBSOLETE_local: false peers { permanent_uuid: "bd28d12ddb2c49578456517e936f3f57" member_type: VOTER last_known_addr { host: "127.11.70.129" port: 39159 } } peers { permanent_uuid: "c6cc5eccac6048caa1e38c6aac44758c" member_type: VOTER last_known_addr { host: "127.11.70.130" port: 43145 } } peers { permanent_uuid: "e759967d70b1448c91c644e597209414" member_type: VOTER last_known_addr { host: "127.11.70.131" port: 45281 } }
I20260710 11:01:52.874221 11874 ts_tablet_manager.cc:1434] T f1cf3ec0937747babd7a5ab10e1794b9 P c6cc5eccac6048caa1e38c6aac44758c: Time spent starting tablet: real 0.011s	user 0.008s	sys 0.000s
I20260710 11:01:52.875200 11874 tablet_bootstrap.cc:492] T 908493594339405bb7133a363cb1157b P c6cc5eccac6048caa1e38c6aac44758c: Bootstrap starting.
I20260710 11:01:52.881382 11874 tablet_bootstrap.cc:654] T 908493594339405bb7133a363cb1157b P c6cc5eccac6048caa1e38c6aac44758c: Neither blocks nor log segments found. Creating new log.
I20260710 11:01:52.886157 11874 tablet_bootstrap.cc:492] T 908493594339405bb7133a363cb1157b P c6cc5eccac6048caa1e38c6aac44758c: No bootstrap required, opened a new log
I20260710 11:01:52.886637 11874 ts_tablet_manager.cc:1403] T 908493594339405bb7133a363cb1157b P c6cc5eccac6048caa1e38c6aac44758c: Time spent bootstrapping tablet: real 0.012s	user 0.009s	sys 0.001s
I20260710 11:01:52.889189 11874 raft_consensus.cc:359] T 908493594339405bb7133a363cb1157b P c6cc5eccac6048caa1e38c6aac44758c [term 0 FOLLOWER]: Replica starting. Triggering 0 pending ops. Active config: opid_index: -1 OBSOLETE_local: false peers { permanent_uuid: "bd28d12ddb2c49578456517e936f3f57" member_type: VOTER last_known_addr { host: "127.11.70.129" port: 39159 } } peers { permanent_uuid: "c6cc5eccac6048caa1e38c6aac44758c" member_type: VOTER last_known_addr { host: "127.11.70.130" port: 43145 } } peers { permanent_uuid: "e759967d70b1448c91c644e597209414" member_type: VOTER last_known_addr { host: "127.11.70.131" port: 45281 } }
I20260710 11:01:52.889938 11874 raft_consensus.cc:385] T 908493594339405bb7133a363cb1157b P c6cc5eccac6048caa1e38c6aac44758c [term 0 FOLLOWER]: Consensus starting up: Expiring failure detector timer to make a prompt election more likely
I20260710 11:01:52.890237 11874 raft_consensus.cc:740] T 908493594339405bb7133a363cb1157b P c6cc5eccac6048caa1e38c6aac44758c [term 0 FOLLOWER]: Becoming Follower/Learner. State: Replica: c6cc5eccac6048caa1e38c6aac44758c, State: Initialized, Role: FOLLOWER
I20260710 11:01:52.890914 11874 consensus_queue.cc:260] T 908493594339405bb7133a363cb1157b P c6cc5eccac6048caa1e38c6aac44758c [NON_LEADER]: Queue going to NON_LEADER mode. State: All replicated index: 0, Majority replicated index: 0, Committed index: 0, Last appended: 0.0, Last appended by leader: 0, Current term: 0, Majority size: -1, State: 0, Mode: NON_LEADER, active raft config: opid_index: -1 OBSOLETE_local: false peers { permanent_uuid: "bd28d12ddb2c49578456517e936f3f57" member_type: VOTER last_known_addr { host: "127.11.70.129" port: 39159 } } peers { permanent_uuid: "c6cc5eccac6048caa1e38c6aac44758c" member_type: VOTER last_known_addr { host: "127.11.70.130" port: 43145 } } peers { permanent_uuid: "e759967d70b1448c91c644e597209414" member_type: VOTER last_known_addr { host: "127.11.70.131" port: 45281 } }
I20260710 11:01:52.892827 11874 ts_tablet_manager.cc:1434] T 908493594339405bb7133a363cb1157b P c6cc5eccac6048caa1e38c6aac44758c: Time spent starting tablet: real 0.006s	user 0.008s	sys 0.000s
I20260710 11:01:52.893702 11874 tablet_bootstrap.cc:492] T 95bd94494317480890e0c198b9484a79 P c6cc5eccac6048caa1e38c6aac44758c: Bootstrap starting.
I20260710 11:01:52.899909 11874 tablet_bootstrap.cc:654] T 95bd94494317480890e0c198b9484a79 P c6cc5eccac6048caa1e38c6aac44758c: Neither blocks nor log segments found. Creating new log.
I20260710 11:01:52.901970 11898 raft_consensus.cc:493] T 7817259417e44e7181595fc71b013152 P e759967d70b1448c91c644e597209414 [term 0 FOLLOWER]: Starting pre-election (no leader contacted us within the election timeout)
I20260710 11:01:52.902509 11898 raft_consensus.cc:515] T 7817259417e44e7181595fc71b013152 P e759967d70b1448c91c644e597209414 [term 0 FOLLOWER]: Starting pre-election with config: opid_index: -1 OBSOLETE_local: false peers { permanent_uuid: "bd28d12ddb2c49578456517e936f3f57" member_type: VOTER last_known_addr { host: "127.11.70.129" port: 39159 } } peers { permanent_uuid: "c6cc5eccac6048caa1e38c6aac44758c" member_type: VOTER last_known_addr { host: "127.11.70.130" port: 43145 } } peers { permanent_uuid: "e759967d70b1448c91c644e597209414" member_type: VOTER last_known_addr { host: "127.11.70.131" port: 45281 } }
I20260710 11:01:52.904119 11898 leader_election.cc:290] T 7817259417e44e7181595fc71b013152 P e759967d70b1448c91c644e597209414 [CANDIDATE]: Term 1 pre-election: Requested pre-vote from peers bd28d12ddb2c49578456517e936f3f57 (127.11.70.129:39159), c6cc5eccac6048caa1e38c6aac44758c (127.11.70.130:43145)
I20260710 11:01:52.905520 11681 tablet_service.cc:1917] Received RequestConsensusVote() RPC: tablet_id: "7817259417e44e7181595fc71b013152" candidate_uuid: "e759967d70b1448c91c644e597209414" candidate_term: 1 candidate_status { last_received { term: 0 index: 0 } } ignore_live_leader: false dest_uuid: "bd28d12ddb2c49578456517e936f3f57" is_pre_election: true
I20260710 11:01:52.906137 11681 raft_consensus.cc:2468] T 7817259417e44e7181595fc71b013152 P bd28d12ddb2c49578456517e936f3f57 [term 0 FOLLOWER]: Leader pre-election vote request: Granting yes vote for candidate e759967d70b1448c91c644e597209414 in term 0.
I20260710 11:01:52.907243 11874 tablet_bootstrap.cc:492] T 95bd94494317480890e0c198b9484a79 P c6cc5eccac6048caa1e38c6aac44758c: No bootstrap required, opened a new log
I20260710 11:01:52.907161 11793 leader_election.cc:304] T 7817259417e44e7181595fc71b013152 P e759967d70b1448c91c644e597209414 [CANDIDATE]: Term 1 pre-election: Election decided. Result: candidate won. Election summary: received 2 responses out of 3 voters: 2 yes votes; 0 no votes. yes voters: bd28d12ddb2c49578456517e936f3f57, e759967d70b1448c91c644e597209414; no voters: 
I20260710 11:01:52.907815 11874 ts_tablet_manager.cc:1403] T 95bd94494317480890e0c198b9484a79 P c6cc5eccac6048caa1e38c6aac44758c: Time spent bootstrapping tablet: real 0.014s	user 0.004s	sys 0.008s
I20260710 11:01:52.908349 11756 tablet_service.cc:1917] Received RequestConsensusVote() RPC: tablet_id: "7817259417e44e7181595fc71b013152" candidate_uuid: "e759967d70b1448c91c644e597209414" candidate_term: 1 candidate_status { last_received { term: 0 index: 0 } } ignore_live_leader: false dest_uuid: "c6cc5eccac6048caa1e38c6aac44758c" is_pre_election: true
I20260710 11:01:52.908953 11756 raft_consensus.cc:2468] T 7817259417e44e7181595fc71b013152 P c6cc5eccac6048caa1e38c6aac44758c [term 0 FOLLOWER]: Leader pre-election vote request: Granting yes vote for candidate e759967d70b1448c91c644e597209414 in term 0.
I20260710 11:01:52.909735 11898 raft_consensus.cc:2804] T 7817259417e44e7181595fc71b013152 P e759967d70b1448c91c644e597209414 [term 0 FOLLOWER]: Leader pre-election won for term 1
I20260710 11:01:52.910077 11898 raft_consensus.cc:493] T 7817259417e44e7181595fc71b013152 P e759967d70b1448c91c644e597209414 [term 0 FOLLOWER]: Starting leader election (no leader contacted us within the election timeout)
I20260710 11:01:52.910434 11898 raft_consensus.cc:3060] T 7817259417e44e7181595fc71b013152 P e759967d70b1448c91c644e597209414 [term 0 FOLLOWER]: Advancing to term 1
I20260710 11:01:52.910434 11874 raft_consensus.cc:359] T 95bd94494317480890e0c198b9484a79 P c6cc5eccac6048caa1e38c6aac44758c [term 0 FOLLOWER]: Replica starting. Triggering 0 pending ops. Active config: opid_index: -1 OBSOLETE_local: false peers { permanent_uuid: "bd28d12ddb2c49578456517e936f3f57" member_type: VOTER last_known_addr { host: "127.11.70.129" port: 39159 } } peers { permanent_uuid: "e759967d70b1448c91c644e597209414" member_type: VOTER last_known_addr { host: "127.11.70.131" port: 45281 } } peers { permanent_uuid: "c6cc5eccac6048caa1e38c6aac44758c" member_type: VOTER last_known_addr { host: "127.11.70.130" port: 43145 } }
I20260710 11:01:52.911211 11874 raft_consensus.cc:385] T 95bd94494317480890e0c198b9484a79 P c6cc5eccac6048caa1e38c6aac44758c [term 0 FOLLOWER]: Consensus starting up: Expiring failure detector timer to make a prompt election more likely
I20260710 11:01:52.911489 11874 raft_consensus.cc:740] T 95bd94494317480890e0c198b9484a79 P c6cc5eccac6048caa1e38c6aac44758c [term 0 FOLLOWER]: Becoming Follower/Learner. State: Replica: c6cc5eccac6048caa1e38c6aac44758c, State: Initialized, Role: FOLLOWER
I20260710 11:01:52.912102 11874 consensus_queue.cc:260] T 95bd94494317480890e0c198b9484a79 P c6cc5eccac6048caa1e38c6aac44758c [NON_LEADER]: Queue going to NON_LEADER mode. State: All replicated index: 0, Majority replicated index: 0, Committed index: 0, Last appended: 0.0, Last appended by leader: 0, Current term: 0, Majority size: -1, State: 0, Mode: NON_LEADER, active raft config: opid_index: -1 OBSOLETE_local: false peers { permanent_uuid: "bd28d12ddb2c49578456517e936f3f57" member_type: VOTER last_known_addr { host: "127.11.70.129" port: 39159 } } peers { permanent_uuid: "e759967d70b1448c91c644e597209414" member_type: VOTER last_known_addr { host: "127.11.70.131" port: 45281 } } peers { permanent_uuid: "c6cc5eccac6048caa1e38c6aac44758c" member_type: VOTER last_known_addr { host: "127.11.70.130" port: 43145 } }
I20260710 11:01:52.914109 11874 ts_tablet_manager.cc:1434] T 95bd94494317480890e0c198b9484a79 P c6cc5eccac6048caa1e38c6aac44758c: Time spent starting tablet: real 0.006s	user 0.003s	sys 0.003s
I20260710 11:01:52.916320 11898 raft_consensus.cc:515] T 7817259417e44e7181595fc71b013152 P e759967d70b1448c91c644e597209414 [term 1 FOLLOWER]: Starting leader election with config: opid_index: -1 OBSOLETE_local: false peers { permanent_uuid: "bd28d12ddb2c49578456517e936f3f57" member_type: VOTER last_known_addr { host: "127.11.70.129" port: 39159 } } peers { permanent_uuid: "c6cc5eccac6048caa1e38c6aac44758c" member_type: VOTER last_known_addr { host: "127.11.70.130" port: 43145 } } peers { permanent_uuid: "e759967d70b1448c91c644e597209414" member_type: VOTER last_known_addr { host: "127.11.70.131" port: 45281 } }
I20260710 11:01:52.918406 11898 leader_election.cc:290] T 7817259417e44e7181595fc71b013152 P e759967d70b1448c91c644e597209414 [CANDIDATE]: Term 1 election: Requested vote from peers bd28d12ddb2c49578456517e936f3f57 (127.11.70.129:39159), c6cc5eccac6048caa1e38c6aac44758c (127.11.70.130:43145)
I20260710 11:01:52.919382 11902 raft_consensus.cc:493] T 51517e6279ab4f6b804558a846cf0c6d P bd28d12ddb2c49578456517e936f3f57 [term 0 FOLLOWER]: Starting pre-election (no leader contacted us within the election timeout)
I20260710 11:01:52.919341 11756 tablet_service.cc:1917] Received RequestConsensusVote() RPC: tablet_id: "7817259417e44e7181595fc71b013152" candidate_uuid: "e759967d70b1448c91c644e597209414" candidate_term: 1 candidate_status { last_received { term: 0 index: 0 } } ignore_live_leader: false dest_uuid: "c6cc5eccac6048caa1e38c6aac44758c"
I20260710 11:01:52.920100 11756 raft_consensus.cc:3060] T 7817259417e44e7181595fc71b013152 P c6cc5eccac6048caa1e38c6aac44758c [term 0 FOLLOWER]: Advancing to term 1
I20260710 11:01:52.920007 11907 raft_consensus.cc:493] T 51517e6279ab4f6b804558a846cf0c6d P c6cc5eccac6048caa1e38c6aac44758c [term 0 FOLLOWER]: Starting pre-election (no leader contacted us within the election timeout)
I20260710 11:01:52.919996 11902 raft_consensus.cc:515] T 51517e6279ab4f6b804558a846cf0c6d P bd28d12ddb2c49578456517e936f3f57 [term 0 FOLLOWER]: Starting pre-election with config: opid_index: -1 OBSOLETE_local: false peers { permanent_uuid: "bd28d12ddb2c49578456517e936f3f57" member_type: VOTER last_known_addr { host: "127.11.70.129" port: 39159 } } peers { permanent_uuid: "c6cc5eccac6048caa1e38c6aac44758c" member_type: VOTER last_known_addr { host: "127.11.70.130" port: 43145 } } peers { permanent_uuid: "e759967d70b1448c91c644e597209414" member_type: VOTER last_known_addr { host: "127.11.70.131" port: 45281 } }
I20260710 11:01:52.920722 11907 raft_consensus.cc:515] T 51517e6279ab4f6b804558a846cf0c6d P c6cc5eccac6048caa1e38c6aac44758c [term 0 FOLLOWER]: Starting pre-election with config: opid_index: -1 OBSOLETE_local: false peers { permanent_uuid: "bd28d12ddb2c49578456517e936f3f57" member_type: VOTER last_known_addr { host: "127.11.70.129" port: 39159 } } peers { permanent_uuid: "c6cc5eccac6048caa1e38c6aac44758c" member_type: VOTER last_known_addr { host: "127.11.70.130" port: 43145 } } peers { permanent_uuid: "e759967d70b1448c91c644e597209414" member_type: VOTER last_known_addr { host: "127.11.70.131" port: 45281 } }
I20260710 11:01:52.922305 11902 leader_election.cc:290] T 51517e6279ab4f6b804558a846cf0c6d P bd28d12ddb2c49578456517e936f3f57 [CANDIDATE]: Term 1 pre-election: Requested pre-vote from peers c6cc5eccac6048caa1e38c6aac44758c (127.11.70.130:43145), e759967d70b1448c91c644e597209414 (127.11.70.131:45281)
I20260710 11:01:52.922765 11907 leader_election.cc:290] T 51517e6279ab4f6b804558a846cf0c6d P c6cc5eccac6048caa1e38c6aac44758c [CANDIDATE]: Term 1 pre-election: Requested pre-vote from peers bd28d12ddb2c49578456517e936f3f57 (127.11.70.129:39159), e759967d70b1448c91c644e597209414 (127.11.70.131:45281)
I20260710 11:01:52.923419 11680 tablet_service.cc:1917] Received RequestConsensusVote() RPC: tablet_id: "51517e6279ab4f6b804558a846cf0c6d" candidate_uuid: "c6cc5eccac6048caa1e38c6aac44758c" candidate_term: 1 candidate_status { last_received { term: 0 index: 0 } } ignore_live_leader: false dest_uuid: "bd28d12ddb2c49578456517e936f3f57" is_pre_election: true
I20260710 11:01:52.923975 11680 raft_consensus.cc:2468] T 51517e6279ab4f6b804558a846cf0c6d P bd28d12ddb2c49578456517e936f3f57 [term 0 FOLLOWER]: Leader pre-election vote request: Granting yes vote for candidate c6cc5eccac6048caa1e38c6aac44758c in term 0.
I20260710 11:01:52.925109 11719 leader_election.cc:304] T 51517e6279ab4f6b804558a846cf0c6d P c6cc5eccac6048caa1e38c6aac44758c [CANDIDATE]: Term 1 pre-election: Election decided. Result: candidate won. Election summary: received 2 responses out of 3 voters: 2 yes votes; 0 no votes. yes voters: bd28d12ddb2c49578456517e936f3f57, c6cc5eccac6048caa1e38c6aac44758c; no voters: 
I20260710 11:01:52.926034 11830 tablet_service.cc:1917] Received RequestConsensusVote() RPC: tablet_id: "51517e6279ab4f6b804558a846cf0c6d" candidate_uuid: "c6cc5eccac6048caa1e38c6aac44758c" candidate_term: 1 candidate_status { last_received { term: 0 index: 0 } } ignore_live_leader: false dest_uuid: "e759967d70b1448c91c644e597209414" is_pre_election: true
I20260710 11:01:52.926234 11907 raft_consensus.cc:2804] T 51517e6279ab4f6b804558a846cf0c6d P c6cc5eccac6048caa1e38c6aac44758c [term 0 FOLLOWER]: Leader pre-election won for term 1
I20260710 11:01:52.926568 11907 raft_consensus.cc:493] T 51517e6279ab4f6b804558a846cf0c6d P c6cc5eccac6048caa1e38c6aac44758c [term 0 FOLLOWER]: Starting leader election (no leader contacted us within the election timeout)
I20260710 11:01:52.926630 11830 raft_consensus.cc:2468] T 51517e6279ab4f6b804558a846cf0c6d P e759967d70b1448c91c644e597209414 [term 0 FOLLOWER]: Leader pre-election vote request: Granting yes vote for candidate c6cc5eccac6048caa1e38c6aac44758c in term 0.
I20260710 11:01:52.926996 11907 raft_consensus.cc:3060] T 51517e6279ab4f6b804558a846cf0c6d P c6cc5eccac6048caa1e38c6aac44758c [term 0 FOLLOWER]: Advancing to term 1
I20260710 11:01:52.928365 11755 tablet_service.cc:1917] Received RequestConsensusVote() RPC: tablet_id: "51517e6279ab4f6b804558a846cf0c6d" candidate_uuid: "bd28d12ddb2c49578456517e936f3f57" candidate_term: 1 candidate_status { last_received { term: 0 index: 0 } } ignore_live_leader: false dest_uuid: "c6cc5eccac6048caa1e38c6aac44758c" is_pre_election: true
I20260710 11:01:52.919446 11681 tablet_service.cc:1917] Received RequestConsensusVote() RPC: tablet_id: "7817259417e44e7181595fc71b013152" candidate_uuid: "e759967d70b1448c91c644e597209414" candidate_term: 1 candidate_status { last_received { term: 0 index: 0 } } ignore_live_leader: false dest_uuid: "bd28d12ddb2c49578456517e936f3f57"
I20260710 11:01:52.929183 11681 raft_consensus.cc:3060] T 7817259417e44e7181595fc71b013152 P bd28d12ddb2c49578456517e936f3f57 [term 0 FOLLOWER]: Advancing to term 1
I20260710 11:01:52.934053 11907 raft_consensus.cc:515] T 51517e6279ab4f6b804558a846cf0c6d P c6cc5eccac6048caa1e38c6aac44758c [term 1 FOLLOWER]: Starting leader election with config: opid_index: -1 OBSOLETE_local: false peers { permanent_uuid: "bd28d12ddb2c49578456517e936f3f57" member_type: VOTER last_known_addr { host: "127.11.70.129" port: 39159 } } peers { permanent_uuid: "c6cc5eccac6048caa1e38c6aac44758c" member_type: VOTER last_known_addr { host: "127.11.70.130" port: 43145 } } peers { permanent_uuid: "e759967d70b1448c91c644e597209414" member_type: VOTER last_known_addr { host: "127.11.70.131" port: 45281 } }
I20260710 11:01:52.935218 11755 raft_consensus.cc:2393] T 51517e6279ab4f6b804558a846cf0c6d P c6cc5eccac6048caa1e38c6aac44758c [term 1 FOLLOWER]: Leader pre-election vote request: Denying vote to candidate bd28d12ddb2c49578456517e936f3f57 in current term 1: Already voted for candidate c6cc5eccac6048caa1e38c6aac44758c in this term.
I20260710 11:01:52.937484 11829 tablet_service.cc:1917] Received RequestConsensusVote() RPC: tablet_id: "51517e6279ab4f6b804558a846cf0c6d" candidate_uuid: "c6cc5eccac6048caa1e38c6aac44758c" candidate_term: 1 candidate_status { last_received { term: 0 index: 0 } } ignore_live_leader: false dest_uuid: "e759967d70b1448c91c644e597209414"
I20260710 11:01:52.938076 11829 raft_consensus.cc:3060] T 51517e6279ab4f6b804558a846cf0c6d P e759967d70b1448c91c644e597209414 [term 0 FOLLOWER]: Advancing to term 1
I20260710 11:01:52.939185 11680 tablet_service.cc:1917] Received RequestConsensusVote() RPC: tablet_id: "51517e6279ab4f6b804558a846cf0c6d" candidate_uuid: "c6cc5eccac6048caa1e38c6aac44758c" candidate_term: 1 candidate_status { last_received { term: 0 index: 0 } } ignore_live_leader: false dest_uuid: "bd28d12ddb2c49578456517e936f3f57"
I20260710 11:01:52.939739 11680 raft_consensus.cc:3060] T 51517e6279ab4f6b804558a846cf0c6d P bd28d12ddb2c49578456517e936f3f57 [term 0 FOLLOWER]: Advancing to term 1
I20260710 11:01:52.940960 11900 raft_consensus.cc:493] T f1cf3ec0937747babd7a5ab10e1794b9 P e759967d70b1448c91c644e597209414 [term 0 FOLLOWER]: Starting pre-election (no leader contacted us within the election timeout)
I20260710 11:01:52.941425 11900 raft_consensus.cc:515] T f1cf3ec0937747babd7a5ab10e1794b9 P e759967d70b1448c91c644e597209414 [term 0 FOLLOWER]: Starting pre-election with config: opid_index: -1 OBSOLETE_local: false peers { permanent_uuid: "bd28d12ddb2c49578456517e936f3f57" member_type: VOTER last_known_addr { host: "127.11.70.129" port: 39159 } } peers { permanent_uuid: "c6cc5eccac6048caa1e38c6aac44758c" member_type: VOTER last_known_addr { host: "127.11.70.130" port: 43145 } } peers { permanent_uuid: "e759967d70b1448c91c644e597209414" member_type: VOTER last_known_addr { host: "127.11.70.131" port: 45281 } }
I20260710 11:01:52.942956 11830 tablet_service.cc:1917] Received RequestConsensusVote() RPC: tablet_id: "51517e6279ab4f6b804558a846cf0c6d" candidate_uuid: "bd28d12ddb2c49578456517e936f3f57" candidate_term: 1 candidate_status { last_received { term: 0 index: 0 } } ignore_live_leader: false dest_uuid: "e759967d70b1448c91c644e597209414" is_pre_election: true
I20260710 11:01:52.943476 11900 leader_election.cc:290] T f1cf3ec0937747babd7a5ab10e1794b9 P e759967d70b1448c91c644e597209414 [CANDIDATE]: Term 1 pre-election: Requested pre-vote from peers bd28d12ddb2c49578456517e936f3f57 (127.11.70.129:39159), c6cc5eccac6048caa1e38c6aac44758c (127.11.70.130:43145)
I20260710 11:01:52.943156 11756 raft_consensus.cc:2468] T 7817259417e44e7181595fc71b013152 P c6cc5eccac6048caa1e38c6aac44758c [term 1 FOLLOWER]: Leader election vote request: Granting yes vote for candidate e759967d70b1448c91c644e597209414 in term 1.
I20260710 11:01:52.945065 11829 raft_consensus.cc:2468] T 51517e6279ab4f6b804558a846cf0c6d P e759967d70b1448c91c644e597209414 [term 1 FOLLOWER]: Leader election vote request: Granting yes vote for candidate c6cc5eccac6048caa1e38c6aac44758c in term 1.
I20260710 11:01:52.945528 11679 tablet_service.cc:1917] Received RequestConsensusVote() RPC: tablet_id: "f1cf3ec0937747babd7a5ab10e1794b9" candidate_uuid: "e759967d70b1448c91c644e597209414" candidate_term: 1 candidate_status { last_received { term: 0 index: 0 } } ignore_live_leader: false dest_uuid: "bd28d12ddb2c49578456517e936f3f57" is_pre_election: true
I20260710 11:01:52.945770 11646 leader_election.cc:304] T 51517e6279ab4f6b804558a846cf0c6d P bd28d12ddb2c49578456517e936f3f57 [CANDIDATE]: Term 1 pre-election: Election decided. Result: candidate lost. Election summary: received 3 responses out of 3 voters: 1 yes votes; 2 no votes. yes voters: bd28d12ddb2c49578456517e936f3f57; no voters: c6cc5eccac6048caa1e38c6aac44758c, e759967d70b1448c91c644e597209414
I20260710 11:01:52.946627 11755 tablet_service.cc:1917] Received RequestConsensusVote() RPC: tablet_id: "f1cf3ec0937747babd7a5ab10e1794b9" candidate_uuid: "e759967d70b1448c91c644e597209414" candidate_term: 1 candidate_status { last_received { term: 0 index: 0 } } ignore_live_leader: false dest_uuid: "c6cc5eccac6048caa1e38c6aac44758c" is_pre_election: true
I20260710 11:01:52.946996 11679 raft_consensus.cc:2468] T f1cf3ec0937747babd7a5ab10e1794b9 P bd28d12ddb2c49578456517e936f3f57 [term 0 FOLLOWER]: Leader pre-election vote request: Granting yes vote for candidate e759967d70b1448c91c644e597209414 in term 0.
I20260710 11:01:52.947211 11755 raft_consensus.cc:2468] T f1cf3ec0937747babd7a5ab10e1794b9 P c6cc5eccac6048caa1e38c6aac44758c [term 0 FOLLOWER]: Leader pre-election vote request: Granting yes vote for candidate e759967d70b1448c91c644e597209414 in term 0.
I20260710 11:01:52.947978 11721 leader_election.cc:304] T 51517e6279ab4f6b804558a846cf0c6d P c6cc5eccac6048caa1e38c6aac44758c [CANDIDATE]: Term 1 election: Election decided. Result: candidate won. Election summary: received 2 responses out of 3 voters: 2 yes votes; 0 no votes. yes voters: c6cc5eccac6048caa1e38c6aac44758c, e759967d70b1448c91c644e597209414; no voters: 
I20260710 11:01:52.948783 11881 raft_consensus.cc:2804] T 51517e6279ab4f6b804558a846cf0c6d P c6cc5eccac6048caa1e38c6aac44758c [term 1 FOLLOWER]: Leader election won for term 1
I20260710 11:01:52.949261 11881 raft_consensus.cc:697] T 51517e6279ab4f6b804558a846cf0c6d P c6cc5eccac6048caa1e38c6aac44758c [term 1 LEADER]: Becoming Leader. State: Replica: c6cc5eccac6048caa1e38c6aac44758c, State: Running, Role: LEADER
I20260710 11:01:52.950044 11881 consensus_queue.cc:237] T 51517e6279ab4f6b804558a846cf0c6d P c6cc5eccac6048caa1e38c6aac44758c [LEADER]: Queue going to LEADER mode. State: All replicated index: 0, Majority replicated index: 0, Committed index: 0, Last appended: 0.0, Last appended by leader: 0, Current term: 1, Majority size: 2, State: 0, Mode: LEADER, active raft config: opid_index: -1 OBSOLETE_local: false peers { permanent_uuid: "bd28d12ddb2c49578456517e936f3f57" member_type: VOTER last_known_addr { host: "127.11.70.129" port: 39159 } } peers { permanent_uuid: "c6cc5eccac6048caa1e38c6aac44758c" member_type: VOTER last_known_addr { host: "127.11.70.130" port: 43145 } } peers { permanent_uuid: "e759967d70b1448c91c644e597209414" member_type: VOTER last_known_addr { host: "127.11.70.131" port: 45281 } }
I20260710 11:01:52.951072 11680 raft_consensus.cc:2468] T 51517e6279ab4f6b804558a846cf0c6d P bd28d12ddb2c49578456517e936f3f57 [term 1 FOLLOWER]: Leader election vote request: Granting yes vote for candidate c6cc5eccac6048caa1e38c6aac44758c in term 1.
I20260710 11:01:52.951579 11902 raft_consensus.cc:2749] T 51517e6279ab4f6b804558a846cf0c6d P bd28d12ddb2c49578456517e936f3f57 [term 1 FOLLOWER]: Leader pre-election lost for term 1. Reason: could not achieve majority
I20260710 11:01:52.952199 11681 raft_consensus.cc:2468] T 7817259417e44e7181595fc71b013152 P bd28d12ddb2c49578456517e936f3f57 [term 1 FOLLOWER]: Leader election vote request: Granting yes vote for candidate e759967d70b1448c91c644e597209414 in term 1.
I20260710 11:01:52.954420 11793 leader_election.cc:304] T f1cf3ec0937747babd7a5ab10e1794b9 P e759967d70b1448c91c644e597209414 [CANDIDATE]: Term 1 pre-election: Election decided. Result: candidate won. Election summary: received 2 responses out of 3 voters: 2 yes votes; 0 no votes. yes voters: bd28d12ddb2c49578456517e936f3f57, e759967d70b1448c91c644e597209414; no voters: 
I20260710 11:01:52.955150 11898 raft_consensus.cc:2804] T f1cf3ec0937747babd7a5ab10e1794b9 P e759967d70b1448c91c644e597209414 [term 0 FOLLOWER]: Leader pre-election won for term 1
I20260710 11:01:52.955279 11793 leader_election.cc:304] T 7817259417e44e7181595fc71b013152 P e759967d70b1448c91c644e597209414 [CANDIDATE]: Term 1 election: Election decided. Result: candidate won. Election summary: received 2 responses out of 3 voters: 2 yes votes; 0 no votes. yes voters: bd28d12ddb2c49578456517e936f3f57, e759967d70b1448c91c644e597209414; no voters: 
I20260710 11:01:52.955578 11898 raft_consensus.cc:493] T f1cf3ec0937747babd7a5ab10e1794b9 P e759967d70b1448c91c644e597209414 [term 0 FOLLOWER]: Starting leader election (no leader contacted us within the election timeout)
I20260710 11:01:52.956030 11900 raft_consensus.cc:2804] T 7817259417e44e7181595fc71b013152 P e759967d70b1448c91c644e597209414 [term 1 FOLLOWER]: Leader election won for term 1
I20260710 11:01:52.956506 11900 raft_consensus.cc:697] T 7817259417e44e7181595fc71b013152 P e759967d70b1448c91c644e597209414 [term 1 LEADER]: Becoming Leader. State: Replica: e759967d70b1448c91c644e597209414, State: Running, Role: LEADER
I20260710 11:01:52.959439 11900 consensus_queue.cc:237] T 7817259417e44e7181595fc71b013152 P e759967d70b1448c91c644e597209414 [LEADER]: Queue going to LEADER mode. State: All replicated index: 0, Majority replicated index: 0, Committed index: 0, Last appended: 0.0, Last appended by leader: 0, Current term: 1, Majority size: 2, State: 0, Mode: LEADER, active raft config: opid_index: -1 OBSOLETE_local: false peers { permanent_uuid: "bd28d12ddb2c49578456517e936f3f57" member_type: VOTER last_known_addr { host: "127.11.70.129" port: 39159 } } peers { permanent_uuid: "c6cc5eccac6048caa1e38c6aac44758c" member_type: VOTER last_known_addr { host: "127.11.70.130" port: 43145 } } peers { permanent_uuid: "e759967d70b1448c91c644e597209414" member_type: VOTER last_known_addr { host: "127.11.70.131" port: 45281 } }
I20260710 11:01:52.956038 11898 raft_consensus.cc:3060] T f1cf3ec0937747babd7a5ab10e1794b9 P e759967d70b1448c91c644e597209414 [term 0 FOLLOWER]: Advancing to term 1
I20260710 11:01:52.962843 11880 consensus_queue.cc:1048] T 097433ac3584488e96037fe32838bc48 P e759967d70b1448c91c644e597209414 [LEADER]: Connected to new peer: Peer: permanent_uuid: "c6cc5eccac6048caa1e38c6aac44758c" member_type: VOTER last_known_addr { host: "127.11.70.130" port: 43145 }, Status: LMP_MISMATCH, Last received: 0.0, Next index: 1, Last known committed idx: 0, Time since last communication: 0.000s
I20260710 11:01:52.964356 11578 catalog_manager.cc:5697] T 51517e6279ab4f6b804558a846cf0c6d P c6cc5eccac6048caa1e38c6aac44758c reported cstate change: term changed from 0 to 1, leader changed from <none> to c6cc5eccac6048caa1e38c6aac44758c (127.11.70.130). New cstate: current_term: 1 leader_uuid: "c6cc5eccac6048caa1e38c6aac44758c" committed_config { opid_index: -1 OBSOLETE_local: false peers { permanent_uuid: "bd28d12ddb2c49578456517e936f3f57" member_type: VOTER last_known_addr { host: "127.11.70.129" port: 39159 } health_report { overall_health: UNKNOWN } } peers { permanent_uuid: "c6cc5eccac6048caa1e38c6aac44758c" member_type: VOTER last_known_addr { host: "127.11.70.130" port: 43145 } health_report { overall_health: HEALTHY } } peers { permanent_uuid: "e759967d70b1448c91c644e597209414" member_type: VOTER last_known_addr { host: "127.11.70.131" port: 45281 } health_report { overall_health: UNKNOWN } } }
I20260710 11:01:52.936393 11907 leader_election.cc:290] T 51517e6279ab4f6b804558a846cf0c6d P c6cc5eccac6048caa1e38c6aac44758c [CANDIDATE]: Term 1 election: Requested vote from peers bd28d12ddb2c49578456517e936f3f57 (127.11.70.129:39159), e759967d70b1448c91c644e597209414 (127.11.70.131:45281)
I20260710 11:01:52.970760 11898 raft_consensus.cc:515] T f1cf3ec0937747babd7a5ab10e1794b9 P e759967d70b1448c91c644e597209414 [term 1 FOLLOWER]: Starting leader election with config: opid_index: -1 OBSOLETE_local: false peers { permanent_uuid: "bd28d12ddb2c49578456517e936f3f57" member_type: VOTER last_known_addr { host: "127.11.70.129" port: 39159 } } peers { permanent_uuid: "c6cc5eccac6048caa1e38c6aac44758c" member_type: VOTER last_known_addr { host: "127.11.70.130" port: 43145 } } peers { permanent_uuid: "e759967d70b1448c91c644e597209414" member_type: VOTER last_known_addr { host: "127.11.70.131" port: 45281 } }
I20260710 11:01:52.973500 11680 tablet_service.cc:1917] Received RequestConsensusVote() RPC: tablet_id: "f1cf3ec0937747babd7a5ab10e1794b9" candidate_uuid: "e759967d70b1448c91c644e597209414" candidate_term: 1 candidate_status { last_received { term: 0 index: 0 } } ignore_live_leader: false dest_uuid: "bd28d12ddb2c49578456517e936f3f57"
I20260710 11:01:52.974097 11680 raft_consensus.cc:3060] T f1cf3ec0937747babd7a5ab10e1794b9 P bd28d12ddb2c49578456517e936f3f57 [term 0 FOLLOWER]: Advancing to term 1
I20260710 11:01:52.989331 11907 consensus_queue.cc:1048] T c78236d37f044169b422ea440d035e85 P c6cc5eccac6048caa1e38c6aac44758c [LEADER]: Connected to new peer: Peer: permanent_uuid: "bd28d12ddb2c49578456517e936f3f57" member_type: VOTER last_known_addr { host: "127.11.70.129" port: 39159 }, Status: LMP_MISMATCH, Last received: 0.0, Next index: 1, Last known committed idx: 0, Time since last communication: 0.000s
I20260710 11:01:52.994791 11577 catalog_manager.cc:5697] T 7817259417e44e7181595fc71b013152 P e759967d70b1448c91c644e597209414 reported cstate change: term changed from 0 to 1, leader changed from <none> to e759967d70b1448c91c644e597209414 (127.11.70.131). New cstate: current_term: 1 leader_uuid: "e759967d70b1448c91c644e597209414" committed_config { opid_index: -1 OBSOLETE_local: false peers { permanent_uuid: "bd28d12ddb2c49578456517e936f3f57" member_type: VOTER last_known_addr { host: "127.11.70.129" port: 39159 } health_report { overall_health: UNKNOWN } } peers { permanent_uuid: "c6cc5eccac6048caa1e38c6aac44758c" member_type: VOTER last_known_addr { host: "127.11.70.130" port: 43145 } health_report { overall_health: UNKNOWN } } peers { permanent_uuid: "e759967d70b1448c91c644e597209414" member_type: VOTER last_known_addr { host: "127.11.70.131" port: 45281 } health_report { overall_health: HEALTHY } } }
I20260710 11:01:52.995021 11898 leader_election.cc:290] T f1cf3ec0937747babd7a5ab10e1794b9 P e759967d70b1448c91c644e597209414 [CANDIDATE]: Term 1 election: Requested vote from peers bd28d12ddb2c49578456517e936f3f57 (127.11.70.129:39159), c6cc5eccac6048caa1e38c6aac44758c (127.11.70.130:43145)
I20260710 11:01:52.996001 11755 tablet_service.cc:1917] Received RequestConsensusVote() RPC: tablet_id: "f1cf3ec0937747babd7a5ab10e1794b9" candidate_uuid: "e759967d70b1448c91c644e597209414" candidate_term: 1 candidate_status { last_received { term: 0 index: 0 } } ignore_live_leader: false dest_uuid: "c6cc5eccac6048caa1e38c6aac44758c"
I20260710 11:01:52.996717 11755 raft_consensus.cc:3060] T f1cf3ec0937747babd7a5ab10e1794b9 P c6cc5eccac6048caa1e38c6aac44758c [term 0 FOLLOWER]: Advancing to term 1
I20260710 11:01:52.998845 11680 raft_consensus.cc:2468] T f1cf3ec0937747babd7a5ab10e1794b9 P bd28d12ddb2c49578456517e936f3f57 [term 1 FOLLOWER]: Leader election vote request: Granting yes vote for candidate e759967d70b1448c91c644e597209414 in term 1.
I20260710 11:01:53.000058 11793 leader_election.cc:304] T f1cf3ec0937747babd7a5ab10e1794b9 P e759967d70b1448c91c644e597209414 [CANDIDATE]: Term 1 election: Election decided. Result: candidate won. Election summary: received 2 responses out of 3 voters: 2 yes votes; 0 no votes. yes voters: bd28d12ddb2c49578456517e936f3f57, e759967d70b1448c91c644e597209414; no voters: 
I20260710 11:01:53.003082 11931 raft_consensus.cc:2804] T f1cf3ec0937747babd7a5ab10e1794b9 P e759967d70b1448c91c644e597209414 [term 1 FOLLOWER]: Leader election won for term 1
I20260710 11:01:53.004386 11755 raft_consensus.cc:2468] T f1cf3ec0937747babd7a5ab10e1794b9 P c6cc5eccac6048caa1e38c6aac44758c [term 1 FOLLOWER]: Leader election vote request: Granting yes vote for candidate e759967d70b1448c91c644e597209414 in term 1.
W20260710 11:01:53.015527 11625 auto_rebalancer.cc:288] Could not retrieve cluster info: Service unavailable: Tablet not running
I20260710 11:01:53.019871 11931 raft_consensus.cc:697] T f1cf3ec0937747babd7a5ab10e1794b9 P e759967d70b1448c91c644e597209414 [term 1 LEADER]: Becoming Leader. State: Replica: e759967d70b1448c91c644e597209414, State: Running, Role: LEADER
