I20260710 11:02:02.222666 31847 tablet_replica.cc:333] T a60d0e2e8fd54d0ea347956a993991ea P 8b63a19ffdde434ebb4026dca05266a8: stopping tablet replica
I20260710 11:02:02.223656 31847 raft_consensus.cc:2243] T a60d0e2e8fd54d0ea347956a993991ea P 8b63a19ffdde434ebb4026dca05266a8 [term 3 LEADER]: Raft consensus shutting down.
I20260710 11:02:02.224499 31847 raft_consensus.cc:2272] T a60d0e2e8fd54d0ea347956a993991ea P 8b63a19ffdde434ebb4026dca05266a8 [term 3 FOLLOWER]: Raft consensus is shut down!
I20260710 11:02:02.226408 31847 tablet_replica.cc:333] T 68787547d0ee49a898f2a356f75e346d P 8b63a19ffdde434ebb4026dca05266a8: stopping tablet replica
I20260710 11:02:02.227008 31847 raft_consensus.cc:2243] T 68787547d0ee49a898f2a356f75e346d P 8b63a19ffdde434ebb4026dca05266a8 [term 3 FOLLOWER]: Raft consensus shutting down.
I20260710 11:02:02.227507 31847 raft_consensus.cc:2272] T 68787547d0ee49a898f2a356f75e346d P 8b63a19ffdde434ebb4026dca05266a8 [term 3 FOLLOWER]: Raft consensus is shut down!
I20260710 11:02:02.229890 31847 tablet_replica.cc:333] T 062753ce39d4462497a09a045bbe1555 P 8b63a19ffdde434ebb4026dca05266a8: stopping tablet replica
I20260710 11:02:02.230449 31847 raft_consensus.cc:2243] T 062753ce39d4462497a09a045bbe1555 P 8b63a19ffdde434ebb4026dca05266a8 [term 3 LEADER]: Raft consensus shutting down.
I20260710 11:02:02.231228 31847 raft_consensus.cc:2272] T 062753ce39d4462497a09a045bbe1555 P 8b63a19ffdde434ebb4026dca05266a8 [term 3 FOLLOWER]: Raft consensus is shut down!
I20260710 11:02:02.232853 31847 tablet_replica.cc:333] T 8c82c5ad8a2b452b934211ea63f95500 P 8b63a19ffdde434ebb4026dca05266a8: stopping tablet replica
I20260710 11:02:02.233440 31847 raft_consensus.cc:2243] T 8c82c5ad8a2b452b934211ea63f95500 P 8b63a19ffdde434ebb4026dca05266a8 [term 3 FOLLOWER]: Raft consensus shutting down.
I20260710 11:02:02.233852 31847 raft_consensus.cc:2272] T 8c82c5ad8a2b452b934211ea63f95500 P 8b63a19ffdde434ebb4026dca05266a8 [term 3 FOLLOWER]: Raft consensus is shut down!
I20260710 11:02:02.236238 31847 tablet_replica.cc:333] T 4e13dd0403204d91a11d871092e340ab P 8b63a19ffdde434ebb4026dca05266a8: stopping tablet replica
I20260710 11:02:02.236937 31847 raft_consensus.cc:2243] T 4e13dd0403204d91a11d871092e340ab P 8b63a19ffdde434ebb4026dca05266a8 [term 2 FOLLOWER]: Raft consensus shutting down.
I20260710 11:02:02.237433 31847 raft_consensus.cc:2272] T 4e13dd0403204d91a11d871092e340ab P 8b63a19ffdde434ebb4026dca05266a8 [term 2 FOLLOWER]: Raft consensus is shut down!
I20260710 11:02:02.239248 31847 tablet_replica.cc:333] T 74d9dc40e0d84fb7909868611d0ad4cd P 8b63a19ffdde434ebb4026dca05266a8: stopping tablet replica
I20260710 11:02:02.239758 31847 raft_consensus.cc:2243] T 74d9dc40e0d84fb7909868611d0ad4cd P 8b63a19ffdde434ebb4026dca05266a8 [term 5 FOLLOWER]: Raft consensus shutting down.
I20260710 11:02:02.240188 31847 raft_consensus.cc:2272] T 74d9dc40e0d84fb7909868611d0ad4cd P 8b63a19ffdde434ebb4026dca05266a8 [term 5 FOLLOWER]: Raft consensus is shut down!
I20260710 11:02:02.242480 31847 tablet_replica.cc:333] T 42ffcdb776284deeac7e2dfca647dded P 8b63a19ffdde434ebb4026dca05266a8: stopping tablet replica
W20260710 11:02:02.242885 32096 consensus_peers.cc:597] T 4e13dd0403204d91a11d871092e340ab P 4b2763080dd34539a6b146601a0aa9a5 -> Peer ca60a062cad041188955476b56b948d2 (127.31.25.193:33977): Couldn't send request to peer ca60a062cad041188955476b56b948d2. Status: Network error: Client connection negotiation failed: client connection to 127.31.25.193:33977: connect: Connection refused (error 111). This is attempt 1: this message will repeat every 5th retry.
I20260710 11:02:02.243045 31847 raft_consensus.cc:2243] T 42ffcdb776284deeac7e2dfca647dded P 8b63a19ffdde434ebb4026dca05266a8 [term 2 FOLLOWER]: Raft consensus shutting down.
I20260710 11:02:02.243619 31847 raft_consensus.cc:2272] T 42ffcdb776284deeac7e2dfca647dded P 8b63a19ffdde434ebb4026dca05266a8 [term 2 FOLLOWER]: Raft consensus is shut down!
I20260710 11:02:02.245649 31847 tablet_replica.cc:333] T 4efe2b13e78b482c9aa6d17ef555f0a9 P 8b63a19ffdde434ebb4026dca05266a8: stopping tablet replica
I20260710 11:02:02.246145 31847 raft_consensus.cc:2243] T 4efe2b13e78b482c9aa6d17ef555f0a9 P 8b63a19ffdde434ebb4026dca05266a8 [term 4 FOLLOWER]: Raft consensus shutting down.
I20260710 11:02:02.246587 31847 raft_consensus.cc:2272] T 4efe2b13e78b482c9aa6d17ef555f0a9 P 8b63a19ffdde434ebb4026dca05266a8 [term 4 FOLLOWER]: Raft consensus is shut down!
I20260710 11:02:02.248595 31847 tablet_replica.cc:333] T bad6faec4f634630a6d0897047d62264 P 8b63a19ffdde434ebb4026dca05266a8: stopping tablet replica
I20260710 11:02:02.249070 31847 raft_consensus.cc:2243] T bad6faec4f634630a6d0897047d62264 P 8b63a19ffdde434ebb4026dca05266a8 [term 2 LEADER]: Raft consensus shutting down.
I20260710 11:02:02.249877 31847 raft_consensus.cc:2272] T bad6faec4f634630a6d0897047d62264 P 8b63a19ffdde434ebb4026dca05266a8 [term 2 FOLLOWER]: Raft consensus is shut down!
W20260710 11:02:02.270732 32096 consensus_peers.cc:597] T 42ffcdb776284deeac7e2dfca647dded P 4b2763080dd34539a6b146601a0aa9a5 -> Peer 8b63a19ffdde434ebb4026dca05266a8 (127.31.25.194:43449): Couldn't send request to peer 8b63a19ffdde434ebb4026dca05266a8. Status: Network error: Client connection negotiation failed: client connection to 127.31.25.194:43449: connect: Connection refused (error 111). This is attempt 1: this message will repeat every 5th retry.
W20260710 11:02:02.275550 32096 consensus_peers.cc:597] T 42ffcdb776284deeac7e2dfca647dded P 4b2763080dd34539a6b146601a0aa9a5 -> Peer ca60a062cad041188955476b56b948d2 (127.31.25.193:33977): Couldn't send request to peer ca60a062cad041188955476b56b948d2. Status: Network error: Client connection negotiation failed: client connection to 127.31.25.193:33977: connect: Connection refused (error 111). This is attempt 1: this message will repeat every 5th retry.
I20260710 11:02:02.279070 31847 tablet_server.cc:196] TabletServer@127.31.25.194:0 shutdown complete.
I20260710 11:02:02.297005 31847 tablet_server.cc:179] TabletServer@127.31.25.195:0 shutting down...
I20260710 11:02:02.323168 31847 ts_tablet_manager.cc:1507] Shutting down tablet manager...
I20260710 11:02:02.323909 31847 tablet_replica.cc:333] T 4efe2b13e78b482c9aa6d17ef555f0a9 P 4b2763080dd34539a6b146601a0aa9a5: stopping tablet replica
I20260710 11:02:02.324983 31847 raft_consensus.cc:2243] T 4efe2b13e78b482c9aa6d17ef555f0a9 P 4b2763080dd34539a6b146601a0aa9a5 [term 4 FOLLOWER]: Raft consensus shutting down.
I20260710 11:02:02.325716 31847 raft_consensus.cc:2272] T 4efe2b13e78b482c9aa6d17ef555f0a9 P 4b2763080dd34539a6b146601a0aa9a5 [term 4 FOLLOWER]: Raft consensus is shut down!
I20260710 11:02:02.328109 31847 tablet_replica.cc:333] T 42ffcdb776284deeac7e2dfca647dded P 4b2763080dd34539a6b146601a0aa9a5: stopping tablet replica
I20260710 11:02:02.328754 31847 raft_consensus.cc:2243] T 42ffcdb776284deeac7e2dfca647dded P 4b2763080dd34539a6b146601a0aa9a5 [term 2 LEADER]: Raft consensus shutting down.
I20260710 11:02:02.329628 31847 raft_consensus.cc:2272] T 42ffcdb776284deeac7e2dfca647dded P 4b2763080dd34539a6b146601a0aa9a5 [term 2 FOLLOWER]: Raft consensus is shut down!
I20260710 11:02:02.332397 31847 tablet_replica.cc:333] T 062753ce39d4462497a09a045bbe1555 P 4b2763080dd34539a6b146601a0aa9a5: stopping tablet replica
I20260710 11:02:02.332939 31847 raft_consensus.cc:2243] T 062753ce39d4462497a09a045bbe1555 P 4b2763080dd34539a6b146601a0aa9a5 [term 3 FOLLOWER]: Raft consensus shutting down.
I20260710 11:02:02.333482 31847 raft_consensus.cc:2272] T 062753ce39d4462497a09a045bbe1555 P 4b2763080dd34539a6b146601a0aa9a5 [term 3 FOLLOWER]: Raft consensus is shut down!
I20260710 11:02:02.335295 31847 tablet_replica.cc:333] T a60d0e2e8fd54d0ea347956a993991ea P 4b2763080dd34539a6b146601a0aa9a5: stopping tablet replica
I20260710 11:02:02.335881 31847 raft_consensus.cc:2243] T a60d0e2e8fd54d0ea347956a993991ea P 4b2763080dd34539a6b146601a0aa9a5 [term 3 FOLLOWER]: Raft consensus shutting down.
I20260710 11:02:02.336344 31847 raft_consensus.cc:2272] T a60d0e2e8fd54d0ea347956a993991ea P 4b2763080dd34539a6b146601a0aa9a5 [term 3 FOLLOWER]: Raft consensus is shut down!
I20260710 11:02:02.338218 31847 tablet_replica.cc:333] T 68787547d0ee49a898f2a356f75e346d P 4b2763080dd34539a6b146601a0aa9a5: stopping tablet replica
I20260710 11:02:02.338755 31847 raft_consensus.cc:2243] T 68787547d0ee49a898f2a356f75e346d P 4b2763080dd34539a6b146601a0aa9a5 [term 3 FOLLOWER]: Raft consensus shutting down.
I20260710 11:02:02.339216 31847 raft_consensus.cc:2272] T 68787547d0ee49a898f2a356f75e346d P 4b2763080dd34539a6b146601a0aa9a5 [term 3 FOLLOWER]: Raft consensus is shut down!
I20260710 11:02:02.341641 31847 tablet_replica.cc:333] T 8c82c5ad8a2b452b934211ea63f95500 P 4b2763080dd34539a6b146601a0aa9a5: stopping tablet replica
I20260710 11:02:02.342186 31847 raft_consensus.cc:2243] T 8c82c5ad8a2b452b934211ea63f95500 P 4b2763080dd34539a6b146601a0aa9a5 [term 3 LEADER]: Raft consensus shutting down.
I20260710 11:02:02.342970 31847 raft_consensus.cc:2272] T 8c82c5ad8a2b452b934211ea63f95500 P 4b2763080dd34539a6b146601a0aa9a5 [term 3 FOLLOWER]: Raft consensus is shut down!
I20260710 11:02:02.345438 31847 tablet_replica.cc:333] T 4e13dd0403204d91a11d871092e340ab P 4b2763080dd34539a6b146601a0aa9a5: stopping tablet replica
I20260710 11:02:02.346058 31847 raft_consensus.cc:2243] T 4e13dd0403204d91a11d871092e340ab P 4b2763080dd34539a6b146601a0aa9a5 [term 2 LEADER]: Raft consensus shutting down.
I20260710 11:02:02.346920 31847 raft_consensus.cc:2272] T 4e13dd0403204d91a11d871092e340ab P 4b2763080dd34539a6b146601a0aa9a5 [term 2 FOLLOWER]: Raft consensus is shut down!
I20260710 11:02:02.348845 31847 tablet_replica.cc:333] T 74d9dc40e0d84fb7909868611d0ad4cd P 4b2763080dd34539a6b146601a0aa9a5: stopping tablet replica
I20260710 11:02:02.349428 31847 raft_consensus.cc:2243] T 74d9dc40e0d84fb7909868611d0ad4cd P 4b2763080dd34539a6b146601a0aa9a5 [term 5 FOLLOWER]: Raft consensus shutting down.
I20260710 11:02:02.349905 31847 raft_consensus.cc:2272] T 74d9dc40e0d84fb7909868611d0ad4cd P 4b2763080dd34539a6b146601a0aa9a5 [term 5 FOLLOWER]: Raft consensus is shut down!
I20260710 11:02:02.352291 31847 tablet_replica.cc:333] T bad6faec4f634630a6d0897047d62264 P 4b2763080dd34539a6b146601a0aa9a5: stopping tablet replica
I20260710 11:02:02.352833 31847 raft_consensus.cc:2243] T bad6faec4f634630a6d0897047d62264 P 4b2763080dd34539a6b146601a0aa9a5 [term 2 FOLLOWER]: Raft consensus shutting down.
I20260710 11:02:02.353338 31847 raft_consensus.cc:2272] T bad6faec4f634630a6d0897047d62264 P 4b2763080dd34539a6b146601a0aa9a5 [term 2 FOLLOWER]: Raft consensus is shut down!
I20260710 11:02:02.384838 31847 tablet_server.cc:196] TabletServer@127.31.25.195:0 shutdown complete.
I20260710 11:02:02.403614 31847 master.cc:562] Master@127.31.25.254:37853 shutting down...
I20260710 11:02:02.611738 31847 raft_consensus.cc:2243] T 00000000000000000000000000000000 P 9ec2b27de62b4a748a9a0c96680cf700 [term 1 LEADER]: Raft consensus shutting down.
I20260710 11:02:02.612325 31847 raft_consensus.cc:2272] T 00000000000000000000000000000000 P 9ec2b27de62b4a748a9a0c96680cf700 [term 1 FOLLOWER]: Raft consensus is shut down!
I20260710 11:02:02.612679 31847 tablet_replica.cc:333] T 00000000000000000000000000000000 P 9ec2b27de62b4a748a9a0c96680cf700: stopping tablet replica
I20260710 11:02:02.632835 31847 master.cc:584] Master@127.31.25.254:37853 shutdown complete.
4b2763080dd34539a6b146601a0aa9a5  1
8b63a19ffdde434ebb4026dca05266a8  4
ca60a062cad041188955476b56b948d2  4
[       OK ] LeaderRebalancerTest.FunctionalTestForDivided (13203 ms)
[ RUN      ] LeaderRebalancerTest.FunctionalTestForNotDivided
I20260710 11:02:02.677621 31847 internal_mini_cluster.cc:156] Creating distributed mini masters. Addrs: 127.31.25.254:45279
I20260710 11:02:02.678943 31847 file_cache.cc:504] Constructed file cache file cache with capacity 419430
W20260710 11:02:02.685256 32344 instance_detector.cc:116] could not retrieve AWS instance metadata: Network error: curl error: HTTP response code said error: The requested URL returned error: 404
W20260710 11:02:02.685411 32345 instance_detector.cc:116] could not retrieve Azure instance metadata: Network error: curl error: HTTP response code said error: The requested URL returned error: 404
W20260710 11:02:02.686901 32347 instance_detector.cc:116] could not retrieve OpenStack instance metadata: Network error: curl error: HTTP response code said error: The requested URL returned error: 404
I20260710 11:02:02.688455 31847 server_base.cc:1061] running on GCE node
I20260710 11:02:02.689733 31847 hybrid_clock.cc:584] initializing the hybrid clock with 'system_unsync' time source
W20260710 11:02:02.690028 31847 system_unsync_time.cc:38] NTP support is disabled. Clock error bounds will not be accurate. This configuration is not suitable for distributed clusters.
I20260710 11:02:02.690224 31847 hybrid_clock.cc:648] HybridClock initialized: now 1783681322690196 us; error 0 us; skew 500 ppm
I20260710 11:02:02.690799 31847 server_base.cc:861] Flag tcmalloc_max_total_thread_cache_bytes is not working since tcmalloc is not enabled.
I20260710 11:02:02.693640 31847 webserver.cc:533] Webserver started at http://127.31.25.254:41663/ using document root <none> and password file <none>
I20260710 11:02:02.694219 31847 fs_manager.cc:362] Metadata directory not provided
I20260710 11:02:02.694499 31847 fs_manager.cc:368] Using write-ahead log directory (fs_wal_dir) as metadata directory
I20260710 11:02:02.694826 31847 server_base.cc:909] This appears to be a new deployment of Kudu; creating new FS layout
I20260710 11:02:02.696081 31847 fs_manager.cc:1068] Generated new instance metadata in path /tmp/dist-test-taskag20Ez/test-tmp/auto_leader_rebalancer-test.0.LeaderRebalancerTest.FunctionalTestForNotDivided.1783681309302286-31847-0/minicluster-data/master-0-root/instance:
uuid: "4cb3c70a57374fb5af62632a2f02763e"
format_stamp: "Formatted at 2026-07-10 11:02:02 on dist-test-slave-df71"
I20260710 11:02:02.701418 31847 fs_manager.cc:696] Time spent creating directory manager: real 0.005s	user 0.007s	sys 0.000s
I20260710 11:02:02.705608 32352 log_block_manager.cc:4127] Time spent loading block containers with low live blocks: real 0.000s	user 0.000s	sys 0.000s
I20260710 11:02:02.706811 31847 fs_manager.cc:730] Time spent opening block manager: real 0.003s	user 0.004s	sys 0.000s
I20260710 11:02:02.707111 31847 fs_manager.cc:647] Opened local filesystem: /tmp/dist-test-taskag20Ez/test-tmp/auto_leader_rebalancer-test.0.LeaderRebalancerTest.FunctionalTestForNotDivided.1783681309302286-31847-0/minicluster-data/master-0-root
uuid: "4cb3c70a57374fb5af62632a2f02763e"
format_stamp: "Formatted at 2026-07-10 11:02:02 on dist-test-slave-df71"
I20260710 11:02:02.707401 31847 fs_report.cc:389] FS layout report
--------------------
wal directory: /tmp/dist-test-taskag20Ez/test-tmp/auto_leader_rebalancer-test.0.LeaderRebalancerTest.FunctionalTestForNotDivided.1783681309302286-31847-0/minicluster-data/master-0-root
metadata directory: /tmp/dist-test-taskag20Ez/test-tmp/auto_leader_rebalancer-test.0.LeaderRebalancerTest.FunctionalTestForNotDivided.1783681309302286-31847-0/minicluster-data/master-0-root
1 data directories: /tmp/dist-test-taskag20Ez/test-tmp/auto_leader_rebalancer-test.0.LeaderRebalancerTest.FunctionalTestForNotDivided.1783681309302286-31847-0/minicluster-data/master-0-root/data
Total live blocks: 0
Total live bytes: 0
Total live bytes (after alignment): 0
Total number of LBM containers: 0 (0 full)
Did not check for missing blocks
Did not check for orphaned blocks
Total full LBM containers with extra space: 0 (0 repaired)
Total full LBM container extra space in bytes: 0 (0 repaired)
Total incomplete LBM containers: 0 (0 repaired)
Total LBM partial records: 0 (0 repaired)
Total corrupted LBM metadata records in RocksDB: 0 (0 repaired)
I20260710 11:02:02.721297 31847 rpc_server.cc:225] running with OpenSSL 1.1.1  11 Sep 2018
I20260710 11:02:02.722589 31847 kserver.cc:163] Server-wide thread pool size limit: 3276
I20260710 11:02:02.764322 31847 rpc_server.cc:307] RPC server started. Bound to: 127.31.25.254:45279
I20260710 11:02:02.764410 32403 acceptor_pool.cc:272] collecting diagnostics on the listening RPC socket 127.31.25.254:45279 every 8 connection(s)
I20260710 11:02:02.768515 32404 data_dirs.cc:400] Could only allocate 1 dirs of requested 3 for tablet 00000000000000000000000000000000. 1 dirs total, 0 dirs full, 0 dirs failed
I20260710 11:02:02.778481 32404 tablet_bootstrap.cc:492] T 00000000000000000000000000000000 P 4cb3c70a57374fb5af62632a2f02763e: Bootstrap starting.
I20260710 11:02:02.783375 32404 tablet_bootstrap.cc:654] T 00000000000000000000000000000000 P 4cb3c70a57374fb5af62632a2f02763e: Neither blocks nor log segments found. Creating new log.
I20260710 11:02:02.788486 32404 tablet_bootstrap.cc:492] T 00000000000000000000000000000000 P 4cb3c70a57374fb5af62632a2f02763e: No bootstrap required, opened a new log
I20260710 11:02:02.790822 32404 raft_consensus.cc:359] T 00000000000000000000000000000000 P 4cb3c70a57374fb5af62632a2f02763e [term 0 FOLLOWER]: Replica starting. Triggering 0 pending ops. Active config: opid_index: -1 OBSOLETE_local: true peers { permanent_uuid: "4cb3c70a57374fb5af62632a2f02763e" member_type: VOTER }
I20260710 11:02:02.791234 32404 raft_consensus.cc:385] T 00000000000000000000000000000000 P 4cb3c70a57374fb5af62632a2f02763e [term 0 FOLLOWER]: Consensus starting up: Expiring failure detector timer to make a prompt election more likely
I20260710 11:02:02.791497 32404 raft_consensus.cc:740] T 00000000000000000000000000000000 P 4cb3c70a57374fb5af62632a2f02763e [term 0 FOLLOWER]: Becoming Follower/Learner. State: Replica: 4cb3c70a57374fb5af62632a2f02763e, State: Initialized, Role: FOLLOWER
I20260710 11:02:02.792125 32404 consensus_queue.cc:260] T 00000000000000000000000000000000 P 4cb3c70a57374fb5af62632a2f02763e [NON_LEADER]: Queue going to NON_LEADER mode. State: All replicated index: 0, Majority replicated index: 0, Committed index: 0, Last appended: 0.0, Last appended by leader: 0, Current term: 0, Majority size: -1, State: 0, Mode: NON_LEADER, active raft config: opid_index: -1 OBSOLETE_local: true peers { permanent_uuid: "4cb3c70a57374fb5af62632a2f02763e" member_type: VOTER }
I20260710 11:02:02.792642 32404 raft_consensus.cc:399] T 00000000000000000000000000000000 P 4cb3c70a57374fb5af62632a2f02763e [term 0 FOLLOWER]: Only one voter in the Raft config. Triggering election immediately
I20260710 11:02:02.792865 32404 raft_consensus.cc:493] T 00000000000000000000000000000000 P 4cb3c70a57374fb5af62632a2f02763e [term 0 FOLLOWER]: Starting leader election (initial election of a single-replica configuration)
I20260710 11:02:02.793186 32404 raft_consensus.cc:3060] T 00000000000000000000000000000000 P 4cb3c70a57374fb5af62632a2f02763e [term 0 FOLLOWER]: Advancing to term 1
I20260710 11:02:02.797489 32404 raft_consensus.cc:515] T 00000000000000000000000000000000 P 4cb3c70a57374fb5af62632a2f02763e [term 1 FOLLOWER]: Starting leader election with config: opid_index: -1 OBSOLETE_local: true peers { permanent_uuid: "4cb3c70a57374fb5af62632a2f02763e" member_type: VOTER }
I20260710 11:02:02.798080 32404 leader_election.cc:304] T 00000000000000000000000000000000 P 4cb3c70a57374fb5af62632a2f02763e [CANDIDATE]: Term 1 election: Election decided. Result: candidate won. Election summary: received 1 responses out of 1 voters: 1 yes votes; 0 no votes. yes voters: 4cb3c70a57374fb5af62632a2f02763e; no voters: 
I20260710 11:02:02.799301 32404 leader_election.cc:290] T 00000000000000000000000000000000 P 4cb3c70a57374fb5af62632a2f02763e [CANDIDATE]: Term 1 election: Requested vote from peers 
I20260710 11:02:02.799691 32407 raft_consensus.cc:2804] T 00000000000000000000000000000000 P 4cb3c70a57374fb5af62632a2f02763e [term 1 FOLLOWER]: Leader election won for term 1
I20260710 11:02:02.801334 32407 raft_consensus.cc:697] T 00000000000000000000000000000000 P 4cb3c70a57374fb5af62632a2f02763e [term 1 LEADER]: Becoming Leader. State: Replica: 4cb3c70a57374fb5af62632a2f02763e, State: Running, Role: LEADER
I20260710 11:02:02.802102 32407 consensus_queue.cc:237] T 00000000000000000000000000000000 P 4cb3c70a57374fb5af62632a2f02763e [LEADER]: Queue going to LEADER mode. State: All replicated index: 0, Majority replicated index: 0, Committed index: 0, Last appended: 0.0, Last appended by leader: 0, Current term: 1, Majority size: 1, State: 0, Mode: LEADER, active raft config: opid_index: -1 OBSOLETE_local: true peers { permanent_uuid: "4cb3c70a57374fb5af62632a2f02763e" member_type: VOTER }
I20260710 11:02:02.802525 32404 sys_catalog.cc:565] T 00000000000000000000000000000000 P 4cb3c70a57374fb5af62632a2f02763e [sys.catalog]: configured and running, proceeding with master startup.
I20260710 11:02:02.807063 32408 sys_catalog.cc:455] T 00000000000000000000000000000000 P 4cb3c70a57374fb5af62632a2f02763e [sys.catalog]: SysCatalogTable state changed. Reason: RaftConsensus started. Latest consensus state: current_term: 1 leader_uuid: "4cb3c70a57374fb5af62632a2f02763e" committed_config { opid_index: -1 OBSOLETE_local: true peers { permanent_uuid: "4cb3c70a57374fb5af62632a2f02763e" member_type: VOTER } }
I20260710 11:02:02.808483 32408 sys_catalog.cc:458] T 00000000000000000000000000000000 P 4cb3c70a57374fb5af62632a2f02763e [sys.catalog]: This master's current role is: LEADER
I20260710 11:02:02.807883 32409 sys_catalog.cc:455] T 00000000000000000000000000000000 P 4cb3c70a57374fb5af62632a2f02763e [sys.catalog]: SysCatalogTable state changed. Reason: New leader 4cb3c70a57374fb5af62632a2f02763e. Latest consensus state: current_term: 1 leader_uuid: "4cb3c70a57374fb5af62632a2f02763e" committed_config { opid_index: -1 OBSOLETE_local: true peers { permanent_uuid: "4cb3c70a57374fb5af62632a2f02763e" member_type: VOTER } }
I20260710 11:02:02.809897 32409 sys_catalog.cc:458] T 00000000000000000000000000000000 P 4cb3c70a57374fb5af62632a2f02763e [sys.catalog]: This master's current role is: LEADER
I20260710 11:02:02.817451 32416 catalog_manager.cc:1511] Loading table and tablet metadata into memory...
I20260710 11:02:02.825489 32416 catalog_manager.cc:1520] Initializing Kudu cluster ID...
I20260710 11:02:02.826751 31847 internal_mini_cluster.cc:184] Waiting to initialize catalog manager on master 0
I20260710 11:02:02.835742 32416 catalog_manager.cc:1383] Generated new cluster ID: de183d35ab8d4d08bf2a30ea1c62b88e
I20260710 11:02:02.836139 32416 catalog_manager.cc:1531] Initializing Kudu internal certificate authority...
I20260710 11:02:02.858031 32416 catalog_manager.cc:1406] Generated new certificate authority record
I20260710 11:02:02.859329 32416 catalog_manager.cc:1540] Loading token signing keys...
I20260710 11:02:02.871783 32416 catalog_manager.cc:6070] T 00000000000000000000000000000000 P 4cb3c70a57374fb5af62632a2f02763e: Generated new TSK 0
I20260710 11:02:02.872488 32416 catalog_manager.cc:1550] Initializing in-progress tserver states...
I20260710 11:02:02.893718 31847 file_cache.cc:504] Constructed file cache file cache with capacity 419430
W20260710 11:02:02.900357 32425 instance_detector.cc:116] could not retrieve AWS instance metadata: Network error: curl error: HTTP response code said error: The requested URL returned error: 404
W20260710 11:02:02.901664 32426 instance_detector.cc:116] could not retrieve Azure instance metadata: Network error: curl error: HTTP response code said error: The requested URL returned error: 404
W20260710 11:02:02.903698 32428 instance_detector.cc:116] could not retrieve OpenStack instance metadata: Network error: curl error: HTTP response code said error: The requested URL returned error: 404
I20260710 11:02:02.903864 31847 server_base.cc:1061] running on GCE node
I20260710 11:02:02.905082 31847 hybrid_clock.cc:584] initializing the hybrid clock with 'system_unsync' time source
W20260710 11:02:02.905440 31847 system_unsync_time.cc:38] NTP support is disabled. Clock error bounds will not be accurate. This configuration is not suitable for distributed clusters.
I20260710 11:02:02.905663 31847 hybrid_clock.cc:648] HybridClock initialized: now 1783681322905635 us; error 0 us; skew 500 ppm
I20260710 11:02:02.906435 31847 server_base.cc:861] Flag tcmalloc_max_total_thread_cache_bytes is not working since tcmalloc is not enabled.
I20260710 11:02:02.909559 31847 webserver.cc:533] Webserver started at http://127.31.25.193:38119/ using document root <none> and password file <none>
I20260710 11:02:02.910215 31847 fs_manager.cc:362] Metadata directory not provided
I20260710 11:02:02.910465 31847 fs_manager.cc:368] Using write-ahead log directory (fs_wal_dir) as metadata directory
I20260710 11:02:02.910780 31847 server_base.cc:909] This appears to be a new deployment of Kudu; creating new FS layout
I20260710 11:02:02.911959 31847 fs_manager.cc:1068] Generated new instance metadata in path /tmp/dist-test-taskag20Ez/test-tmp/auto_leader_rebalancer-test.0.LeaderRebalancerTest.FunctionalTestForNotDivided.1783681309302286-31847-0/minicluster-data/ts-0-root/instance:
uuid: "79f01c4c25714c5580cd1b498cba4207"
format_stamp: "Formatted at 2026-07-10 11:02:02 on dist-test-slave-df71"
I20260710 11:02:02.917868 31847 fs_manager.cc:696] Time spent creating directory manager: real 0.005s	user 0.003s	sys 0.004s
I20260710 11:02:02.922297 32433 log_block_manager.cc:4127] Time spent loading block containers with low live blocks: real 0.000s	user 0.000s	sys 0.000s
I20260710 11:02:02.923731 31847 fs_manager.cc:730] Time spent opening block manager: real 0.003s	user 0.004s	sys 0.000s
I20260710 11:02:02.924093 31847 fs_manager.cc:647] Opened local filesystem: /tmp/dist-test-taskag20Ez/test-tmp/auto_leader_rebalancer-test.0.LeaderRebalancerTest.FunctionalTestForNotDivided.1783681309302286-31847-0/minicluster-data/ts-0-root
uuid: "79f01c4c25714c5580cd1b498cba4207"
format_stamp: "Formatted at 2026-07-10 11:02:02 on dist-test-slave-df71"
I20260710 11:02:02.924373 31847 fs_report.cc:389] FS layout report
--------------------
wal directory: /tmp/dist-test-taskag20Ez/test-tmp/auto_leader_rebalancer-test.0.LeaderRebalancerTest.FunctionalTestForNotDivided.1783681309302286-31847-0/minicluster-data/ts-0-root
metadata directory: /tmp/dist-test-taskag20Ez/test-tmp/auto_leader_rebalancer-test.0.LeaderRebalancerTest.FunctionalTestForNotDivided.1783681309302286-31847-0/minicluster-data/ts-0-root
1 data directories: /tmp/dist-test-taskag20Ez/test-tmp/auto_leader_rebalancer-test.0.LeaderRebalancerTest.FunctionalTestForNotDivided.1783681309302286-31847-0/minicluster-data/ts-0-root/data
Total live blocks: 0
Total live bytes: 0
Total live bytes (after alignment): 0
Total number of LBM containers: 0 (0 full)
Did not check for missing blocks
Did not check for orphaned blocks
Total full LBM containers with extra space: 0 (0 repaired)
Total full LBM container extra space in bytes: 0 (0 repaired)
Total incomplete LBM containers: 0 (0 repaired)
Total LBM partial records: 0 (0 repaired)
Total corrupted LBM metadata records in RocksDB: 0 (0 repaired)
I20260710 11:02:02.939806 31847 rpc_server.cc:225] running with OpenSSL 1.1.1  11 Sep 2018
I20260710 11:02:02.941310 31847 kserver.cc:163] Server-wide thread pool size limit: 3276
I20260710 11:02:02.942922 31847 txn_system_client.cc:432] TxnSystemClient initialization is disabled...
I20260710 11:02:02.945626 31847 ts_tablet_manager.cc:585] Loaded tablet metadata (0 total tablets, 0 live tablets)
I20260710 11:02:02.945955 31847 ts_tablet_manager.cc:531] Time spent load tablet metadata: real 0.000s	user 0.000s	sys 0.000s
I20260710 11:02:02.946295 31847 ts_tablet_manager.cc:616] Registered 0 tablets
I20260710 11:02:02.946863 31847 ts_tablet_manager.cc:595] Time spent register tablets: real 0.001s	user 0.000s	sys 0.000s
I20260710 11:02:02.992153 31847 rpc_server.cc:307] RPC server started. Bound to: 127.31.25.193:37479
I20260710 11:02:02.992304 32495 acceptor_pool.cc:272] collecting diagnostics on the listening RPC socket 127.31.25.193:37479 every 8 connection(s)
I20260710 11:02:02.997563 31847 file_cache.cc:504] Constructed file cache file cache with capacity 419430
W20260710 11:02:03.007329 32500 instance_detector.cc:116] could not retrieve AWS instance metadata: Network error: curl error: HTTP response code said error: The requested URL returned error: 404
W20260710 11:02:03.007402 32501 instance_detector.cc:116] could not retrieve Azure instance metadata: Network error: curl error: HTTP response code said error: The requested URL returned error: 404
W20260710 11:02:03.009315 32503 instance_detector.cc:116] could not retrieve OpenStack instance metadata: Network error: curl error: HTTP response code said error: The requested URL returned error: 404
I20260710 11:02:03.009502 31847 server_base.cc:1061] running on GCE node
I20260710 11:02:03.011198 31847 hybrid_clock.cc:584] initializing the hybrid clock with 'system_unsync' time source
W20260710 11:02:03.011430 31847 system_unsync_time.cc:38] NTP support is disabled. Clock error bounds will not be accurate. This configuration is not suitable for distributed clusters.
I20260710 11:02:03.011651 31847 hybrid_clock.cc:648] HybridClock initialized: now 1783681323011626 us; error 0 us; skew 500 ppm
I20260710 11:02:03.012176 31847 server_base.cc:861] Flag tcmalloc_max_total_thread_cache_bytes is not working since tcmalloc is not enabled.
I20260710 11:02:03.014693 31847 webserver.cc:533] Webserver started at http://127.31.25.194:38649/ using document root <none> and password file <none>
I20260710 11:02:03.015214 31847 fs_manager.cc:362] Metadata directory not provided
I20260710 11:02:03.015431 31847 fs_manager.cc:368] Using write-ahead log directory (fs_wal_dir) as metadata directory
I20260710 11:02:03.015743 31847 server_base.cc:909] This appears to be a new deployment of Kudu; creating new FS layout
I20260710 11:02:03.017235 31847 fs_manager.cc:1068] Generated new instance metadata in path /tmp/dist-test-taskag20Ez/test-tmp/auto_leader_rebalancer-test.0.LeaderRebalancerTest.FunctionalTestForNotDivided.1783681309302286-31847-0/minicluster-data/ts-1-root/instance:
uuid: "03bc857928424ef0bed1df4fc91aeed3"
format_stamp: "Formatted at 2026-07-10 11:02:03 on dist-test-slave-df71"
I20260710 11:02:03.020344 32496 heartbeater.cc:344] Connected to a master server at 127.31.25.254:45279
I20260710 11:02:03.020766 32496 heartbeater.cc:461] Registering TS with master...
I20260710 11:02:03.021705 32496 heartbeater.cc:507] Master 127.31.25.254:45279 requested a full tablet report, sending...
I20260710 11:02:03.023154 31847 fs_manager.cc:696] Time spent creating directory manager: real 0.005s	user 0.002s	sys 0.003s
I20260710 11:02:03.024185 32369 ts_manager.cc:194] Registered new tserver with Master: 79f01c4c25714c5580cd1b498cba4207 (127.31.25.193:37479)
I20260710 11:02:03.026891 32369 master_service.cc:502] Signed X509 certificate for tserver {username='slave'} at 127.0.0.1:39024
I20260710 11:02:03.028311 32508 log_block_manager.cc:4127] Time spent loading block containers with low live blocks: real 0.000s	user 0.000s	sys 0.000s
I20260710 11:02:03.029515 31847 fs_manager.cc:730] Time spent opening block manager: real 0.003s	user 0.002s	sys 0.000s
I20260710 11:02:03.029883 31847 fs_manager.cc:647] Opened local filesystem: /tmp/dist-test-taskag20Ez/test-tmp/auto_leader_rebalancer-test.0.LeaderRebalancerTest.FunctionalTestForNotDivided.1783681309302286-31847-0/minicluster-data/ts-1-root
uuid: "03bc857928424ef0bed1df4fc91aeed3"
format_stamp: "Formatted at 2026-07-10 11:02:03 on dist-test-slave-df71"
I20260710 11:02:03.030217 31847 fs_report.cc:389] FS layout report
--------------------
wal directory: /tmp/dist-test-taskag20Ez/test-tmp/auto_leader_rebalancer-test.0.LeaderRebalancerTest.FunctionalTestForNotDivided.1783681309302286-31847-0/minicluster-data/ts-1-root
metadata directory: /tmp/dist-test-taskag20Ez/test-tmp/auto_leader_rebalancer-test.0.LeaderRebalancerTest.FunctionalTestForNotDivided.1783681309302286-31847-0/minicluster-data/ts-1-root
1 data directories: /tmp/dist-test-taskag20Ez/test-tmp/auto_leader_rebalancer-test.0.LeaderRebalancerTest.FunctionalTestForNotDivided.1783681309302286-31847-0/minicluster-data/ts-1-root/data
Total live blocks: 0
Total live bytes: 0
Total live bytes (after alignment): 0
Total number of LBM containers: 0 (0 full)
Did not check for missing blocks
Did not check for orphaned blocks
Total full LBM containers with extra space: 0 (0 repaired)
Total full LBM container extra space in bytes: 0 (0 repaired)
Total incomplete LBM containers: 0 (0 repaired)
Total LBM partial records: 0 (0 repaired)
Total corrupted LBM metadata records in RocksDB: 0 (0 repaired)
I20260710 11:02:03.048171 31847 rpc_server.cc:225] running with OpenSSL 1.1.1  11 Sep 2018
I20260710 11:02:03.049412 31847 kserver.cc:163] Server-wide thread pool size limit: 3276
I20260710 11:02:03.050988 31847 txn_system_client.cc:432] TxnSystemClient initialization is disabled...
I20260710 11:02:03.053597 31847 ts_tablet_manager.cc:585] Loaded tablet metadata (0 total tablets, 0 live tablets)
I20260710 11:02:03.053812 31847 ts_tablet_manager.cc:531] Time spent load tablet metadata: real 0.000s	user 0.000s	sys 0.000s
I20260710 11:02:03.054073 31847 ts_tablet_manager.cc:616] Registered 0 tablets
I20260710 11:02:03.054217 31847 ts_tablet_manager.cc:595] Time spent register tablets: real 0.000s	user 0.000s	sys 0.000s
I20260710 11:02:03.097836 31847 rpc_server.cc:307] RPC server started. Bound to: 127.31.25.194:36831
I20260710 11:02:03.097955 32570 acceptor_pool.cc:272] collecting diagnostics on the listening RPC socket 127.31.25.194:36831 every 8 connection(s)
I20260710 11:02:03.102746 31847 file_cache.cc:504] Constructed file cache file cache with capacity 419430
W20260710 11:02:03.110179 32574 instance_detector.cc:116] could not retrieve AWS instance metadata: Network error: curl error: HTTP response code said error: The requested URL returned error: 404
W20260710 11:02:03.112802 32575 instance_detector.cc:116] could not retrieve Azure instance metadata: Network error: curl error: HTTP response code said error: The requested URL returned error: 404
I20260710 11:02:03.116932 31847 server_base.cc:1061] running on GCE node
W20260710 11:02:03.116907 32577 instance_detector.cc:116] could not retrieve OpenStack instance metadata: Network error: curl error: HTTP response code said error: The requested URL returned error: 404
I20260710 11:02:03.117834 32571 heartbeater.cc:344] Connected to a master server at 127.31.25.254:45279
I20260710 11:02:03.118242 32571 heartbeater.cc:461] Registering TS with master...
I20260710 11:02:03.118287 31847 hybrid_clock.cc:584] initializing the hybrid clock with 'system_unsync' time source
W20260710 11:02:03.118623 31847 system_unsync_time.cc:38] NTP support is disabled. Clock error bounds will not be accurate. This configuration is not suitable for distributed clusters.
I20260710 11:02:03.118836 31847 hybrid_clock.cc:648] HybridClock initialized: now 1783681323118815 us; error 0 us; skew 500 ppm
I20260710 11:02:03.119252 32571 heartbeater.cc:507] Master 127.31.25.254:45279 requested a full tablet report, sending...
I20260710 11:02:03.119587 31847 server_base.cc:861] Flag tcmalloc_max_total_thread_cache_bytes is not working since tcmalloc is not enabled.
I20260710 11:02:03.121596 32369 ts_manager.cc:194] Registered new tserver with Master: 03bc857928424ef0bed1df4fc91aeed3 (127.31.25.194:36831)
I20260710 11:02:03.122521 31847 webserver.cc:533] Webserver started at http://127.31.25.195:43335/ using document root <none> and password file <none>
I20260710 11:02:03.123091 31847 fs_manager.cc:362] Metadata directory not provided
I20260710 11:02:03.123138 32369 master_service.cc:502] Signed X509 certificate for tserver {username='slave'} at 127.0.0.1:39028
I20260710 11:02:03.123335 31847 fs_manager.cc:368] Using write-ahead log directory (fs_wal_dir) as metadata directory
I20260710 11:02:03.123706 31847 server_base.cc:909] This appears to be a new deployment of Kudu; creating new FS layout
I20260710 11:02:03.125113 31847 fs_manager.cc:1068] Generated new instance metadata in path /tmp/dist-test-taskag20Ez/test-tmp/auto_leader_rebalancer-test.0.LeaderRebalancerTest.FunctionalTestForNotDivided.1783681309302286-31847-0/minicluster-data/ts-2-root/instance:
uuid: "a7deaf70f3e14c87a6b863aa27b6a59b"
format_stamp: "Formatted at 2026-07-10 11:02:03 on dist-test-slave-df71"
I20260710 11:02:03.130206 31847 fs_manager.cc:696] Time spent creating directory manager: real 0.004s	user 0.004s	sys 0.000s
I20260710 11:02:03.134083 32582 log_block_manager.cc:4127] Time spent loading block containers with low live blocks: real 0.000s	user 0.000s	sys 0.000s
I20260710 11:02:03.135186 31847 fs_manager.cc:730] Time spent opening block manager: real 0.003s	user 0.003s	sys 0.001s
I20260710 11:02:03.135567 31847 fs_manager.cc:647] Opened local filesystem: /tmp/dist-test-taskag20Ez/test-tmp/auto_leader_rebalancer-test.0.LeaderRebalancerTest.FunctionalTestForNotDivided.1783681309302286-31847-0/minicluster-data/ts-2-root
uuid: "a7deaf70f3e14c87a6b863aa27b6a59b"
format_stamp: "Formatted at 2026-07-10 11:02:03 on dist-test-slave-df71"
I20260710 11:02:03.136022 31847 fs_report.cc:389] FS layout report
--------------------
wal directory: /tmp/dist-test-taskag20Ez/test-tmp/auto_leader_rebalancer-test.0.LeaderRebalancerTest.FunctionalTestForNotDivided.1783681309302286-31847-0/minicluster-data/ts-2-root
metadata directory: /tmp/dist-test-taskag20Ez/test-tmp/auto_leader_rebalancer-test.0.LeaderRebalancerTest.FunctionalTestForNotDivided.1783681309302286-31847-0/minicluster-data/ts-2-root
1 data directories: /tmp/dist-test-taskag20Ez/test-tmp/auto_leader_rebalancer-test.0.LeaderRebalancerTest.FunctionalTestForNotDivided.1783681309302286-31847-0/minicluster-data/ts-2-root/data
Total live blocks: 0
Total live bytes: 0
Total live bytes (after alignment): 0
Total number of LBM containers: 0 (0 full)
Did not check for missing blocks
Did not check for orphaned blocks
Total full LBM containers with extra space: 0 (0 repaired)
Total full LBM container extra space in bytes: 0 (0 repaired)
Total incomplete LBM containers: 0 (0 repaired)
Total LBM partial records: 0 (0 repaired)
Total corrupted LBM metadata records in RocksDB: 0 (0 repaired)
I20260710 11:02:03.163190 31847 rpc_server.cc:225] running with OpenSSL 1.1.1  11 Sep 2018
I20260710 11:02:03.164484 31847 kserver.cc:163] Server-wide thread pool size limit: 3276
I20260710 11:02:03.166210 31847 txn_system_client.cc:432] TxnSystemClient initialization is disabled...
I20260710 11:02:03.168499 31847 ts_tablet_manager.cc:585] Loaded tablet metadata (0 total tablets, 0 live tablets)
I20260710 11:02:03.168744 31847 ts_tablet_manager.cc:531] Time spent load tablet metadata: real 0.000s	user 0.000s	sys 0.000s
I20260710 11:02:03.169008 31847 ts_tablet_manager.cc:616] Registered 0 tablets
I20260710 11:02:03.169205 31847 ts_tablet_manager.cc:595] Time spent register tablets: real 0.000s	user 0.001s	sys 0.000s
I20260710 11:02:03.213667 31847 rpc_server.cc:307] RPC server started. Bound to: 127.31.25.195:35137
I20260710 11:02:03.213753 32644 acceptor_pool.cc:272] collecting diagnostics on the listening RPC socket 127.31.25.195:35137 every 8 connection(s)
I20260710 11:02:03.230376 32645 heartbeater.cc:344] Connected to a master server at 127.31.25.254:45279
I20260710 11:02:03.230978 32645 heartbeater.cc:461] Registering TS with master...
I20260710 11:02:03.231976 32645 heartbeater.cc:507] Master 127.31.25.254:45279 requested a full tablet report, sending...
I20260710 11:02:03.234673 32369 ts_manager.cc:194] Registered new tserver with Master: a7deaf70f3e14c87a6b863aa27b6a59b (127.31.25.195:35137)
I20260710 11:02:03.235800 31847 internal_mini_cluster.cc:371] 3 TS(s) registered with all masters after 0.018559169s
I20260710 11:02:03.236449 32369 master_service.cc:502] Signed X509 certificate for tserver {username='slave'} at 127.0.0.1:39036
I20260710 11:02:03.264062 32369 catalog_manager.cc:2283] Servicing CreateTable request from {username='slave'} at 127.0.0.1:39050:
name: "test-workload"
schema {
  columns {
    name: "key"
    type: INT32
    is_key: true
    is_nullable: false
    encoding: AUTO_ENCODING
    compression: DEFAULT_COMPRESSION
    cfile_block_size: 0
    immutable: false
  }
  columns {
    name: "int_val"
    type: INT32
    is_key: false
    is_nullable: false
    encoding: AUTO_ENCODING
    compression: DEFAULT_COMPRESSION
    cfile_block_size: 0
    immutable: false
  }
  columns {
    name: "string_val"
    type: STRING
    is_key: false
    is_nullable: true
    encoding: AUTO_ENCODING
    compression: DEFAULT_COMPRESSION
    cfile_block_size: 0
    immutable: false
  }
}
num_replicas: 3
split_rows_range_bounds {
  rows: "\004\001\000\314\314\314\014\004\001\000\230\231\231\031\004\001\000dff&\004\001\0000333\004\001\000\374\377\377?\004\001\000\310\314\314L\004\001\000\224\231\231Y\004\001\000`fff\004\001\000,33s""\004\001\000\314\314\314\014\004\001\000\230\231\231\031\004\001\000dff&\004\001\0000333\004\001\000\374\377\377?\004\001\000\310\314\314L\004\001\000\224\231\231Y\004\001\000`fff\004\001\000,33s"
  indirect_data: """"
}
partition_schema {
  range_schema {
    columns {
      name: "key"
    }
  }
}
W20260710 11:02:03.267230 32369 catalog_manager.cc:7077] The number of live tablet servers is not enough to re-replicate a tablet replica of the newly created table test-workload in case of a server failure: 4 tablet servers would be needed, 3 are available. Consider bringing up more tablet servers.
I20260710 11:02:03.345980 32535 tablet_service.cc:1511] Processing CreateTablet for tablet 0f5fc35928724d07930438534abde16e (DEFAULT_TABLE table=test-workload [id=2fff57bbea014693b5d41f08f2765e5e]), partition=RANGE (key) PARTITION 214748364 <= VALUES < 429496728
I20260710 11:02:03.347581 32535 data_dirs.cc:400] Could only allocate 1 dirs of requested 3 for tablet 0f5fc35928724d07930438534abde16e. 1 dirs total, 0 dirs full, 0 dirs failed
I20260710 11:02:03.345980 32536 tablet_service.cc:1511] Processing CreateTablet for tablet 5012e87288a548ada40e953cc8f3762f (DEFAULT_TABLE table=test-workload [id=2fff57bbea014693b5d41f08f2765e5e]), partition=RANGE (key) PARTITION VALUES < 214748364
I20260710 11:02:03.349247 32536 data_dirs.cc:400] Could only allocate 1 dirs of requested 3 for tablet 5012e87288a548ada40e953cc8f3762f. 1 dirs total, 0 dirs full, 0 dirs failed
I20260710 11:02:03.355628 32534 tablet_service.cc:1511] Processing CreateTablet for tablet 0e01c931684d400fbe31bc960ae69733 (DEFAULT_TABLE table=test-workload [id=2fff57bbea014693b5d41f08f2765e5e]), partition=RANGE (key) PARTITION 429496728 <= VALUES < 644245092
I20260710 11:02:03.357857 32534 data_dirs.cc:400] Could only allocate 1 dirs of requested 3 for tablet 0e01c931684d400fbe31bc960ae69733. 1 dirs total, 0 dirs full, 0 dirs failed
I20260710 11:02:03.372521 32660 tablet_bootstrap.cc:492] T 0f5fc35928724d07930438534abde16e P 03bc857928424ef0bed1df4fc91aeed3: Bootstrap starting.
I20260710 11:02:03.379576 32660 tablet_bootstrap.cc:654] T 0f5fc35928724d07930438534abde16e P 03bc857928424ef0bed1df4fc91aeed3: Neither blocks nor log segments found. Creating new log.
I20260710 11:02:03.380194 32535 tablet_service.cc:1511] Processing CreateTablet for tablet c871149338ea4a0f9396f5f19a9b6d1e (DEFAULT_TABLE table=test-workload [id=2fff57bbea014693b5d41f08f2765e5e]), partition=RANGE (key) PARTITION 644245092 <= VALUES < 858993456
I20260710 11:02:03.382233 32535 data_dirs.cc:400] Could only allocate 1 dirs of requested 3 for tablet c871149338ea4a0f9396f5f19a9b6d1e. 1 dirs total, 0 dirs full, 0 dirs failed
I20260710 11:02:03.392535 32610 tablet_service.cc:1511] Processing CreateTablet for tablet 5012e87288a548ada40e953cc8f3762f (DEFAULT_TABLE table=test-workload [id=2fff57bbea014693b5d41f08f2765e5e]), partition=RANGE (key) PARTITION VALUES < 214748364
I20260710 11:02:03.394001 32610 data_dirs.cc:400] Could only allocate 1 dirs of requested 3 for tablet 5012e87288a548ada40e953cc8f3762f. 1 dirs total, 0 dirs full, 0 dirs failed
I20260710 11:02:03.394119 32536 tablet_service.cc:1511] Processing CreateTablet for tablet 6f518a5ad9d440a58fab304324980f3c (DEFAULT_TABLE table=test-workload [id=2fff57bbea014693b5d41f08f2765e5e]), partition=RANGE (key) PARTITION 858993456 <= VALUES < 1073741820
I20260710 11:02:03.395452 32536 data_dirs.cc:400] Could only allocate 1 dirs of requested 3 for tablet 6f518a5ad9d440a58fab304324980f3c. 1 dirs total, 0 dirs full, 0 dirs failed
I20260710 11:02:03.403370 32533 tablet_service.cc:1511] Processing CreateTablet for tablet c3e8f18c55ad463cb4740263ffd6f312 (DEFAULT_TABLE table=test-workload [id=2fff57bbea014693b5d41f08f2765e5e]), partition=RANGE (key) PARTITION 1288490184 <= VALUES < 1503238548
I20260710 11:02:03.405301 32534 tablet_service.cc:1511] Processing CreateTablet for tablet 0dcb9fa32b33490193fe876fcc9e2b25 (DEFAULT_TABLE table=test-workload [id=2fff57bbea014693b5d41f08f2765e5e]), partition=RANGE (key) PARTITION 1073741820 <= VALUES < 1288490184
I20260710 11:02:03.406574 32609 tablet_service.cc:1511] Processing CreateTablet for tablet 0f5fc35928724d07930438534abde16e (DEFAULT_TABLE table=test-workload [id=2fff57bbea014693b5d41f08f2765e5e]), partition=RANGE (key) PARTITION 214748364 <= VALUES < 429496728
I20260710 11:02:03.414757 32605 tablet_service.cc:1511] Processing CreateTablet for tablet 0dcb9fa32b33490193fe876fcc9e2b25 (DEFAULT_TABLE table=test-workload [id=2fff57bbea014693b5d41f08f2765e5e]), partition=RANGE (key) PARTITION 1073741820 <= VALUES < 1288490184
I20260710 11:02:03.408629 32608 tablet_service.cc:1511] Processing CreateTablet for tablet 0e01c931684d400fbe31bc960ae69733 (DEFAULT_TABLE table=test-workload [id=2fff57bbea014693b5d41f08f2765e5e]), partition=RANGE (key) PARTITION 429496728 <= VALUES < 644245092
I20260710 11:02:03.415490 32460 tablet_service.cc:1511] Processing CreateTablet for tablet 0f5fc35928724d07930438534abde16e (DEFAULT_TABLE table=test-workload [id=2fff57bbea014693b5d41f08f2765e5e]), partition=RANGE (key) PARTITION 214748364 <= VALUES < 429496728
I20260710 11:02:03.405016 32533 data_dirs.cc:400] Could only allocate 1 dirs of requested 3 for tablet c3e8f18c55ad463cb4740263ffd6f312. 1 dirs total, 0 dirs full, 0 dirs failed
I20260710 11:02:03.410683 32607 tablet_service.cc:1511] Processing CreateTablet for tablet c871149338ea4a0f9396f5f19a9b6d1e (DEFAULT_TABLE table=test-workload [id=2fff57bbea014693b5d41f08f2765e5e]), partition=RANGE (key) PARTITION 644245092 <= VALUES < 858993456
I20260710 11:02:03.416857 32534 data_dirs.cc:400] Could only allocate 1 dirs of requested 3 for tablet 0dcb9fa32b33490193fe876fcc9e2b25. 1 dirs total, 0 dirs full, 0 dirs failed
I20260710 11:02:03.412731 32606 tablet_service.cc:1511] Processing CreateTablet for tablet 6f518a5ad9d440a58fab304324980f3c (DEFAULT_TABLE table=test-workload [id=2fff57bbea014693b5d41f08f2765e5e]), partition=RANGE (key) PARTITION 858993456 <= VALUES < 1073741820
I20260710 11:02:03.412937 32461 tablet_service.cc:1511] Processing CreateTablet for tablet 5012e87288a548ada40e953cc8f3762f (DEFAULT_TABLE table=test-workload [id=2fff57bbea014693b5d41f08f2765e5e]), partition=RANGE (key) PARTITION VALUES < 214748364
I20260710 11:02:03.418804 32459 tablet_service.cc:1511] Processing CreateTablet for tablet 0e01c931684d400fbe31bc960ae69733 (DEFAULT_TABLE table=test-workload [id=2fff57bbea014693b5d41f08f2765e5e]), partition=RANGE (key) PARTITION 429496728 <= VALUES < 644245092
I20260710 11:02:03.415874 32609 data_dirs.cc:400] Could only allocate 1 dirs of requested 3 for tablet 0f5fc35928724d07930438534abde16e. 1 dirs total, 0 dirs full, 0 dirs failed
I20260710 11:02:03.423164 32458 tablet_service.cc:1511] Processing CreateTablet for tablet c871149338ea4a0f9396f5f19a9b6d1e (DEFAULT_TABLE table=test-workload [id=2fff57bbea014693b5d41f08f2765e5e]), partition=RANGE (key) PARTITION 644245092 <= VALUES < 858993456
I20260710 11:02:03.416878 32460 data_dirs.cc:400] Could only allocate 1 dirs of requested 3 for tablet 0f5fc35928724d07930438534abde16e. 1 dirs total, 0 dirs full, 0 dirs failed
I20260710 11:02:03.425614 32607 data_dirs.cc:400] Could only allocate 1 dirs of requested 3 for tablet c871149338ea4a0f9396f5f19a9b6d1e. 1 dirs total, 0 dirs full, 0 dirs failed
I20260710 11:02:03.427408 32457 tablet_service.cc:1511] Processing CreateTablet for tablet 6f518a5ad9d440a58fab304324980f3c (DEFAULT_TABLE table=test-workload [id=2fff57bbea014693b5d41f08f2765e5e]), partition=RANGE (key) PARTITION 858993456 <= VALUES < 1073741820
I20260710 11:02:03.428990 32457 data_dirs.cc:400] Could only allocate 1 dirs of requested 3 for tablet 6f518a5ad9d440a58fab304324980f3c. 1 dirs total, 0 dirs full, 0 dirs failed
I20260710 11:02:03.429710 32606 data_dirs.cc:400] Could only allocate 1 dirs of requested 3 for tablet 6f518a5ad9d440a58fab304324980f3c. 1 dirs total, 0 dirs full, 0 dirs failed
I20260710 11:02:03.432710 32461 data_dirs.cc:400] Could only allocate 1 dirs of requested 3 for tablet 5012e87288a548ada40e953cc8f3762f. 1 dirs total, 0 dirs full, 0 dirs failed
I20260710 11:02:03.437597 32459 data_dirs.cc:400] Could only allocate 1 dirs of requested 3 for tablet 0e01c931684d400fbe31bc960ae69733. 1 dirs total, 0 dirs full, 0 dirs failed
I20260710 11:02:03.439831 32456 tablet_service.cc:1511] Processing CreateTablet for tablet 0dcb9fa32b33490193fe876fcc9e2b25 (DEFAULT_TABLE table=test-workload [id=2fff57bbea014693b5d41f08f2765e5e]), partition=RANGE (key) PARTITION 1073741820 <= VALUES < 1288490184
I20260710 11:02:03.440917 32458 data_dirs.cc:400] Could only allocate 1 dirs of requested 3 for tablet c871149338ea4a0f9396f5f19a9b6d1e. 1 dirs total, 0 dirs full, 0 dirs failed
I20260710 11:02:03.441686 32456 data_dirs.cc:400] Could only allocate 1 dirs of requested 3 for tablet 0dcb9fa32b33490193fe876fcc9e2b25. 1 dirs total, 0 dirs full, 0 dirs failed
